[INFO] fetching crate slasherc 0.1.0...
[INFO] testing slasherc-0.1.0 against 1.99.0-beta.8+cargoflags=--release for beta-release-1.100-2
[INFO] extracting crate slasherc 0.1.0 into /workspace/builds/worker-1-tc1/source
[INFO] started tweaking crates.io crate slasherc 0.1.0
[INFO] finished tweaking crates.io crate slasherc 0.1.0
[INFO] tweaked toml for crates.io crate slasherc 0.1.0 written to /workspace/builds/worker-1-tc1/source/Cargo.toml
[INFO] validating manifest of crates.io crate slasherc 0.1.0 on toolchain 1.99.0-beta.8
[INFO] running `Command { std: CARGO_HOME="/workspace/cargo-home" RUSTUP_HOME="/workspace/rustup-home" "/workspace/cargo-home/bin/cargo" "+1.99.0-beta.8" "metadata" "--manifest-path" "Cargo.toml" "--no-deps", kill_on_drop: false }`
[INFO] crate crates.io crate slasherc 0.1.0 already has a lockfile, it will not be regenerated
[INFO] running `Command { std: CARGO_HOME="/workspace/cargo-home" RUSTUP_HOME="/workspace/rustup-home" "/workspace/cargo-home/bin/cargo" "+1.99.0-beta.8" "fetch" "--manifest-path" "Cargo.toml", kill_on_drop: false }`
[INFO] [stderr]  Downloading crates ...
[INFO] [stderr]   Downloaded logos-derive v0.16.1
[INFO] [stderr]   Downloaded logos-codegen v0.16.1
[INFO] [stderr]   Downloaded logos v0.16.1
[INFO] [stderr]   Downloaded ariadne v0.6.0
[INFO] [stderr]   Downloaded chumsky v0.12.0
[INFO] [stderr]   Downloaded regex-syntax v0.7.5
[INFO] [stderr]   Downloaded regex-automata v0.3.9
[INFO] running `Command { std: "docker" "create" "-v" "/var/lib/crater-agent-workspace/builds/worker-1-tc1/source:/opt/rustwide/workdir:ro,Z" "-v" "/var/lib/crater-agent-workspace/builds/worker-1-tc1/target:/opt/rustwide/target:rw,Z" "-v" "/var/lib/crater-agent-workspace/cargo-home:/opt/rustwide/cargo-home:ro,Z" "-v" "/var/lib/crater-agent-workspace/rustup-home:/opt/rustwide/rustup-home:ro,Z" "-m" "1610612736" "--network" "none" "ghcr.io/rust-lang/crates-build-env/linux@sha256:77db811e55d90add9212f6832c23229e3de5f1c1f9905e8cb07319ea15df73ac" "sleep" "infinity", kill_on_drop: false }`
[INFO] [stdout] d950a290ccb2dd3ccdaede0e1f594fc6e64e53d665154b303a32927458219aa4
[INFO] running `Command { std: "docker" "start" "d950a290ccb2dd3ccdaede0e1f594fc6e64e53d665154b303a32927458219aa4", kill_on_drop: false }`
[INFO] running `Command { std: "docker" "inspect" "d950a290ccb2dd3ccdaede0e1f594fc6e64e53d665154b303a32927458219aa4", kill_on_drop: false }`
[INFO] running `Command { std: "docker" "exec" "-e" "SOURCE_DIR=/opt/rustwide/workdir" "-e" "CARGO_HOME=/opt/rustwide/cargo-home" "-e" "RUSTUP_HOME=/opt/rustwide/rustup-home" "-e" "CARGO_TARGET_DIR=/opt/rustwide/target" "-w" "/opt/rustwide/workdir" "--user" "0:0" "d950a290ccb2dd3ccdaede0e1f594fc6e64e53d665154b303a32927458219aa4" "/opt/rustwide/cargo-home/bin/cargo" "+1.99.0-beta.8" "metadata" "--no-deps" "--format-version=1", kill_on_drop: false }`
[INFO] running `Command { std: "docker" "inspect" "d950a290ccb2dd3ccdaede0e1f594fc6e64e53d665154b303a32927458219aa4", kill_on_drop: false }`
[INFO] running `Command { std: "docker" "exec" "-e" "SOURCE_DIR=/opt/rustwide/workdir" "-e" "CARGO_HOME=/opt/rustwide/cargo-home" "-e" "RUSTUP_HOME=/opt/rustwide/rustup-home" "-e" "CARGO_TARGET_DIR=/opt/rustwide/target" "-e" "CARGO_INCREMENTAL=0" "-e" "RUST_BACKTRACE=full" "-e" "RUSTFLAGS=--cap-lints=warn" "-e" "RUSTDOCFLAGS=--cap-lints=warn" "-w" "/opt/rustwide/workdir" "--user" "0:0" "d950a290ccb2dd3ccdaede0e1f594fc6e64e53d665154b303a32927458219aa4" "/opt/rustwide/cargo-home/bin/cargo" "+1.99.0-beta.8" "build" "--frozen" "--message-format=json" "--release", kill_on_drop: false }`
[INFO] [stderr]    Compiling object v0.37.3
[INFO] [stderr]    Compiling cc v1.2.57
[INFO] [stderr]    Compiling regex-automata v0.4.14
[INFO] [stderr]    Compiling clap_derive v4.6.0
[INFO] [stderr]    Compiling unicode-segmentation v1.12.0
[INFO] [stderr]    Compiling yansi v1.0.1
[INFO] [stderr]    Compiling ariadne v0.6.0
[INFO] [stderr]    Compiling stacker v0.1.23
[INFO] [stderr]    Compiling clap v4.6.0
[INFO] [stderr]    Compiling logos-codegen v0.16.1
[INFO] [stderr]    Compiling ar_archive_writer v0.5.1
[INFO] [stderr]    Compiling psm v0.1.30
[INFO] [stderr]    Compiling logos-derive v0.16.1
[INFO] [stderr]    Compiling logos v0.16.1
[INFO] [stderr]    Compiling chumsky v0.12.0
[INFO] [stderr]    Compiling slasherc v0.1.0 (/opt/rustwide/workdir)
[INFO] [stderr]     Finished `release` profile [optimized] target(s) in 24.40s
[INFO] running `Command { std: "docker" "inspect" "d950a290ccb2dd3ccdaede0e1f594fc6e64e53d665154b303a32927458219aa4", kill_on_drop: false }`
[INFO] running `Command { std: "docker" "exec" "-e" "SOURCE_DIR=/opt/rustwide/workdir" "-e" "CARGO_HOME=/opt/rustwide/cargo-home" "-e" "RUSTUP_HOME=/opt/rustwide/rustup-home" "-e" "CARGO_TARGET_DIR=/opt/rustwide/target" "-e" "CARGO_INCREMENTAL=0" "-e" "RUST_BACKTRACE=full" "-e" "RUSTFLAGS=--cap-lints=warn" "-e" "RUSTDOCFLAGS=--cap-lints=warn" "-w" "/opt/rustwide/workdir" "--user" "0:0" "d950a290ccb2dd3ccdaede0e1f594fc6e64e53d665154b303a32927458219aa4" "/opt/rustwide/cargo-home/bin/cargo" "+1.99.0-beta.8" "test" "--frozen" "--no-run" "--message-format=json" "--release", kill_on_drop: false }`
[INFO] [stderr]    Compiling slasherc v0.1.0 (/opt/rustwide/workdir)
[INFO] [stderr]     Finished `release` profile [optimized] target(s) in 0.96s
[INFO] running `Command { std: "docker" "inspect" "d950a290ccb2dd3ccdaede0e1f594fc6e64e53d665154b303a32927458219aa4", kill_on_drop: false }`
[INFO] running `Command { std: "docker" "exec" "-e" "SOURCE_DIR=/opt/rustwide/workdir" "-e" "CARGO_HOME=/opt/rustwide/cargo-home" "-e" "RUSTUP_HOME=/opt/rustwide/rustup-home" "-e" "CARGO_TARGET_DIR=/opt/rustwide/target" "-e" "CARGO_INCREMENTAL=0" "-e" "RUST_BACKTRACE=full" "-e" "RUSTFLAGS=--cap-lints=warn" "-e" "RUSTDOCFLAGS=--cap-lints=warn" "-w" "/opt/rustwide/workdir" "--user" "0:0" "d950a290ccb2dd3ccdaede0e1f594fc6e64e53d665154b303a32927458219aa4" "/opt/rustwide/cargo-home/bin/cargo" "+1.99.0-beta.8" "test" "--frozen" "--release", kill_on_drop: false }`
[INFO] [stderr]     Finished `release` profile [optimized] target(s) in 0.10s
[INFO] [stderr]      Running unittests src/main.rs (/opt/rustwide/target/release/deps/slasherc-1c00a4c20f38efee)
[INFO] [stdout] 
[INFO] [stdout] running 3 tests
[INFO] [stdout] test test::lexer::handles_parentheses ... ok
[INFO] [stdout] test test::lexer::handles_operators ... ok
[INFO] [stdout] test test::lexer::splits_words_and_numbers ... FAILED
[INFO] [stdout] 
[INFO] [stdout] failures:
[INFO] [stdout] 
[INFO] [stdout] ---- test::lexer::splits_words_and_numbers stdout ----
[INFO] [stdout] 
[INFO] [stdout] thread 'test::lexer::splits_words_and_numbers' (428) panicked at src/test/lexer.rs:8:5:
[INFO] [stdout] assertion `left == right` failed
[INFO] [stdout]   left: [Token { kind: Word, lexeme: "hello", span: 0..5 }, Token { kind: Number, lexeme: "42", span: 6..8 }, Token { kind: Comma, lexeme: ",", span: 8..9 }, Token { kind: Word, lexeme: "world", span: 10..15 }, Token { kind: Not, lexeme: "!", span: 15..16 }, Token { kind: Number, lexeme: "9000", span: 17..21 }]
[INFO] [stdout]  right: [Token { kind: Word, lexeme: "hello", span: 0..5 }, Token { kind: Number, lexeme: "42", span: 6..8 }, Token { kind: Word, lexeme: "world", span: 10..15 }, Token { kind: Number, lexeme: "9000", span: 17..21 }]
[INFO] [stdout] stack backtrace:
[INFO] [stdout]    0:     0x5f3045401a31 - <<std[70759c8f55707aa4]::sys::backtrace::BacktraceLock>::print::DisplayBacktrace as core[df12db4294e9bfd3]::fmt::Display>::fmt
[INFO] [stdout]    1:     0x5f3045415cea - core[df12db4294e9bfd3]::fmt::write
[INFO] [stdout]    2:     0x5f3045405ecc - <alloc[2182bb758b4b3781]::vec::Vec<u8> as core[df12db4294e9bfd3]::io::write::Write>::write_fmt
[INFO] [stdout]    3:     0x5f30453de026 - std[70759c8f55707aa4]::panicking::default_hook::{closure#0}
[INFO] [stdout]    4:     0x5f30453fa199 - std[70759c8f55707aa4]::panicking::default_hook
[INFO] [stdout]    5:     0x5f3045396620 - test[9d35eded1c95d3be]::test_main_inner::<test[9d35eded1c95d3be]::test_main_static::{closure#0}>::{closure#0}
[INFO] [stdout]    6:     0x5f30453fa352 - std[70759c8f55707aa4]::panicking::panic_with_hook
[INFO] [stdout]    7:     0x5f30453de0d2 - std[70759c8f55707aa4]::panicking::panic_handler::{closure#0}
[INFO] [stdout]    8:     0x5f30453d6e59 - std[70759c8f55707aa4]::sys::backtrace::__rust_end_short_backtrace::<std[70759c8f55707aa4]::panicking::panic_handler::{closure#0}, !>
[INFO] [stdout]    9:     0x5f30453deccd - __rustc[8fa7c3cbc660c2b3]::rust_begin_unwind
[INFO] [stdout]   10:     0x5f304541641c - core[df12db4294e9bfd3]::panicking::panic_fmt
[INFO] [stdout]   11:     0x5f3045416333 - core[df12db4294e9bfd3]::panicking::assert_failed_inner
[INFO] [stdout]   12:     0x5f30453873ab - core[df12db4294e9bfd3]::panicking::assert_failed::<alloc[2182bb758b4b3781]::vec::Vec<slasherc[d40e30422754e026]::lexer::Token>, alloc[2182bb758b4b3781]::vec::Vec<slasherc[d40e30422754e026]::lexer::Token>>
[INFO] [stdout]   13:     0x5f3045389816 - <slasherc[d40e30422754e026]::test::lexer::splits_words_and_numbers::{closure#0} as core[df12db4294e9bfd3]::ops::function::FnOnce<()>>::call_once
[INFO] [stdout]   14:     0x5f304538990b - test[9d35eded1c95d3be]::__rust_begin_short_backtrace::<core[df12db4294e9bfd3]::result::Result<(), alloc[2182bb758b4b3781]::string::String>, fn() -> core[df12db4294e9bfd3]::result::Result<(), alloc[2182bb758b4b3781]::string::String>>
[INFO] [stdout]   15:     0x5f3045396f75 - test[9d35eded1c95d3be]::run_test::{closure#0}
[INFO] [stdout]   16:     0x5f3045390834 - std[70759c8f55707aa4]::sys::backtrace::__rust_begin_short_backtrace::<test[9d35eded1c95d3be]::run_test::{closure#1}, ()>
[INFO] [stdout]   17:     0x5f304539a0d2 - <std[70759c8f55707aa4]::thread::lifecycle::spawn_unchecked<test[9d35eded1c95d3be]::run_test::{closure#1}, ()>::{closure#1} as core[df12db4294e9bfd3]::ops::function::FnOnce<()>>::call_once::{shim:vtable#0}
[INFO] [stdout]   18:     0x5f3045401309 - <std[70759c8f55707aa4]::sys::thread::unix::Thread>::new::thread_start
[INFO] [stdout]   19:     0x7c08fdcfcdfa - <unknown>
[INFO] [stdout]   20:     0x7c08fdd903d4 - clone
[INFO] [stdout]   21:                0x0 - <unknown>
[INFO] [stdout] 
[INFO] [stdout] 
[INFO] [stdout] failures:
[INFO] [stdout]     test::lexer::splits_words_and_numbers
[INFO] [stdout] 
[INFO] [stdout] test result: FAILED. 2 passed; 1 failed; 0 ignored; 0 measured; 0 filtered out; finished in 0.00s
[INFO] [stdout] 
[INFO] [stderr] error: test failed, to rerun pass `--bin slasherc`
[INFO] running `Command { std: "docker" "inspect" "d950a290ccb2dd3ccdaede0e1f594fc6e64e53d665154b303a32927458219aa4", kill_on_drop: false }`
[INFO] running `Command { std: "docker" "rm" "-f" "d950a290ccb2dd3ccdaede0e1f594fc6e64e53d665154b303a32927458219aa4", kill_on_drop: false }`
[INFO] [stdout] d950a290ccb2dd3ccdaede0e1f594fc6e64e53d665154b303a32927458219aa4
