[INFO] fetching crate slabhiddevice 0.1.0...
[INFO] testing slabhiddevice-0.1.0 against 1.99.0-beta.8+cargoflags=--release for beta-release-1.100-2
[INFO] extracting crate slabhiddevice 0.1.0 into /workspace/builds/worker-3-tc1/source
[INFO] started tweaking crates.io crate slabhiddevice 0.1.0
[INFO] removed 0 missing examples
[INFO] finished tweaking crates.io crate slabhiddevice 0.1.0
[INFO] tweaked toml for crates.io crate slabhiddevice 0.1.0 written to /workspace/builds/worker-3-tc1/source/Cargo.toml
[INFO] validating manifest of crates.io crate slabhiddevice 0.1.0 on toolchain 1.99.0-beta.8
[INFO] running `Command { std: CARGO_HOME="/workspace/cargo-home" RUSTUP_HOME="/workspace/rustup-home" "/workspace/cargo-home/bin/cargo" "+1.99.0-beta.8" "metadata" "--manifest-path" "Cargo.toml" "--no-deps", kill_on_drop: false }`
[INFO] crate crates.io crate slabhiddevice 0.1.0 already has a lockfile, it will not be regenerated
[INFO] running `Command { std: CARGO_HOME="/workspace/cargo-home" RUSTUP_HOME="/workspace/rustup-home" "/workspace/cargo-home/bin/cargo" "+1.99.0-beta.8" "fetch" "--manifest-path" "Cargo.toml", kill_on_drop: false }`
[INFO] [stderr]  Downloading crates ...
[INFO] [stderr]   Downloaded cc v1.1.30
[INFO] [stderr]   Downloaded hidapi v2.6.3
[INFO] [stderr]   Downloaded libc v0.2.159
[INFO] running `Command { std: "docker" "create" "-v" "/var/lib/crater-agent-workspace/builds/worker-3-tc1/source:/opt/rustwide/workdir:ro,Z" "-v" "/var/lib/crater-agent-workspace/builds/worker-3-tc1/target:/opt/rustwide/target:rw,Z" "-v" "/var/lib/crater-agent-workspace/cargo-home:/opt/rustwide/cargo-home:ro,Z" "-v" "/var/lib/crater-agent-workspace/rustup-home:/opt/rustwide/rustup-home:ro,Z" "-m" "1610612736" "--network" "none" "ghcr.io/rust-lang/crates-build-env/linux@sha256:77db811e55d90add9212f6832c23229e3de5f1c1f9905e8cb07319ea15df73ac" "sleep" "infinity", kill_on_drop: false }`
[INFO] [stdout] 6e6a00a28de1d3422f593b38b19da185c49bdedc12efae45f02539345b6cf949
[INFO] running `Command { std: "docker" "start" "6e6a00a28de1d3422f593b38b19da185c49bdedc12efae45f02539345b6cf949", kill_on_drop: false }`
[INFO] running `Command { std: "docker" "inspect" "6e6a00a28de1d3422f593b38b19da185c49bdedc12efae45f02539345b6cf949", kill_on_drop: false }`
[INFO] running `Command { std: "docker" "exec" "-e" "SOURCE_DIR=/opt/rustwide/workdir" "-e" "CARGO_HOME=/opt/rustwide/cargo-home" "-e" "RUSTUP_HOME=/opt/rustwide/rustup-home" "-e" "CARGO_TARGET_DIR=/opt/rustwide/target" "-w" "/opt/rustwide/workdir" "--user" "0:0" "6e6a00a28de1d3422f593b38b19da185c49bdedc12efae45f02539345b6cf949" "/opt/rustwide/cargo-home/bin/cargo" "+1.99.0-beta.8" "metadata" "--no-deps" "--format-version=1", kill_on_drop: false }`
[INFO] running `Command { std: "docker" "inspect" "6e6a00a28de1d3422f593b38b19da185c49bdedc12efae45f02539345b6cf949", kill_on_drop: false }`
[INFO] running `Command { std: "docker" "exec" "-e" "SOURCE_DIR=/opt/rustwide/workdir" "-e" "CARGO_HOME=/opt/rustwide/cargo-home" "-e" "RUSTUP_HOME=/opt/rustwide/rustup-home" "-e" "CARGO_TARGET_DIR=/opt/rustwide/target" "-e" "CARGO_INCREMENTAL=0" "-e" "RUST_BACKTRACE=full" "-e" "RUSTFLAGS=--cap-lints=warn" "-e" "RUSTDOCFLAGS=--cap-lints=warn" "-w" "/opt/rustwide/workdir" "--user" "0:0" "6e6a00a28de1d3422f593b38b19da185c49bdedc12efae45f02539345b6cf949" "/opt/rustwide/cargo-home/bin/cargo" "+1.99.0-beta.8" "build" "--frozen" "--message-format=json" "--release", kill_on_drop: false }`
[INFO] [stderr]    Compiling cc v1.1.30
[INFO] [stderr]    Compiling libc v0.2.159
[INFO] [stderr]    Compiling hidapi v2.6.3
[INFO] [stderr]    Compiling slabhiddevice v0.1.0 (/opt/rustwide/workdir)
[INFO] [stderr]     Finished `release` profile [optimized] target(s) in 3.29s
[INFO] running `Command { std: "docker" "inspect" "6e6a00a28de1d3422f593b38b19da185c49bdedc12efae45f02539345b6cf949", kill_on_drop: false }`
[INFO] running `Command { std: "docker" "exec" "-e" "SOURCE_DIR=/opt/rustwide/workdir" "-e" "CARGO_HOME=/opt/rustwide/cargo-home" "-e" "RUSTUP_HOME=/opt/rustwide/rustup-home" "-e" "CARGO_TARGET_DIR=/opt/rustwide/target" "-e" "CARGO_INCREMENTAL=0" "-e" "RUST_BACKTRACE=full" "-e" "RUSTFLAGS=--cap-lints=warn" "-e" "RUSTDOCFLAGS=--cap-lints=warn" "-w" "/opt/rustwide/workdir" "--user" "0:0" "6e6a00a28de1d3422f593b38b19da185c49bdedc12efae45f02539345b6cf949" "/opt/rustwide/cargo-home/bin/cargo" "+1.99.0-beta.8" "test" "--frozen" "--no-run" "--message-format=json" "--release", kill_on_drop: false }`
[INFO] [stderr]    Compiling slabhiddevice v0.1.0 (/opt/rustwide/workdir)
[INFO] [stderr]     Finished `release` profile [optimized] target(s) in 0.66s
[INFO] running `Command { std: "docker" "inspect" "6e6a00a28de1d3422f593b38b19da185c49bdedc12efae45f02539345b6cf949", kill_on_drop: false }`
[INFO] running `Command { std: "docker" "exec" "-e" "SOURCE_DIR=/opt/rustwide/workdir" "-e" "CARGO_HOME=/opt/rustwide/cargo-home" "-e" "RUSTUP_HOME=/opt/rustwide/rustup-home" "-e" "CARGO_TARGET_DIR=/opt/rustwide/target" "-e" "CARGO_INCREMENTAL=0" "-e" "RUST_BACKTRACE=full" "-e" "RUSTFLAGS=--cap-lints=warn" "-e" "RUSTDOCFLAGS=--cap-lints=warn" "-w" "/opt/rustwide/workdir" "--user" "0:0" "6e6a00a28de1d3422f593b38b19da185c49bdedc12efae45f02539345b6cf949" "/opt/rustwide/cargo-home/bin/cargo" "+1.99.0-beta.8" "test" "--frozen" "--release", kill_on_drop: false }`
[INFO] [stderr]     Finished `release` profile [optimized] target(s) in 0.04s
[INFO] [stderr]      Running unittests src/lib.rs (/opt/rustwide/target/release/deps/slabhiddevice-669b1459ee2192ff)
[INFO] [stdout] 
[INFO] [stdout] running 6 tests
[INFO] [stdout] test hiddevice::tests::test_cp2112_get_manufacturer_string ... FAILED
[INFO] [stdout] test hiddevice::tests::test_cp2112_get_attributes ... FAILED
[INFO] [stdout] test hiddevice::tests::test_cp2112_get_pid_string ... FAILED
[INFO] [stdout] test hiddevice::tests::test_cp2112_get_num_device ... FAILED
[INFO] [stdout] test hiddevice::tests::test_cp2112_get_vid_string ... FAILED
[INFO] [stdout] test hiddevice::tests::test_cp2112_get_product_string ... FAILED
[INFO] [stdout] 
[INFO] [stdout] failures:
[INFO] [stdout] 
[INFO] [stdout] ---- hiddevice::tests::test_cp2112_get_manufacturer_string stdout ----
[INFO] [stdout] CP2112-EK not connected. Skipping test!
[INFO] [stdout] 
[INFO] [stdout] thread 'hiddevice::tests::test_cp2112_get_manufacturer_string' (276) panicked at src/hiddevice.rs:263:17:
[INFO] [stdout] explicit panic
[INFO] [stdout] stack backtrace:
[INFO] [stdout]    0:     0x614efea3e591 - <<std[70759c8f55707aa4]::sys::backtrace::BacktraceLock>::print::DisplayBacktrace as core[df12db4294e9bfd3]::fmt::Display>::fmt
[INFO] [stdout]    1:     0x614efea52a4a - core[df12db4294e9bfd3]::fmt::write
[INFO] [stdout]    2:     0x614efea42a2c - <alloc[2182bb758b4b3781]::vec::Vec<u8> as core[df12db4294e9bfd3]::io::write::Write>::write_fmt
[INFO] [stdout]    3:     0x614efea1ab86 - std[70759c8f55707aa4]::panicking::default_hook::{closure#0}
[INFO] [stdout]    4:     0x614efea36cf9 - std[70759c8f55707aa4]::panicking::default_hook
[INFO] [stdout]    5:     0x614efe9d0e40 - test[9d35eded1c95d3be]::test_main_inner::<test[9d35eded1c95d3be]::test_main_static::{closure#0}>::{closure#0}
[INFO] [stdout]    6:     0x614efea36eb2 - std[70759c8f55707aa4]::panicking::panic_with_hook
[INFO] [stdout]    7:     0x614efea1ac64 - std[70759c8f55707aa4]::panicking::panic_handler::{closure#0}
[INFO] [stdout]    8:     0x614efea139b9 - std[70759c8f55707aa4]::sys::backtrace::__rust_end_short_backtrace::<std[70759c8f55707aa4]::panicking::panic_handler::{closure#0}, !>
[INFO] [stdout]    9:     0x614efea1b82d - __rustc[8fa7c3cbc660c2b3]::rust_begin_unwind
[INFO] [stdout]   10:     0x614efea5317c - core[df12db4294e9bfd3]::panicking::panic_fmt
[INFO] [stdout]   11:     0x614efea53142 - core[df12db4294e9bfd3]::panicking::panic
[INFO] [stdout]   12:     0x614efe9c3293 - <std[70759c8f55707aa4]::sync::once::Once>::call_once_force::<<std[70759c8f55707aa4]::sync::once_lock::OnceLock<slabhiddevice[b4548a01d3951652]::hiddevice::HidDevice>>::initialize<<std[70759c8f55707aa4]::sync::once_lock::OnceLock<slabhiddevice[b4548a01d3951652]::hiddevice::HidDevice>>::get_or_init<slabhiddevice[b4548a01d3951652]::hiddevice::tests::set_up::{closure#0}>::{closure#0}, !>::{closure#0}>::{closure#0}
[INFO] [stdout]   13:     0x614efea20739 - <std[70759c8f55707aa4]::sys::sync::once::futex::Once>::call
[INFO] [stdout]   14:     0x614efe9c2e96 - <std[70759c8f55707aa4]::sync::once_lock::OnceLock<slabhiddevice[b4548a01d3951652]::hiddevice::HidDevice>>::initialize::<<std[70759c8f55707aa4]::sync::once_lock::OnceLock<slabhiddevice[b4548a01d3951652]::hiddevice::HidDevice>>::get_or_init<slabhiddevice[b4548a01d3951652]::hiddevice::tests::set_up::{closure#0}>::{closure#0}, !>
[INFO] [stdout]   15:     0x614efe9c4007 - <slabhiddevice[b4548a01d3951652]::hiddevice::tests::test_cp2112_get_manufacturer_string::{closure#0} as core[df12db4294e9bfd3]::ops::function::FnOnce<()>>::call_once
[INFO] [stdout]   16:     0x614efe9c412b - test[9d35eded1c95d3be]::__rust_begin_short_backtrace::<core[df12db4294e9bfd3]::result::Result<(), alloc[2182bb758b4b3781]::string::String>, fn() -> core[df12db4294e9bfd3]::result::Result<(), alloc[2182bb758b4b3781]::string::String>>
[INFO] [stdout]   17:     0x614efe9d1795 - test[9d35eded1c95d3be]::run_test::{closure#0}
[INFO] [stdout]   18:     0x614efe9cb054 - std[70759c8f55707aa4]::sys::backtrace::__rust_begin_short_backtrace::<test[9d35eded1c95d3be]::run_test::{closure#1}, ()>
[INFO] [stdout]   19:     0x614efe9d48f2 - <std[70759c8f55707aa4]::thread::lifecycle::spawn_unchecked<test[9d35eded1c95d3be]::run_test::{closure#1}, ()>::{closure#1} as core[df12db4294e9bfd3]::ops::function::FnOnce<()>>::call_once::{shim:vtable#0}
[INFO] [stdout]   20:     0x614efea3de69 - <std[70759c8f55707aa4]::sys::thread::unix::Thread>::new::thread_start
[INFO] [stdout]   21:     0x7d3490052dfa - <unknown>
[INFO] [stdout]   22:     0x7d34900e63d4 - clone
[INFO] [stdout]   23:                0x0 - <unknown>
[INFO] [stdout] 
[INFO] [stdout] ---- hiddevice::tests::test_cp2112_get_attributes stdout ----
[INFO] [stdout] CP2112-EK not connected. Skipping test!
[INFO] [stdout] 
[INFO] [stdout] thread 'hiddevice::tests::test_cp2112_get_attributes' (275) panicked at src/hiddevice.rs:263:17:
[INFO] [stdout] explicit panic
[INFO] [stdout] stack backtrace:
[INFO] [stdout]    0:     0x614efea3e591 - <<std[70759c8f55707aa4]::sys::backtrace::BacktraceLock>::print::DisplayBacktrace as core[df12db4294e9bfd3]::fmt::Display>::fmt
[INFO] [stdout]    1:     0x614efea52a4a - core[df12db4294e9bfd3]::fmt::write
[INFO] [stdout]    2:     0x614efea42a2c - <alloc[2182bb758b4b3781]::vec::Vec<u8> as core[df12db4294e9bfd3]::io::write::Write>::write_fmt
[INFO] [stdout]    3:     0x614efea1ab86 - std[70759c8f55707aa4]::panicking::default_hook::{closure#0}
[INFO] [stdout]    4:     0x614efea36cf9 - std[70759c8f55707aa4]::panicking::default_hook
[INFO] [stdout]    5:     0x614efe9d0e40 - test[9d35eded1c95d3be]::test_main_inner::<test[9d35eded1c95d3be]::test_main_static::{closure#0}>::{closure#0}
[INFO] [stdout]    6:     0x614efea36eb2 - std[70759c8f55707aa4]::panicking::panic_with_hook
[INFO] [stdout]    7:     0x614efea1ac64 - std[70759c8f55707aa4]::panicking::panic_handler::{closure#0}
[INFO] [stdout]    8:     0x614efea139b9 - std[70759c8f55707aa4]::sys::backtrace::__rust_end_short_backtrace::<std[70759c8f55707aa4]::panicking::panic_handler::{closure#0}, !>
[INFO] [stdout]    9:     0x614efea1b82d - __rustc[8fa7c3cbc660c2b3]::rust_begin_unwind
[INFO] [stdout]   10:     0x614efea5317c - core[df12db4294e9bfd3]::panicking::panic_fmt
[INFO] [stdout]   11:     0x614efea53142 - core[df12db4294e9bfd3]::panicking::panic
[INFO] [stdout]   12:     0x614efe9c3293 - <std[70759c8f55707aa4]::sync::once::Once>::call_once_force::<<std[70759c8f55707aa4]::sync::once_lock::OnceLock<slabhiddevice[b4548a01d3951652]::hiddevice::HidDevice>>::initialize<<std[70759c8f55707aa4]::sync::once_lock::OnceLock<slabhiddevice[b4548a01d3951652]::hiddevice::HidDevice>>::get_or_init<slabhiddevice[b4548a01d3951652]::hiddevice::tests::set_up::{closure#0}>::{closure#0}, !>::{closure#0}>::{closure#0}
[INFO] [stdout]   13:     0x614efea20739 - <std[70759c8f55707aa4]::sys::sync::once::futex::Once>::call
[INFO] [stdout]   14:     0x614efe9c2e96 - <std[70759c8f55707aa4]::sync::once_lock::OnceLock<slabhiddevice[b4548a01d3951652]::hiddevice::HidDevice>>::initialize::<<std[70759c8f55707aa4]::sync::once_lock::OnceLock<slabhiddevice[b4548a01d3951652]::hiddevice::HidDevice>>::get_or_init<slabhiddevice[b4548a01d3951652]::hiddevice::tests::set_up::{closure#0}>::{closure#0}, !>
[INFO] [stdout]   15:     0x614efe9c3831 - <slabhiddevice[b4548a01d3951652]::hiddevice::tests::test_cp2112_get_attributes::{closure#0} as core[df12db4294e9bfd3]::ops::function::FnOnce<()>>::call_once
[INFO] [stdout]   16:     0x614efe9c412b - test[9d35eded1c95d3be]::__rust_begin_short_backtrace::<core[df12db4294e9bfd3]::result::Result<(), alloc[2182bb758b4b3781]::string::String>, fn() -> core[df12db4294e9bfd3]::result::Result<(), alloc[2182bb758b4b3781]::string::String>>
[INFO] [stdout]   17:     0x614efe9d1795 - test[9d35eded1c95d3be]::run_test::{closure#0}
[INFO] [stdout]   18:     0x614efe9cb054 - std[70759c8f55707aa4]::sys::backtrace::__rust_begin_short_backtrace::<test[9d35eded1c95d3be]::run_test::{closure#1}, ()>
[INFO] [stdout]   19:     0x614efe9d48f2 - <std[70759c8f55707aa4]::thread::lifecycle::spawn_unchecked<test[9d35eded1c95d3be]::run_test::{closure#1}, ()>::{closure#1} as core[df12db4294e9bfd3]::ops::function::FnOnce<()>>::call_once::{shim:vtable#0}
[INFO] [stdout]   20:     0x614efea3de69 - <std[70759c8f55707aa4]::sys::thread::unix::Thread>::new::thread_start
[INFO] [stdout]   21:     0x7d3490052dfa - <unknown>
[INFO] [stdout]   22:     0x7d34900e63d4 - clone
[INFO] [stdout]   23:                0x0 - <unknown>
[INFO] [stdout] 
[INFO] [stdout] ---- hiddevice::tests::test_cp2112_get_pid_string stdout ----
[INFO] [stdout] CP2112-EK not connected. Skipping test!
[INFO] [stdout] 
[INFO] [stdout] thread 'hiddevice::tests::test_cp2112_get_pid_string' (278) panicked at src/hiddevice.rs:263:17:
[INFO] [stdout] explicit panic
[INFO] [stdout] stack backtrace:
[INFO] [stdout]    0:     0x614efea3e591 - <<std[70759c8f55707aa4]::sys::backtrace::BacktraceLock>::print::DisplayBacktrace as core[df12db4294e9bfd3]::fmt::Display>::fmt
[INFO] [stdout]    1:     0x614efea52a4a - core[df12db4294e9bfd3]::fmt::write
[INFO] [stdout]    2:     0x614efea42a2c - <alloc[2182bb758b4b3781]::vec::Vec<u8> as core[df12db4294e9bfd3]::io::write::Write>::write_fmt
[INFO] [stdout]    3:     0x614efea1ab86 - std[70759c8f55707aa4]::panicking::default_hook::{closure#0}
[INFO] [stdout]    4:     0x614efea36cf9 - std[70759c8f55707aa4]::panicking::default_hook
[INFO] [stdout]    5:     0x614efe9d0e40 - test[9d35eded1c95d3be]::test_main_inner::<test[9d35eded1c95d3be]::test_main_static::{closure#0}>::{closure#0}
[INFO] [stdout]    6:     0x614efea36eb2 - std[70759c8f55707aa4]::panicking::panic_with_hook
[INFO] [stdout]    7:     0x614efea1ac64 - std[70759c8f55707aa4]::panicking::panic_handler::{closure#0}
[INFO] [stdout]    8:     0x614efea139b9 - std[70759c8f55707aa4]::sys::backtrace::__rust_end_short_backtrace::<std[70759c8f55707aa4]::panicking::panic_handler::{closure#0}, !>
[INFO] [stdout]    9:     0x614efea1b82d - __rustc[8fa7c3cbc660c2b3]::rust_begin_unwind
[INFO] [stdout]   10:     0x614efea5317c - core[df12db4294e9bfd3]::panicking::panic_fmt
[INFO] [stdout]   11:     0x614efea53142 - core[df12db4294e9bfd3]::panicking::panic
[INFO] [stdout]   12:     0x614efe9c3293 - <std[70759c8f55707aa4]::sync::once::Once>::call_once_force::<<std[70759c8f55707aa4]::sync::once_lock::OnceLock<slabhiddevice[b4548a01d3951652]::hiddevice::HidDevice>>::initialize<<std[70759c8f55707aa4]::sync::once_lock::OnceLock<slabhiddevice[b4548a01d3951652]::hiddevice::HidDevice>>::get_or_init<slabhiddevice[b4548a01d3951652]::hiddevice::tests::set_up::{closure#0}>::{closure#0}, !>::{closure#0}>::{closure#0}
[INFO] [stdout]   13:     0x614efea20739 - <std[70759c8f55707aa4]::sys::sync::once::futex::Once>::call
[INFO] [stdout]   14:     0x614efe9c2e96 - <std[70759c8f55707aa4]::sync::once_lock::OnceLock<slabhiddevice[b4548a01d3951652]::hiddevice::HidDevice>>::initialize::<<std[70759c8f55707aa4]::sync::once_lock::OnceLock<slabhiddevice[b4548a01d3951652]::hiddevice::HidDevice>>::get_or_init<slabhiddevice[b4548a01d3951652]::hiddevice::tests::set_up::{closure#0}>::{closure#0}, !>
[INFO] [stdout]   15:     0x614efe9c3afd - <slabhiddevice[b4548a01d3951652]::hiddevice::tests::test_cp2112_get_pid_string::{closure#0} as core[df12db4294e9bfd3]::ops::function::FnOnce<()>>::call_once
[INFO] [stdout]   16:     0x614efe9c412b - test[9d35eded1c95d3be]::__rust_begin_short_backtrace::<core[df12db4294e9bfd3]::result::Result<(), alloc[2182bb758b4b3781]::string::String>, fn() -> core[df12db4294e9bfd3]::result::Result<(), alloc[2182bb758b4b3781]::string::String>>
[INFO] [stdout]   17:     0x614efe9d1795 - test[9d35eded1c95d3be]::run_test::{closure#0}
[INFO] [stdout]   18:     0x614efe9cb054 - std[70759c8f55707aa4]::sys::backtrace::__rust_begin_short_backtrace::<test[9d35eded1c95d3be]::run_test::{closure#1}, ()>
[INFO] [stdout]   19:     0x614efe9d48f2 - <std[70759c8f55707aa4]::thread::lifecycle::spawn_unchecked<test[9d35eded1c95d3be]::run_test::{closure#1}, ()>::{closure#1} as core[df12db4294e9bfd3]::ops::function::FnOnce<()>>::call_once::{shim:vtable#0}
[INFO] [stdout]   20:     0x614efea3de69 - <std[70759c8f55707aa4]::sys::thread::unix::Thread>::new::thread_start
[INFO] [stdout]   21:     0x7d3490052dfa - <unknown>
[INFO] [stdout]   22:     0x7d34900e63d4 - clone
[INFO] [stdout]   23:                0x0 - <unknown>
[INFO] [stdout] 
[INFO] [stdout] ---- hiddevice::tests::test_cp2112_get_num_device stdout ----
[INFO] [stdout] CP2112-EK not connected. Skipping test!
[INFO] [stdout] 
[INFO] [stdout] thread 'hiddevice::tests::test_cp2112_get_num_device' (277) panicked at src/hiddevice.rs:263:17:
[INFO] [stdout] explicit panic
[INFO] [stdout] stack backtrace:
[INFO] [stdout]    0:     0x614efea3e591 - <<std[70759c8f55707aa4]::sys::backtrace::BacktraceLock>::print::DisplayBacktrace as core[df12db4294e9bfd3]::fmt::Display>::fmt
[INFO] [stdout]    1:     0x614efea52a4a - core[df12db4294e9bfd3]::fmt::write
[INFO] [stdout]    2:     0x614efea42a2c - <alloc[2182bb758b4b3781]::vec::Vec<u8> as core[df12db4294e9bfd3]::io::write::Write>::write_fmt
[INFO] [stdout]    3:     0x614efea1ab86 - std[70759c8f55707aa4]::panicking::default_hook::{closure#0}
[INFO] [stdout]    4:     0x614efea36cf9 - std[70759c8f55707aa4]::panicking::default_hook
[INFO] [stdout]    5:     0x614efe9d0e40 - test[9d35eded1c95d3be]::test_main_inner::<test[9d35eded1c95d3be]::test_main_static::{closure#0}>::{closure#0}
[INFO] [stdout]    6:     0x614efea36eb2 - std[70759c8f55707aa4]::panicking::panic_with_hook
[INFO] [stdout]    7:     0x614efea1ac64 - std[70759c8f55707aa4]::panicking::panic_handler::{closure#0}
[INFO] [stdout]    8:     0x614efea139b9 - std[70759c8f55707aa4]::sys::backtrace::__rust_end_short_backtrace::<std[70759c8f55707aa4]::panicking::panic_handler::{closure#0}, !>
[INFO] [stdout]    9:     0x614efea1b82d - __rustc[8fa7c3cbc660c2b3]::rust_begin_unwind
[INFO] [stdout]   10:     0x614efea5317c - core[df12db4294e9bfd3]::panicking::panic_fmt
[INFO] [stdout]   11:     0x614efea53142 - core[df12db4294e9bfd3]::panicking::panic
[INFO] [stdout]   12:     0x614efe9c3293 - <std[70759c8f55707aa4]::sync::once::Once>::call_once_force::<<std[70759c8f55707aa4]::sync::once_lock::OnceLock<slabhiddevice[b4548a01d3951652]::hiddevice::HidDevice>>::initialize<<std[70759c8f55707aa4]::sync::once_lock::OnceLock<slabhiddevice[b4548a01d3951652]::hiddevice::HidDevice>>::get_or_init<slabhiddevice[b4548a01d3951652]::hiddevice::tests::set_up::{closure#0}>::{closure#0}, !>::{closure#0}>::{closure#0}
[INFO] [stdout]   13:     0x614efea20739 - <std[70759c8f55707aa4]::sys::sync::once::futex::Once>::call
[INFO] [stdout]   14:     0x614efe9c2e96 - <std[70759c8f55707aa4]::sync::once_lock::OnceLock<slabhiddevice[b4548a01d3951652]::hiddevice::HidDevice>>::initialize::<<std[70759c8f55707aa4]::sync::once_lock::OnceLock<slabhiddevice[b4548a01d3951652]::hiddevice::HidDevice>>::get_or_init<slabhiddevice[b4548a01d3951652]::hiddevice::tests::set_up::{closure#0}>::{closure#0}, !>
[INFO] [stdout]   15:     0x614efe9c39ab - <slabhiddevice[b4548a01d3951652]::hiddevice::tests::test_cp2112_get_num_device::{closure#0} as core[df12db4294e9bfd3]::ops::function::FnOnce<()>>::call_once
[INFO] [stdout]   16:     0x614efe9c412b - test[9d35eded1c95d3be]::__rust_begin_short_backtrace::<core[df12db4294e9bfd3]::result::Result<(), alloc[2182bb758b4b3781]::string::String>, fn() -> core[df12db4294e9bfd3]::result::Result<(), alloc[2182bb758b4b3781]::string::String>>
[INFO] [stdout]   17:     0x614efe9d1795 - test[9d35eded1c95d3be]::run_test::{closure#0}
[INFO] [stdout]   18:     0x614efe9cb054 - std[70759c8f55707aa4]::sys::backtrace::__rust_begin_short_backtrace::<test[9d35eded1c95d3be]::run_test::{closure#1}, ()>
[INFO] [stdout]   19:     0x614efe9d48f2 - <std[70759c8f55707aa4]::thread::lifecycle::spawn_unchecked<test[9d35eded1c95d3be]::run_test::{closure#1}, ()>::{closure#1} as core[df12db4294e9bfd3]::ops::function::FnOnce<()>>::call_once::{shim:vtable#0}
[INFO] [stdout]   20:     0x614efea3de69 - <std[70759c8f55707aa4]::sys::thread::unix::Thread>::new::thread_start
[INFO] [stdout]   21:     0x7d3490052dfa - <unknown>
[INFO] [stdout]   22:     0x7d34900e63d4 - clone
[INFO] [stdout]   23:                0x0 - <unknown>
[INFO] [stdout] 
[INFO] [stdout] ---- hiddevice::tests::test_cp2112_get_vid_string stdout ----
[INFO] [stdout] CP2112-EK not connected. Skipping test!
[INFO] [stdout] 
[INFO] [stdout] thread 'hiddevice::tests::test_cp2112_get_vid_string' (280) panicked at src/hiddevice.rs:263:17:
[INFO] [stdout] explicit panic
[INFO] [stdout] stack backtrace:
[INFO] [stdout]    0:     0x614efea3e591 - <<std[70759c8f55707aa4]::sys::backtrace::BacktraceLock>::print::DisplayBacktrace as core[df12db4294e9bfd3]::fmt::Display>::fmt
[INFO] [stdout]    1:     0x614efea52a4a - core[df12db4294e9bfd3]::fmt::write
[INFO] [stdout]    2:     0x614efea42a2c - <alloc[2182bb758b4b3781]::vec::Vec<u8> as core[df12db4294e9bfd3]::io::write::Write>::write_fmt
[INFO] [stdout]    3:     0x614efea1ab86 - std[70759c8f55707aa4]::panicking::default_hook::{closure#0}
[INFO] [stdout]    4:     0x614efea36cf9 - std[70759c8f55707aa4]::panicking::default_hook
[INFO] [stdout]    5:     0x614efe9d0e40 - test[9d35eded1c95d3be]::test_main_inner::<test[9d35eded1c95d3be]::test_main_static::{closure#0}>::{closure#0}
[INFO] [stdout]    6:     0x614efea36eb2 - std[70759c8f55707aa4]::panicking::panic_with_hook
[INFO] [stdout]    7:     0x614efea1ac64 - std[70759c8f55707aa4]::panicking::panic_handler::{closure#0}
[INFO] [stdout]    8:     0x614efea139b9 - std[70759c8f55707aa4]::sys::backtrace::__rust_end_short_backtrace::<std[70759c8f55707aa4]::panicking::panic_handler::{closure#0}, !>
[INFO] [stdout]    9:     0x614efea1b82d - __rustc[8fa7c3cbc660c2b3]::rust_begin_unwind
[INFO] [stdout]   10:     0x614efea5317c - core[df12db4294e9bfd3]::panicking::panic_fmt
[INFO] [stdout]   11:     0x614efea53142 - core[df12db4294e9bfd3]::panicking::panic
[INFO] [stdout]   12:     0x614efe9c3293 - <std[70759c8f55707aa4]::sync::once::Once>::call_once_force::<<std[70759c8f55707aa4]::sync::once_lock::OnceLock<slabhiddevice[b4548a01d3951652]::hiddevice::HidDevice>>::initialize<<std[70759c8f55707aa4]::sync::once_lock::OnceLock<slabhiddevice[b4548a01d3951652]::hiddevice::HidDevice>>::get_or_init<slabhiddevice[b4548a01d3951652]::hiddevice::tests::set_up::{closure#0}>::{closure#0}, !>::{closure#0}>::{closure#0}
[INFO] [stdout]   13:     0x614efea20739 - <std[70759c8f55707aa4]::sys::sync::once::futex::Once>::call
[INFO] [stdout]   14:     0x614efe9c2e96 - <std[70759c8f55707aa4]::sync::once_lock::OnceLock<slabhiddevice[b4548a01d3951652]::hiddevice::HidDevice>>::initialize::<<std[70759c8f55707aa4]::sync::once_lock::OnceLock<slabhiddevice[b4548a01d3951652]::hiddevice::HidDevice>>::get_or_init<slabhiddevice[b4548a01d3951652]::hiddevice::tests::set_up::{closure#0}>::{closure#0}, !>
[INFO] [stdout]   15:     0x614efe9c3c7d - <slabhiddevice[b4548a01d3951652]::hiddevice::tests::test_cp2112_get_vid_string::{closure#0} as core[df12db4294e9bfd3]::ops::function::FnOnce<()>>::call_once
[INFO] [stdout]   16:     0x614efe9c412b - test[9d35eded1c95d3be]::__rust_begin_short_backtrace::<core[df12db4294e9bfd3]::result::Result<(), alloc[2182bb758b4b3781]::string::String>, fn() -> core[df12db4294e9bfd3]::result::Result<(), alloc[2182bb758b4b3781]::string::String>>
[INFO] [stdout]   17:     0x614efe9d1795 - test[9d35eded1c95d3be]::run_test::{closure#0}
[INFO] [stdout]   18:     0x614efe9cb054 - std[70759c8f55707aa4]::sys::backtrace::__rust_begin_short_backtrace::<test[9d35eded1c95d3be]::run_test::{closure#1}, ()>
[INFO] [stdout]   19:     0x614efe9d48f2 - <std[70759c8f55707aa4]::thread::lifecycle::spawn_unchecked<test[9d35eded1c95d3be]::run_test::{closure#1}, ()>::{closure#1} as core[df12db4294e9bfd3]::ops::function::FnOnce<()>>::call_once::{shim:vtable#0}
[INFO] [stdout]   20:     0x614efea3de69 - <std[70759c8f55707aa4]::sys::thread::unix::Thread>::new::thread_start
[INFO] [stdout]   21:     0x7d3490052dfa - <unknown>
[INFO] [stdout]   22:     0x7d34900e63d4 - clone
[INFO] [stdout]   23:                0x0 - <unknown>
[INFO] [stdout] 
[INFO] [stdout] ---- hiddevice::tests::test_cp2112_get_product_string stdout ----
[INFO] [stdout] CP2112-EK not connected. Skipping test!
[INFO] [stdout] 
[INFO] [stdout] thread 'hiddevice::tests::test_cp2112_get_product_string' (279) panicked at src/hiddevice.rs:263:17:
[INFO] [stdout] explicit panic
[INFO] [stdout] stack backtrace:
[INFO] [stdout]    0:     0x614efea3e591 - <<std[70759c8f55707aa4]::sys::backtrace::BacktraceLock>::print::DisplayBacktrace as core[df12db4294e9bfd3]::fmt::Display>::fmt
[INFO] [stdout]    1:     0x614efea52a4a - core[df12db4294e9bfd3]::fmt::write
[INFO] [stdout]    2:     0x614efea42a2c - <alloc[2182bb758b4b3781]::vec::Vec<u8> as core[df12db4294e9bfd3]::io::write::Write>::write_fmt
[INFO] [stdout]    3:     0x614efea1ab86 - std[70759c8f55707aa4]::panicking::default_hook::{closure#0}
[INFO] [stdout]    4:     0x614efea36cf9 - std[70759c8f55707aa4]::panicking::default_hook
[INFO] [stdout]    5:     0x614efe9d0e40 - test[9d35eded1c95d3be]::test_main_inner::<test[9d35eded1c95d3be]::test_main_static::{closure#0}>::{closure#0}
[INFO] [stdout]    6:     0x614efea36eb2 - std[70759c8f55707aa4]::panicking::panic_with_hook
[INFO] [stdout]    7:     0x614efea1ac64 - std[70759c8f55707aa4]::panicking::panic_handler::{closure#0}
[INFO] [stdout]    8:     0x614efea139b9 - std[70759c8f55707aa4]::sys::backtrace::__rust_end_short_backtrace::<std[70759c8f55707aa4]::panicking::panic_handler::{closure#0}, !>
[INFO] [stdout]    9:     0x614efea1b82d - __rustc[8fa7c3cbc660c2b3]::rust_begin_unwind
[INFO] [stdout]   10:     0x614efea5317c - core[df12db4294e9bfd3]::panicking::panic_fmt
[INFO] [stdout]   11:     0x614efea53142 - core[df12db4294e9bfd3]::panicking::panic
[INFO] [stdout]   12:     0x614efe9c3293 - <std[70759c8f55707aa4]::sync::once::Once>::call_once_force::<<std[70759c8f55707aa4]::sync::once_lock::OnceLock<slabhiddevice[b4548a01d3951652]::hiddevice::HidDevice>>::initialize<<std[70759c8f55707aa4]::sync::once_lock::OnceLock<slabhiddevice[b4548a01d3951652]::hiddevice::HidDevice>>::get_or_init<slabhiddevice[b4548a01d3951652]::hiddevice::tests::set_up::{closure#0}>::{closure#0}, !>::{closure#0}>::{closure#0}
[INFO] [stdout]   13:     0x614efea20739 - <std[70759c8f55707aa4]::sys::sync::once::futex::Once>::call
[INFO] [stdout]   14:     0x614efe9c2e96 - <std[70759c8f55707aa4]::sync::once_lock::OnceLock<slabhiddevice[b4548a01d3951652]::hiddevice::HidDevice>>::initialize::<<std[70759c8f55707aa4]::sync::once_lock::OnceLock<slabhiddevice[b4548a01d3951652]::hiddevice::HidDevice>>::get_or_init<slabhiddevice[b4548a01d3951652]::hiddevice::tests::set_up::{closure#0}>::{closure#0}, !>
[INFO] [stdout]   15:     0x614efe9c3e23 - <slabhiddevice[b4548a01d3951652]::hiddevice::tests::test_cp2112_get_product_string::{closure#0} as core[df12db4294e9bfd3]::ops::function::FnOnce<()>>::call_once
[INFO] [stdout]   16:     0x614efe9c412b - test[9d35eded1c95d3be]::__rust_begin_short_backtrace::<core[df12db4294e9bfd3]::result::Result<(), alloc[2182bb758b4b3781]::string::String>, fn() -> core[df12db4294e9bfd3]::result::Result<(), alloc[2182bb758b4b3781]::string::String>>
[INFO] [stdout]   17:     0x614efe9d1795 - test[9d35eded1c95d3be]::run_test::{closure#0}
[INFO] [stdout]   18:     0x614efe9cb054 - std[70759c8f55707aa4]::sys::backtrace::__rust_begin_short_backtrace::<test[9d35eded1c95d3be]::run_test::{closure#1}, ()>
[INFO] [stdout]   19:     0x614efe9d48f2 - <std[70759c8f55707aa4]::thread::lifecycle::spawn_unchecked<test[9d35eded1c95d3be]::run_test::{closure#1}, ()>::{closure#1} as core[df12db4294e9bfd3]::ops::function::FnOnce<()>>::call_once::{shim:vtable#0}
[INFO] [stdout]   20:     0x614efea3de69 - <std[70759c8f55707aa4]::sys::thread::unix::Thread>::new::thread_start
[INFO] [stdout]   21:     0x7d3490052dfa - <unknown>
[INFO] [stdout]   22:     0x7d34900e63d4 - clone
[INFO] [stdout]   23:                0x0 - <unknown>
[INFO] [stdout] 
[INFO] [stdout] 
[INFO] [stdout] failures:
[INFO] [stdout]     hiddevice::tests::test_cp2112_get_attributes
[INFO] [stdout]     hiddevice::tests::test_cp2112_get_manufacturer_string
[INFO] [stdout]     hiddevice::tests::test_cp2112_get_num_device
[INFO] [stdout]     hiddevice::tests::test_cp2112_get_pid_string
[INFO] [stdout]     hiddevice::tests::test_cp2112_get_product_string
[INFO] [stdout]     hiddevice::tests::test_cp2112_get_vid_string
[INFO] [stdout] 
[INFO] [stdout] test result: FAILED. 0 passed; 6 failed; 0 ignored; 0 measured; 0 filtered out; finished in 0.02s
[INFO] [stdout] 
[INFO] [stderr] error: test failed, to rerun pass `--lib`
[INFO] running `Command { std: "docker" "inspect" "6e6a00a28de1d3422f593b38b19da185c49bdedc12efae45f02539345b6cf949", kill_on_drop: false }`
[INFO] running `Command { std: "docker" "rm" "-f" "6e6a00a28de1d3422f593b38b19da185c49bdedc12efae45f02539345b6cf949", kill_on_drop: false }`
[INFO] [stdout] 6e6a00a28de1d3422f593b38b19da185c49bdedc12efae45f02539345b6cf949
