[INFO] fetching crate skyscanner 0.1.0...
[INFO] testing skyscanner-0.1.0 against 1.99.0-beta.8+cargoflags=--release for beta-release-1.100-2
[INFO] extracting crate skyscanner 0.1.0 into /workspace/builds/worker-4-tc1/source
[INFO] started tweaking crates.io crate skyscanner 0.1.0
[INFO] finished tweaking crates.io crate skyscanner 0.1.0
[INFO] tweaked toml for crates.io crate skyscanner 0.1.0 written to /workspace/builds/worker-4-tc1/source/Cargo.toml
[INFO] validating manifest of crates.io crate skyscanner 0.1.0 on toolchain 1.99.0-beta.8
[INFO] running `Command { std: CARGO_HOME="/workspace/cargo-home" RUSTUP_HOME="/workspace/rustup-home" "/workspace/cargo-home/bin/cargo" "+1.99.0-beta.8" "metadata" "--manifest-path" "Cargo.toml" "--no-deps", kill_on_drop: false }`
[INFO] running `Command { std: CARGO_HOME="/workspace/cargo-home" RUSTUP_HOME="/workspace/rustup-home" "/workspace/cargo-home/bin/cargo" "+1.99.0-beta.8" "generate-lockfile" "--manifest-path" "Cargo.toml", kill_on_drop: false }`
[INFO] [stderr]     Updating crates.io index
[INFO] [stderr]      Locking 218 packages to highest compatible versions
[INFO] running `Command { std: CARGO_HOME="/workspace/cargo-home" RUSTUP_HOME="/workspace/rustup-home" "/workspace/cargo-home/bin/cargo" "+1.99.0-beta.8" "fetch" "--manifest-path" "Cargo.toml", kill_on_drop: false }`
[INFO] running `Command { std: "docker" "create" "-v" "/var/lib/crater-agent-workspace/builds/worker-4-tc1/source:/opt/rustwide/workdir:ro,Z" "-v" "/var/lib/crater-agent-workspace/builds/worker-4-tc1/target:/opt/rustwide/target:rw,Z" "-v" "/var/lib/crater-agent-workspace/cargo-home:/opt/rustwide/cargo-home:ro,Z" "-v" "/var/lib/crater-agent-workspace/rustup-home:/opt/rustwide/rustup-home:ro,Z" "-m" "1610612736" "--network" "none" "ghcr.io/rust-lang/crates-build-env/linux@sha256:77db811e55d90add9212f6832c23229e3de5f1c1f9905e8cb07319ea15df73ac" "sleep" "infinity", kill_on_drop: false }`
[INFO] [stdout] e46c83d3cfc61cd274833db36c546c6b9e539546ed14dc959d842dedeb9bb286
[INFO] running `Command { std: "docker" "start" "e46c83d3cfc61cd274833db36c546c6b9e539546ed14dc959d842dedeb9bb286", kill_on_drop: false }`
[INFO] running `Command { std: "docker" "inspect" "e46c83d3cfc61cd274833db36c546c6b9e539546ed14dc959d842dedeb9bb286", kill_on_drop: false }`
[INFO] running `Command { std: "docker" "exec" "-e" "SOURCE_DIR=/opt/rustwide/workdir" "-e" "CARGO_HOME=/opt/rustwide/cargo-home" "-e" "RUSTUP_HOME=/opt/rustwide/rustup-home" "-e" "CARGO_TARGET_DIR=/opt/rustwide/target" "-w" "/opt/rustwide/workdir" "--user" "0:0" "e46c83d3cfc61cd274833db36c546c6b9e539546ed14dc959d842dedeb9bb286" "/opt/rustwide/cargo-home/bin/cargo" "+1.99.0-beta.8" "metadata" "--no-deps" "--format-version=1", kill_on_drop: false }`
[INFO] running `Command { std: "docker" "inspect" "e46c83d3cfc61cd274833db36c546c6b9e539546ed14dc959d842dedeb9bb286", kill_on_drop: false }`
[INFO] running `Command { std: "docker" "exec" "-e" "SOURCE_DIR=/opt/rustwide/workdir" "-e" "CARGO_HOME=/opt/rustwide/cargo-home" "-e" "RUSTUP_HOME=/opt/rustwide/rustup-home" "-e" "CARGO_TARGET_DIR=/opt/rustwide/target" "-e" "CARGO_INCREMENTAL=0" "-e" "RUST_BACKTRACE=full" "-e" "RUSTFLAGS=--cap-lints=warn" "-e" "RUSTDOCFLAGS=--cap-lints=warn" "-w" "/opt/rustwide/workdir" "--user" "0:0" "e46c83d3cfc61cd274833db36c546c6b9e539546ed14dc959d842dedeb9bb286" "/opt/rustwide/cargo-home/bin/cargo" "+1.99.0-beta.8" "build" "--frozen" "--message-format=json" "--release", kill_on_drop: false }`
[INFO] [stderr]    Compiling jobserver v0.1.35
[INFO] [stderr]    Compiling aws-lc-rs v1.18.2
[INFO] [stderr]    Compiling futures-macro v0.3.34
[INFO] [stderr]    Compiling rustls v0.23.46
[INFO] [stderr]    Compiling h2 v0.4.20
[INFO] [stderr]    Compiling rustls-native-certs v0.8.5
[INFO] [stderr]    Compiling serde v1.0.229
[INFO] [stderr]    Compiling url v2.5.8
[INFO] [stderr]    Compiling rust_decimal v1.43.0
[INFO] [stderr]    Compiling arrayvec v0.7.8
[INFO] [stderr]    Compiling itertools v0.15.0
[INFO] [stderr]    Compiling cc v1.8.0
[INFO] [stderr]    Compiling chrono v0.4.45
[INFO] [stderr]    Compiling futures-util v0.3.34
[INFO] [stderr]    Compiling cmake v0.1.58
[INFO] [stderr]    Compiling aws-lc-sys v0.46.0
[INFO] [stderr]    Compiling hyper v1.12.0
[INFO] [stderr]    Compiling tower v0.5.3
[INFO] [stderr]    Compiling futures-executor v0.3.34
[INFO] [stderr]    Compiling futures v0.3.34
[INFO] [stderr]    Compiling tower-http v0.6.11
[INFO] [stderr]    Compiling hyper-util v0.1.21
[INFO] [stderr]    Compiling rustls-webpki v0.103.15
[INFO] [stderr]    Compiling tokio-rustls v0.26.6
[INFO] [stderr]    Compiling rustls-platform-verifier v0.7.1
[INFO] [stderr]    Compiling hyper-rustls v0.27.10
[INFO] [stderr]    Compiling reqwest v0.13.5
[INFO] [stderr]    Compiling skyscanner v0.1.0 (/opt/rustwide/workdir)
[INFO] [stdout] warning: unused import: `once_cell::sync::Lazy`
[INFO] [stdout]  --> src/lib.rs:1:5
[INFO] [stdout]   |
[INFO] [stdout] 1 | use once_cell::sync::Lazy;
[INFO] [stdout]   |     ^^^^^^^^^^^^^^^^^^^^^
[INFO] [stdout]   |
[INFO] [stdout]   = note: `#[warn(unused_imports)]` (part of `#[warn(unused)]`) on by default
[INFO] [stdout] 
[INFO] [stdout] 
[INFO] [stdout] warning: unused import: `std::collections::HashMap`
[INFO] [stdout]  --> src/lib.rs:3:5
[INFO] [stdout]   |
[INFO] [stdout] 3 | use std::collections::HashMap;
[INFO] [stdout]   |     ^^^^^^^^^^^^^^^^^^^^^^^^^
[INFO] [stdout] 
[INFO] [stdout] 
[INFO] [stdout] warning: unused import: `sync::Mutex`
[INFO] [stdout]  --> src/stream.rs:1:33
[INFO] [stdout]   |
[INFO] [stdout] 1 | use std::{collections::HashMap, sync::Mutex};
[INFO] [stdout]   |                                 ^^^^^^^^^^^
[INFO] [stdout] 
[INFO] [stdout] 
[INFO] [stdout] warning: unused import: `chrono::Datelike`
[INFO] [stdout]  --> src/resp.rs:1:5
[INFO] [stdout]   |
[INFO] [stdout] 1 | use chrono::Datelike;
[INFO] [stdout]   |     ^^^^^^^^^^^^^^^^
[INFO] [stdout] 
[INFO] [stdout] 
[INFO] [stdout] warning: unused import: `StreamExt`
[INFO] [stdout]  --> src/stream.rs:3:23
[INFO] [stdout]   |
[INFO] [stdout] 3 | use futures::{Stream, StreamExt, TryStreamExt};
[INFO] [stdout]   |                       ^^^^^^^^^
[INFO] [stdout] 
[INFO] [stdout] 
[INFO] [stderr]     Finished `release` profile [optimized] target(s) in 2m 49s
[INFO] running `Command { std: "docker" "inspect" "e46c83d3cfc61cd274833db36c546c6b9e539546ed14dc959d842dedeb9bb286", kill_on_drop: false }`
[INFO] running `Command { std: "docker" "exec" "-e" "SOURCE_DIR=/opt/rustwide/workdir" "-e" "CARGO_HOME=/opt/rustwide/cargo-home" "-e" "RUSTUP_HOME=/opt/rustwide/rustup-home" "-e" "CARGO_TARGET_DIR=/opt/rustwide/target" "-e" "CARGO_INCREMENTAL=0" "-e" "RUST_BACKTRACE=full" "-e" "RUSTFLAGS=--cap-lints=warn" "-e" "RUSTDOCFLAGS=--cap-lints=warn" "-w" "/opt/rustwide/workdir" "--user" "0:0" "e46c83d3cfc61cd274833db36c546c6b9e539546ed14dc959d842dedeb9bb286" "/opt/rustwide/cargo-home/bin/cargo" "+1.99.0-beta.8" "test" "--frozen" "--no-run" "--message-format=json" "--release", kill_on_drop: false }`
[INFO] [stderr]    Compiling tokio v1.53.3
[INFO] [stderr]    Compiling tokio-util v0.7.20
[INFO] [stderr]    Compiling tokio-rustls v0.26.6
[INFO] [stderr]    Compiling tower v0.5.3
[INFO] [stderr]    Compiling h2 v0.4.20
[INFO] [stderr]    Compiling tower-http v0.6.11
[INFO] [stderr]    Compiling hyper v1.12.0
[INFO] [stderr]    Compiling hyper-util v0.1.21
[INFO] [stderr]    Compiling hyper-rustls v0.27.10
[INFO] [stderr]    Compiling reqwest v0.13.5
[INFO] [stderr]    Compiling skyscanner v0.1.0 (/opt/rustwide/workdir)
[INFO] [stdout] warning: unused import: `once_cell::sync::Lazy`
[INFO] [stdout]  --> src/lib.rs:1:5
[INFO] [stdout]   |
[INFO] [stdout] 1 | use once_cell::sync::Lazy;
[INFO] [stdout]   |     ^^^^^^^^^^^^^^^^^^^^^
[INFO] [stdout]   |
[INFO] [stdout]   = note: `#[warn(unused_imports)]` (part of `#[warn(unused)]`) on by default
[INFO] [stdout] 
[INFO] [stdout] 
[INFO] [stdout] warning: unused import: `std::collections::HashMap`
[INFO] [stdout]  --> src/lib.rs:3:5
[INFO] [stdout]   |
[INFO] [stdout] 3 | use std::collections::HashMap;
[INFO] [stdout]   |     ^^^^^^^^^^^^^^^^^^^^^^^^^
[INFO] [stdout] 
[INFO] [stdout] 
[INFO] [stdout] warning: unused import: `sync::Mutex`
[INFO] [stdout]  --> src/stream.rs:1:33
[INFO] [stdout]   |
[INFO] [stdout] 1 | use std::{collections::HashMap, sync::Mutex};
[INFO] [stdout]   |                                 ^^^^^^^^^^^
[INFO] [stdout] 
[INFO] [stdout] 
[INFO] [stdout] warning: unused import: `chrono::Datelike`
[INFO] [stdout]  --> src/resp.rs:1:5
[INFO] [stdout]   |
[INFO] [stdout] 1 | use chrono::Datelike;
[INFO] [stdout]   |     ^^^^^^^^^^^^^^^^
[INFO] [stdout] 
[INFO] [stdout] 
[INFO] [stdout] warning: unused import: `StreamExt`
[INFO] [stdout]  --> src/stream.rs:3:23
[INFO] [stdout]   |
[INFO] [stdout] 3 | use futures::{Stream, StreamExt, TryStreamExt};
[INFO] [stdout]   |                       ^^^^^^^^^
[INFO] [stdout] 
[INFO] [stdout] 
[INFO] [stdout] warning: unused import: `once_cell::sync::Lazy`
[INFO] [stdout]  --> src/lib.rs:1:5
[INFO] [stdout]   |
[INFO] [stdout] 1 | use once_cell::sync::Lazy;
[INFO] [stdout]   |     ^^^^^^^^^^^^^^^^^^^^^
[INFO] [stdout]   |
[INFO] [stdout]   = note: `#[warn(unused_imports)]` (part of `#[warn(unused)]`) on by default
[INFO] [stdout] 
[INFO] [stdout] 
[INFO] [stdout] warning: unused import: `std::collections::HashMap`
[INFO] [stdout]  --> src/lib.rs:3:5
[INFO] [stdout]   |
[INFO] [stdout] 3 | use std::collections::HashMap;
[INFO] [stdout]   |     ^^^^^^^^^^^^^^^^^^^^^^^^^
[INFO] [stdout] 
[INFO] [stdout] 
[INFO] [stdout] warning: unused import: `sync::Mutex`
[INFO] [stdout]  --> src/stream.rs:1:33
[INFO] [stdout]   |
[INFO] [stdout] 1 | use std::{collections::HashMap, sync::Mutex};
[INFO] [stdout]   |                                 ^^^^^^^^^^^
[INFO] [stdout] 
[INFO] [stdout] 
[INFO] [stdout] warning: unused imports: `Value` and `json`
[INFO] [stdout]   --> src/lib.rs:18:22
[INFO] [stdout]    |
[INFO] [stdout] 18 |     use serde_json::{json, Value};
[INFO] [stdout]    |                      ^^^^  ^^^^^
[INFO] [stdout] 
[INFO] [stdout] 
[INFO] [stdout] warning: unused import: `crate::resp::SearchCreateResponse`
[INFO] [stdout]   --> src/lib.rs:20:9
[INFO] [stdout]    |
[INFO] [stdout] 20 |     use crate::resp::SearchCreateResponse;
[INFO] [stdout]    |         ^^^^^^^^^^^^^^^^^^^^^^^^^^^^^^^^^
[INFO] [stdout] 
[INFO] [stdout] 
[INFO] [stdout] warning: unused import: `itertools::Itertools`
[INFO] [stdout]   --> src/lib.rs:17:9
[INFO] [stdout]    |
[INFO] [stdout] 17 |     use itertools::Itertools;
[INFO] [stdout]    |         ^^^^^^^^^^^^^^^^^^^^
[INFO] [stdout] 
[INFO] [stdout] 
[INFO] [stdout] warning: unused import: `chrono::Datelike`
[INFO] [stdout]  --> src/resp.rs:1:5
[INFO] [stdout]   |
[INFO] [stdout] 1 | use chrono::Datelike;
[INFO] [stdout]   |     ^^^^^^^^^^^^^^^^
[INFO] [stdout] 
[INFO] [stdout] 
[INFO] [stdout] warning: unused import: `StreamExt`
[INFO] [stdout]  --> src/stream.rs:3:23
[INFO] [stdout]   |
[INFO] [stdout] 3 | use futures::{Stream, StreamExt, TryStreamExt};
[INFO] [stdout]   |                       ^^^^^^^^^
[INFO] [stdout] 
[INFO] [stdout] 
[INFO] [stderr]     Finished `release` profile [optimized] target(s) in 1m 09s
[INFO] running `Command { std: "docker" "inspect" "e46c83d3cfc61cd274833db36c546c6b9e539546ed14dc959d842dedeb9bb286", kill_on_drop: false }`
[INFO] running `Command { std: "docker" "exec" "-e" "SOURCE_DIR=/opt/rustwide/workdir" "-e" "CARGO_HOME=/opt/rustwide/cargo-home" "-e" "RUSTUP_HOME=/opt/rustwide/rustup-home" "-e" "CARGO_TARGET_DIR=/opt/rustwide/target" "-e" "CARGO_INCREMENTAL=0" "-e" "RUST_BACKTRACE=full" "-e" "RUSTFLAGS=--cap-lints=warn" "-e" "RUSTDOCFLAGS=--cap-lints=warn" "-w" "/opt/rustwide/workdir" "--user" "0:0" "e46c83d3cfc61cd274833db36c546c6b9e539546ed14dc959d842dedeb9bb286" "/opt/rustwide/cargo-home/bin/cargo" "+1.99.0-beta.8" "test" "--frozen" "--release", kill_on_drop: false }`
[INFO] [stderr] warning: unused import: `once_cell::sync::Lazy`
[INFO] [stderr]  --> src/lib.rs:1:5
[INFO] [stderr]   |
[INFO] [stderr] 1 | use once_cell::sync::Lazy;
[INFO] [stderr]   |     ^^^^^^^^^^^^^^^^^^^^^
[INFO] [stderr]   |
[INFO] [stderr]   = note: `#[warn(unused_imports)]` (part of `#[warn(unused)]`) on by default
[INFO] [stderr] 
[INFO] [stderr] warning: unused import: `std::collections::HashMap`
[INFO] [stderr]  --> src/lib.rs:3:5
[INFO] [stderr]   |
[INFO] [stderr] 3 | use std::collections::HashMap;
[INFO] [stderr]   |     ^^^^^^^^^^^^^^^^^^^^^^^^^
[INFO] [stderr] 
[INFO] [stderr] warning: unused import: `sync::Mutex`
[INFO] [stderr]  --> src/stream.rs:1:33
[INFO] [stderr]   |
[INFO] [stderr] 1 | use std::{collections::HashMap, sync::Mutex};
[INFO] [stderr]   |                                 ^^^^^^^^^^^
[INFO] [stderr] 
[INFO] [stderr] warning: unused import: `chrono::Datelike`
[INFO] [stderr]  --> src/resp.rs:1:5
[INFO] [stderr]   |
[INFO] [stderr] 1 | use chrono::Datelike;
[INFO] [stderr]   |     ^^^^^^^^^^^^^^^^
[INFO] [stderr] 
[INFO] [stderr] warning: unused import: `StreamExt`
[INFO] [stderr]  --> src/stream.rs:3:23
[INFO] [stderr]   |
[INFO] [stderr] 3 | use futures::{Stream, StreamExt, TryStreamExt};
[INFO] [stderr]   |                       ^^^^^^^^^
[INFO] [stderr] 
[INFO] [stderr] warning: unused imports: `Value` and `json`
[INFO] [stderr]   --> src/lib.rs:18:22
[INFO] [stderr]    |
[INFO] [stderr] 18 |     use serde_json::{json, Value};
[INFO] [stderr]    |                      ^^^^  ^^^^^
[INFO] [stderr] 
[INFO] [stderr] warning: unused import: `crate::resp::SearchCreateResponse`
[INFO] [stderr]   --> src/lib.rs:20:9
[INFO] [stderr]    |
[INFO] [stderr] 20 |     use crate::resp::SearchCreateResponse;
[INFO] [stderr]    |         ^^^^^^^^^^^^^^^^^^^^^^^^^^^^^^^^^
[INFO] [stderr] 
[INFO] [stderr] warning: unused import: `itertools::Itertools`
[INFO] [stderr]   --> src/lib.rs:17:9
[INFO] [stderr]    |
[INFO] [stderr] 17 |     use itertools::Itertools;
[INFO] [stderr]    |         ^^^^^^^^^^^^^^^^^^^^
[INFO] [stderr] 
[INFO] [stderr] warning: `skyscanner` (lib) generated 5 warnings (run `cargo fix --lib -p skyscanner` to apply 3 suggestions)
[INFO] [stderr] warning: `skyscanner` (lib test) generated 8 warnings (5 duplicates) (run `cargo fix --lib -p skyscanner --tests` to apply 2 suggestions)
[INFO] [stderr]     Finished `release` profile [optimized] target(s) in 0.30s
[INFO] [stderr]      Running unittests src/lib.rs (/opt/rustwide/target/release/deps/skyscanner-5162fc343ca14ed0)
[INFO] [stdout] 
[INFO] [stdout] running 1 test
[INFO] [stdout] test test::try_it ... FAILED
[INFO] [stdout] 
[INFO] [stdout] failures:
[INFO] [stdout] 
[INFO] [stdout] ---- test::try_it stdout ----
[INFO] [stdout] 
[INFO] [stdout] thread 'test::try_it' (2173) panicked at src/stream.rs:21:53:
[INFO] [stdout] needs SKYSCANNER_API_KEY: NotPresent
[INFO] [stdout] stack backtrace:
[INFO] [stdout]    0:     0x5b5bc5dfb8e1 - <<std[70759c8f55707aa4]::sys::backtrace::BacktraceLock>::print::DisplayBacktrace as core[df12db4294e9bfd3]::fmt::Display>::fmt
[INFO] [stdout]    1:     0x5b5bc5e1271a - core[df12db4294e9bfd3]::fmt::write
[INFO] [stdout]    2:     0x5b5bc5e00d9c - <alloc[2182bb758b4b3781]::vec::Vec<u8> as core[df12db4294e9bfd3]::io::write::Write>::write_fmt
[INFO] [stdout]    3:     0x5b5bc5dd5136 - std[70759c8f55707aa4]::panicking::default_hook::{closure#0}
[INFO] [stdout]    4:     0x5b5bc5df25b9 - std[70759c8f55707aa4]::panicking::default_hook
[INFO] [stdout]    5:     0x5b5bc5d54f90 - test[9d35eded1c95d3be]::test_main_inner::<test[9d35eded1c95d3be]::test_main_static::{closure#0}>::{closure#0}
[INFO] [stdout]    6:     0x5b5bc5df28e2 - std[70759c8f55707aa4]::panicking::panic_with_hook
[INFO] [stdout]    7:     0x5b5bc5dd51e2 - std[70759c8f55707aa4]::panicking::panic_handler::{closure#0}
[INFO] [stdout]    8:     0x5b5bc5dcd6c9 - std[70759c8f55707aa4]::sys::backtrace::__rust_end_short_backtrace::<std[70759c8f55707aa4]::panicking::panic_handler::{closure#0}, !>
[INFO] [stdout]    9:     0x5b5bc5dd60dd - __rustc[8fa7c3cbc660c2b3]::rust_begin_unwind
[INFO] [stdout]   10:     0x5b5bc5e12e7c - core[df12db4294e9bfd3]::panicking::panic_fmt
[INFO] [stdout]   11:     0x5b5bc5e12c52 - core[df12db4294e9bfd3]::result::unwrap_failed
[INFO] [stdout]   12:     0x5b5bc595ebed - <skyscanner[faf37696b49e1cf0]::stream::SKYSCANNER_CLIENT::{closure#0} as core[df12db4294e9bfd3]::ops::function::FnOnce<()>>::call_once
[INFO] [stdout]   13:     0x5b5bc595d567 - <once_cell[b4fe607934fa1ed1]::imp::OnceCell<reqwest[7f2053ecffc49fec]::async_impl::client::Client>>::initialize::<<once_cell[b4fe607934fa1ed1]::sync::OnceCell<reqwest[7f2053ecffc49fec]::async_impl::client::Client>>::get_or_init<<once_cell[b4fe607934fa1ed1]::sync::Lazy<reqwest[7f2053ecffc49fec]::async_impl::client::Client>>::force::{closure#0}>::{closure#0}, <once_cell[b4fe607934fa1ed1]::sync::OnceCell<_>>::get_or_init::Void>::{closure#0}
[INFO] [stdout]   14:     0x5b5bc5dc065f - once_cell[b4fe607934fa1ed1]::imp::initialize_or_wait
[INFO] [stdout]   15:     0x5b5bc595b5c2 - <once_cell[b4fe607934fa1ed1]::imp::OnceCell<reqwest[7f2053ecffc49fec]::async_impl::client::Client>>::initialize::<<once_cell[b4fe607934fa1ed1]::sync::OnceCell<reqwest[7f2053ecffc49fec]::async_impl::client::Client>>::get_or_init<<once_cell[b4fe607934fa1ed1]::sync::Lazy<reqwest[7f2053ecffc49fec]::async_impl::client::Client>>::force::{closure#0}>::{closure#0}, <once_cell[b4fe607934fa1ed1]::sync::OnceCell<_>>::get_or_init::Void>
[INFO] [stdout]   16:     0x5b5bc595afd0 - <futures_util[7a8926492611adc8]::stream::try_stream::try_unfold::TryUnfold<either[d12e1649bd486774]::Either<skyscanner[faf37696b49e1cf0]::req::CreateRequest, (skyscanner[faf37696b49e1cf0]::resp::ResultStatus, alloc[2182bb758b4b3781]::string::String)>, skyscanner[faf37696b49e1cf0]::stream::stream_search::{closure#0}, skyscanner[faf37696b49e1cf0]::stream::stream_search::{closure#0}::{closure#0}> as futures_core[c91458005b104eec]::stream::TryStream>::try_poll_next
[INFO] [stdout]   17:     0x5b5bc596e5d0 - <futures_util[7a8926492611adc8]::stream::try_stream::try_filter_map::TryFilterMap<futures_util[7a8926492611adc8]::stream::try_stream::try_unfold::TryUnfold<either[d12e1649bd486774]::Either<skyscanner[faf37696b49e1cf0]::req::CreateRequest, (skyscanner[faf37696b49e1cf0]::resp::ResultStatus, alloc[2182bb758b4b3781]::string::String)>, skyscanner[faf37696b49e1cf0]::stream::stream_search::{closure#0}, skyscanner[faf37696b49e1cf0]::stream::stream_search::{closure#0}::{closure#0}>, skyscanner[faf37696b49e1cf0]::stream::stream_search::{closure#1}::{closure#0}, skyscanner[faf37696b49e1cf0]::stream::stream_search::{closure#1}> as futures_core[c91458005b104eec]::stream::Stream>::poll_next
[INFO] [stdout]   18:     0x5b5bc596d8e4 - skyscanner[faf37696b49e1cf0]::test::try_it::{closure#0}
[INFO] [stdout]   19:     0x5b5bc596eccb - <tokio[b0ca26e470964a50]::runtime::scheduler::current_thread::CurrentThread>::block_on::<core[df12db4294e9bfd3]::pin::Pin<&mut dyn core[df12db4294e9bfd3]::future::future::Future<Output = ()>>>
[INFO] [stdout]   20:     0x5b5bc5970132 - <tokio[b0ca26e470964a50]::runtime::runtime::Runtime>::block_on::<core[df12db4294e9bfd3]::pin::Pin<&mut dyn core[df12db4294e9bfd3]::future::future::Future<Output = ()>>>
[INFO] [stdout]   21:     0x5b5bc596e2cb - skyscanner[faf37696b49e1cf0]::test::try_it
[INFO] [stdout]   22:     0x5b5bc596fd29 - <skyscanner[faf37696b49e1cf0]::test::try_it::{closure#0} as core[df12db4294e9bfd3]::ops::function::FnOnce<()>>::call_once
[INFO] [stdout]   23:     0x5b5bc5d4827b - test[9d35eded1c95d3be]::__rust_begin_short_backtrace::<core[df12db4294e9bfd3]::result::Result<(), alloc[2182bb758b4b3781]::string::String>, fn() -> core[df12db4294e9bfd3]::result::Result<(), alloc[2182bb758b4b3781]::string::String>>
[INFO] [stdout]   24:     0x5b5bc5d558e5 - test[9d35eded1c95d3be]::run_test::{closure#0}
[INFO] [stdout]   25:     0x5b5bc5d4f1a4 - std[70759c8f55707aa4]::sys::backtrace::__rust_begin_short_backtrace::<test[9d35eded1c95d3be]::run_test::{closure#1}, ()>
[INFO] [stdout]   26:     0x5b5bc5d58a42 - <std[70759c8f55707aa4]::thread::lifecycle::spawn_unchecked<test[9d35eded1c95d3be]::run_test::{closure#1}, ()>::{closure#1} as core[df12db4294e9bfd3]::ops::function::FnOnce<()>>::call_once::{shim:vtable#0}
[INFO] [stdout]   27:     0x5b5bc5dfa589 - <std[70759c8f55707aa4]::sys::thread::unix::Thread>::new::thread_start
[INFO] [stdout]   28:     0x76d8d7d27dfa - <unknown>
[INFO] [stdout]   29:     0x76d8d7dbb3d4 - clone
[INFO] [stdout]   30:                0x0 - <unknown>
[INFO] [stdout] 
[INFO] [stdout] 
[INFO] [stdout] failures:
[INFO] [stdout]     test::try_it
[INFO] [stdout] 
[INFO] [stdout] test result: FAILED. 0 passed; 1 failed; 0 ignored; 0 measured; 0 filtered out; finished in 0.01s
[INFO] [stdout] 
[INFO] [stderr] error: test failed, to rerun pass `--lib`
[INFO] running `Command { std: "docker" "inspect" "e46c83d3cfc61cd274833db36c546c6b9e539546ed14dc959d842dedeb9bb286", kill_on_drop: false }`
[INFO] running `Command { std: "docker" "rm" "-f" "e46c83d3cfc61cd274833db36c546c6b9e539546ed14dc959d842dedeb9bb286", kill_on_drop: false }`
[INFO] [stdout] e46c83d3cfc61cd274833db36c546c6b9e539546ed14dc959d842dedeb9bb286
