[INFO] fetching crate skillloom 0.1.0...
[INFO] testing skillloom-0.1.0 against 1.100.0-beta.1+cargoflags=--release for beta-release-1.100-2
[INFO] extracting crate skillloom 0.1.0 into /workspace/builds/worker-2-tc2/source
[INFO] started tweaking crates.io crate skillloom 0.1.0
[INFO] removed 0 missing tests
[INFO] finished tweaking crates.io crate skillloom 0.1.0
[INFO] tweaked toml for crates.io crate skillloom 0.1.0 written to /workspace/builds/worker-2-tc2/source/Cargo.toml
[INFO] validating manifest of crates.io crate skillloom 0.1.0 on toolchain 1.100.0-beta.1
[INFO] running `Command { std: CARGO_HOME="/workspace/cargo-home" RUSTUP_HOME="/workspace/rustup-home" "/workspace/cargo-home/bin/cargo" "+1.100.0-beta.1" "metadata" "--manifest-path" "Cargo.toml" "--no-deps", kill_on_drop: false }`
[INFO] crate crates.io crate skillloom 0.1.0 already has a lockfile, it will not be regenerated
[INFO] running `Command { std: CARGO_HOME="/workspace/cargo-home" RUSTUP_HOME="/workspace/rustup-home" "/workspace/cargo-home/bin/cargo" "+1.100.0-beta.1" "fetch" "--manifest-path" "Cargo.toml", kill_on_drop: false }`
[INFO] [stderr] warning: `package.homepage` is redundant with `package.repository`
[INFO] [stderr]   --> Cargo.toml:59:12
[INFO] [stderr]    |
[INFO] [stderr] 59 | homepage = "https://github.com/majiayu000/loom"
[INFO] [stderr]    |            ^^^^^^^^^^^^^^^^^^^^^^^^^^^^^^^^^^^^
[INFO] [stderr] ...
[INFO] [stderr] 64 | repository = "https://github.com/majiayu000/loom"
[INFO] [stderr]    |              ------------------------------------
[INFO] [stderr]    |
[INFO] [stderr]    = note: `cargo::redundant_homepage` is set to `warn` by default
[INFO] [stderr] help: consider removing `package.homepage`
[INFO] [stderr] warning: `skillloom` (manifest) generated 1 warning
[INFO] running `Command { std: "docker" "create" "-v" "/var/lib/crater-agent-workspace/builds/worker-2-tc2/source:/opt/rustwide/workdir:ro,Z" "-v" "/var/lib/crater-agent-workspace/builds/worker-2-tc2/target:/opt/rustwide/target:rw,Z" "-v" "/var/lib/crater-agent-workspace/cargo-home:/opt/rustwide/cargo-home:ro,Z" "-v" "/var/lib/crater-agent-workspace/rustup-home:/opt/rustwide/rustup-home:ro,Z" "-m" "1610612736" "--network" "none" "ghcr.io/rust-lang/crates-build-env/linux@sha256:77db811e55d90add9212f6832c23229e3de5f1c1f9905e8cb07319ea15df73ac" "sleep" "infinity", kill_on_drop: false }`
[INFO] [stdout] 1dbbf44ff98496996edf15022f9070910a74533e1cc02f1b1e82e9bfd651df1e
[INFO] running `Command { std: "docker" "start" "1dbbf44ff98496996edf15022f9070910a74533e1cc02f1b1e82e9bfd651df1e", kill_on_drop: false }`
[INFO] running `Command { std: "docker" "inspect" "1dbbf44ff98496996edf15022f9070910a74533e1cc02f1b1e82e9bfd651df1e", kill_on_drop: false }`
[INFO] running `Command { std: "docker" "exec" "-e" "SOURCE_DIR=/opt/rustwide/workdir" "-e" "CARGO_HOME=/opt/rustwide/cargo-home" "-e" "RUSTUP_HOME=/opt/rustwide/rustup-home" "-e" "CARGO_TARGET_DIR=/opt/rustwide/target" "-w" "/opt/rustwide/workdir" "--user" "0:0" "1dbbf44ff98496996edf15022f9070910a74533e1cc02f1b1e82e9bfd651df1e" "/opt/rustwide/cargo-home/bin/cargo" "+1.100.0-beta.1" "metadata" "--no-deps" "--format-version=1", kill_on_drop: false }`
[INFO] running `Command { std: "docker" "inspect" "1dbbf44ff98496996edf15022f9070910a74533e1cc02f1b1e82e9bfd651df1e", kill_on_drop: false }`
[INFO] running `Command { std: "docker" "exec" "-e" "SOURCE_DIR=/opt/rustwide/workdir" "-e" "CARGO_HOME=/opt/rustwide/cargo-home" "-e" "RUSTUP_HOME=/opt/rustwide/rustup-home" "-e" "CARGO_TARGET_DIR=/opt/rustwide/target" "-e" "CARGO_INCREMENTAL=0" "-e" "RUST_BACKTRACE=full" "-e" "RUSTFLAGS=--cap-lints=warn" "-e" "RUSTDOCFLAGS=--cap-lints=warn" "-w" "/opt/rustwide/workdir" "--user" "0:0" "1dbbf44ff98496996edf15022f9070910a74533e1cc02f1b1e82e9bfd651df1e" "/opt/rustwide/cargo-home/bin/cargo" "+1.100.0-beta.1" "build" "--frozen" "--message-format=json" "--release", kill_on_drop: false }`
[INFO] [stderr] warning: `package.homepage` is redundant with `package.repository`
[INFO] [stderr]   --> Cargo.toml:59:12
[INFO] [stderr]    |
[INFO] [stderr] 59 | homepage = "https://github.com/majiayu000/loom"
[INFO] [stderr]    |            ^^^^^^^^^^^^^^^^^^^^^^^^^^^^^^^^^^^^
[INFO] [stderr] ...
[INFO] [stderr] 64 | repository = "https://github.com/majiayu000/loom"
[INFO] [stderr]    |              ------------------------------------
[INFO] [stderr]    |
[INFO] [stderr]    = note: `cargo::redundant_homepage` is set to `warn` by default
[INFO] [stderr] help: consider removing `package.homepage`
[INFO] [stderr] warning: `skillloom` (manifest) generated 1 warning
[INFO] [stderr]    Compiling errno v0.3.14
[INFO] [stderr]    Compiling tokio-macros v2.7.0
[INFO] [stderr]    Compiling serde v1.0.228
[INFO] [stderr]    Compiling tracing v0.1.44
[INFO] [stderr]    Compiling slab v0.4.12
[INFO] [stderr]    Compiling futures-task v0.3.32
[INFO] [stderr]    Compiling signal-hook-registry v1.4.8
[INFO] [stderr]    Compiling serde_json v1.0.149
[INFO] [stderr]    Compiling ts-rs-macros v12.0.1
[INFO] [stderr]    Compiling futures-util v0.3.32
[INFO] [stderr]    Compiling getrandom v0.4.2
[INFO] [stderr]    Compiling axum-core v0.5.6
[INFO] [stderr]    Compiling clap_derive v4.6.0
[INFO] [stderr]    Compiling tokio v1.51.0
[INFO] [stderr]    Compiling serde_path_to_error v0.1.20
[INFO] [stderr]    Compiling chrono v0.4.44
[INFO] [stderr]    Compiling serde_urlencoded v0.7.1
[INFO] [stderr]    Compiling include_dir_macros v0.7.4
[INFO] [stderr]    Compiling skillloom v0.1.0 (/opt/rustwide/workdir)
[INFO] [stderr] warning: skillloom@0.1.0: panel frontend assets missing or stale; 'loom panel' will be unavailable unless 'bun run build' succeeds during build
[INFO] [stderr]    Compiling include_dir v0.7.4
[INFO] [stderr]    Compiling uuid v1.23.0
[INFO] [stderr]    Compiling clap v4.6.0
[INFO] [stderr]    Compiling ts-rs v12.0.1
[INFO] [stderr]    Compiling hyper v1.9.0
[INFO] [stderr]    Compiling tower v0.5.3
[INFO] [stderr]    Compiling hyper-util v0.1.20
[INFO] [stderr]    Compiling axum v0.8.8
[INFO] [stderr]     Finished `release` profile [optimized] target(s) in 1m 29s
[INFO] running `Command { std: "docker" "inspect" "1dbbf44ff98496996edf15022f9070910a74533e1cc02f1b1e82e9bfd651df1e", kill_on_drop: false }`
[INFO] running `Command { std: "docker" "exec" "-e" "SOURCE_DIR=/opt/rustwide/workdir" "-e" "CARGO_HOME=/opt/rustwide/cargo-home" "-e" "RUSTUP_HOME=/opt/rustwide/rustup-home" "-e" "CARGO_TARGET_DIR=/opt/rustwide/target" "-e" "CARGO_INCREMENTAL=0" "-e" "RUST_BACKTRACE=full" "-e" "RUSTFLAGS=--cap-lints=warn" "-e" "RUSTDOCFLAGS=--cap-lints=warn" "-w" "/opt/rustwide/workdir" "--user" "0:0" "1dbbf44ff98496996edf15022f9070910a74533e1cc02f1b1e82e9bfd651df1e" "/opt/rustwide/cargo-home/bin/cargo" "+1.100.0-beta.1" "test" "--frozen" "--no-run" "--message-format=json" "--release", kill_on_drop: false }`
[INFO] [stderr] warning: `package.homepage` is redundant with `package.repository`
[INFO] [stderr]   --> Cargo.toml:59:12
[INFO] [stderr]    |
[INFO] [stderr] 59 | homepage = "https://github.com/majiayu000/loom"
[INFO] [stderr]    |            ^^^^^^^^^^^^^^^^^^^^^^^^^^^^^^^^^^^^
[INFO] [stderr] ...
[INFO] [stderr] 64 | repository = "https://github.com/majiayu000/loom"
[INFO] [stderr]    |              ------------------------------------
[INFO] [stderr]    |
[INFO] [stderr]    = note: `cargo::redundant_homepage` is set to `warn` by default
[INFO] [stderr] help: consider removing `package.homepage`
[INFO] [stderr] warning: `skillloom` (manifest) generated 1 warning
[INFO] [stderr] warning: skillloom@0.1.0: panel frontend assets missing or stale; 'loom panel' will be unavailable unless 'bun run build' succeeds during build
[INFO] [stderr]    Compiling skillloom v0.1.0 (/opt/rustwide/workdir)
[INFO] [stderr]     Finished `release` profile [optimized] target(s) in 1m 02s
[INFO] running `Command { std: "docker" "inspect" "1dbbf44ff98496996edf15022f9070910a74533e1cc02f1b1e82e9bfd651df1e", kill_on_drop: false }`
[INFO] running `Command { std: "docker" "exec" "-e" "SOURCE_DIR=/opt/rustwide/workdir" "-e" "CARGO_HOME=/opt/rustwide/cargo-home" "-e" "RUSTUP_HOME=/opt/rustwide/rustup-home" "-e" "CARGO_TARGET_DIR=/opt/rustwide/target" "-e" "CARGO_INCREMENTAL=0" "-e" "RUST_BACKTRACE=full" "-e" "RUSTFLAGS=--cap-lints=warn" "-e" "RUSTDOCFLAGS=--cap-lints=warn" "-w" "/opt/rustwide/workdir" "--user" "0:0" "1dbbf44ff98496996edf15022f9070910a74533e1cc02f1b1e82e9bfd651df1e" "/opt/rustwide/cargo-home/bin/cargo" "+1.100.0-beta.1" "test" "--frozen" "--release", kill_on_drop: false }`
[INFO] [stderr] warning: `package.homepage` is redundant with `package.repository`
[INFO] [stderr]   --> Cargo.toml:59:12
[INFO] [stderr]    |
[INFO] [stderr] 59 | homepage = "https://github.com/majiayu000/loom"
[INFO] [stderr]    |            ^^^^^^^^^^^^^^^^^^^^^^^^^^^^^^^^^^^^
[INFO] [stderr] ...
[INFO] [stderr] 64 | repository = "https://github.com/majiayu000/loom"
[INFO] [stderr]    |              ------------------------------------
[INFO] [stderr]    |
[INFO] [stderr]    = note: `cargo::redundant_homepage` is set to `warn` by default
[INFO] [stderr] help: consider removing `package.homepage`
[INFO] [stderr] warning: `skillloom` (manifest) generated 1 warning
[INFO] [stderr] warning: skillloom@0.1.0: panel frontend assets missing or stale; 'loom panel' will be unavailable unless 'bun run build' succeeds during build
[INFO] [stderr]     Finished `release` profile [optimized] target(s) in 0.15s
[INFO] [stderr]      Running unittests src/main.rs (/opt/rustwide/target/release/build/skillloom/ceffa3a0e7c6a923/out/loom-ceffa3a0e7c6a923)
[INFO] [stdout] 
[INFO] [stdout] running 85 tests
[INFO] [stdout] test commands::event_store::tests::redacts_url_query_fragments_and_token_like_values ... ok
[INFO] [stdout] test commands::event_store::tests::redacts_url_userinfo_without_changing_plain_urls ... ok
[INFO] [stdout] test cli::tests::workspace_matcher_kind_deserializes_cli_and_api_spellings ... ok
[INFO] [stdout] test commands::fs_probe::tests::probe_cleans_up_after_itself ... ok
[INFO] [stdout] test cli::tests::agent_kind_serde_round_trip_uses_kebab_case ... ok
[INFO] [stdout] test commands::fs_probe::tests::probe_creates_missing_parent ... ok
[INFO] [stdout] test commands::fs_probe::tests::unix_supports_symlink_on_tmp ... ok
[INFO] [stdout] test commands::projections::project_skill_tests::copy_method_materializes_files ... ok
[INFO] [stdout] test commands::event_store::tests::redacts_sensitive_object_fields ... ok
[INFO] [stdout] test commands::projections::project_skill_tests::materialize_method_materializes_files ... ok
[INFO] [stdout] test commands::projections::project_skill_tests::symlink_method_creates_link_on_unix_tmp ... ok
[INFO] [stdout] test commands::workspace_cmds::orphan_tests::binding_removal_marks_projection_orphaned_not_deleted ... ok
[INFO] [stdout] test commands::workspace_cmds::orphan_tests::binding_removal_orphans_drifted_projection ... ok
[INFO] [stdout] test commands::workspace_cmds::tests::relative_symlink_resolves_against_parent_directory ... ok
[INFO] [stdout] test fs_util::tests::rename_atomic_overwrites_existing_file ... ok
[INFO] [stdout] test fs_util::tests::rename_atomic_works_when_dst_absent ... ok
[INFO] [stdout] test panel::skill_diff::tests::is_valid_git_rev_accepts_and_rejects ... ok
[INFO] [stdout] test panel::skill_diff::tests::is_valid_skill_name_accepts_dotted_names ... ok
[INFO] [stdout] test panel::skill_diff::tests::parse_diff_git_path_decodes_octal_in_quoted_path ... ok
[INFO] [stdout] test panel::skill_diff::tests::parse_diff_git_path_returns_b_side_for_rename ... ok
[INFO] [stdout] test panel::skill_diff::tests::parse_unified_diff_handles_quoted_path ... ok
[INFO] [stdout] test panel::skill_diff::tests::parse_unified_diff_parses_simple_add ... ok
[INFO] [stdout] test panel::skill_diff::tests::parse_unified_diff_preserves_double_plus_minus_content ... ok
[INFO] [stdout] test panel::skill_diff::tests::registry_skill_diff_rejects_malformed_rev_a ... ok
[INFO] [stdout] test commands::workspace_cmds::orphan_tests::binding_removal_effects_use_orphaned_projection_ids_key ... ok
[INFO] [stdout] test commands::workspace_cmds::orphan_tests::orphan_clean_removes_metadata_without_deleting_paths_by_default ... ok
[INFO] [stdout] test commands::workspace_cmds::orphan_tests::orphan_clean_audit_records_skill_orphan_clean_intent ... ok
[INFO] [stdout] test commands::workspace_cmds::orphan_tests::binding_removal_orphans_conflict_projection ... ok
[INFO] [stdout] test commands::workspace_cmds::orphan_tests::orphan_clean_deletes_live_path_only_with_explicit_flag ... ok
[INFO] [stdout] test panel::skill_history::tests::rejects_invalid_skill_name ... ok
[INFO] [stdout] test panel::skill_history::tests::accepts_inventory_skill_with_spaces_and_unicode ... ok
[INFO] [stdout] test commands::workspace_cmds::orphan_tests::orphan_clean_refuses_to_delete_paths_outside_registered_target ... ok
[INFO] [stdout] test panel::skill_history::tests::aggregates_events_from_multiple_instances ... ok
[INFO] [stdout] test panel::skill_history::tests::caps_malformed_observation_warnings ... ok
[INFO] [stdout] test panel::skill_history::tests::returns_empty_events_for_inventory_skill_without_registry_bindings ... ok
[INFO] [stdout] test panel::skill_history::tests::returns_empty_events_when_no_obs_files ... ok
[INFO] [stdout] test panel::tests::assets::content_type_for_maps_known_panel_extensions ... ok
[INFO] [stdout] test panel::tests::assets::resolve_panel_asset_path_rejects_invalid_components ... ok
[INFO] [stdout] test panel::skill_diff::tests::registry_skill_diff_returns_error_for_nonexistent_skill ... ok
[INFO] [stdout] test panel::skill_diff::tests::registry_skill_diff_returns_diff_for_two_commits ... ok
[INFO] [stdout] test panel::tests::handlers::pending_returns_non_2xx_with_structured_error_body_on_failure ... ok
[INFO] [stdout] test panel::tests::handlers::registry_status_returns_bad_request_when_state_is_missing ... ok
[INFO] [stdout] test panel::tests::handlers::pending_returns_ok_with_empty_report_on_success ... ok
[INFO] [stdout] test panel::tests::handlers::registry_status_returns_internal_error_when_schema_mismatches ... ok
[INFO] [stdout] test panel::tests::handlers::registry_status_returns_ok_when_snapshot_loads ... ok
[INFO] [stdout] test panel::tests::handlers::registry_status_returns_internal_error_when_state_is_corrupt ... ok
[INFO] [stdout] test panel::skill_history::tests::returns_events_sorted_descending ... ok
[INFO] [stdout] test panel::tests::handlers::remote_set_rejects_empty_url ... ok
[INFO] [stdout] test panel::tests::handlers::remote_status_returns_success_payload_when_remote_is_not_configured ... ok
[INFO] [stdout] test panel::skill_history::tests::returns_not_found_for_unknown_skill ... ok
[INFO] [stdout] test panel::tests::security::ensure_mutation_authorized_rejects_invalid_context_with_envelope ... ok
[INFO] [stdout] test panel::tests::security::mutation_commands_count_is_thirteen ... ok
[INFO] [stdout] test panel::tests::security::registry_state_load_errors_map_to_observable_statuses ... ok
[INFO] [stdout] test panel::tests::security::request_origin_matches_origin_or_referer ... ok
[INFO] [stdout] test panel::tests::security::error_envelope_uses_expected_shape ... ok
[INFO] [stdout] test panel::tests::handlers::remote_status_returns_non_2xx_with_structured_error_body_on_failure ... ok
[INFO] [stdout] test panel::skill_history::tests::skips_malformed_observation_lines_and_returns_valid_events ... ok
[INFO] [stdout] test panel::tests::security::status_for_error_code_maps_lock_busy_to_conflict ... ok
[INFO] [stdout] test state::lock::tests::cross_host_lock_is_not_reaped_by_pid_probe ... ok
[INFO] [stdout] test state::lock::tests::current_hostname_is_non_empty ... ok
[INFO] [stdout] test state::lock::tests::pid_status_reports_self_alive ... ok
[INFO] [stdout] test panel::skill_history::tests::still_returns_error_for_unreadable_observation_file ... ok
[INFO] [stdout] test state::tests::cloned_context_different_thread_not_reaped_as_stale ... ok
[INFO] [stdout] test state::tests::cloned_context_on_different_thread_is_busy ... ok
[INFO] [stdout] test panel::tests::handlers::registry_ops_returns_bounded_newest_first_rows ... ok
[INFO] [stdout] test state::tests::cross_context_lock_is_busy ... ok
[INFO] [stdout] test state::tests::reentrant_lock_succeeds ... ok
[INFO] [stdout] test state::tests::outer_drop_releases_file ... ok
[INFO] [stdout] test state_model::export_bindings_registrybindingrule ... FAILED
[INFO] [stdout] test state::tests::inner_drop_does_not_release_file ... ok
[INFO] [stdout] test state_model::export_bindings_registryprojectioninstance ... FAILED
[INFO] [stdout] test state_model::export_bindings_registryopscheckpoint ... FAILED
[INFO] [stdout] test state_model::export_bindings_registryworkspacebinding ... FAILED
[INFO] [stdout] test state_model::export_bindings_registryworkspacematcher ... FAILED
[INFO] [stdout] test state_model::persistence::tests::builds_expected_registry_paths ... ok
[INFO] [stdout] test state_model::persistence::tests::query_helpers_link_bindings_targets_and_projections ... ok
[INFO] [stdout] test tests::pretty_json_or_empty_object_formats_regular_values ... ok
[INFO] [stdout] test tests::pretty_json_or_empty_object_preserves_empty_objects ... ok
[INFO] [stdout] test state_model::export_bindings_registryprojectiontarget ... FAILED
[INFO] [stdout] test state_model::export_bindings_registrytargetcapabilities ... FAILED
[INFO] [stdout] test commands::workspace_cmds::orphan_tests::removing_one_binding_does_not_orphan_other_binding_projections ... ok
[INFO] [stdout] test panel::tests::security::run_panel_command_exposes_workspace_remote_set ... ok
[INFO] [stdout] test panel::tests::handlers::remote_set_configures_origin_from_authorized_panel_request ... ok
[INFO] [stdout] test panel::tests::security::run_panel_command_exposes_pending_queue_maintenance ... ok
[INFO] [stdout] test panel::tests::security::run_panel_command_returns_non_2xx_for_logical_failures_across_mutations ... ok
[INFO] [stdout] 
[INFO] [stdout] failures:
[INFO] [stdout] 
[INFO] [stdout] ---- state_model::export_bindings_registrybindingrule stdout ----
[INFO] [stdout] 
[INFO] [stdout] thread 'state_model::export_bindings_registrybindingrule' (1257) panicked at src/state_model/mod.rs:134:48:
[INFO] [stdout] could not export type: Io(Os { code: 30, kind: ReadOnlyFilesystem, message: "Read-only file system" })
[INFO] [stdout] stack backtrace:
[INFO] [stdout]    0:     0x6273e25ff191 - <<std[617be2ca0a6fd877]::sys::backtrace::BacktraceLock>::print::DisplayBacktrace as core[a373ad73a504971]::fmt::Display>::fmt
[INFO] [stdout]    1:     0x6273e2614bfa - core[a373ad73a504971]::fmt::write
[INFO] [stdout]    2:     0x6273e2603e6c - <alloc[2e1b2a31b91974c5]::vec::Vec<u8> as core[a373ad73a504971]::io::write::Write>::write_fmt
[INFO] [stdout]    3:     0x6273e25d6396 - std[617be2ca0a6fd877]::panicking::default_hook::{closure#0}
[INFO] [stdout]    4:     0x6273e25f5119 - std[617be2ca0a6fd877]::panicking::default_hook
[INFO] [stdout]    5:     0x6273e25413d0 - test[aada8e7e76ba119b]::test_main_inner::{closure#0}
[INFO] [stdout]    6:     0x6273e25f5442 - std[617be2ca0a6fd877]::panicking::panic_with_hook
[INFO] [stdout]    7:     0x6273e25d6442 - std[617be2ca0a6fd877]::panicking::panic_handler::{closure#0}
[INFO] [stdout]    8:     0x6273e25ce7b9 - std[617be2ca0a6fd877]::sys::backtrace::__rust_end_short_backtrace::<std[617be2ca0a6fd877]::panicking::panic_handler::{closure#0}, !>
[INFO] [stdout]    9:     0x6273e25d733d - __rustc[ea4f61d10b84890b]::rust_begin_unwind
[INFO] [stdout]   10:     0x6273e261535c - core[a373ad73a504971]::panicking::panic_fmt
[INFO] [stdout]   11:     0x6273e2615132 - core[a373ad73a504971]::result::unwrap_failed
[INFO] [stdout]   12:     0x6273e243944e - <loom[5c922139dfe49257]::state_model::export_bindings_registrybindingrule::{closure#0} as core[a373ad73a504971]::ops::function::FnOnce<()>>::call_once
[INFO] [stdout]   13:     0x6273e253481b - test[aada8e7e76ba119b]::__rust_begin_short_backtrace::<core[a373ad73a504971]::result::Result<(), alloc[2e1b2a31b91974c5]::string::String>, fn() -> core[a373ad73a504971]::result::Result<(), alloc[2e1b2a31b91974c5]::string::String>>
[INFO] [stdout]   14:     0x6273e25419f5 - test[aada8e7e76ba119b]::run_test::{closure#0}
[INFO] [stdout]   15:     0x6273e253b2e4 - std[617be2ca0a6fd877]::sys::backtrace::__rust_begin_short_backtrace::<test[aada8e7e76ba119b]::run_test::{closure#1}, ()>
[INFO] [stdout]   16:     0x6273e2544a82 - <std[617be2ca0a6fd877]::thread::lifecycle::spawn_unchecked<test[aada8e7e76ba119b]::run_test::{closure#1}, ()>::{closure#1} as core[a373ad73a504971]::ops::function::FnOnce<()>>::call_once::{shim:vtable#0}
[INFO] [stdout]   17:     0x6273e25fe0cf - <std[617be2ca0a6fd877]::sys::thread::unix::Thread>::new::thread_start
[INFO] [stdout]   18:     0x7b087f536dfa - <unknown>
[INFO] [stdout]   19:     0x7b087f5ca3d4 - clone
[INFO] [stdout]   20:                0x0 - <unknown>
[INFO] [stdout] 
[INFO] [stdout] ---- state_model::export_bindings_registryprojectioninstance stdout ----
[INFO] [stdout] 
[INFO] [stdout] thread 'state_model::export_bindings_registryprojectioninstance' (1260) panicked at src/state_model/mod.rs:147:48:
[INFO] [stdout] could not export type: Io(Os { code: 30, kind: ReadOnlyFilesystem, message: "Read-only file system" })
[INFO] [stdout] stack backtrace:
[INFO] [stdout]    0:     0x6273e25ff191 - <<std[617be2ca0a6fd877]::sys::backtrace::BacktraceLock>::print::DisplayBacktrace as core[a373ad73a504971]::fmt::Display>::fmt
[INFO] [stdout]    1:     0x6273e2614bfa - core[a373ad73a504971]::fmt::write
[INFO] [stdout]    2:     0x6273e2603e6c - <alloc[2e1b2a31b91974c5]::vec::Vec<u8> as core[a373ad73a504971]::io::write::Write>::write_fmt
[INFO] [stdout]    3:     0x6273e25d6396 - std[617be2ca0a6fd877]::panicking::default_hook::{closure#0}
[INFO] [stdout]    4:     0x6273e25f5119 - std[617be2ca0a6fd877]::panicking::default_hook
[INFO] [stdout]    5:     0x6273e25413d0 - test[aada8e7e76ba119b]::test_main_inner::{closure#0}
[INFO] [stdout]    6:     0x6273e25f5442 - std[617be2ca0a6fd877]::panicking::panic_with_hook
[INFO] [stdout]    7:     0x6273e25d6442 - std[617be2ca0a6fd877]::panicking::panic_handler::{closure#0}
[INFO] [stdout]    8:     0x6273e25ce7b9 - std[617be2ca0a6fd877]::sys::backtrace::__rust_end_short_backtrace::<std[617be2ca0a6fd877]::panicking::panic_handler::{closure#0}, !>
[INFO] [stdout]    9:     0x6273e25d733d - __rustc[ea4f61d10b84890b]::rust_begin_unwind
[INFO] [stdout]   10:     0x6273e261535c - core[a373ad73a504971]::panicking::panic_fmt
[INFO] [stdout]   11:     0x6273e2615132 - core[a373ad73a504971]::result::unwrap_failed
[INFO] [stdout]   12:     0x6273e243999e - <loom[5c922139dfe49257]::state_model::export_bindings_registryprojectioninstance::{closure#0} as core[a373ad73a504971]::ops::function::FnOnce<()>>::call_once
[INFO] [stdout]   13:     0x6273e253481b - test[aada8e7e76ba119b]::__rust_begin_short_backtrace::<core[a373ad73a504971]::result::Result<(), alloc[2e1b2a31b91974c5]::string::String>, fn() -> core[a373ad73a504971]::result::Result<(), alloc[2e1b2a31b91974c5]::string::String>>
[INFO] [stdout]   14:     0x6273e25419f5 - test[aada8e7e76ba119b]::run_test::{closure#0}
[INFO] [stdout]   15:     0x6273e253b2e4 - std[617be2ca0a6fd877]::sys::backtrace::__rust_begin_short_backtrace::<test[aada8e7e76ba119b]::run_test::{closure#1}, ()>
[INFO] [stdout]   16:     0x6273e2544a82 - <std[617be2ca0a6fd877]::thread::lifecycle::spawn_unchecked<test[aada8e7e76ba119b]::run_test::{closure#1}, ()>::{closure#1} as core[a373ad73a504971]::ops::function::FnOnce<()>>::call_once::{shim:vtable#0}
[INFO] [stdout]   17:     0x6273e25fe0cf - <std[617be2ca0a6fd877]::sys::thread::unix::Thread>::new::thread_start
[INFO] [stdout]   18:     0x7b087f536dfa - <unknown>
[INFO] [stdout]   19:     0x7b087f5ca3d4 - clone
[INFO] [stdout]   20:                0x0 - <unknown>
[INFO] [stdout] 
[INFO] [stdout] ---- state_model::export_bindings_registryopscheckpoint stdout ----
[INFO] [stdout] 
[INFO] [stdout] thread 'state_model::export_bindings_registryopscheckpoint' (1259) panicked at src/state_model/mod.rs:195:48:
[INFO] [stdout] could not export type: Io(Os { code: 30, kind: ReadOnlyFilesystem, message: "Read-only file system" })
[INFO] [stdout] stack backtrace:
[INFO] [stdout]    0:     0x6273e25ff191 - <<std[617be2ca0a6fd877]::sys::backtrace::BacktraceLock>::print::DisplayBacktrace as core[a373ad73a504971]::fmt::Display>::fmt
[INFO] [stdout]    1:     0x6273e2614bfa - core[a373ad73a504971]::fmt::write
[INFO] [stdout]    2:     0x6273e2603e6c - <alloc[2e1b2a31b91974c5]::vec::Vec<u8> as core[a373ad73a504971]::io::write::Write>::write_fmt
[INFO] [stdout]    3:     0x6273e25d6396 - std[617be2ca0a6fd877]::panicking::default_hook::{closure#0}
[INFO] [stdout]    4:     0x6273e25f5119 - std[617be2ca0a6fd877]::panicking::default_hook
[INFO] [stdout]    5:     0x6273e25413d0 - test[aada8e7e76ba119b]::test_main_inner::{closure#0}
[INFO] [stdout]    6:     0x6273e25f5442 - std[617be2ca0a6fd877]::panicking::panic_with_hook
[INFO] [stdout]    7:     0x6273e25d6442 - std[617be2ca0a6fd877]::panicking::panic_handler::{closure#0}
[INFO] [stdout]    8:     0x6273e25ce7b9 - std[617be2ca0a6fd877]::sys::backtrace::__rust_end_short_backtrace::<std[617be2ca0a6fd877]::panicking::panic_handler::{closure#0}, !>
[INFO] [stdout]    9:     0x6273e25d733d - __rustc[ea4f61d10b84890b]::rust_begin_unwind
[INFO] [stdout]   10:     0x6273e261535c - core[a373ad73a504971]::panicking::panic_fmt
[INFO] [stdout]   11:     0x6273e2615132 - core[a373ad73a504971]::result::unwrap_failed
[INFO] [stdout]   12:     0x6273e243955e - <loom[5c922139dfe49257]::state_model::export_bindings_registryopscheckpoint::{closure#0} as core[a373ad73a504971]::ops::function::FnOnce<()>>::call_once
[INFO] [stdout]   13:     0x6273e253481b - test[aada8e7e76ba119b]::__rust_begin_short_backtrace::<core[a373ad73a504971]::result::Result<(), alloc[2e1b2a31b91974c5]::string::String>, fn() -> core[a373ad73a504971]::result::Result<(), alloc[2e1b2a31b91974c5]::string::String>>
[INFO] [stdout]   14:     0x6273e25419f5 - test[aada8e7e76ba119b]::run_test::{closure#0}
[INFO] [stdout]   15:     0x6273e253b2e4 - std[617be2ca0a6fd877]::sys::backtrace::__rust_begin_short_backtrace::<test[aada8e7e76ba119b]::run_test::{closure#1}, ()>
[INFO] [stdout]   16:     0x6273e2544a82 - <std[617be2ca0a6fd877]::thread::lifecycle::spawn_unchecked<test[aada8e7e76ba119b]::run_test::{closure#1}, ()>::{closure#1} as core[a373ad73a504971]::ops::function::FnOnce<()>>::call_once::{shim:vtable#0}
[INFO] [stdout]   17:     0x6273e25fe0cf - <std[617be2ca0a6fd877]::sys::thread::unix::Thread>::new::thread_start
[INFO] [stdout]   18:     0x7b087f536dfa - <unknown>
[INFO] [stdout]   19:     0x7b087f5ca3d4 - clone
[INFO] [stdout]   20:                0x0 - <unknown>
[INFO] [stdout] 
[INFO] [stdout] ---- state_model::export_bindings_registryworkspacebinding stdout ----
[INFO] [stdout] 
[INFO] [stdout] thread 'state_model::export_bindings_registryworkspacebinding' (1264) panicked at src/state_model/mod.rs:108:48:
[INFO] [stdout] could not export type: Io(Os { code: 30, kind: ReadOnlyFilesystem, message: "Read-only file system" })
[INFO] [stdout] stack backtrace:
[INFO] [stdout]    0:     0x6273e25ff191 - <<std[617be2ca0a6fd877]::sys::backtrace::BacktraceLock>::print::DisplayBacktrace as core[a373ad73a504971]::fmt::Display>::fmt
[INFO] [stdout]    1:     0x6273e2614bfa - core[a373ad73a504971]::fmt::write
[INFO] [stdout]    2:     0x6273e2603e6c - <alloc[2e1b2a31b91974c5]::vec::Vec<u8> as core[a373ad73a504971]::io::write::Write>::write_fmt
[INFO] [stdout]    3:     0x6273e25d6396 - std[617be2ca0a6fd877]::panicking::default_hook::{closure#0}
[INFO] [stdout]    4:     0x6273e25f5119 - std[617be2ca0a6fd877]::panicking::default_hook
[INFO] [stdout]    5:     0x6273e25413d0 - test[aada8e7e76ba119b]::test_main_inner::{closure#0}
[INFO] [stdout]    6:     0x6273e25f5442 - std[617be2ca0a6fd877]::panicking::panic_with_hook
[INFO] [stdout]    7:     0x6273e25d6442 - std[617be2ca0a6fd877]::panicking::panic_handler::{closure#0}
[INFO] [stdout]    8:     0x6273e25ce7b9 - std[617be2ca0a6fd877]::sys::backtrace::__rust_end_short_backtrace::<std[617be2ca0a6fd877]::panicking::panic_handler::{closure#0}, !>
[INFO] [stdout]    9:     0x6273e25d733d - __rustc[ea4f61d10b84890b]::rust_begin_unwind
[INFO] [stdout]   10:     0x6273e261535c - core[a373ad73a504971]::panicking::panic_fmt
[INFO] [stdout]   11:     0x6273e2615132 - core[a373ad73a504971]::result::unwrap_failed
[INFO] [stdout]   12:     0x6273e243977e - <loom[5c922139dfe49257]::state_model::export_bindings_registryworkspacebinding::{closure#0} as core[a373ad73a504971]::ops::function::FnOnce<()>>::call_once
[INFO] [stdout]   13:     0x6273e253481b - test[aada8e7e76ba119b]::__rust_begin_short_backtrace::<core[a373ad73a504971]::result::Result<(), alloc[2e1b2a31b91974c5]::string::String>, fn() -> core[a373ad73a504971]::result::Result<(), alloc[2e1b2a31b91974c5]::string::String>>
[INFO] [stdout]   14:     0x6273e25419f5 - test[aada8e7e76ba119b]::run_test::{closure#0}
[INFO] [stdout]   15:     0x6273e253b2e4 - std[617be2ca0a6fd877]::sys::backtrace::__rust_begin_short_backtrace::<test[aada8e7e76ba119b]::run_test::{closure#1}, ()>
[INFO] [stdout]   16:     0x6273e2544a82 - <std[617be2ca0a6fd877]::thread::lifecycle::spawn_unchecked<test[aada8e7e76ba119b]::run_test::{closure#1}, ()>::{closure#1} as core[a373ad73a504971]::ops::function::FnOnce<()>>::call_once::{shim:vtable#0}
[INFO] [stdout]   17:     0x6273e25fe0cf - <std[617be2ca0a6fd877]::sys::thread::unix::Thread>::new::thread_start
[INFO] [stdout]   18:     0x7b087f536dfa - <unknown>
[INFO] [stdout]   19:     0x7b087f5ca3d4 - clone
[INFO] [stdout]   20:                0x0 - <unknown>
[INFO] [stdout] 
[INFO] [stdout] ---- state_model::export_bindings_registryworkspacematcher stdout ----
[INFO] [stdout] 
[INFO] [stdout] thread 'state_model::export_bindings_registryworkspacematcher' (1265) panicked at src/state_model/mod.rs:127:48:
[INFO] [stdout] could not export type: Io(Os { code: 30, kind: ReadOnlyFilesystem, message: "Read-only file system" })
[INFO] [stdout] stack backtrace:
[INFO] [stdout]    0:     0x6273e25ff191 - <<std[617be2ca0a6fd877]::sys::backtrace::BacktraceLock>::print::DisplayBacktrace as core[a373ad73a504971]::fmt::Display>::fmt
[INFO] [stdout]    1:     0x6273e2614bfa - core[a373ad73a504971]::fmt::write
[INFO] [stdout]    2:     0x6273e2603e6c - <alloc[2e1b2a31b91974c5]::vec::Vec<u8> as core[a373ad73a504971]::io::write::Write>::write_fmt
[INFO] [stdout]    3:     0x6273e25d6396 - std[617be2ca0a6fd877]::panicking::default_hook::{closure#0}
[INFO] [stdout]    4:     0x6273e25f5119 - std[617be2ca0a6fd877]::panicking::default_hook
[INFO] [stdout]    5:     0x6273e25413d0 - test[aada8e7e76ba119b]::test_main_inner::{closure#0}
[INFO] [stdout]    6:     0x6273e25f5442 - std[617be2ca0a6fd877]::panicking::panic_with_hook
[INFO] [stdout]    7:     0x6273e25d6442 - std[617be2ca0a6fd877]::panicking::panic_handler::{closure#0}
[INFO] [stdout]    8:     0x6273e25ce7b9 - std[617be2ca0a6fd877]::sys::backtrace::__rust_end_short_backtrace::<std[617be2ca0a6fd877]::panicking::panic_handler::{closure#0}, !>
[INFO] [stdout]    9:     0x6273e25d733d - __rustc[ea4f61d10b84890b]::rust_begin_unwind
[INFO] [stdout]   10:     0x6273e261535c - core[a373ad73a504971]::panicking::panic_fmt
[INFO] [stdout]   11:     0x6273e2615132 - core[a373ad73a504971]::result::unwrap_failed
[INFO] [stdout]   12:     0x6273e243988e - <loom[5c922139dfe49257]::state_model::export_bindings_registryworkspacematcher::{closure#0} as core[a373ad73a504971]::ops::function::FnOnce<()>>::call_once
[INFO] [stdout]   13:     0x6273e253481b - test[aada8e7e76ba119b]::__rust_begin_short_backtrace::<core[a373ad73a504971]::result::Result<(), alloc[2e1b2a31b91974c5]::string::String>, fn() -> core[a373ad73a504971]::result::Result<(), alloc[2e1b2a31b91974c5]::string::String>>
[INFO] [stdout]   14:     0x6273e25419f5 - test[aada8e7e76ba119b]::run_test::{closure#0}
[INFO] [stdout]   15:     0x6273e253b2e4 - std[617be2ca0a6fd877]::sys::backtrace::__rust_begin_short_backtrace::<test[aada8e7e76ba119b]::run_test::{closure#1}, ()>
[INFO] [stdout]   16:     0x6273e2544a82 - <std[617be2ca0a6fd877]::thread::lifecycle::spawn_unchecked<test[aada8e7e76ba119b]::run_test::{closure#1}, ()>::{closure#1} as core[a373ad73a504971]::ops::function::FnOnce<()>>::call_once::{shim:vtable#0}
[INFO] [stdout]   17:     0x6273e25fe0cf - <std[617be2ca0a6fd877]::sys::thread::unix::Thread>::new::thread_start
[INFO] [stdout]   18:     0x7b087f536dfa - <unknown>
[INFO] [stdout]   19:     0x7b087f5ca3d4 - clone
[INFO] [stdout]   20:                0x0 - <unknown>
[INFO] [stdout] 
[INFO] [stdout] ---- state_model::export_bindings_registryprojectiontarget stdout ----
[INFO] [stdout] 
[INFO] [stdout] thread 'state_model::export_bindings_registryprojectiontarget' (1261) panicked at src/state_model/mod.rs:83:48:
[INFO] [stdout] could not export type: Io(Os { code: 30, kind: ReadOnlyFilesystem, message: "Read-only file system" })
[INFO] [stdout] stack backtrace:
[INFO] [stdout]    0:     0x6273e25ff191 - <<std[617be2ca0a6fd877]::sys::backtrace::BacktraceLock>::print::DisplayBacktrace as core[a373ad73a504971]::fmt::Display>::fmt
[INFO] [stdout]    1:     0x6273e2614bfa - core[a373ad73a504971]::fmt::write
[INFO] [stdout]    2:     0x6273e2603e6c - <alloc[2e1b2a31b91974c5]::vec::Vec<u8> as core[a373ad73a504971]::io::write::Write>::write_fmt
[INFO] [stdout]    3:     0x6273e25d6396 - std[617be2ca0a6fd877]::panicking::default_hook::{closure#0}
[INFO] [stdout]    4:     0x6273e25f5119 - std[617be2ca0a6fd877]::panicking::default_hook
[INFO] [stdout]    5:     0x6273e25413d0 - test[aada8e7e76ba119b]::test_main_inner::{closure#0}
[INFO] [stdout]    6:     0x6273e25f5442 - std[617be2ca0a6fd877]::panicking::panic_with_hook
[INFO] [stdout]    7:     0x6273e25d6442 - std[617be2ca0a6fd877]::panicking::panic_handler::{closure#0}
[INFO] [stdout]    8:     0x6273e25ce7b9 - std[617be2ca0a6fd877]::sys::backtrace::__rust_end_short_backtrace::<std[617be2ca0a6fd877]::panicking::panic_handler::{closure#0}, !>
[INFO] [stdout]    9:     0x6273e25d733d - __rustc[ea4f61d10b84890b]::rust_begin_unwind
[INFO] [stdout]   10:     0x6273e261535c - core[a373ad73a504971]::panicking::panic_fmt
[INFO] [stdout]   11:     0x6273e2615132 - core[a373ad73a504971]::result::unwrap_failed
[INFO] [stdout]   12:     0x6273e243966e - <loom[5c922139dfe49257]::state_model::export_bindings_registryprojectiontarget::{closure#0} as core[a373ad73a504971]::ops::function::FnOnce<()>>::call_once
[INFO] [stdout]   13:     0x6273e253481b - test[aada8e7e76ba119b]::__rust_begin_short_backtrace::<core[a373ad73a504971]::result::Result<(), alloc[2e1b2a31b91974c5]::string::String>, fn() -> core[a373ad73a504971]::result::Result<(), alloc[2e1b2a31b91974c5]::string::String>>
[INFO] [stdout]   14:     0x6273e25419f5 - test[aada8e7e76ba119b]::run_test::{closure#0}
[INFO] [stdout]   15:     0x6273e253b2e4 - std[617be2ca0a6fd877]::sys::backtrace::__rust_begin_short_backtrace::<test[aada8e7e76ba119b]::run_test::{closure#1}, ()>
[INFO] [stdout]   16:     0x6273e2544a82 - <std[617be2ca0a6fd877]::thread::lifecycle::spawn_unchecked<test[aada8e7e76ba119b]::run_test::{closure#1}, ()>::{closure#1} as core[a373ad73a504971]::ops::function::FnOnce<()>>::call_once::{shim:vtable#0}
[INFO] [stdout]   17:     0x6273e25fe0cf - <std[617be2ca0a6fd877]::sys::thread::unix::Thread>::new::thread_start
[INFO] [stdout]   18:     0x7b087f536dfa - <unknown>
[INFO] [stdout]   19:     0x7b087f5ca3d4 - clone
[INFO] [stdout]   20:                0x0 - <unknown>
[INFO] [stdout] 
[INFO] [stdout] ---- state_model::export_bindings_registrytargetcapabilities stdout ----
[INFO] [stdout] 
[INFO] [stdout] thread 'state_model::export_bindings_registrytargetcapabilities' (1263) panicked at src/state_model/mod.rs:100:48:
[INFO] [stdout] could not export type: Io(Os { code: 30, kind: ReadOnlyFilesystem, message: "Read-only file system" })
[INFO] [stdout] stack backtrace:
[INFO] [stdout]    0:     0x6273e25ff191 - <<std[617be2ca0a6fd877]::sys::backtrace::BacktraceLock>::print::DisplayBacktrace as core[a373ad73a504971]::fmt::Display>::fmt
[INFO] [stdout]    1:     0x6273e2614bfa - core[a373ad73a504971]::fmt::write
[INFO] [stdout]    2:     0x6273e2603e6c - <alloc[2e1b2a31b91974c5]::vec::Vec<u8> as core[a373ad73a504971]::io::write::Write>::write_fmt
[INFO] [stdout]    3:     0x6273e25d6396 - std[617be2ca0a6fd877]::panicking::default_hook::{closure#0}
[INFO] [stdout]    4:     0x6273e25f5119 - std[617be2ca0a6fd877]::panicking::default_hook
[INFO] [stdout]    5:     0x6273e25413d0 - test[aada8e7e76ba119b]::test_main_inner::{closure#0}
[INFO] [stdout]    6:     0x6273e25f5442 - std[617be2ca0a6fd877]::panicking::panic_with_hook
[INFO] [stdout]    7:     0x6273e25d6442 - std[617be2ca0a6fd877]::panicking::panic_handler::{closure#0}
[INFO] [stdout]    8:     0x6273e25ce7b9 - std[617be2ca0a6fd877]::sys::backtrace::__rust_end_short_backtrace::<std[617be2ca0a6fd877]::panicking::panic_handler::{closure#0}, !>
[INFO] [stdout]    9:     0x6273e25d733d - __rustc[ea4f61d10b84890b]::rust_begin_unwind
[INFO] [stdout]   10:     0x6273e261535c - core[a373ad73a504971]::panicking::panic_fmt
[INFO] [stdout]   11:     0x6273e2615132 - core[a373ad73a504971]::result::unwrap_failed
[INFO] [stdout]   12:     0x6273e2439aae - <loom[5c922139dfe49257]::state_model::export_bindings_registrytargetcapabilities::{closure#0} as core[a373ad73a504971]::ops::function::FnOnce<()>>::call_once
[INFO] [stdout]   13:     0x6273e253481b - test[aada8e7e76ba119b]::__rust_begin_short_backtrace::<core[a373ad73a504971]::result::Result<(), alloc[2e1b2a31b91974c5]::string::String>, fn() -> core[a373ad73a504971]::result::Result<(), alloc[2e1b2a31b91974c5]::string::String>>
[INFO] [stdout]   14:     0x6273e25419f5 - test[aada8e7e76ba119b]::run_test::{closure#0}
[INFO] [stdout]   15:     0x6273e253b2e4 - std[617be2ca0a6fd877]::sys::backtrace::__rust_begin_short_backtrace::<test[aada8e7e76ba119b]::run_test::{closure#1}, ()>
[INFO] [stdout]   16:     0x6273e2544a82 - <std[617be2ca0a6fd877]::thread::lifecycle::spawn_unchecked<test[aada8e7e76ba119b]::run_test::{closure#1}, ()>::{closure#1} as core[a373ad73a504971]::ops::function::FnOnce<()>>::call_once::{shim:vtable#0}
[INFO] [stdout]   17:     0x6273e25fe0cf - <std[617be2ca0a6fd877]::sys::thread::unix::Thread>::new::thread_start
[INFO] [stdout]   18:     0x7b087f536dfa - <unknown>
[INFO] [stdout]   19:     0x7b087f5ca3d4 - clone
[INFO] [stdout]   20:                0x0 - <unknown>
[INFO] [stdout] 
[INFO] [stdout] 
[INFO] [stdout] failures:
[INFO] [stdout]     state_model::export_bindings_registrybindingrule
[INFO] [stdout]     state_model::export_bindings_registryopscheckpoint
[INFO] [stdout]     state_model::export_bindings_registryprojectioninstance
[INFO] [stdout]     state_model::export_bindings_registryprojectiontarget
[INFO] [stdout]     state_model::export_bindings_registrytargetcapabilities
[INFO] [stdout]     state_model::export_bindings_registryworkspacebinding
[INFO] [stdout]     state_model::export_bindings_registryworkspacematcher
[INFO] [stdout] 
[INFO] [stdout] test result: FAILED. 78 passed; 7 failed; 0 ignored; 0 measured; 0 filtered out; finished in 0.96s
[INFO] [stdout] 
[INFO] [stderr] error: test failed, to rerun pass `--bin loom`
[INFO] running `Command { std: "docker" "inspect" "1dbbf44ff98496996edf15022f9070910a74533e1cc02f1b1e82e9bfd651df1e", kill_on_drop: false }`
[INFO] running `Command { std: "docker" "rm" "-f" "1dbbf44ff98496996edf15022f9070910a74533e1cc02f1b1e82e9bfd651df1e", kill_on_drop: false }`
[INFO] [stdout] 1dbbf44ff98496996edf15022f9070910a74533e1cc02f1b1e82e9bfd651df1e
