[INFO] fetching crate skillhealth 0.2.0...
[INFO] testing skillhealth-0.2.0 against 1.100.0-beta.1+cargoflags=--release for beta-release-1.100-2
[INFO] extracting crate skillhealth 0.2.0 into /workspace/builds/worker-3-tc2/source
[INFO] started tweaking crates.io crate skillhealth 0.2.0
[INFO] removed 0 missing tests
[INFO] finished tweaking crates.io crate skillhealth 0.2.0
[INFO] tweaked toml for crates.io crate skillhealth 0.2.0 written to /workspace/builds/worker-3-tc2/source/Cargo.toml
[INFO] validating manifest of crates.io crate skillhealth 0.2.0 on toolchain 1.100.0-beta.1
[INFO] running `Command { std: CARGO_HOME="/workspace/cargo-home" RUSTUP_HOME="/workspace/rustup-home" "/workspace/cargo-home/bin/cargo" "+1.100.0-beta.1" "metadata" "--manifest-path" "Cargo.toml" "--no-deps", kill_on_drop: false }`
[INFO] crate crates.io crate skillhealth 0.2.0 already has a lockfile, it will not be regenerated
[INFO] running `Command { std: CARGO_HOME="/workspace/cargo-home" RUSTUP_HOME="/workspace/rustup-home" "/workspace/cargo-home/bin/cargo" "+1.100.0-beta.1" "fetch" "--manifest-path" "Cargo.toml", kill_on_drop: false }`
[INFO] running `Command { std: "docker" "create" "-v" "/var/lib/crater-agent-workspace/builds/worker-3-tc2/source:/opt/rustwide/workdir:ro,Z" "-v" "/var/lib/crater-agent-workspace/builds/worker-3-tc2/target:/opt/rustwide/target:rw,Z" "-v" "/var/lib/crater-agent-workspace/cargo-home:/opt/rustwide/cargo-home:ro,Z" "-v" "/var/lib/crater-agent-workspace/rustup-home:/opt/rustwide/rustup-home:ro,Z" "-m" "1610612736" "--network" "none" "ghcr.io/rust-lang/crates-build-env/linux@sha256:77db811e55d90add9212f6832c23229e3de5f1c1f9905e8cb07319ea15df73ac" "sleep" "infinity", kill_on_drop: false }`
[INFO] [stdout] bf942e7def6c7069535f0717dc4642f0124fed9bb2618a53bdf9050129e36123
[INFO] running `Command { std: "docker" "start" "bf942e7def6c7069535f0717dc4642f0124fed9bb2618a53bdf9050129e36123", kill_on_drop: false }`
[INFO] running `Command { std: "docker" "inspect" "bf942e7def6c7069535f0717dc4642f0124fed9bb2618a53bdf9050129e36123", kill_on_drop: false }`
[INFO] running `Command { std: "docker" "exec" "-e" "SOURCE_DIR=/opt/rustwide/workdir" "-e" "CARGO_HOME=/opt/rustwide/cargo-home" "-e" "RUSTUP_HOME=/opt/rustwide/rustup-home" "-e" "CARGO_TARGET_DIR=/opt/rustwide/target" "-w" "/opt/rustwide/workdir" "--user" "0:0" "bf942e7def6c7069535f0717dc4642f0124fed9bb2618a53bdf9050129e36123" "/opt/rustwide/cargo-home/bin/cargo" "+1.100.0-beta.1" "metadata" "--no-deps" "--format-version=1", kill_on_drop: false }`
[INFO] running `Command { std: "docker" "inspect" "bf942e7def6c7069535f0717dc4642f0124fed9bb2618a53bdf9050129e36123", kill_on_drop: false }`
[INFO] running `Command { std: "docker" "exec" "-e" "SOURCE_DIR=/opt/rustwide/workdir" "-e" "CARGO_HOME=/opt/rustwide/cargo-home" "-e" "RUSTUP_HOME=/opt/rustwide/rustup-home" "-e" "CARGO_TARGET_DIR=/opt/rustwide/target" "-e" "CARGO_INCREMENTAL=0" "-e" "RUST_BACKTRACE=full" "-e" "RUSTFLAGS=--cap-lints=warn" "-e" "RUSTDOCFLAGS=--cap-lints=warn" "-w" "/opt/rustwide/workdir" "--user" "0:0" "bf942e7def6c7069535f0717dc4642f0124fed9bb2618a53bdf9050129e36123" "/opt/rustwide/cargo-home/bin/cargo" "+1.100.0-beta.1" "build" "--frozen" "--message-format=json" "--release", kill_on_drop: false }`
[INFO] [stderr]    Compiling bitflags v2.13.0
[INFO] [stderr]    Compiling itertools v0.14.0
[INFO] [stderr]    Compiling log v0.4.32
[INFO] [stderr]    Compiling lru v0.18.0
[INFO] [stderr]    Compiling strum_macros v0.28.0
[INFO] [stderr]    Compiling compact_str v0.9.1
[INFO] [stderr]    Compiling derive_more-impl v2.1.1
[INFO] [stderr]    Compiling signal-hook v0.3.18
[INFO] [stderr]    Compiling time v0.3.47
[INFO] [stderr]    Compiling serde v1.0.228
[INFO] [stderr]    Compiling is-docker v0.2.0
[INFO] [stderr]    Compiling inotify-sys v0.1.5
[INFO] [stderr]    Compiling clap_builder v4.6.0
[INFO] [stderr]    Compiling serde_json v1.0.150
[INFO] [stderr]    Compiling rayon v1.12.0
[INFO] [stderr]    Compiling tokio-macros v2.7.0
[INFO] [stderr]    Compiling mio v1.2.1
[INFO] [stderr]    Compiling is-wsl v0.4.0
[INFO] [stderr]    Compiling clap_derive v4.6.1
[INFO] [stderr]    Compiling line-clipping v0.3.7
[INFO] [stderr]    Compiling rustix v1.1.4
[INFO] [stderr]    Compiling inotify v0.11.2
[INFO] [stderr]    Compiling signal-hook-mio v0.2.5
[INFO] [stderr]    Compiling notify-types v2.1.0
[INFO] [stderr]    Compiling futures-macro v0.3.32
[INFO] [stderr]    Compiling console v0.16.3
[INFO] [stderr]    Compiling open v5.3.5
[INFO] [stderr]    Compiling derive_more v2.1.1
[INFO] [stderr]    Compiling notify v8.2.0
[INFO] [stderr]    Compiling crossterm v0.29.0
[INFO] [stderr]    Compiling chrono v0.4.45
[INFO] [stderr]    Compiling serde_norway v0.9.42
[INFO] [stderr]    Compiling indicatif v0.18.4
[INFO] [stderr]    Compiling tokio v1.52.3
[INFO] [stderr]    Compiling futures-util v0.3.32
[INFO] [stderr]    Compiling unicode-truncate v2.0.1
[INFO] [stderr]    Compiling strum v0.28.0
[INFO] [stderr]    Compiling ratatui-core v0.1.1
[INFO] [stderr]    Compiling skillhealth-core v0.2.0
[INFO] [stderr]    Compiling clap v4.6.1
[INFO] [stderr]    Compiling ratatui-widgets v0.3.1
[INFO] [stderr]    Compiling ratatui-crossterm v0.1.1
[INFO] [stderr]    Compiling ratatui-macros v0.7.1
[INFO] [stderr]    Compiling ratatui v0.30.1
[INFO] [stderr]    Compiling skillhealth v0.2.0 (/opt/rustwide/workdir)
[INFO] [stderr]     Finished `release` profile [optimized] target(s) in 46.83s
[INFO] running `Command { std: "docker" "inspect" "bf942e7def6c7069535f0717dc4642f0124fed9bb2618a53bdf9050129e36123", kill_on_drop: false }`
[INFO] running `Command { std: "docker" "exec" "-e" "SOURCE_DIR=/opt/rustwide/workdir" "-e" "CARGO_HOME=/opt/rustwide/cargo-home" "-e" "RUSTUP_HOME=/opt/rustwide/rustup-home" "-e" "CARGO_TARGET_DIR=/opt/rustwide/target" "-e" "CARGO_INCREMENTAL=0" "-e" "RUST_BACKTRACE=full" "-e" "RUSTFLAGS=--cap-lints=warn" "-e" "RUSTDOCFLAGS=--cap-lints=warn" "-w" "/opt/rustwide/workdir" "--user" "0:0" "bf942e7def6c7069535f0717dc4642f0124fed9bb2618a53bdf9050129e36123" "/opt/rustwide/cargo-home/bin/cargo" "+1.100.0-beta.1" "test" "--frozen" "--no-run" "--message-format=json" "--release", kill_on_drop: false }`
[INFO] [stderr]    Compiling libc v0.2.186
[INFO] [stderr]    Compiling rustix v1.1.4
[INFO] [stderr]    Compiling aho-corasick v1.1.4
[INFO] [stderr]    Compiling cfg_aliases v0.1.1
[INFO] [stderr]    Compiling thiserror-impl v1.0.69
[INFO] [stderr]    Compiling float-cmp v0.10.0
[INFO] [stderr]    Compiling shell-words v1.1.1
[INFO] [stderr]    Compiling nix v0.28.0
[INFO] [stderr]    Compiling thiserror v1.0.69
[INFO] [stderr]    Compiling regex-automata v0.4.14
[INFO] [stderr]    Compiling errno v0.3.14
[INFO] [stderr]    Compiling mio v1.2.1
[INFO] [stderr]    Compiling parking_lot_core v0.9.12
[INFO] [stderr]    Compiling time v0.3.47
[INFO] [stderr]    Compiling console v0.16.3
[INFO] [stderr]    Compiling inotify-sys v0.1.5
[INFO] [stderr]    Compiling getrandom v0.4.2
[INFO] [stderr]    Compiling dirs-sys v0.5.0
[INFO] [stderr]    Compiling serial2 v0.2.37
[INFO] [stderr]    Compiling filedescriptor v0.8.3
[INFO] [stderr]    Compiling open v5.3.5
[INFO] [stderr]    Compiling wait-timeout v0.2.1
[INFO] [stderr]    Compiling inotify v0.11.2
[INFO] [stderr]    Compiling dirs v6.0.0
[INFO] [stderr]    Compiling signal-hook-registry v1.4.8
[INFO] [stderr]    Compiling parking_lot v0.12.5
[INFO] [stderr]    Compiling tempfile v3.27.0
[INFO] [stderr]    Compiling signal-hook v0.3.18
[INFO] [stderr]    Compiling notify v8.2.0
[INFO] [stderr]    Compiling signal-hook-mio v0.2.5
[INFO] [stderr]    Compiling ratatui-widgets v0.3.1
[INFO] [stderr]    Compiling crossterm v0.29.0
[INFO] [stderr]    Compiling indicatif v0.18.4
[INFO] [stderr]    Compiling insta v1.48.0
[INFO] [stderr]    Compiling ratatui-crossterm v0.1.1
[INFO] [stderr]    Compiling portable-pty v0.9.0
[INFO] [stderr]    Compiling ratatui-macros v0.7.1
[INFO] [stderr]    Compiling ratatui v0.30.1
[INFO] [stderr]    Compiling skillhealth v0.2.0 (/opt/rustwide/workdir)
[INFO] [stderr]    Compiling regex v1.12.4
[INFO] [stderr]    Compiling bstr v1.12.1
[INFO] [stderr]    Compiling predicates v3.1.4
[INFO] [stderr]    Compiling assert_cmd v2.2.2
[INFO] [stderr]     Finished `release` profile [optimized] target(s) in 53.31s
[INFO] [stderr] warning: the following packages contain code that will be rejected by a future version of Rust: nix v0.28.0
[INFO] [stderr] note: to see what the problems were, use the option `--future-incompat-report`, or run `cargo report future-incompatibilities --id 2`
[INFO] running `Command { std: "docker" "inspect" "bf942e7def6c7069535f0717dc4642f0124fed9bb2618a53bdf9050129e36123", kill_on_drop: false }`
[INFO] running `Command { std: "docker" "exec" "-e" "SOURCE_DIR=/opt/rustwide/workdir" "-e" "CARGO_HOME=/opt/rustwide/cargo-home" "-e" "RUSTUP_HOME=/opt/rustwide/rustup-home" "-e" "CARGO_TARGET_DIR=/opt/rustwide/target" "-e" "CARGO_INCREMENTAL=0" "-e" "RUST_BACKTRACE=full" "-e" "RUSTFLAGS=--cap-lints=warn" "-e" "RUSTDOCFLAGS=--cap-lints=warn" "-w" "/opt/rustwide/workdir" "--user" "0:0" "bf942e7def6c7069535f0717dc4642f0124fed9bb2618a53bdf9050129e36123" "/opt/rustwide/cargo-home/bin/cargo" "+1.100.0-beta.1" "test" "--frozen" "--release", kill_on_drop: false }`
[INFO] [stderr]     Finished `release` profile [optimized] target(s) in 0.25s
[INFO] [stderr] warning: the following packages contain code that will be rejected by a future version of Rust: nix v0.28.0
[INFO] [stderr] note: to see what the problems were, use the option `--future-incompat-report`, or run `cargo report future-incompatibilities --id 2`
[INFO] [stderr]      Running unittests src/main.rs (/opt/rustwide/target/release/build/skillhealth/dd075f4672e8ad0d/out/skillhealth-dd075f4672e8ad0d)
[INFO] [stdout] 
[INFO] [stdout] running 60 tests
[INFO] [stdout] test render::html::tests::html_comment_injection_is_escaped ... ok
[INFO] [stdout] test render::html::tests::script_close_tag_in_description_is_escaped ... ok
[INFO] [stdout] test render::terminal::tests::detail_history_line_absent_from_transcripts ... ok
[INFO] [stdout] test render::terminal::tests::disabled_skill_and_project_label_render_in_overview ... ok
[INFO] [stdout] test render::terminal::tests::no_transcripts_warning_when_files_total_zero ... ok
[INFO] [stdout] test render::html::tests::normal_description_survives_escape_unchanged ... ok
[INFO] [stdout] test render::markdown::tests::markdown_project_scope_shows_label ... ok
[INFO] [stdout] test render::terminal::tests::waste_headline_callout_and_footer_in_overview ... ok
[INFO] [stdout] test render::markdown::tests::markdown_has_v02_parity_elements ... ok
[INFO] [stdout] test tui::actions::tests::osc52_payload_wraps_base64 ... ok
[INFO] [stdout] test render::terminal::tests::no_waste_callout_when_nothing_dead_is_loaded ... ok
[INFO] [stdout] test tui::app::tests::apply_report_selects_first_visible_and_stops_scanning ... ok
[INFO] [stdout] test tui::actions::tests::editor_resolution_prefers_editor_then_visual_then_vi ... ok
[INFO] [stdout] test tui::app::tests::apply_report_syncs_view_state ... ok
[INFO] [stdout] test scan::tests::projects_dir_resolution_flag_env_home ... ok
[INFO] [stdout] test tui::app::tests::generation_guard_stale_report_does_not_win ... ok
[INFO] [stdout] test tui::app::tests::doctor_enter_jumps_to_affected_skill_in_overview ... ok
[INFO] [stdout] test tui::app::tests::doctor_y_returns_copy_action_with_fix_text ... ok
[INFO] [stdout] test tui::app::tests::filter_narrows_case_insensitive_and_esc_clears_before_quit ... ok
[INFO] [stdout] test render::terminal::tests::detail_disabled_plugin_line_rendered ... ok
[INFO] [stdout] test tui::actions::tests::editor_invocation_goes_through_sh_to_honor_flags ... ok
[INFO] [stdout] test tui::app::tests::disabled_skills_sort_last_within_visible ... ok
[INFO] [stdout] test scan::tests::default_view_is_project_inside_a_skills_repo_else_all ... ok
[INFO] [stdout] test tui::app::tests::group_by_source_orders_user_project_plugin ... ok
[INFO] [stdout] test tui::app::tests::jk_and_arrows_move_and_clamp ... ok
[INFO] [stdout] test tui::app::tests::overview_enter_and_o_open_editor_on_selected_path ... ok
[INFO] [stdout] test tui::app::tests::r_refreshes_g_opens_graph_q_quits_question_mark_helps ... ok
[INFO] [stdout] test tui::app::tests::selection_falls_back_when_skill_disappears ... ok
[INFO] [stdout] test tui::app::tests::selection_is_preserved_by_name_across_refresh ... ok
[INFO] [stdout] test tui::app::tests::p_cycles_scope_and_drags_lens_skipping_project_when_unavailable ... ok
[INFO] [stdout] test tui::app::tests::shift_l_toggles_lens_alone ... ok
[INFO] [stdout] test tui::debounce::tests::new_events_push_the_deadline ... ok
[INFO] [stdout] test tui::theme::tests::glyphs_match_spec ... ok
[INFO] [stdout] test tui::theme::tests::gradient_spans_one_per_char_and_mono_has_no_fg ... ok
[INFO] [stdout] test tui::theme::tests::no_color_degrades_to_reset ... ok
[INFO] [stdout] test tui::app::tests::sort_cycles_usage_name_temperature_tokens ... ok
[INFO] [stdout] test tui::app::tests::tab_and_d_toggle_doctor_view ... ok
[INFO] [stdout] test tui::debounce::tests::fires_only_after_quiet_period ... ok
[INFO] [stdout] test tui::ui::tests::help_overlay_lists_keymap ... ok
[INFO] [stdout] test tui::ui::tests::hints_include_scope_and_lens_keys ... ok
[INFO] [stdout] test tui::ui::tests::overview_lists_skills_with_glyphs_and_detail_pane ... ok
[INFO] [stdout] test tui::ui::tests::splash_renders_while_no_report ... ok
[INFO] [stdout] test tui::ui::tests::status_bar_shows_toast_over_hints ... ok
[INFO] [stdout] test tui::views::overview::tests::spark_uniform_nonzero_is_full_blocks ... ok
[INFO] [stdout] test tui::views::overview::tests::spark_all_zero_is_blank ... ok
[INFO] [stdout] test tui::views::overview::tests::spark_scales_to_max_and_keeps_positions ... ok
[INFO] [stdout] test tui::theme::tests::heat_palette_matches_dashboard_hex ... ok
[INFO] [stdout] test tui::ui::tests::doctor_with_no_findings_says_all_clear ... ok
[INFO] [stdout] test tui::ui::tests::detail_shows_cost_split_and_typed_history ... ok
[INFO] [stdout] test tui::watch::tests::watch_paths_includes_only_existing_roots ... ok
[INFO] [stdout] test tui::watch::tests::watcher_starts_on_real_dirs_and_fails_gracefully_on_none ... ok
[INFO] [stdout] test tui::ui::tests::empty_filter_state_says_no_match ... ok
[INFO] [stdout] test tui::ui::tests::doctor_view_dispatches ... ok
[INFO] [stdout] test tui::ui::tests::header_shows_live_off_and_last_refresh ... ok
[INFO] [stdout] test tui::ui::tests::help_overlay_lists_scope_and_lens ... ok
[INFO] [stdout] test tui::ui::tests::doctor_shows_fix_block_and_copy_hint ... ok
[INFO] [stdout] test tui::ui::tests::status_bar_shows_filter_input_mode ... ok
[INFO] [stdout] test tui::ui::tests::disabled_skill_shows_off_badge_and_detail_explains ... ok
[INFO] [stdout] test tui::ui::tests::header_shows_scope_and_lens ... ok
[INFO] [stdout] test render::terminal::tests::overview_snapshot_plain ... ok
[INFO] [stdout] 
[INFO] [stdout] test result: ok. 60 passed; 0 failed; 0 ignored; 0 measured; 0 filtered out; finished in 0.04s
[INFO] [stdout] 
[INFO] [stdout] 
[INFO] [stderr]      Running tests/e2e.rs (/opt/rustwide/target/release/build/skillhealth/f52c26e648d7fc66/out/e2e-f52c26e648d7fc66)
[INFO] [stdout] running 18 tests
[INFO] [stdout] test doctor_json_mode ... ok
[INFO] [stdout] test detail_view_shows_skill_info ... ok
[INFO] [stdout] test overview_mentions_doctor_when_findings_exist ... ok
[INFO] [stdout] test doctor_w010_fires_for_typed_but_rotated_skill ... ok
[INFO] [stdout] test overview_lists_skills_and_exits_nonzero_on_warnings ... ok
[INFO] [stdout] test graph_json_format_lists_edges ... ok
[INFO] [stdout] test static_header_shows_scope_and_lens ... ok
[INFO] [stdout] test graph_html_writes_dashboard_with_injected_data ... ok
[INFO] [stdout] test graph_mermaid_format ... ok
[INFO] [stdout] test plain_flag_forces_static_output_identical_to_piped_default ... ok
[INFO] [stdout] test plain_flag_appears_in_help ... ok
[INFO] [stdout] test detail_shows_typed_history_line ... ok
[INFO] [stdout] test unknown_skill_suggests_and_exits_2 ... ok
[INFO] [stdout] test doctor_lists_findings_with_fixes_and_exits_1_on_warnings ... ok
[INFO] [stdout] test scope_project_on_fixture_is_empty_friendly_exit_0 ... ok
[INFO] [stdout] test scope_user_lists_and_json_carries_view_and_cost ... ok
[INFO] [stdout] test md_output_contains_mermaid_block ... ok
[INFO] [stdout] test json_output_is_valid_and_stable_schema ... ok
[INFO] [stdout] 
[INFO] [stdout] test result: ok. 18 passed; 0 failed; 0 ignored; 0 measured; 0 filtered out; finished in 0.10s
[INFO] [stdout] 
[INFO] [stderr]      Running tests/tui_pty.rs (/opt/rustwide/target/release/build/skillhealth/b2eef13ef4473746/out/tui_pty-b2eef13ef4473746)
[INFO] [stdout] 
[INFO] [stdout] running 2 tests
[INFO] [stdout] test pty_p_and_l_update_the_header ... ok
[INFO] [stdout] test tui_boots_renders_header_and_quits_clean ... FAILED
[INFO] [stderr] error: test failed, to rerun pass `--test tui_pty`
[INFO] [stdout] 
[INFO] [stdout] failures:
[INFO] [stdout] 
[INFO] [stdout] ---- tui_boots_renders_header_and_quits_clean stdout ----
[INFO] [stdout] 
[INFO] [stdout] thread 'tui_boots_renders_header_and_quits_clean' (2323) panicked at tests/tui_pty.rs:98:10:
[INFO] [stdout] TUI header did not render within 20s: Timeout
[INFO] [stdout] stack backtrace:
[INFO] [stdout]    0:     0x57bfb399b8a1 - <<std[617be2ca0a6fd877]::sys::backtrace::BacktraceLock>::print::DisplayBacktrace as core[a373ad73a504971]::fmt::Display>::fmt
[INFO] [stdout]    1:     0x57bfb39b05aa - core[a373ad73a504971]::fmt::write
[INFO] [stdout]    2:     0x57bfb39a070c - <alloc[2e1b2a31b91974c5]::vec::Vec<u8> as core[a373ad73a504971]::io::write::Write>::write_fmt
[INFO] [stdout]    3:     0x57bfb3975926 - std[617be2ca0a6fd877]::panicking::default_hook::{closure#0}
[INFO] [stdout]    4:     0x57bfb3993529 - std[617be2ca0a6fd877]::panicking::default_hook
[INFO] [stdout]    5:     0x57bfb391dd40 - test[aada8e7e76ba119b]::test_main_inner::{closure#0}
[INFO] [stdout]    6:     0x57bfb39936e2 - std[617be2ca0a6fd877]::panicking::panic_with_hook
[INFO] [stdout]    7:     0x57bfb39759d2 - std[617be2ca0a6fd877]::panicking::panic_handler::{closure#0}
[INFO] [stdout]    8:     0x57bfb396df69 - std[617be2ca0a6fd877]::sys::backtrace::__rust_end_short_backtrace::<std[617be2ca0a6fd877]::panicking::panic_handler::{closure#0}, !>
[INFO] [stdout]    9:     0x57bfb39766ed - __rustc[ea4f61d10b84890b]::rust_begin_unwind
[INFO] [stdout]   10:     0x57bfb39b0d0c - core[a373ad73a504971]::panicking::panic_fmt
[INFO] [stdout]   11:     0x57bfb39b0ae2 - core[a373ad73a504971]::result::unwrap_failed
[INFO] [stdout]   12:     0x57bfb3909702 - <tui_pty[8fdc05aff88fb147]::tui_boots_renders_header_and_quits_clean::{closure#0} as core[a373ad73a504971]::ops::function::FnOnce<()>>::call_once
[INFO] [stdout]   13:     0x57bfb391118b - test[aada8e7e76ba119b]::__rust_begin_short_backtrace::<core[a373ad73a504971]::result::Result<(), alloc[2e1b2a31b91974c5]::string::String>, fn() -> core[a373ad73a504971]::result::Result<(), alloc[2e1b2a31b91974c5]::string::String>>
[INFO] [stdout]   14:     0x57bfb391e365 - test[aada8e7e76ba119b]::run_test::{closure#0}
[INFO] [stdout]   15:     0x57bfb3917c54 - std[617be2ca0a6fd877]::sys::backtrace::__rust_begin_short_backtrace::<test[aada8e7e76ba119b]::run_test::{closure#1}, ()>
[INFO] [stdout]   16:     0x57bfb39213f2 - <std[617be2ca0a6fd877]::thread::lifecycle::spawn_unchecked<test[aada8e7e76ba119b]::run_test::{closure#1}, ()>::{closure#1} as core[a373ad73a504971]::ops::function::FnOnce<()>>::call_once::{shim:vtable#0}
[INFO] [stdout]   17:     0x57bfb399b0ff - <std[617be2ca0a6fd877]::sys::thread::unix::Thread>::new::thread_start
[INFO] [stdout]   18:     0x7adb46d29dfa - <unknown>
[INFO] [stdout]   19:     0x7adb46dbd3d4 - clone
[INFO] [stdout]   20:                0x0 - <unknown>
[INFO] [stdout] 
[INFO] [stdout] 
[INFO] [stdout] failures:
[INFO] [stdout]     tui_boots_renders_header_and_quits_clean
[INFO] [stdout] 
[INFO] [stdout] test result: FAILED. 1 passed; 1 failed; 0 ignored; 0 measured; 0 filtered out; finished in 20.02s
[INFO] [stdout] 
[INFO] running `Command { std: "docker" "inspect" "bf942e7def6c7069535f0717dc4642f0124fed9bb2618a53bdf9050129e36123", kill_on_drop: false }`
[INFO] running `Command { std: "docker" "rm" "-f" "bf942e7def6c7069535f0717dc4642f0124fed9bb2618a53bdf9050129e36123", kill_on_drop: false }`
[INFO] [stdout] bf942e7def6c7069535f0717dc4642f0124fed9bb2618a53bdf9050129e36123
