[INFO] fetching crate skillflag 0.1.0...
[INFO] testing skillflag-0.1.0 against 1.100.0-beta.1+cargoflags=--release for beta-release-1.100-2
[INFO] extracting crate skillflag 0.1.0 into /workspace/builds/worker-0-tc2/source
[INFO] started tweaking crates.io crate skillflag 0.1.0
[INFO] removed 0 missing tests
[INFO] finished tweaking crates.io crate skillflag 0.1.0
[INFO] tweaked toml for crates.io crate skillflag 0.1.0 written to /workspace/builds/worker-0-tc2/source/Cargo.toml
[INFO] validating manifest of crates.io crate skillflag 0.1.0 on toolchain 1.100.0-beta.1
[INFO] running `Command { std: CARGO_HOME="/workspace/cargo-home" RUSTUP_HOME="/workspace/rustup-home" "/workspace/cargo-home/bin/cargo" "+1.100.0-beta.1" "metadata" "--manifest-path" "Cargo.toml" "--no-deps", kill_on_drop: false }`
[INFO] crate crates.io crate skillflag 0.1.0 already has a lockfile, it will not be regenerated
[INFO] running `Command { std: CARGO_HOME="/workspace/cargo-home" RUSTUP_HOME="/workspace/rustup-home" "/workspace/cargo-home/bin/cargo" "+1.100.0-beta.1" "fetch" "--manifest-path" "Cargo.toml", kill_on_drop: false }`
[INFO] running `Command { std: "docker" "create" "-v" "/var/lib/crater-agent-workspace/builds/worker-0-tc2/source:/opt/rustwide/workdir:ro,Z" "-v" "/var/lib/crater-agent-workspace/builds/worker-0-tc2/target:/opt/rustwide/target:rw,Z" "-v" "/var/lib/crater-agent-workspace/cargo-home:/opt/rustwide/cargo-home:ro,Z" "-v" "/var/lib/crater-agent-workspace/rustup-home:/opt/rustwide/rustup-home:ro,Z" "-m" "1610612736" "--network" "none" "ghcr.io/rust-lang/crates-build-env/linux@sha256:77db811e55d90add9212f6832c23229e3de5f1c1f9905e8cb07319ea15df73ac" "sleep" "infinity", kill_on_drop: false }`
[INFO] [stdout] e99d08f81e33f6f6e164f16fb7b0927f5d2ba3ef701dd211640a2fe39d370e06
[INFO] running `Command { std: "docker" "start" "e99d08f81e33f6f6e164f16fb7b0927f5d2ba3ef701dd211640a2fe39d370e06", kill_on_drop: false }`
[INFO] running `Command { std: "docker" "inspect" "e99d08f81e33f6f6e164f16fb7b0927f5d2ba3ef701dd211640a2fe39d370e06", kill_on_drop: false }`
[INFO] running `Command { std: "docker" "exec" "-e" "SOURCE_DIR=/opt/rustwide/workdir" "-e" "CARGO_HOME=/opt/rustwide/cargo-home" "-e" "RUSTUP_HOME=/opt/rustwide/rustup-home" "-e" "CARGO_TARGET_DIR=/opt/rustwide/target" "-w" "/opt/rustwide/workdir" "--user" "0:0" "e99d08f81e33f6f6e164f16fb7b0927f5d2ba3ef701dd211640a2fe39d370e06" "/opt/rustwide/cargo-home/bin/cargo" "+1.100.0-beta.1" "metadata" "--no-deps" "--format-version=1", kill_on_drop: false }`
[INFO] running `Command { std: "docker" "inspect" "e99d08f81e33f6f6e164f16fb7b0927f5d2ba3ef701dd211640a2fe39d370e06", kill_on_drop: false }`
[INFO] running `Command { std: "docker" "exec" "-e" "SOURCE_DIR=/opt/rustwide/workdir" "-e" "CARGO_HOME=/opt/rustwide/cargo-home" "-e" "RUSTUP_HOME=/opt/rustwide/rustup-home" "-e" "CARGO_TARGET_DIR=/opt/rustwide/target" "-e" "CARGO_INCREMENTAL=0" "-e" "RUST_BACKTRACE=full" "-e" "RUSTFLAGS=--cap-lints=warn" "-e" "RUSTDOCFLAGS=--cap-lints=warn" "-w" "/opt/rustwide/workdir" "--user" "0:0" "e99d08f81e33f6f6e164f16fb7b0927f5d2ba3ef701dd211640a2fe39d370e06" "/opt/rustwide/cargo-home/bin/cargo" "+1.100.0-beta.1" "build" "--frozen" "--message-format=json" "--release", kill_on_drop: false }`
[INFO] [stderr]    Compiling skillflag v0.1.0 (/opt/rustwide/workdir)
[INFO] [stderr]     Finished `release` profile [optimized] target(s) in 5.76s
[INFO] running `Command { std: "docker" "inspect" "e99d08f81e33f6f6e164f16fb7b0927f5d2ba3ef701dd211640a2fe39d370e06", kill_on_drop: false }`
[INFO] running `Command { std: "docker" "exec" "-e" "SOURCE_DIR=/opt/rustwide/workdir" "-e" "CARGO_HOME=/opt/rustwide/cargo-home" "-e" "RUSTUP_HOME=/opt/rustwide/rustup-home" "-e" "CARGO_TARGET_DIR=/opt/rustwide/target" "-e" "CARGO_INCREMENTAL=0" "-e" "RUST_BACKTRACE=full" "-e" "RUSTFLAGS=--cap-lints=warn" "-e" "RUSTDOCFLAGS=--cap-lints=warn" "-w" "/opt/rustwide/workdir" "--user" "0:0" "e99d08f81e33f6f6e164f16fb7b0927f5d2ba3ef701dd211640a2fe39d370e06" "/opt/rustwide/cargo-home/bin/cargo" "+1.100.0-beta.1" "test" "--frozen" "--no-run" "--message-format=json" "--release", kill_on_drop: false }`
[INFO] [stderr]    Compiling skillflag v0.1.0 (/opt/rustwide/workdir)
[INFO] [stderr]     Finished `release` profile [optimized] target(s) in 10.78s
[INFO] running `Command { std: "docker" "inspect" "e99d08f81e33f6f6e164f16fb7b0927f5d2ba3ef701dd211640a2fe39d370e06", kill_on_drop: false }`
[INFO] running `Command { std: "docker" "exec" "-e" "SOURCE_DIR=/opt/rustwide/workdir" "-e" "CARGO_HOME=/opt/rustwide/cargo-home" "-e" "RUSTUP_HOME=/opt/rustwide/rustup-home" "-e" "CARGO_TARGET_DIR=/opt/rustwide/target" "-e" "CARGO_INCREMENTAL=0" "-e" "RUST_BACKTRACE=full" "-e" "RUSTFLAGS=--cap-lints=warn" "-e" "RUSTDOCFLAGS=--cap-lints=warn" "-w" "/opt/rustwide/workdir" "--user" "0:0" "e99d08f81e33f6f6e164f16fb7b0927f5d2ba3ef701dd211640a2fe39d370e06" "/opt/rustwide/cargo-home/bin/cargo" "+1.100.0-beta.1" "test" "--frozen" "--release", kill_on_drop: false }`
[INFO] [stderr]     Finished `release` profile [optimized] target(s) in 0.04s
[INFO] [stderr]      Running unittests src/lib.rs (/opt/rustwide/target/release/build/skillflag/3710ab4f3d54736d/out/skillflag-3710ab4f3d54736d)
[INFO] [stdout] 
[INFO] [stdout] running 44 tests
[INFO] [stdout] test core::paths::tests::bundled_root_lists_bundled_skills ... ok
[INFO] [stdout] test core::paths::tests::normalize_resolves_dots ... ok
[INFO] [stdout] test core::tar::tests::bundled_entries_use_normalized_modes ... ok
[INFO] [stdout] test core::tar::tests::file_data_is_padded_and_trailer_appended ... ok
[INFO] [stdout] test core::tar::tests::header_layout_matches_contract ... ok
[INFO] [stdout] test core::digest::tests::digest_of_empty_input ... ok
[INFO] [stdout] test core::tar::tests::long_names_are_rejected ... ok
[INFO] [stdout] test dispatch::tests::export_requires_id ... ok
[INFO] [stdout] test dispatch::tests::install_ids_split_trim_dedupe_and_stop_at_flags ... ok
[INFO] [stdout] test dispatch::tests::action_args_start_after_skill_token ... ok
[INFO] [stdout] test dispatch::tests::standalone_accepts_action_directly ... ok
[INFO] [stdout] test dispatch::tests::standalone_options_from_env_value ... ok
[INFO] [stdout] test core::paths::tests::valid_and_invalid_skill_ids ... ok
[INFO] [stdout] test bundled::tests::bundled_skillflag_skill_is_present ... ok
[INFO] [stdout] test core::list::tests::json_string_escapes_like_json_stringify ... ok
[INFO] [stdout] test frontmatter::tests::allows_trailing_spaces_after_opening_fence ... ok
[INFO] [stdout] test dispatch::tests::unknown_action_errors ... ok
[INFO] [stdout] test dispatch::tests::install_without_ids_passes_flags_through ... ok
[INFO] [stdout] test dispatch::tests::maybe_handle_returns_none_without_skill_token ... ok
[INFO] [stdout] test dispatch::tests::missing_action_errors_with_usage ... ok
[INFO] [stdout] test frontmatter::tests::blank_lines_inside_block_are_skipped ... ok
[INFO] [stdout] test frontmatter::tests::returns_empty_without_frontmatter ... ok
[INFO] [stdout] test frontmatter::tests::parses_basic_fields ... ok
[INFO] [stdout] test frontmatter::tests::parses_crlf_content ... ok
[INFO] [stdout] test frontmatter::tests::closing_fence_at_end_of_input_without_newline ... ok
[INFO] [stdout] test frontmatter::tests::returns_empty_for_unterminated_block ... ok
[INFO] [stdout] test frontmatter::tests::empty_block_between_fences ... ok
[INFO] [stdout] test frontmatter::tests::skips_lines_without_colon_or_empty_parts ... ok
[INFO] [stdout] test frontmatter::tests::later_duplicate_keys_win ... ok
[INFO] [stdout] test install::cli::tests::parse_args_flags_and_paths ... ok
[INFO] [stdout] test install::cli::tests::parse_args_rejects_duplicates_and_commas ... ok
[INFO] [stdout] test install::resolve::tests::codex_cwd_scope_uses_cwd ... ok
[INFO] [stdout] test install::resolve::tests::opencode_uses_singular_skill ... ok
[INFO] [stdout] test install::resolve::tests::portable_user_defaults_to_dot_config ... ok
[INFO] [stdout] test install::resolve::tests::scope_tables_match_reference ... ok
[INFO] [stdout] test install::resolve::tests::unknown_combination_is_rejected ... ok
[INFO] [stdout] test frontmatter::tests::splits_at_first_colon ... ok
[INFO] [stdout] test install::resolve::tests::agent_and_scope_validation_messages ... ok
[INFO] [stdout] test install::resolve::tests::user_scope_home_destinations ... ok
[INFO] [stdout] test install::resolve::tests::codex_user_defaults_to_home_dot_codex ... ok
[INFO] [stdout] test install::resolve::tests::unsupported_combination_message ... ok
[INFO] [stdout] test frontmatter::tests::strips_matching_quotes_only ... ok
[INFO] [stdout] test install::resolve::tests::codex_user_honors_codex_home ... ok
[INFO] [stdout] test install::resolve::tests::portable_user_honors_xdg_config_home ... ok
[INFO] [stdout] 
[INFO] [stdout] test result: ok. 44 passed; 0 failed; 0 ignored; 0 measured; 0 filtered out; finished in 0.02s
[INFO] [stdout] 
[INFO] [stderr]      Running unittests src/bin/skill_install.rs (/opt/rustwide/target/release/build/skillflag/55e05698065d8a9d/out/skill_install-55e05698065d8a9d)
[INFO] [stderr]      Running unittests src/bin/skillflag.rs (/opt/rustwide/target/release/build/skillflag/5fb1e8ce56e35e48/out/skillflag-5fb1e8ce56e35e48)
[INFO] [stdout] 
[INFO] [stdout] running 0 tests
[INFO] [stdout] 
[INFO] [stdout] test result: ok. 0 passed; 0 failed; 0 ignored; 0 measured; 0 filtered out; finished in 0.00s
[INFO] [stdout] 
[INFO] [stdout] 
[INFO] [stdout] running 0 tests
[INFO] [stdout] 
[INFO] [stdout] test result: ok. 0 passed; 0 failed; 0 ignored; 0 measured; 0 filtered out; finished in 0.00s
[INFO] [stdout] 
[INFO] [stderr]      Running tests/bin.rs (/opt/rustwide/target/release/build/skillflag/5d3ae40d3bcc9195/out/bin-5d3ae40d3bcc9195)
[INFO] [stdout] 
[INFO] [stdout] running 7 tests
[INFO] [stdout] test export_pipes_into_installer_round_trip ... FAILED
[INFO] [stdout] test direct_action_form_works ... FAILED
[INFO] [stdout] test skills_root_env_accepts_multiple_paths ... FAILED
[INFO] [stdout] test producer_install_subcommand_routes_to_installer ... FAILED
[INFO] [stdout] test skills_root_env_serves_fixtures_and_excludes_bundled_skill ... FAILED
[INFO] [stdout] test unknown_id_exit_code_from_binary ... FAILED
[INFO] [stdout] test without_skills_root_env_only_the_bundled_skill_is_listed ... ok
[INFO] [stdout] 
[INFO] [stdout] failures:
[INFO] [stdout] 
[INFO] [stdout] ---- export_pipes_into_installer_round_trip stdout ----
[INFO] [stdout] 
[INFO] [stdout] thread 'export_pipes_into_installer_round_trip' (401) panicked at tests/support/mod.rs:88:10:
[INFO] [stdout] fixtures root: Os { code: 2, kind: NotFound, message: "No such file or directory" }
[INFO] [stdout] stack backtrace:
[INFO] [stdout]    0:     0x57da12f5ab91 - <<std[617be2ca0a6fd877]::sys::backtrace::BacktraceLock>::print::DisplayBacktrace as core[a373ad73a504971]::fmt::Display>::fmt
[INFO] [stdout]    1:     0x57da12f6eeca - core[a373ad73a504971]::fmt::write
[INFO] [stdout]    2:     0x57da12f5f0ec - <alloc[2e1b2a31b91974c5]::vec::Vec<u8> as core[a373ad73a504971]::io::write::Write>::write_fmt
[INFO] [stdout]    3:     0x57da12f347d6 - std[617be2ca0a6fd877]::panicking::default_hook::{closure#0}
[INFO] [stdout]    4:     0x57da12f523a9 - std[617be2ca0a6fd877]::panicking::default_hook
[INFO] [stdout]    5:     0x57da12eec080 - test[aada8e7e76ba119b]::test_main_inner::{closure#0}
[INFO] [stdout]    6:     0x57da12f52562 - std[617be2ca0a6fd877]::panicking::panic_with_hook
[INFO] [stdout]    7:     0x57da12f34882 - std[617be2ca0a6fd877]::panicking::panic_handler::{closure#0}
[INFO] [stdout]    8:     0x57da12f2d249 - std[617be2ca0a6fd877]::sys::backtrace::__rust_end_short_backtrace::<std[617be2ca0a6fd877]::panicking::panic_handler::{closure#0}, !>
[INFO] [stdout]    9:     0x57da12f3548d - __rustc[ea4f61d10b84890b]::rust_begin_unwind
[INFO] [stdout]   10:     0x57da12f6f5fc - core[a373ad73a504971]::panicking::panic_fmt
[INFO] [stdout]   11:     0x57da12f6f3d2 - core[a373ad73a504971]::result::unwrap_failed
[INFO] [stdout]   12:     0x57da12ede09f - bin[c381a20d5829eedb]::support::fixtures_root
[INFO] [stdout]   13:     0x57da12edb963 - <bin[c381a20d5829eedb]::export_pipes_into_installer_round_trip::{closure#0} as core[a373ad73a504971]::ops::function::FnOnce<()>>::call_once
[INFO] [stdout]   14:     0x57da12edf4cb - test[aada8e7e76ba119b]::__rust_begin_short_backtrace::<core[a373ad73a504971]::result::Result<(), alloc[2e1b2a31b91974c5]::string::String>, fn() -> core[a373ad73a504971]::result::Result<(), alloc[2e1b2a31b91974c5]::string::String>>
[INFO] [stdout]   15:     0x57da12eec6a5 - test[aada8e7e76ba119b]::run_test::{closure#0}
[INFO] [stdout]   16:     0x57da12ee5f94 - std[617be2ca0a6fd877]::sys::backtrace::__rust_begin_short_backtrace::<test[aada8e7e76ba119b]::run_test::{closure#1}, ()>
[INFO] [stdout]   17:     0x57da12eef732 - <std[617be2ca0a6fd877]::thread::lifecycle::spawn_unchecked<test[aada8e7e76ba119b]::run_test::{closure#1}, ()>::{closure#1} as core[a373ad73a504971]::ops::function::FnOnce<()>>::call_once::{shim:vtable#0}
[INFO] [stdout]   18:     0x57da12f59eff - <std[617be2ca0a6fd877]::sys::thread::unix::Thread>::new::thread_start
[INFO] [stdout]   19:     0x7faa26207dfa - <unknown>
[INFO] [stdout]   20:     0x7faa2629b3d4 - clone
[INFO] [stdout]   21:                0x0 - <unknown>
[INFO] [stdout] 
[INFO] [stdout] ---- direct_action_form_works stdout ----
[INFO] [stdout] 
[INFO] [stdout] thread 'direct_action_form_works' (400) panicked at tests/support/mod.rs:88:10:
[INFO] [stdout] fixtures root: Os { code: 2, kind: NotFound, message: "No such file or directory" }
[INFO] [stdout] stack backtrace:
[INFO] [stdout]    0:     0x57da12f5ab91 - <<std[617be2ca0a6fd877]::sys::backtrace::BacktraceLock>::print::DisplayBacktrace as core[a373ad73a504971]::fmt::Display>::fmt
[INFO] [stdout]    1:     0x57da12f6eeca - core[a373ad73a504971]::fmt::write
[INFO] [stdout]    2:     0x57da12f5f0ec - <alloc[2e1b2a31b91974c5]::vec::Vec<u8> as core[a373ad73a504971]::io::write::Write>::write_fmt
[INFO] [stdout]    3:     0x57da12f347d6 - std[617be2ca0a6fd877]::panicking::default_hook::{closure#0}
[INFO] [stdout]    4:     0x57da12f523a9 - std[617be2ca0a6fd877]::panicking::default_hook
[INFO] [stdout]    5:     0x57da12eec080 - test[aada8e7e76ba119b]::test_main_inner::{closure#0}
[INFO] [stdout]    6:     0x57da12f52562 - std[617be2ca0a6fd877]::panicking::panic_with_hook
[INFO] [stdout]    7:     0x57da12f34882 - std[617be2ca0a6fd877]::panicking::panic_handler::{closure#0}
[INFO] [stdout]    8:     0x57da12f2d249 - std[617be2ca0a6fd877]::sys::backtrace::__rust_end_short_backtrace::<std[617be2ca0a6fd877]::panicking::panic_handler::{closure#0}, !>
[INFO] [stdout]    9:     0x57da12f3548d - __rustc[ea4f61d10b84890b]::rust_begin_unwind
[INFO] [stdout]   10:     0x57da12f6f5fc - core[a373ad73a504971]::panicking::panic_fmt
[INFO] [stdout]   11:     0x57da12f6f3d2 - core[a373ad73a504971]::result::unwrap_failed
[INFO] [stdout]   12:     0x57da12ede09f - bin[c381a20d5829eedb]::support::fixtures_root
[INFO] [stdout]   13:     0x57da12edb224 - <bin[c381a20d5829eedb]::direct_action_form_works::{closure#0} as core[a373ad73a504971]::ops::function::FnOnce<()>>::call_once
[INFO] [stdout]   14:     0x57da12edf4cb - test[aada8e7e76ba119b]::__rust_begin_short_backtrace::<core[a373ad73a504971]::result::Result<(), alloc[2e1b2a31b91974c5]::string::String>, fn() -> core[a373ad73a504971]::result::Result<(), alloc[2e1b2a31b91974c5]::string::String>>
[INFO] [stdout]   15:     0x57da12eec6a5 - test[aada8e7e76ba119b]::run_test::{closure#0}
[INFO] [stdout]   16:     0x57da12ee5f94 - std[617be2ca0a6fd877]::sys::backtrace::__rust_begin_short_backtrace::<test[aada8e7e76ba119b]::run_test::{closure#1}, ()>
[INFO] [stdout]   17:     0x57da12eef732 - <std[617be2ca0a6fd877]::thread::lifecycle::spawn_unchecked<test[aada8e7e76ba119b]::run_test::{closure#1}, ()>::{closure#1} as core[a373ad73a504971]::ops::function::FnOnce<()>>::call_once::{shim:vtable#0}
[INFO] [stdout]   18:     0x57da12f59eff - <std[617be2ca0a6fd877]::sys::thread::unix::Thread>::new::thread_start
[INFO] [stdout]   19:     0x7faa26207dfa - <unknown>
[INFO] [stdout]   20:     0x7faa2629b3d4 - clone
[INFO] [stdout]   21:                0x0 - <unknown>
[INFO] [stdout] 
[INFO] [stdout] ---- skills_root_env_accepts_multiple_paths stdout ----
[INFO] [stdout] 
[INFO] [stdout] thread 'skills_root_env_accepts_multiple_paths' (403) panicked at tests/support/mod.rs:88:10:
[INFO] [stdout] fixtures root: Os { code: 2, kind: NotFound, message: "No such file or directory" }
[INFO] [stdout] stack backtrace:
[INFO] [stdout]    0:     0x57da12f5ab91 - <<std[617be2ca0a6fd877]::sys::backtrace::BacktraceLock>::print::DisplayBacktrace as core[a373ad73a504971]::fmt::Display>::fmt
[INFO] [stdout]    1:     0x57da12f6eeca - core[a373ad73a504971]::fmt::write
[INFO] [stdout]    2:     0x57da12f5f0ec - <alloc[2e1b2a31b91974c5]::vec::Vec<u8> as core[a373ad73a504971]::io::write::Write>::write_fmt
[INFO] [stdout]    3:     0x57da12f347d6 - std[617be2ca0a6fd877]::panicking::default_hook::{closure#0}
[INFO] [stdout]    4:     0x57da12f523a9 - std[617be2ca0a6fd877]::panicking::default_hook
[INFO] [stdout]    5:     0x57da12eec080 - test[aada8e7e76ba119b]::test_main_inner::{closure#0}
[INFO] [stdout]    6:     0x57da12f52562 - std[617be2ca0a6fd877]::panicking::panic_with_hook
[INFO] [stdout]    7:     0x57da12f34882 - std[617be2ca0a6fd877]::panicking::panic_handler::{closure#0}
[INFO] [stdout]    8:     0x57da12f2d249 - std[617be2ca0a6fd877]::sys::backtrace::__rust_end_short_backtrace::<std[617be2ca0a6fd877]::panicking::panic_handler::{closure#0}, !>
[INFO] [stdout]    9:     0x57da12f3548d - __rustc[ea4f61d10b84890b]::rust_begin_unwind
[INFO] [stdout]   10:     0x57da12f6f5fc - core[a373ad73a504971]::panicking::panic_fmt
[INFO] [stdout]   11:     0x57da12f6f3d2 - core[a373ad73a504971]::result::unwrap_failed
[INFO] [stdout]   12:     0x57da12ede09f - bin[c381a20d5829eedb]::support::fixtures_root
[INFO] [stdout]   13:     0x57da12edc3d0 - <bin[c381a20d5829eedb]::skills_root_env_accepts_multiple_paths::{closure#0} as core[a373ad73a504971]::ops::function::FnOnce<()>>::call_once
[INFO] [stdout]   14:     0x57da12edf4cb - test[aada8e7e76ba119b]::__rust_begin_short_backtrace::<core[a373ad73a504971]::result::Result<(), alloc[2e1b2a31b91974c5]::string::String>, fn() -> core[a373ad73a504971]::result::Result<(), alloc[2e1b2a31b91974c5]::string::String>>
[INFO] [stdout]   15:     0x57da12eec6a5 - test[aada8e7e76ba119b]::run_test::{closure#0}
[INFO] [stdout]   16:     0x57da12ee5f94 - std[617be2ca0a6fd877]::sys::backtrace::__rust_begin_short_backtrace::<test[aada8e7e76ba119b]::run_test::{closure#1}, ()>
[INFO] [stdout]   17:     0x57da12eef732 - <std[617be2ca0a6fd877]::thread::lifecycle::spawn_unchecked<test[aada8e7e76ba119b]::run_test::{closure#1}, ()>::{closure#1} as core[a373ad73a504971]::ops::function::FnOnce<()>>::call_once::{shim:vtable#0}
[INFO] [stdout]   18:     0x57da12f59eff - <std[617be2ca0a6fd877]::sys::thread::unix::Thread>::new::thread_start
[INFO] [stdout]   19:     0x7faa26207dfa - <unknown>
[INFO] [stdout]   20:     0x7faa2629b3d4 - clone
[INFO] [stdout]   21:                0x0 - <unknown>
[INFO] [stdout] 
[INFO] [stdout] ---- producer_install_subcommand_routes_to_installer stdout ----
[INFO] [stdout] 
[INFO] [stdout] thread 'producer_install_subcommand_routes_to_installer' (402) panicked at tests/support/mod.rs:88:10:
[INFO] [stdout] fixtures root: Os { code: 2, kind: NotFound, message: "No such file or directory" }
[INFO] [stdout] stack backtrace:
[INFO] [stdout]    0:     0x57da12f5ab91 - <<std[617be2ca0a6fd877]::sys::backtrace::BacktraceLock>::print::DisplayBacktrace as core[a373ad73a504971]::fmt::Display>::fmt
[INFO] [stdout]    1:     0x57da12f6eeca - core[a373ad73a504971]::fmt::write
[INFO] [stdout]    2:     0x57da12f5f0ec - <alloc[2e1b2a31b91974c5]::vec::Vec<u8> as core[a373ad73a504971]::io::write::Write>::write_fmt
[INFO] [stdout]    3:     0x57da12f347d6 - std[617be2ca0a6fd877]::panicking::default_hook::{closure#0}
[INFO] [stdout]    4:     0x57da12f523a9 - std[617be2ca0a6fd877]::panicking::default_hook
[INFO] [stdout]    5:     0x57da12eec080 - test[aada8e7e76ba119b]::test_main_inner::{closure#0}
[INFO] [stdout]    6:     0x57da12f52562 - std[617be2ca0a6fd877]::panicking::panic_with_hook
[INFO] [stdout]    7:     0x57da12f34882 - std[617be2ca0a6fd877]::panicking::panic_handler::{closure#0}
[INFO] [stdout]    8:     0x57da12f2d249 - std[617be2ca0a6fd877]::sys::backtrace::__rust_end_short_backtrace::<std[617be2ca0a6fd877]::panicking::panic_handler::{closure#0}, !>
[INFO] [stdout]    9:     0x57da12f3548d - __rustc[ea4f61d10b84890b]::rust_begin_unwind
[INFO] [stdout]   10:     0x57da12f6f5fc - core[a373ad73a504971]::panicking::panic_fmt
[INFO] [stdout]   11:     0x57da12f6f3d2 - core[a373ad73a504971]::result::unwrap_failed
[INFO] [stdout]   12:     0x57da12ede09f - bin[c381a20d5829eedb]::support::fixtures_root
[INFO] [stdout]   13:     0x57da12edca33 - <bin[c381a20d5829eedb]::producer_install_subcommand_routes_to_installer::{closure#0} as core[a373ad73a504971]::ops::function::FnOnce<()>>::call_once
[INFO] [stdout]   14:     0x57da12edf4cb - test[aada8e7e76ba119b]::__rust_begin_short_backtrace::<core[a373ad73a504971]::result::Result<(), alloc[2e1b2a31b91974c5]::string::String>, fn() -> core[a373ad73a504971]::result::Result<(), alloc[2e1b2a31b91974c5]::string::String>>
[INFO] [stdout]   15:     0x57da12eec6a5 - test[aada8e7e76ba119b]::run_test::{closure#0}
[INFO] [stdout]   16:     0x57da12ee5f94 - std[617be2ca0a6fd877]::sys::backtrace::__rust_begin_short_backtrace::<test[aada8e7e76ba119b]::run_test::{closure#1}, ()>
[INFO] [stdout]   17:     0x57da12eef732 - <std[617be2ca0a6fd877]::thread::lifecycle::spawn_unchecked<test[aada8e7e76ba119b]::run_test::{closure#1}, ()>::{closure#1} as core[a373ad73a504971]::ops::function::FnOnce<()>>::call_once::{shim:vtable#0}
[INFO] [stdout]   18:     0x57da12f59eff - <std[617be2ca0a6fd877]::sys::thread::unix::Thread>::new::thread_start
[INFO] [stdout]   19:     0x7faa26207dfa - <unknown>
[INFO] [stdout]   20:     0x7faa2629b3d4 - clone
[INFO] [stdout]   21:                0x0 - <unknown>
[INFO] [stdout] 
[INFO] [stdout] ---- skills_root_env_serves_fixtures_and_excludes_bundled_skill stdout ----
[INFO] [stdout] 
[INFO] [stdout] thread 'skills_root_env_serves_fixtures_and_excludes_bundled_skill' (404) panicked at tests/support/mod.rs:88:10:
[INFO] [stdout] fixtures root: Os { code: 2, kind: NotFound, message: "No such file or directory" }
[INFO] [stdout] stack backtrace:
[INFO] [stdout]    0:     0x57da12f5ab91 - <<std[617be2ca0a6fd877]::sys::backtrace::BacktraceLock>::print::DisplayBacktrace as core[a373ad73a504971]::fmt::Display>::fmt
[INFO] [stdout]    1:     0x57da12f6eeca - core[a373ad73a504971]::fmt::write
[INFO] [stdout]    2:     0x57da12f5f0ec - <alloc[2e1b2a31b91974c5]::vec::Vec<u8> as core[a373ad73a504971]::io::write::Write>::write_fmt
[INFO] [stdout]    3:     0x57da12f347d6 - std[617be2ca0a6fd877]::panicking::default_hook::{closure#0}
[INFO] [stdout]    4:     0x57da12f523a9 - std[617be2ca0a6fd877]::panicking::default_hook
[INFO] [stdout]    5:     0x57da12eec080 - test[aada8e7e76ba119b]::test_main_inner::{closure#0}
[INFO] [stdout]    6:     0x57da12f52562 - std[617be2ca0a6fd877]::panicking::panic_with_hook
[INFO] [stdout]    7:     0x57da12f34882 - std[617be2ca0a6fd877]::panicking::panic_handler::{closure#0}
[INFO] [stdout]    8:     0x57da12f2d249 - std[617be2ca0a6fd877]::sys::backtrace::__rust_end_short_backtrace::<std[617be2ca0a6fd877]::panicking::panic_handler::{closure#0}, !>
[INFO] [stdout]    9:     0x57da12f3548d - __rustc[ea4f61d10b84890b]::rust_begin_unwind
[INFO] [stdout]   10:     0x57da12f6f5fc - core[a373ad73a504971]::panicking::panic_fmt
[INFO] [stdout]   11:     0x57da12f6f3d2 - core[a373ad73a504971]::result::unwrap_failed
[INFO] [stdout]   12:     0x57da12ede09f - bin[c381a20d5829eedb]::support::fixtures_root
[INFO] [stdout]   13:     0x57da12edd514 - <bin[c381a20d5829eedb]::skills_root_env_serves_fixtures_and_excludes_bundled_skill::{closure#0} as core[a373ad73a504971]::ops::function::FnOnce<()>>::call_once
[INFO] [stdout]   14:     0x57da12edf4cb - test[aada8e7e76ba119b]::__rust_begin_short_backtrace::<core[a373ad73a504971]::result::Result<(), alloc[2e1b2a31b91974c5]::string::String>, fn() -> core[a373ad73a504971]::result::Result<(), alloc[2e1b2a31b91974c5]::string::String>>
[INFO] [stdout]   15:     0x57da12eec6a5 - test[aada8e7e76ba119b]::run_test::{closure#0}
[INFO] [stdout]   16:     0x57da12ee5f94 - std[617be2ca0a6fd877]::sys::backtrace::__rust_begin_short_backtrace::<test[aada8e7e76ba119b]::run_test::{closure#1}, ()>
[INFO] [stdout]   17:     0x57da12eef732 - <std[617be2ca0a6fd877]::thread::lifecycle::spawn_unchecked<test[aada8e7e76ba119b]::run_test::{closure#1}, ()>::{closure#1} as core[a373ad73a504971]::ops::function::FnOnce<()>>::call_once::{shim:vtable#0}
[INFO] [stdout]   18:     0x57da12f59eff - <std[617be2ca0a6fd877]::sys::thread::unix::Thread>::new::thread_start
[INFO] [stdout]   19:     0x7faa26207dfa - <unknown>
[INFO] [stdout]   20:     0x7faa2629b3d4 - clone
[INFO] [stdout]   21:                0x0 - <unknown>
[INFO] [stdout] 
[INFO] [stdout] ---- unknown_id_exit_code_from_binary stdout ----
[INFO] [stdout] 
[INFO] [stdout] thread 'unknown_id_exit_code_from_binary' (405) panicked at tests/support/mod.rs:88:10:
[INFO] [stdout] fixtures root: Os { code: 2, kind: NotFound, message: "No such file or directory" }
[INFO] [stdout] stack backtrace:
[INFO] [stdout]    0:     0x57da12f5ab91 - <<std[617be2ca0a6fd877]::sys::backtrace::BacktraceLock>::print::DisplayBacktrace as core[a373ad73a504971]::fmt::Display>::fmt
[INFO] [stdout]    1:     0x57da12f6eeca - core[a373ad73a504971]::fmt::write
[INFO] [stdout]    2:     0x57da12f5f0ec - <alloc[2e1b2a31b91974c5]::vec::Vec<u8> as core[a373ad73a504971]::io::write::Write>::write_fmt
[INFO] [stdout]    3:     0x57da12f347d6 - std[617be2ca0a6fd877]::panicking::default_hook::{closure#0}
[INFO] [stdout]    4:     0x57da12f523a9 - std[617be2ca0a6fd877]::panicking::default_hook
[INFO] [stdout]    5:     0x57da12eec080 - test[aada8e7e76ba119b]::test_main_inner::{closure#0}
[INFO] [stdout]    6:     0x57da12f52562 - std[617be2ca0a6fd877]::panicking::panic_with_hook
[INFO] [stdout]    7:     0x57da12f34882 - std[617be2ca0a6fd877]::panicking::panic_handler::{closure#0}
[INFO] [stdout]    8:     0x57da12f2d249 - std[617be2ca0a6fd877]::sys::backtrace::__rust_end_short_backtrace::<std[617be2ca0a6fd877]::panicking::panic_handler::{closure#0}, !>
[INFO] [stdout]    9:     0x57da12f3548d - __rustc[ea4f61d10b84890b]::rust_begin_unwind
[INFO] [stdout]   10:     0x57da12f6f5fc - core[a373ad73a504971]::panicking::panic_fmt
[INFO] [stdout]   11:     0x57da12f6f3d2 - core[a373ad73a504971]::result::unwrap_failed
[INFO] [stdout]   12:     0x57da12ede09f - bin[c381a20d5829eedb]::support::fixtures_root
[INFO] [stdout]   13:     0x57da12edb56b - <bin[c381a20d5829eedb]::unknown_id_exit_code_from_binary::{closure#0} as core[a373ad73a504971]::ops::function::FnOnce<()>>::call_once
[INFO] [stdout]   14:     0x57da12edf4cb - test[aada8e7e76ba119b]::__rust_begin_short_backtrace::<core[a373ad73a504971]::result::Result<(), alloc[2e1b2a31b91974c5]::string::String>, fn() -> core[a373ad73a504971]::result::Result<(), alloc[2e1b2a31b91974c5]::string::String>>
[INFO] [stdout]   15:     0x57da12eec6a5 - test[aada8e7e76ba119b]::run_test::{closure#0}
[INFO] [stdout]   16:     0x57da12ee5f94 - std[617be2ca0a6fd877]::sys::backtrace::__rust_begin_short_backtrace::<test[aada8e7e76ba119b]::run_test::{closure#1}, ()>
[INFO] [stdout]   17:     0x57da12eef732 - <std[617be2ca0a6fd877]::thread::lifecycle::spawn_unchecked<test[aada8e7e76ba119b]::run_test::{closure#1}, ()>::{closure#1} as core[a373ad73a504971]::ops::function::FnOnce<()>>::call_once::{shim:vtable#0}
[INFO] [stdout]   18:     0x57da12f59eff - <std[617be2ca0a6fd877]::sys::thread::unix::Thread>::new::thread_start
[INFO] [stdout]   19:     0x7faa26207dfa - <unknown>
[INFO] [stdout]   20:     0x7faa2629b3d4 - clone
[INFO] [stdout]   21:                0x0 - <unknown>
[INFO] [stdout] 
[INFO] [stdout] 
[INFO] [stdout] failures:
[INFO] [stdout]     direct_action_form_works
[INFO] [stdout]     export_pipes_into_installer_round_trip
[INFO] [stdout]     producer_install_subcommand_routes_to_installer
[INFO] [stdout]     skills_root_env_accepts_multiple_paths
[INFO] [stdout]     skills_root_env_serves_fixtures_and_excludes_bundled_skill
[INFO] [stdout]     unknown_id_exit_code_from_binary
[INFO] [stdout] 
[INFO] [stdout] test result: FAILED. 1 passed; 6 failed; 0 ignored; 0 measured; 0 filtered out; finished in 0.01s
[INFO] [stdout] 
[INFO] [stderr] error: test failed, to rerun pass `--test bin`
[INFO] running `Command { std: "docker" "inspect" "e99d08f81e33f6f6e164f16fb7b0927f5d2ba3ef701dd211640a2fe39d370e06", kill_on_drop: false }`
[INFO] running `Command { std: "docker" "rm" "-f" "e99d08f81e33f6f6e164f16fb7b0927f5d2ba3ef701dd211640a2fe39d370e06", kill_on_drop: false }`
[INFO] [stdout] e99d08f81e33f6f6e164f16fb7b0927f5d2ba3ef701dd211640a2fe39d370e06
