[INFO] fetching crate skesis 0.1.0...
[INFO] testing skesis-0.1.0 against 1.99.0-beta.8+cargoflags=--release for beta-release-1.100-2
[INFO] extracting crate skesis 0.1.0 into /workspace/builds/worker-7-tc1/source
[INFO] started tweaking crates.io crate skesis 0.1.0
[INFO] finished tweaking crates.io crate skesis 0.1.0
[INFO] tweaked toml for crates.io crate skesis 0.1.0 written to /workspace/builds/worker-7-tc1/source/Cargo.toml
[INFO] validating manifest of crates.io crate skesis 0.1.0 on toolchain 1.99.0-beta.8
[INFO] running `Command { std: CARGO_HOME="/workspace/cargo-home" RUSTUP_HOME="/workspace/rustup-home" "/workspace/cargo-home/bin/cargo" "+1.99.0-beta.8" "metadata" "--manifest-path" "Cargo.toml" "--no-deps", kill_on_drop: false }`
[INFO] crate crates.io crate skesis 0.1.0 already has a lockfile, it will not be regenerated
[INFO] running `Command { std: CARGO_HOME="/workspace/cargo-home" RUSTUP_HOME="/workspace/rustup-home" "/workspace/cargo-home/bin/cargo" "+1.99.0-beta.8" "fetch" "--manifest-path" "Cargo.toml", kill_on_drop: false }`
[INFO] running `Command { std: "docker" "create" "-v" "/var/lib/crater-agent-workspace/builds/worker-7-tc1/source:/opt/rustwide/workdir:ro,Z" "-v" "/var/lib/crater-agent-workspace/builds/worker-7-tc1/target:/opt/rustwide/target:rw,Z" "-v" "/var/lib/crater-agent-workspace/cargo-home:/opt/rustwide/cargo-home:ro,Z" "-v" "/var/lib/crater-agent-workspace/rustup-home:/opt/rustwide/rustup-home:ro,Z" "-m" "1610612736" "--network" "none" "ghcr.io/rust-lang/crates-build-env/linux@sha256:77db811e55d90add9212f6832c23229e3de5f1c1f9905e8cb07319ea15df73ac" "sleep" "infinity", kill_on_drop: false }`
[INFO] [stdout] 6d22418246793981f606799686f1d6b672594119d287031dea9b54190f7e3207
[INFO] running `Command { std: "docker" "start" "6d22418246793981f606799686f1d6b672594119d287031dea9b54190f7e3207", kill_on_drop: false }`
[INFO] running `Command { std: "docker" "inspect" "6d22418246793981f606799686f1d6b672594119d287031dea9b54190f7e3207", kill_on_drop: false }`
[INFO] running `Command { std: "docker" "exec" "-e" "SOURCE_DIR=/opt/rustwide/workdir" "-e" "CARGO_HOME=/opt/rustwide/cargo-home" "-e" "RUSTUP_HOME=/opt/rustwide/rustup-home" "-e" "CARGO_TARGET_DIR=/opt/rustwide/target" "-w" "/opt/rustwide/workdir" "--user" "0:0" "6d22418246793981f606799686f1d6b672594119d287031dea9b54190f7e3207" "/opt/rustwide/cargo-home/bin/cargo" "+1.99.0-beta.8" "metadata" "--no-deps" "--format-version=1", kill_on_drop: false }`
[INFO] running `Command { std: "docker" "inspect" "6d22418246793981f606799686f1d6b672594119d287031dea9b54190f7e3207", kill_on_drop: false }`
[INFO] running `Command { std: "docker" "exec" "-e" "SOURCE_DIR=/opt/rustwide/workdir" "-e" "CARGO_HOME=/opt/rustwide/cargo-home" "-e" "RUSTUP_HOME=/opt/rustwide/rustup-home" "-e" "CARGO_TARGET_DIR=/opt/rustwide/target" "-e" "CARGO_INCREMENTAL=0" "-e" "RUST_BACKTRACE=full" "-e" "RUSTFLAGS=--cap-lints=warn" "-e" "RUSTDOCFLAGS=--cap-lints=warn" "-w" "/opt/rustwide/workdir" "--user" "0:0" "6d22418246793981f606799686f1d6b672594119d287031dea9b54190f7e3207" "/opt/rustwide/cargo-home/bin/cargo" "+1.99.0-beta.8" "build" "--frozen" "--message-format=json" "--release", kill_on_drop: false }`
[INFO] [stderr]    Compiling either v1.15.0
[INFO] [stderr]    Compiling rayon v1.11.0
[INFO] [stderr]    Compiling skesis v0.1.0 (/opt/rustwide/workdir)
[INFO] [stderr]     Finished `release` profile [optimized] target(s) in 5.65s
[INFO] running `Command { std: "docker" "inspect" "6d22418246793981f606799686f1d6b672594119d287031dea9b54190f7e3207", kill_on_drop: false }`
[INFO] running `Command { std: "docker" "exec" "-e" "SOURCE_DIR=/opt/rustwide/workdir" "-e" "CARGO_HOME=/opt/rustwide/cargo-home" "-e" "RUSTUP_HOME=/opt/rustwide/rustup-home" "-e" "CARGO_TARGET_DIR=/opt/rustwide/target" "-e" "CARGO_INCREMENTAL=0" "-e" "RUST_BACKTRACE=full" "-e" "RUSTFLAGS=--cap-lints=warn" "-e" "RUSTDOCFLAGS=--cap-lints=warn" "-w" "/opt/rustwide/workdir" "--user" "0:0" "6d22418246793981f606799686f1d6b672594119d287031dea9b54190f7e3207" "/opt/rustwide/cargo-home/bin/cargo" "+1.99.0-beta.8" "test" "--frozen" "--no-run" "--message-format=json" "--release", kill_on_drop: false }`
[INFO] [stderr]    Compiling zerocopy v0.8.47
[INFO] [stderr]    Compiling itertools v0.10.5
[INFO] [stderr]    Compiling clap_builder v4.6.0
[INFO] [stderr]    Compiling regex-automata v0.4.14
[INFO] [stderr]    Compiling serde_json v1.0.149
[INFO] [stderr]    Compiling is-terminal v0.4.17
[INFO] [stderr]    Compiling zerocopy-derive v0.8.47
[INFO] [stderr]    Compiling serde_derive v1.0.228
[INFO] [stderr]    Compiling skesis v0.1.0 (/opt/rustwide/workdir)
[INFO] [stderr]    Compiling criterion-plot v0.5.0
[INFO] [stderr]    Compiling regex v1.12.3
[INFO] [stderr]    Compiling serde v1.0.228
[INFO] [stderr]    Compiling clap v4.6.0
[INFO] [stderr]    Compiling tinytemplate v1.2.1
[INFO] [stderr]    Compiling half v2.7.1
[INFO] [stderr]    Compiling ciborium-ll v0.2.2
[INFO] [stderr]    Compiling ciborium v0.2.2
[INFO] [stderr]    Compiling criterion v0.5.1
[INFO] [stderr]     Finished `release` profile [optimized] target(s) in 42.91s
[INFO] running `Command { std: "docker" "inspect" "6d22418246793981f606799686f1d6b672594119d287031dea9b54190f7e3207", kill_on_drop: false }`
[INFO] running `Command { std: "docker" "exec" "-e" "SOURCE_DIR=/opt/rustwide/workdir" "-e" "CARGO_HOME=/opt/rustwide/cargo-home" "-e" "RUSTUP_HOME=/opt/rustwide/rustup-home" "-e" "CARGO_TARGET_DIR=/opt/rustwide/target" "-e" "CARGO_INCREMENTAL=0" "-e" "RUST_BACKTRACE=full" "-e" "RUSTFLAGS=--cap-lints=warn" "-e" "RUSTDOCFLAGS=--cap-lints=warn" "-w" "/opt/rustwide/workdir" "--user" "0:0" "6d22418246793981f606799686f1d6b672594119d287031dea9b54190f7e3207" "/opt/rustwide/cargo-home/bin/cargo" "+1.99.0-beta.8" "test" "--frozen" "--release", kill_on_drop: false }`
[INFO] [stderr]     Finished `release` profile [optimized] target(s) in 0.07s
[INFO] [stderr]      Running unittests src/lib.rs (/opt/rustwide/target/release/deps/skesis-c72039b5d941c17a)
[INFO] [stdout] 
[INFO] [stdout] running 195 tests
[INFO] [stdout] test app::tests::create_app ... ok
[INFO] [stdout] test app::tests::adding_system_invalidates_cached_stage_plan ... ok
[INFO] [stdout] test archetype::archetype_tests::add_entity_to_archetype ... ok
[INFO] [stdout] test archetype::archetype_tests::create_archetype ... ok
[INFO] [stdout] test app::tests::add_parallel_system_with_access_runs_in_parallel_path_and_keeps_merge_order ... ok
[INFO] [stdout] test app::tests::lifecycle_frame_order_is_deterministic ... ok
[INFO] [stdout] test app::tests::events_merge_in_system_registration_order ... ok
[INFO] [stdout] test archetype::tests::component_sets_with_same_types_are_equal ... ok
[INFO] [stdout] test app::tests::lifecycle_shutdown_runs_once ... ok
[INFO] [stdout] test app::tests::stage_planning_is_cached_between_frames_without_stage_changes ... ok
[INFO] [stdout] test app::tests::run_update_executes_systems ... ok
[INFO] [stdout] test change::tests::any_bytes_differ_true ... ok
[INFO] [stdout] test change::tests::diff_to_bitset_marks_changed_elements ... ok
[INFO] [stdout] test change::tests::identical_slices_no_runs ... ok
[INFO] [stdout] test app::tests::deferred_structural_commands_apply_after_stage ... ok
[INFO] [stdout] test archetype::archetype_tests::remove_entity_from_archetype ... ok
[INFO] [stdout] test change::tests::tracker_detects_change_after_version_bump ... ok
[INFO] [stdout] test change::tests::tracker_fast_exit_when_version_unchanged ... ok
[INFO] [stdout] test change::tests::single_byte_change ... ok
[INFO] [stdout] test change::tests::diff_to_bitset_stride8_hits_avx2_path ... ok
[INFO] [stdout] test change::tests::diff_to_bitset_stride8_large ... ok
[INFO] [stdout] test change::tests::adjacent_changes_merged ... ok
[INFO] [stdout] test change::tests::any_bytes_differ_false ... ok
[INFO] [stdout] test column::tests::typed_column_element_stride ... ok
[INFO] [stdout] test change::tests::tracker_no_snapshot_has_changes_returns_true ... ok
[INFO] [stdout] test change::tests::tracker_snapshot_and_check_no_change ... ok
[INFO] [stdout] test entity::tests::entities_with_different_generations_are_not_equal ... ok
[INFO] [stdout] test component::tests::component_trait_auto_implemented ... ok
[INFO] [stdout] test component::tests::component_type_ids_are_unique ... ok
[INFO] [stdout] test entity::tests::entity_stores_index_and_generation ... ok
[INFO] [stdout] test event::tests::begin_stage_resets_previous_committed_events ... ok
[INFO] [stdout] test event::tests::merge_keeps_system_registration_order ... ok
[INFO] [stdout] test event::tests::read_missing_event_type_returns_empty ... ok
[INFO] [stdout] test plugin::tests::plugin_trait_compiles ... ok
[INFO] [stdout] test change::tests::tracker_changed_bitset ... ok
[INFO] [stdout] test archetype::tests::component_set_builder ... ok
[INFO] [stdout] test app::tests::parallel_batch_requires_declared_access_metadata ... ok
[INFO] [stdout] test relation::tests::add_and_query_sources ... ok
[INFO] [stdout] test event::tests::for_each_reads_events_in_order_without_allocating ... ok
[INFO] [stdout] test app::tests::parallel_systems_merge_commands_in_registration_order ... ok
[INFO] [stdout] test column::tests::typed_column_as_bytes_roundtrip ... ok
[INFO] [stdout] test app::tests::add_plugin ... ok
[INFO] [stdout] test relation::tests::add_and_query_targets ... ok
[INFO] [stdout] test query::tests::query_mut_updates_components ... ok
[INFO] [stdout] test app::tests::add_system_to_stage ... ok
[INFO] [stdout] test resource::tests::get_missing_resource_returns_none ... ok
[INFO] [stdout] test relation::tests::remove_entity_cleans_all_directions ... ok
[INFO] [stdout] test resource::tests::overwrite_resource_by_type ... ok
[INFO] [stdout] test scheduler::tests::after_constraint_reorders_systems ... ok
[INFO] [stdout] test scheduler::tests::non_conflicting_systems_share_batch ... ok
[INFO] [stdout] test scheduler::tests::read_write_conflict_splits_batches ... ok
[INFO] [stdout] test query::tests::query_pair_returns_entities_with_both_components ... ok
[INFO] [stdout] test scheduler::tests::before_constraint_reorders_systems ... FAILED
[INFO] [stdout] test scheduler::tests::before_forces_separate_batches ... FAILED
[INFO] [stdout] test scheduler::tests::chain_of_three_systems ... FAILED
[INFO] [stdout] test scheduler::tests::cycle_panics - should panic ... ok
[INFO] [stdout] test sparse_set::tests::insert_and_get ... ok
[INFO] [stdout] test scheduler::tests::planned_execution_keeps_registration_order ... ok
[INFO] [stderr] memory allocation of 17179869180 bytes failed
[INFO] [stderr] stack backtrace:
[INFO] [stderr]    0:     0x58242ef08fc1 - <<std[70759c8f55707aa4]::sys::backtrace::BacktraceLock>::print::DisplayBacktrace as core[df12db4294e9bfd3]::fmt::Display>::fmt
[INFO] [stderr]    1:     0x58242ef1e70a - core[df12db4294e9bfd3]::fmt::write
[INFO] [stderr]    2:     0x58242ef0e3bc - <std[70759c8f55707aa4]::sys::stdio::unix::Stderr as core[df12db4294e9bfd3]::io::write::Write>::write_fmt
[INFO] [stderr]    3:     0x58242ef012d0 - std[70759c8f55707aa4]::alloc::default_alloc_error_hook
[INFO] [stderr]    4:     0x58242eee5226 - std[70759c8f55707aa4]::alloc::rust_oom::{closure#0}
[INFO] [stderr]    5:     0x58242eede129 - std[70759c8f55707aa4]::sys::backtrace::__rust_end_short_backtrace::<std[70759c8f55707aa4]::alloc::rust_oom::{closure#0}, !>
[INFO] [stderr]    6:     0x58242ef0134a - std[70759c8f55707aa4]::alloc::rust_oom
[INFO] [stderr]    7:     0x58242eee60b3 - __rustc[8fa7c3cbc660c2b3]::__rust_alloc_error_handler
[INFO] [stderr]    8:     0x58242ef1a04d - alloc[2182bb758b4b3781]::alloc::handle_alloc_error
[INFO] [stderr]    9:     0x58242ef1a062 - alloc[2182bb758b4b3781]::raw_vec::handle_error
[INFO] [stderr]   10:     0x58242ee87dae - <alloc[2182bb758b4b3781]::raw_vec::RawVecInner<_>>::reserve::do_reserve_and_handle::<alloc[2182bb758b4b3781]::alloc::Global>
[INFO] [stderr]   11:     0x58242ee570d8 - <skesis[51c6c1b9fb1d192e]::sparse_set::SparseSet<skesis[51c6c1b9fb1d192e]::sparse_set::tests::Health>>::insert
[INFO] [stderr]   12:     0x58242ee81097 - skesis[51c6c1b9fb1d192e]::sparse_set::tests::high_entity_index_works
[INFO] [stderr]   13:     0x58242ee83589 - <skesis[51c6c1b9fb1d192e]::sparse_set::tests::high_entity_index_works::{closure#0} as core[df12db4294e9bfd3]::ops::function::FnOnce<()>>::call_once
[INFO] [stderr]   14:     0x58242ee884bb - test[9d35eded1c95d3be]::__rust_begin_short_backtrace::<core[df12db4294e9bfd3]::result::Result<(), alloc[2182bb758b4b3781]::string::String>, fn() -> core[df12db4294e9bfd3]::result::Result<(), alloc[2182bb758b4b3781]::string::String>>
[INFO] [stderr]   15:     0x58242ee95b25 - test[9d35eded1c95d3be]::run_test::{closure#0}
[INFO] [stderr]   16:     0x58242ee8f3e4 - std[70759c8f55707aa4]::sys::backtrace::__rust_begin_short_backtrace::<test[9d35eded1c95d3be]::run_test::{closure#1}, ()>
[INFO] [stderr]   17:     0x58242ee98c82 - <std[70759c8f55707aa4]::thread::lifecycle::spawn_unchecked<test[9d35eded1c95d3be]::run_test::{closure#1}, ()>::{closure#1} as core[df12db4294e9bfd3]::ops::function::FnOnce<()>>::call_once::{shim:vtable#0}
[INFO] [stderr]   18:     0x58242ef08889 - <std[70759c8f55707aa4]::sys::thread::unix::Thread>::new::thread_start
[INFO] [stderr]   19:     0x71133aadedfa - <unknown>
[INFO] [stderr]   20:     0x71133ab723d4 - clone
[INFO] [stderr]   21:                0x0 - <unknown>
[INFO] [stdout] test app::tests::lifecycle_startup_runs_once ... ok
[INFO] [stdout] test relation::tests::remove_cleans_secondary_indices ... ok
[INFO] [stdout] test sparse_set::tests::multiple_entities ... ok
[INFO] [stdout] test sparse_set::tests::overwrite_existing ... ok
[INFO] [stdout] test sparse_set::tests::remove ... ok
[INFO] [stdout] test sparse_set::tests::sparse_array_memory_is_compact ... ok
[INFO] [stderr] error: test failed, to rerun pass `--lib`
[INFO] [stderr] 
[INFO] [stderr] Caused by:
[INFO] [stderr]   process didn't exit successfully: `/opt/rustwide/target/release/deps/skesis-c72039b5d941c17a` (signal: 6, SIGABRT: process abort signal)
[INFO] running `Command { std: "docker" "inspect" "6d22418246793981f606799686f1d6b672594119d287031dea9b54190f7e3207", kill_on_drop: false }`
[INFO] running `Command { std: "docker" "rm" "-f" "6d22418246793981f606799686f1d6b672594119d287031dea9b54190f7e3207", kill_on_drop: false }`
[INFO] [stdout] 6d22418246793981f606799686f1d6b672594119d287031dea9b54190f7e3207
