[INFO] fetching crate skeletor 0.3.16...
[INFO] testing skeletor-0.3.16 against 1.100.0-beta.1+cargoflags=--release for beta-release-1.100-2
[INFO] extracting crate skeletor 0.3.16 into /workspace/builds/worker-3-tc2/source
[INFO] started tweaking crates.io crate skeletor 0.3.16
[INFO] removed 0 missing examples
[INFO] removed 0 missing tests
[INFO] finished tweaking crates.io crate skeletor 0.3.16
[INFO] tweaked toml for crates.io crate skeletor 0.3.16 written to /workspace/builds/worker-3-tc2/source/Cargo.toml
[INFO] validating manifest of crates.io crate skeletor 0.3.16 on toolchain 1.100.0-beta.1
[INFO] running `Command { std: CARGO_HOME="/workspace/cargo-home" RUSTUP_HOME="/workspace/rustup-home" "/workspace/cargo-home/bin/cargo" "+1.100.0-beta.1" "metadata" "--manifest-path" "Cargo.toml" "--no-deps", kill_on_drop: false }`
[INFO] crate crates.io crate skeletor 0.3.16 already has a lockfile, it will not be regenerated
[INFO] running `Command { std: CARGO_HOME="/workspace/cargo-home" RUSTUP_HOME="/workspace/rustup-home" "/workspace/cargo-home/bin/cargo" "+1.100.0-beta.1" "fetch" "--manifest-path" "Cargo.toml", kill_on_drop: false }`
[INFO] running `Command { std: "docker" "create" "-v" "/var/lib/crater-agent-workspace/builds/worker-3-tc2/source:/opt/rustwide/workdir:ro,Z" "-v" "/var/lib/crater-agent-workspace/builds/worker-3-tc2/target:/opt/rustwide/target:rw,Z" "-v" "/var/lib/crater-agent-workspace/cargo-home:/opt/rustwide/cargo-home:ro,Z" "-v" "/var/lib/crater-agent-workspace/rustup-home:/opt/rustwide/rustup-home:ro,Z" "-m" "1610612736" "--network" "none" "ghcr.io/rust-lang/crates-build-env/linux@sha256:77db811e55d90add9212f6832c23229e3de5f1c1f9905e8cb07319ea15df73ac" "sleep" "infinity", kill_on_drop: false }`
[INFO] [stdout] e1fd85894ff788e207eb0da120a940c9a4f157832bc086d6c2d4fb05c8eb3572
[INFO] running `Command { std: "docker" "start" "e1fd85894ff788e207eb0da120a940c9a4f157832bc086d6c2d4fb05c8eb3572", kill_on_drop: false }`
[INFO] running `Command { std: "docker" "inspect" "e1fd85894ff788e207eb0da120a940c9a4f157832bc086d6c2d4fb05c8eb3572", kill_on_drop: false }`
[INFO] running `Command { std: "docker" "exec" "-e" "SOURCE_DIR=/opt/rustwide/workdir" "-e" "CARGO_HOME=/opt/rustwide/cargo-home" "-e" "RUSTUP_HOME=/opt/rustwide/rustup-home" "-e" "CARGO_TARGET_DIR=/opt/rustwide/target" "-w" "/opt/rustwide/workdir" "--user" "0:0" "e1fd85894ff788e207eb0da120a940c9a4f157832bc086d6c2d4fb05c8eb3572" "/opt/rustwide/cargo-home/bin/cargo" "+1.100.0-beta.1" "metadata" "--no-deps" "--format-version=1", kill_on_drop: false }`
[INFO] running `Command { std: "docker" "inspect" "e1fd85894ff788e207eb0da120a940c9a4f157832bc086d6c2d4fb05c8eb3572", kill_on_drop: false }`
[INFO] running `Command { std: "docker" "exec" "-e" "SOURCE_DIR=/opt/rustwide/workdir" "-e" "CARGO_HOME=/opt/rustwide/cargo-home" "-e" "RUSTUP_HOME=/opt/rustwide/rustup-home" "-e" "CARGO_TARGET_DIR=/opt/rustwide/target" "-e" "CARGO_INCREMENTAL=0" "-e" "RUST_BACKTRACE=full" "-e" "RUSTFLAGS=--cap-lints=warn" "-e" "RUSTDOCFLAGS=--cap-lints=warn" "-w" "/opt/rustwide/workdir" "--user" "0:0" "e1fd85894ff788e207eb0da120a940c9a4f157832bc086d6c2d4fb05c8eb3572" "/opt/rustwide/cargo-home/bin/cargo" "+1.100.0-beta.1" "build" "--frozen" "--message-format=json" "--release", kill_on_drop: false }`
[INFO] [stderr]    Compiling memchr v2.7.6
[INFO] [stderr]    Compiling proc-macro2 v1.0.101
[INFO] [stderr]    Compiling unicode-ident v1.0.19
[INFO] [stderr]    Compiling regex-syntax v0.8.6
[INFO] [stderr]    Compiling utf8parse v0.2.2
[INFO] [stderr]    Compiling crossbeam-utils v0.8.21
[INFO] [stderr]    Compiling colorchoice v1.0.4
[INFO] [stderr]    Compiling serde_core v1.0.227
[INFO] [stderr]    Compiling log v0.4.28
[INFO] [stderr]    Compiling anstyle-query v1.1.4
[INFO] [stderr]    Compiling is_terminal_polyfill v1.70.1
[INFO] [stderr]    Compiling anstyle v1.0.11
[INFO] [stderr]    Compiling serde v1.0.227
[INFO] [stderr]    Compiling heck v0.5.0
[INFO] [stderr]    Compiling itoa v1.0.15
[INFO] [stderr]    Compiling powerfmt v0.2.0
[INFO] [stderr]    Compiling anstyle-parse v0.2.7
[INFO] [stderr]    Compiling same-file v1.0.6
[INFO] [stderr]    Compiling clap_lex v0.7.5
[INFO] [stderr]    Compiling equivalent v1.0.2
[INFO] [stderr]    Compiling thiserror v1.0.69
[INFO] [stderr]    Compiling strsim v0.11.1
[INFO] [stderr]    Compiling hashbrown v0.16.0
[INFO] [stderr]    Compiling walkdir v2.5.0
[INFO] [stderr]    Compiling unsafe-libyaml v0.2.11
[INFO] [stderr]    Compiling num-conv v0.1.0
[INFO] [stderr]    Compiling anstream v0.6.20
[INFO] [stderr]    Compiling deranged v0.5.5
[INFO] [stderr]    Compiling ryu v1.0.20
[INFO] [stderr]    Compiling time-core v0.1.6
[INFO] [stderr]    Compiling jiff v0.2.15
[INFO] [stderr]    Compiling termcolor v1.4.1
[INFO] [stderr]    Compiling clap_builder v4.5.48
[INFO] [stderr]    Compiling indexmap v2.11.4
[INFO] [stderr]    Compiling crossbeam-epoch v0.9.18
[INFO] [stderr]    Compiling aho-corasick v1.1.3
[INFO] [stderr]    Compiling bstr v1.12.0
[INFO] [stderr]    Compiling quote v1.0.40
[INFO] [stderr]    Compiling syn v2.0.106
[INFO] [stderr]    Compiling crossbeam-deque v0.8.6
[INFO] [stderr]    Compiling time v0.3.44
[INFO] [stderr]    Compiling regex-automata v0.4.11
[INFO] [stderr]    Compiling serde_yaml v0.9.34+deprecated
[INFO] [stderr]    Compiling thiserror-impl v1.0.69
[INFO] [stderr]    Compiling clap_derive v4.5.47
[INFO] [stderr]    Compiling regex v1.11.3
[INFO] [stderr]    Compiling globset v0.4.16
[INFO] [stderr]    Compiling env_filter v0.1.3
[INFO] [stderr]    Compiling env_logger v0.11.8
[INFO] [stderr]    Compiling clap v4.5.48
[INFO] [stderr]    Compiling ignore v0.4.23
[INFO] [stderr]    Compiling skeletor v0.3.16 (/opt/rustwide/workdir)
[INFO] [stderr]     Finished `release` profile [optimized] target(s) in 53.84s
[INFO] running `Command { std: "docker" "inspect" "e1fd85894ff788e207eb0da120a940c9a4f157832bc086d6c2d4fb05c8eb3572", kill_on_drop: false }`
[INFO] running `Command { std: "docker" "exec" "-e" "SOURCE_DIR=/opt/rustwide/workdir" "-e" "CARGO_HOME=/opt/rustwide/cargo-home" "-e" "RUSTUP_HOME=/opt/rustwide/rustup-home" "-e" "CARGO_TARGET_DIR=/opt/rustwide/target" "-e" "CARGO_INCREMENTAL=0" "-e" "RUST_BACKTRACE=full" "-e" "RUSTFLAGS=--cap-lints=warn" "-e" "RUSTDOCFLAGS=--cap-lints=warn" "-w" "/opt/rustwide/workdir" "--user" "0:0" "e1fd85894ff788e207eb0da120a940c9a4f157832bc086d6c2d4fb05c8eb3572" "/opt/rustwide/cargo-home/bin/cargo" "+1.100.0-beta.1" "test" "--frozen" "--no-run" "--message-format=json" "--release", kill_on_drop: false }`
[INFO] [stderr]    Compiling libc v0.2.176
[INFO] [stderr]    Compiling getrandom v0.3.3
[INFO] [stderr]    Compiling rustix v1.1.2
[INFO] [stderr]    Compiling cfg-if v1.0.3
[INFO] [stderr]    Compiling bitflags v2.9.4
[INFO] [stderr]    Compiling linux-raw-sys v0.11.0
[INFO] [stderr]    Compiling fastrand v2.3.0
[INFO] [stderr]    Compiling once_cell v1.21.3
[INFO] [stderr]    Compiling tempfile v3.23.0
[INFO] [stderr]    Compiling skeletor v0.3.16 (/opt/rustwide/workdir)
[INFO] [stderr]     Finished `release` profile [optimized] target(s) in 51.14s
[INFO] running `Command { std: "docker" "inspect" "e1fd85894ff788e207eb0da120a940c9a4f157832bc086d6c2d4fb05c8eb3572", kill_on_drop: false }`
[INFO] running `Command { std: "docker" "exec" "-e" "SOURCE_DIR=/opt/rustwide/workdir" "-e" "CARGO_HOME=/opt/rustwide/cargo-home" "-e" "RUSTUP_HOME=/opt/rustwide/rustup-home" "-e" "CARGO_TARGET_DIR=/opt/rustwide/target" "-e" "CARGO_INCREMENTAL=0" "-e" "RUST_BACKTRACE=full" "-e" "RUSTFLAGS=--cap-lints=warn" "-e" "RUSTDOCFLAGS=--cap-lints=warn" "-w" "/opt/rustwide/workdir" "--user" "0:0" "e1fd85894ff788e207eb0da120a940c9a4f157832bc086d6c2d4fb05c8eb3572" "/opt/rustwide/cargo-home/bin/cargo" "+1.100.0-beta.1" "test" "--frozen" "--release", kill_on_drop: false }`
[INFO] [stderr]     Finished `release` profile [optimized] target(s) in 0.10s
[INFO] [stderr]      Running unittests src/lib.rs (/opt/rustwide/target/release/build/skeletor/0af5512f7f48fbf4/out/skeletor-0af5512f7f48fbf4)
[INFO] [stdout] 
[INFO] [stdout] running 111 tests
[INFO] [stdout] test apply::tests::test_apply_config_from_matches ... ok
[INFO] [stdout] test apply::tests::test_apply_with_missing_config_file ... ok
[INFO] [stdout] test apply::tests::test_apply_output_defaults_to_current_dir ... ok
[INFO] [stdout] test apply::tests::test_parse_arguments_with_overwrite_apply ... ok
[INFO] [stdout] test apply::tests::test_apply_config_defaults ... ok
[INFO] [stdout] test config::tests::test_default_file_path_when_input_not_provided ... ok
[INFO] [stdout] test apply::tests::test_apply_overwrite_flag_is_separate_from_output ... ok
[INFO] [stdout] test apply::tests::test_apply_with_output_directory ... ok
[INFO] [stdout] start: 0.31mstest apply::tests::test_apply_respects_ignore_patterns ... ok
[INFO] [stdout] test config::tests::test_default_file_path_with_input ... ok
[INFO] [stdout] test apply::tests::test_apply_with_binary_files_and_ignore_patterns ... ok
[INFO] [stdout] test config::tests::test_skeletor_config_from_yaml_str_missing_directories ... ok
[INFO] [stdout] test apply::tests::test_extract_ignore_patterns_from_yaml ... ok
[INFO] [stdout] test config::tests::test_skeletor_config_from_yaml_str_partial_metadata ... ok
[INFO] [stdout] test config::tests::test_read_config_invalid ... ok
[INFO] [stdout] test config::tests::test_skeletor_config_from_yaml_str_with_metadata ... ok
[INFO] [stdout] test apply::tests::test_apply_with_dry_run ... ok
[INFO] [stdout] start: test config::tests::test_skeletor_config_new ... ok
[INFO] [stdout] test apply::tests::test_apply_with_invalid_yaml ... ok
[INFO] [stdout] test errors::tests::test_directory_not_found_error ... ok
[INFO] [stdout] test config::tests::read_config_valid ... ok
[INFO] [stdout] test errors::tests::test_directory_not_found_helper ... ok
[INFO] [stdout] 0.72msstart: test config::tests::test_read_config_missing_directories_key ... ok
[INFO] [stdout] test config::tests::test_skeletor_config_from_file_not_found ... ok
[INFO] [stdout] test errors::tests::test_invalid_yaml_error ... ok
[INFO] [stdout] test apply::tests::test_extract_binary_files_from_yaml ... ok
[INFO] [stdout] test config::tests::test_skeletor_config_from_file_valid ... ok
[INFO] [stdout] test errors::tests::test_from_io_with_context_file_not_found ... ok
[INFO] [stdout] test apply::tests::test_apply_without_directories_key ... ok
[INFO] [stdout] 0.69mstest errors::tests::test_permission_denied_error ... ok
[INFO] [stdout] test errors::tests::test_yaml_error_conversion ... ok
[INFO] [stdout] 0.28mstest apply::tests::test_apply_with_overwrite_flag ... ok
[INFO] [stdout] test apply::tests::test_apply_with_verbose_flag ... ok
[INFO] [stdout] test info::tests::test_run_info_with_input ... ok
[INFO] [stdout] test info::tests::test_run_info_defaults_to_local_config ... ok
[INFO] [stdout] test info::tests::test_run_info_with_invalid_yaml ... ok
[INFO] [stdout] test info::tests::test_run_info_with_missing_file ... ok
[INFO] [stdout] 100.00ms100.00mstip: 100.00mstip: 100.00mstest output::tests::test_apply_complete_no_skips_or_overwrites ... ok
[INFO] [stdout] test output::tests::test_apply_complete_plain_format ... ok
[INFO] [stdout] test output::tests::test_apply_complete_verbose_vs_non_verbose ... ok
[INFO] [stdout] test output::tests::test_clone_functionality ... ok
[INFO] [stdout] test errors::tests::test_missing_config_key_helper ... ok
[INFO] [stdout] test errors::tests::test_from_io_with_context_other_error ... okstart: progress: File: warning: 150.00msSnapshot written to 
[INFO] [stdout] test errors::tests::test_error_debug_format ... ok
[INFO] [stdout] test errors::tests::test_from_io_with_context_permission_denied ... ok
[INFO] [stdout] test errors::tests::test_invalid_ignore_pattern_error ... ok
[INFO] [stdout] test errors::tests::test_invalid_yaml_helper ... ok
[INFO] [stdout] test errors::tests::test_file_not_found_error ... ok
[INFO] [stdout] test errors::tests::test_io_error_conversion ... ok
[INFO] [stdout] test output::tests::test_default_reporter_default_impl ... ok
[INFO] [stdout] test apply::tests::test_apply_with_long_output_flag ... ok
[INFO] [stdout] test errors::tests::test_from_io_with_context_directory_not_found ... ok
[INFO] [stdout] test errors::tests::test_missing_config_key_error ... ok
[INFO] [stdout] test output::tests::test_dry_run_preview_comprehensive_empty_lists ... ok
[INFO] [stdout] test output::tests::test_default_reporter_methods ... ok
[INFO] [stdout] test info::tests::test_run_info_with_stats_and_ignore_patterns ... ok
[INFO] [stdout] Snapshot written to File: warning: start: progress: test output::tests::test_reporter_with_format ... ok
[INFO] [stdout] test output::tests::test_snapshot_complete_plain_format ... ok
[INFO] [stdout] test output::tests::test_snapshot_complete_with_binary_files ... ok
[INFO] [stdout] test output::tests::test_default_reporter_creation ... ok
[INFO] [stdout] test output::tests::test_verbose_operation_preview ... ok
[INFO] [stdout] test output::tests::test_silent_reporter_comprehensive ... ok
[INFO] [stdout] test output::tests::test_color_output_functionality ... ok
[INFO] [stdout] test output::tests::test_with_skipped_and_overwritten_constructor ... ok
[INFO] [stdout] test snapshot::tests::test_compute_stats ... ok
[INFO] [stdout] test output::tests::test_dry_run_preview_comprehensive_non_verbose ... ok
[INFO] [stdout] test output::tests::test_dry_run_preview_comprehensive_verbose ... ok
[INFO] [stdout] test output::tests::test_simple_apply_result_creation ... ok
[INFO] [stdout] test snapshot::tests::test_run_snapshot_with_dry_run ... ok
[INFO] [stdout] test output::tests::test_verbose_operation_preview_empty ... ok
[INFO] [stdout] Snapshot written to test output::tests::test_output_format_debug ... ok
[INFO] [stdout] test output::tests::test_silent_reporter_methods ... ok
[INFO] [stdout] test output::tests::test_plain_format_reporter ... ok
[INFO] [stdout] test output::tests::test_simple_results_debug ... ok
[INFO] [stdout] warning: tip: test snapshot::tests::test_collect_ignore_patterns_with_invalid_direct_pattern ... ok
[INFO] [stdout] test output::tests::test_snapshot_complete_no_binary_files ... ok
[INFO] [stdout] Snapshot written to warning: tip: test snapshot::tests::test_run_snapshot_with_binary_files ... FAILED
[INFO] [stdout] test snapshot::tests::test_collect_ignore_patterns_mixed_valid_and_invalid_file ... ok
[INFO] [stdout] test snapshot::tests::test_collect_ignore_patterns_with_invalid_patterns_in_file ... ok
[INFO] [stdout] test snapshot::tests::test_run_snapshot_with_existing_output_file ... ok
[INFO] [stdout] test tasks::tests::test_create_files_and_directories_with_directory_creation_failure ... ok
[INFO] [stdout] test snapshot::tests::test_snapshot_directory_without_contents ... ok
[INFO] [stdout] test snapshot::tests::test_run_snapshot_with_stdout_flag ... ok
[INFO] [stdout] test snapshot::tests::test_traverse_directory ... ok
[INFO] [stdout] test tasks::tests::test_compute_stats ... ok
[INFO] [stdout] test tasks::tests::test_compute_stats_empty_structure ... ok
[INFO] [stdout] test snapshot::tests::test_snapshot_directory_with_contents ... ok
[INFO] [stdout] test tasks::tests::test_compute_stats_non_string_values ... ok
[INFO] [stdout] test tasks::tests::test_create_files_and_directories ... ok
[INFO] [stdout] test tasks::tests::test_create_files_and_directories_without_overwrite ... ok
[INFO] [stdout] test tasks::tests::test_creation_result_debug_and_clone ... ok
[INFO] [stdout] test tasks::tests::test_creation_result_new_and_default ... ok
[INFO] [stdout] test snapshot::tests::test_run_snapshot_with_final_println ... FAILED
[INFO] [stdout] test tasks::tests::test_traverse_directory ... ok
[INFO] [stdout] test tasks::tests::test_traverse_structure_empty_input ... ok
[INFO] [stdout] test tasks::tests::test_traverse_structure_rejects_unsafe_paths ... ok
[INFO] [stdout] test tasks::tests::test_traverse_structure_with_non_mapping_values ... ok
[INFO] [stdout] test utils::tests::test_read_file_to_string ... ok
[INFO] [stdout] test utils::tests::test_parse_yaml_string_invalid ... ok
[INFO] [stdout] test utils::tests::test_read_yaml_file ... ok
[INFO] [stdout] test snapshot::tests::test_run_snapshot_with_ignore_patterns ... FAILED
[INFO] [stdout] test utils::tests::test_write_string_to_file ... ok
[INFO] [stdout] Snapshot written to test snapshot::tests::test_run_snapshot_with_notes ... ok
[INFO] [stdout] Snapshot written to test snapshot::tests::test_run_snapshot_with_output ... ok
[INFO] [stdout] test utils::tests::test_parse_yaml_string ... ok
[INFO] [stdout] test tasks::tests::test_traverse_structure ... ok
[INFO] [stdout] test tasks::tests::test_traverse_directory_with_verbose_logging ... ok
[INFO] [stdout] test tasks::tests::test_traverse_directory_with_include_contents ... ok
[INFO] [stdout] test tasks::tests::test_create_files_and_directories_with_overwrite ... ok
[INFO] [stdout] test tasks::tests::test_traverse_directory_ignore_patterns_from_root ... ok
[INFO] [stdout] test tasks::tests::test_create_files_and_directories_progress_logging ... ok
[INFO] [stdout] 
[INFO] [stdout] failures:
[INFO] [stdout] 
[INFO] [stdout] ---- snapshot::tests::test_run_snapshot_with_binary_files stdout ----
[INFO] [stdout] 
[INFO] [stdout] thread 'snapshot::tests::test_run_snapshot_with_binary_files' (1124) panicked at src/snapshot.rs:533:13:
[INFO] [stdout] run_snapshot failed: Err(Io(Os { code: 30, kind: ReadOnlyFilesystem, message: "Read-only file system" }))
[INFO] [stdout] stack backtrace:
[INFO] [stdout]    0:     0x5c73ba7eca45 - <unknown>
[INFO] [stdout]    1:     0x5c73ba72d96a - <unknown>
[INFO] [stdout]    2:     0x5c73ba7ec0db - <unknown>
[INFO] [stdout]    3:     0x5c73ba7ebbbf - <unknown>
[INFO] [stdout]    4:     0x5c73ba7eb7ea - <unknown>
[INFO] [stdout]    5:     0x5c73ba7eb325 - <unknown>
[INFO] [stdout]    6:     0x5c73ba812161 - <unknown>
[INFO] [stdout]    7:     0x5c73ba812119 - <unknown>
[INFO] [stdout]    8:     0x5c73ba81261c - <unknown>
[INFO] [stdout]    9:     0x5c73ba72d7fb - <unknown>
[INFO] [stdout]   10:     0x5c73ba6c0895 - <unknown>
[INFO] [stdout]   11:     0x5c73ba82e6cb - <unknown>
[INFO] [stdout]   12:     0x5c73ba829b2f - <unknown>
[INFO] [stdout]   13:     0x5c73ba8295ac - <unknown>
[INFO] [stdout]   14:     0x5c73ba84984c - <unknown>
[INFO] [stdout]   15:     0x5c73ba813d84 - <unknown>
[INFO] [stdout]   16:     0x71de3a64cdfa - <unknown>
[INFO] [stdout]   17:     0x71de3a6e03d4 - clone
[INFO] [stdout]   18:                0x0 - <unknown>
[INFO] [stdout] 
[INFO] [stdout] ---- snapshot::tests::test_run_snapshot_with_final_println stdout ----
[INFO] [stdout] 
[INFO] [stdout] thread 'snapshot::tests::test_run_snapshot_with_final_println' (1127) panicked at src/snapshot.rs:620:13:
[INFO] [stdout] run_snapshot failed: Err(Io(Os { code: 30, kind: ReadOnlyFilesystem, message: "Read-only file system" }))
[INFO] [stdout] stack backtrace:
[INFO] [stdout]    0:     0x5c73ba7eca45 - <unknown>
[INFO] [stdout]    1:     0x5c73ba72d96a - <unknown>
[INFO] [stdout]    2:     0x5c73ba7ec0db - <unknown>
[INFO] [stdout]    3:     0x5c73ba7ebbbf - <unknown>
[INFO] [stdout]    4:     0x5c73ba7eb7ea - <unknown>
[INFO] [stdout]    5:     0x5c73ba7eb325 - <unknown>
[INFO] [stdout]    6:     0x5c73ba812161 - <unknown>
[INFO] [stdout]    7:     0x5c73ba812119 - <unknown>
[INFO] [stdout]    8:     0x5c73ba81261c - <unknown>
[INFO] [stdout]    9:     0x5c73ba72d7fb - <unknown>
[INFO] [stdout]   10:     0x5c73ba6c0a8e - <unknown>
[INFO] [stdout]   11:     0x5c73ba82e6cb - <unknown>
[INFO] [stdout]   12:     0x5c73ba829b2f - <unknown>
[INFO] [stdout]   13:     0x5c73ba8295ac - <unknown>
[INFO] [stdout]   14:     0x5c73ba84984c - <unknown>
[INFO] [stdout]   15:     0x5c73ba813d84 - <unknown>
[INFO] [stdout]   16:     0x71de3a64cdfa - <unknown>
[INFO] [stdout]   17:     0x71de3a6e03d4 - clone
[INFO] [stdout]   18:                0x0 - <unknown>
[INFO] [stdout] 
[INFO] [stdout] ---- snapshot::tests::test_run_snapshot_with_ignore_patterns stdout ----
[INFO] [stdout] 
[INFO] [stdout] thread 'snapshot::tests::test_run_snapshot_with_ignore_patterns' (1128) panicked at src/snapshot.rs:514:13:
[INFO] [stdout] run_snapshot failed: Err(Io(Os { code: 30, kind: ReadOnlyFilesystem, message: "Read-only file system" }))
[INFO] [stdout] stack backtrace:
[INFO] [stdout]    0:     0x5c73ba7eca45 - <unknown>
[INFO] [stdout]    1:     0x5c73ba72d96a - <unknown>
[INFO] [stdout]    2:     0x5c73ba7ec0db - <unknown>
[INFO] [stdout]    3:     0x5c73ba7ebbbf - <unknown>
[INFO] [stdout]    4:     0x5c73ba7eb7ea - <unknown>
[INFO] [stdout]    5:     0x5c73ba7eb325 - <unknown>
[INFO] [stdout]    6:     0x5c73ba812161 - <unknown>
[INFO] [stdout]    7:     0x5c73ba812119 - <unknown>
[INFO] [stdout]    8:     0x5c73ba81261c - <unknown>
[INFO] [stdout]    9:     0x5c73ba72d7fb - <unknown>
[INFO] [stdout]   10:     0x5c73ba6c107a - <unknown>
[INFO] [stdout]   11:     0x5c73ba82e6cb - <unknown>
[INFO] [stdout]   12:     0x5c73ba829b2f - <unknown>
[INFO] [stdout]   13:     0x5c73ba8295ac - <unknown>
[INFO] [stdout]   14:     0x5c73ba84984c - <unknown>
[INFO] [stdout]   15:     0x5c73ba813d84 - <unknown>
[INFO] [stdout]   16:     0x71de3a64cdfa - <unknown>
[INFO] [stdout]   17:     0x71de3a6e03d4 - clone
[INFO] [stdout]   18:                0x0 - <unknown>
[INFO] [stdout] 
[INFO] [stdout] 
[INFO] [stdout] failures:
[INFO] [stdout]     snapshot::tests::test_run_snapshot_with_binary_files
[INFO] [stdout]     snapshot::tests::test_run_snapshot_with_final_println
[INFO] [stdout]     snapshot::tests::test_run_snapshot_with_ignore_patterns
[INFO] [stdout] 
[INFO] [stdout] test result: FAILED. 108 passed; 3 failed; 0 ignored; 0 measured; 0 filtered out; finished in 0.17s
[INFO] [stdout] 
[INFO] [stderr] error: test failed, to rerun pass `--lib`
[INFO] running `Command { std: "docker" "inspect" "e1fd85894ff788e207eb0da120a940c9a4f157832bc086d6c2d4fb05c8eb3572", kill_on_drop: false }`
[INFO] running `Command { std: "docker" "rm" "-f" "e1fd85894ff788e207eb0da120a940c9a4f157832bc086d6c2d4fb05c8eb3572", kill_on_drop: false }`
[INFO] [stdout] e1fd85894ff788e207eb0da120a940c9a4f157832bc086d6c2d4fb05c8eb3572
