[INFO] fetching crate sjfl 0.4.0...
[INFO] testing sjfl-0.4.0 against 1.100.0-beta.1+cargoflags=--release for beta-release-1.100-2
[INFO] extracting crate sjfl 0.4.0 into /workspace/builds/worker-2-tc2/source
[INFO] started tweaking crates.io crate sjfl 0.4.0
[INFO] finished tweaking crates.io crate sjfl 0.4.0
[INFO] tweaked toml for crates.io crate sjfl 0.4.0 written to /workspace/builds/worker-2-tc2/source/Cargo.toml
[INFO] validating manifest of crates.io crate sjfl 0.4.0 on toolchain 1.100.0-beta.1
[INFO] running `Command { std: CARGO_HOME="/workspace/cargo-home" RUSTUP_HOME="/workspace/rustup-home" "/workspace/cargo-home/bin/cargo" "+1.100.0-beta.1" "metadata" "--manifest-path" "Cargo.toml" "--no-deps", kill_on_drop: false }`
[INFO] running `Command { std: CARGO_HOME="/workspace/cargo-home" RUSTUP_HOME="/workspace/rustup-home" "/workspace/cargo-home/bin/cargo" "+1.100.0-beta.1" "generate-lockfile" "--manifest-path" "Cargo.toml", kill_on_drop: false }`
[INFO] [stderr]     Updating crates.io index
[INFO] [stderr]      Locking 1 package to highest compatible version
[INFO] running `Command { std: CARGO_HOME="/workspace/cargo-home" RUSTUP_HOME="/workspace/rustup-home" "/workspace/cargo-home/bin/cargo" "+1.100.0-beta.1" "fetch" "--manifest-path" "Cargo.toml", kill_on_drop: false }`
[INFO] running `Command { std: "docker" "create" "-v" "/var/lib/crater-agent-workspace/builds/worker-2-tc2/source:/opt/rustwide/workdir:ro,Z" "-v" "/var/lib/crater-agent-workspace/builds/worker-2-tc2/target:/opt/rustwide/target:rw,Z" "-v" "/var/lib/crater-agent-workspace/cargo-home:/opt/rustwide/cargo-home:ro,Z" "-v" "/var/lib/crater-agent-workspace/rustup-home:/opt/rustwide/rustup-home:ro,Z" "-m" "1610612736" "--network" "none" "ghcr.io/rust-lang/crates-build-env/linux@sha256:77db811e55d90add9212f6832c23229e3de5f1c1f9905e8cb07319ea15df73ac" "sleep" "infinity", kill_on_drop: false }`
[INFO] [stdout] ea35c284a8a47a9255a8c9019b5a26250ce46477f86ad7901bd166378e59a187
[INFO] running `Command { std: "docker" "start" "ea35c284a8a47a9255a8c9019b5a26250ce46477f86ad7901bd166378e59a187", kill_on_drop: false }`
[INFO] running `Command { std: "docker" "inspect" "ea35c284a8a47a9255a8c9019b5a26250ce46477f86ad7901bd166378e59a187", kill_on_drop: false }`
[INFO] running `Command { std: "docker" "exec" "-e" "SOURCE_DIR=/opt/rustwide/workdir" "-e" "CARGO_HOME=/opt/rustwide/cargo-home" "-e" "RUSTUP_HOME=/opt/rustwide/rustup-home" "-e" "CARGO_TARGET_DIR=/opt/rustwide/target" "-w" "/opt/rustwide/workdir" "--user" "0:0" "ea35c284a8a47a9255a8c9019b5a26250ce46477f86ad7901bd166378e59a187" "/opt/rustwide/cargo-home/bin/cargo" "+1.100.0-beta.1" "metadata" "--no-deps" "--format-version=1", kill_on_drop: false }`
[INFO] running `Command { std: "docker" "inspect" "ea35c284a8a47a9255a8c9019b5a26250ce46477f86ad7901bd166378e59a187", kill_on_drop: false }`
[INFO] running `Command { std: "docker" "exec" "-e" "SOURCE_DIR=/opt/rustwide/workdir" "-e" "CARGO_HOME=/opt/rustwide/cargo-home" "-e" "RUSTUP_HOME=/opt/rustwide/rustup-home" "-e" "CARGO_TARGET_DIR=/opt/rustwide/target" "-e" "CARGO_INCREMENTAL=0" "-e" "RUST_BACKTRACE=full" "-e" "RUSTFLAGS=--cap-lints=warn" "-e" "RUSTDOCFLAGS=--cap-lints=warn" "-w" "/opt/rustwide/workdir" "--user" "0:0" "ea35c284a8a47a9255a8c9019b5a26250ce46477f86ad7901bd166378e59a187" "/opt/rustwide/cargo-home/bin/cargo" "+1.100.0-beta.1" "build" "--frozen" "--message-format=json" "--release", kill_on_drop: false }`
[INFO] [stderr]    Compiling hmath v0.1.17
[INFO] [stderr]    Compiling sjfl v0.4.0 (/opt/rustwide/workdir)
[INFO] [stdout] warning: irrefutable `if let` pattern
[INFO] [stdout]   --> src/session.rs:70:32
[INFO] [stdout]    |
[INFO] [stdout] 70 | ...                   if let Ok(path) = PathBuf::from_str(file) {
[INFO] [stdout]    |                          ^^^^^^^^^^^^^^^^^^^^^^^^^^^^^^^^^^^^^^
[INFO] [stdout]    |
[INFO] [stdout]    = note: this pattern will always match, so the `if let` is useless
[INFO] [stdout]    = help: consider replacing the `if let` with a `let`
[INFO] [stdout]    = note: `#[warn(irrefutable_let_patterns)]` on by default
[INFO] [stdout] 
[INFO] [stdout] 
[INFO] [stdout] warning: unused variable: `file_name`
[INFO] [stdout]    --> src/lib.rs:185:21
[INFO] [stdout]     |
[INFO] [stdout] 185 | pub fn execute_file(file_name: &str, session: &mut Session) -> Result<(), (SJFLError, String)> {
[INFO] [stdout]     |                     ^^^^^^^^^ help: if this is intentional, prefix it with an underscore: `_file_name`
[INFO] [stdout]     |
[INFO] [stdout]     = note: `#[warn(unused_variables)]` (part of `#[warn(unused)]`) on by default
[INFO] [stdout] 
[INFO] [stdout] 
[INFO] [stdout] warning: unused variable: `session`
[INFO] [stdout]    --> src/lib.rs:185:38
[INFO] [stdout]     |
[INFO] [stdout] 185 | pub fn execute_file(file_name: &str, session: &mut Session) -> Result<(), (SJFLError, String)> {
[INFO] [stdout]     |                                      ^^^^^^^ help: if this is intentional, prefix it with an underscore: `_session`
[INFO] [stdout] 
[INFO] [stdout] 
[INFO] [stdout] warning: constant `META_CONST_NUM_BEGIN` is never used
[INFO] [stdout]   --> src/bsjfl.rs:46:11
[INFO] [stdout]    |
[INFO] [stdout] 46 | pub const META_CONST_NUM_BEGIN: u8 = 3;
[INFO] [stdout]    |           ^^^^^^^^^^^^^^^^^^^^
[INFO] [stdout]    |
[INFO] [stdout]    = note: `#[warn(dead_code)]` (part of `#[warn(unused)]`) on by default
[INFO] [stdout] 
[INFO] [stdout] 
[INFO] [stdout] warning: constant `META_STRING_GET` is never used
[INFO] [stdout]   --> src/bsjfl.rs:63:11
[INFO] [stdout]    |
[INFO] [stdout] 63 | pub const META_STRING_GET: u8 = 208;
[INFO] [stdout]    |           ^^^^^^^^^^^^^^^
[INFO] [stdout] 
[INFO] [stdout] 
[INFO] [stdout] warning: constant `META_STRING_SET` is never used
[INFO] [stdout]   --> src/bsjfl.rs:64:11
[INFO] [stdout]    |
[INFO] [stdout] 64 | pub const META_STRING_SET: u8 = 209;
[INFO] [stdout]    |           ^^^^^^^^^^^^^^^
[INFO] [stdout] 
[INFO] [stdout] 
[INFO] [stderr]     Finished `release` profile [optimized] target(s) in 9.31s
[INFO] running `Command { std: "docker" "inspect" "ea35c284a8a47a9255a8c9019b5a26250ce46477f86ad7901bd166378e59a187", kill_on_drop: false }`
[INFO] running `Command { std: "docker" "exec" "-e" "SOURCE_DIR=/opt/rustwide/workdir" "-e" "CARGO_HOME=/opt/rustwide/cargo-home" "-e" "RUSTUP_HOME=/opt/rustwide/rustup-home" "-e" "CARGO_TARGET_DIR=/opt/rustwide/target" "-e" "CARGO_INCREMENTAL=0" "-e" "RUST_BACKTRACE=full" "-e" "RUSTFLAGS=--cap-lints=warn" "-e" "RUSTDOCFLAGS=--cap-lints=warn" "-w" "/opt/rustwide/workdir" "--user" "0:0" "ea35c284a8a47a9255a8c9019b5a26250ce46477f86ad7901bd166378e59a187" "/opt/rustwide/cargo-home/bin/cargo" "+1.100.0-beta.1" "test" "--frozen" "--no-run" "--message-format=json" "--release", kill_on_drop: false }`
[INFO] [stdout] warning: irrefutable `if let` pattern
[INFO] [stdout]   --> src/session.rs:70:32
[INFO] [stdout]    |
[INFO] [stdout] 70 | ...                   if let Ok(path) = PathBuf::from_str(file) {
[INFO] [stdout]    |                          ^^^^^^^^^^^^^^^^^^^^^^^^^^^^^^^^^^^^^^
[INFO] [stdout]    |
[INFO] [stdout]    = note: this pattern will always match, so the `if let` is useless
[INFO] [stdout]    = help: consider replacing the `if let` with a `let`
[INFO] [stdout]    = note: `#[warn(irrefutable_let_patterns)]` on by default
[INFO] [stdout] 
[INFO] [stdout] 
[INFO] [stdout] warning: unused variable: `file_name`
[INFO] [stdout]    --> src/lib.rs:185:21
[INFO] [stdout]     |
[INFO] [stdout] 185 | pub fn execute_file(file_name: &str, session: &mut Session) -> Result<(), (SJFLError, String)> {
[INFO] [stdout]     |                     ^^^^^^^^^ help: if this is intentional, prefix it with an underscore: `_file_name`
[INFO] [stdout]     |
[INFO] [stdout]     = note: `#[warn(unused_variables)]` (part of `#[warn(unused)]`) on by default
[INFO] [stdout] 
[INFO] [stdout] 
[INFO] [stdout] warning: unused variable: `session`
[INFO] [stdout]    --> src/lib.rs:185:38
[INFO] [stdout]     |
[INFO] [stdout] 185 | pub fn execute_file(file_name: &str, session: &mut Session) -> Result<(), (SJFLError, String)> {
[INFO] [stdout]     |                                      ^^^^^^^ help: if this is intentional, prefix it with an underscore: `_session`
[INFO] [stdout] 
[INFO] [stdout] 
[INFO] [stdout] warning: constant `META_CONST_NUM_BEGIN` is never used
[INFO] [stdout]   --> src/bsjfl.rs:46:11
[INFO] [stdout]    |
[INFO] [stdout] 46 | pub const META_CONST_NUM_BEGIN: u8 = 3;
[INFO] [stdout]    |           ^^^^^^^^^^^^^^^^^^^^
[INFO] [stdout]    |
[INFO] [stdout]    = note: `#[warn(dead_code)]` (part of `#[warn(unused)]`) on by default
[INFO] [stdout] 
[INFO] [stdout] 
[INFO] [stdout] warning: constant `META_STRING_GET` is never used
[INFO] [stdout]   --> src/bsjfl.rs:63:11
[INFO] [stdout]    |
[INFO] [stdout] 63 | pub const META_STRING_GET: u8 = 208;
[INFO] [stdout]    |           ^^^^^^^^^^^^^^^
[INFO] [stdout] 
[INFO] [stdout] 
[INFO] [stdout] warning: constant `META_STRING_SET` is never used
[INFO] [stdout]   --> src/bsjfl.rs:64:11
[INFO] [stdout]    |
[INFO] [stdout] 64 | pub const META_STRING_SET: u8 = 209;
[INFO] [stdout]    |           ^^^^^^^^^^^^^^^
[INFO] [stdout] 
[INFO] [stdout] 
[INFO] [stderr]    Compiling sjfl v0.4.0 (/opt/rustwide/workdir)
[INFO] [stdout] warning: irrefutable `if let` pattern
[INFO] [stdout]   --> src/session.rs:70:32
[INFO] [stdout]    |
[INFO] [stdout] 70 | ...                   if let Ok(path) = PathBuf::from_str(file) {
[INFO] [stdout]    |                          ^^^^^^^^^^^^^^^^^^^^^^^^^^^^^^^^^^^^^^
[INFO] [stdout]    |
[INFO] [stdout]    = note: this pattern will always match, so the `if let` is useless
[INFO] [stdout]    = help: consider replacing the `if let` with a `let`
[INFO] [stdout]    = note: `#[warn(irrefutable_let_patterns)]` on by default
[INFO] [stdout] 
[INFO] [stdout] 
[INFO] [stdout] warning: unused variable: `file_name`
[INFO] [stdout]    --> src/lib.rs:185:21
[INFO] [stdout]     |
[INFO] [stdout] 185 | pub fn execute_file(file_name: &str, session: &mut Session) -> Result<(), (SJFLError, String)> {
[INFO] [stdout]     |                     ^^^^^^^^^ help: if this is intentional, prefix it with an underscore: `_file_name`
[INFO] [stdout]     |
[INFO] [stdout]     = note: `#[warn(unused_variables)]` (part of `#[warn(unused)]`) on by default
[INFO] [stdout] 
[INFO] [stdout] 
[INFO] [stdout] warning: unused variable: `session`
[INFO] [stdout]    --> src/lib.rs:185:38
[INFO] [stdout]     |
[INFO] [stdout] 185 | pub fn execute_file(file_name: &str, session: &mut Session) -> Result<(), (SJFLError, String)> {
[INFO] [stdout]     |                                      ^^^^^^^ help: if this is intentional, prefix it with an underscore: `_session`
[INFO] [stdout] 
[INFO] [stdout] 
[INFO] [stdout] warning: constant `META_CONST_NUM_BEGIN` is never used
[INFO] [stdout]   --> src/bsjfl.rs:46:11
[INFO] [stdout]    |
[INFO] [stdout] 46 | pub const META_CONST_NUM_BEGIN: u8 = 3;
[INFO] [stdout]    |           ^^^^^^^^^^^^^^^^^^^^
[INFO] [stdout]    |
[INFO] [stdout]    = note: `#[warn(dead_code)]` (part of `#[warn(unused)]`) on by default
[INFO] [stdout] 
[INFO] [stdout] 
[INFO] [stdout] warning: constant `META_STRING_GET` is never used
[INFO] [stdout]   --> src/bsjfl.rs:63:11
[INFO] [stdout]    |
[INFO] [stdout] 63 | pub const META_STRING_GET: u8 = 208;
[INFO] [stdout]    |           ^^^^^^^^^^^^^^^
[INFO] [stdout] 
[INFO] [stdout] 
[INFO] [stdout] warning: constant `META_STRING_SET` is never used
[INFO] [stdout]   --> src/bsjfl.rs:64:11
[INFO] [stdout]    |
[INFO] [stdout] 64 | pub const META_STRING_SET: u8 = 209;
[INFO] [stdout]    |           ^^^^^^^^^^^^^^^
[INFO] [stdout] 
[INFO] [stdout] 
[INFO] [stderr]     Finished `release` profile [optimized] target(s) in 3.76s
[INFO] running `Command { std: "docker" "inspect" "ea35c284a8a47a9255a8c9019b5a26250ce46477f86ad7901bd166378e59a187", kill_on_drop: false }`
[INFO] running `Command { std: "docker" "exec" "-e" "SOURCE_DIR=/opt/rustwide/workdir" "-e" "CARGO_HOME=/opt/rustwide/cargo-home" "-e" "RUSTUP_HOME=/opt/rustwide/rustup-home" "-e" "CARGO_TARGET_DIR=/opt/rustwide/target" "-e" "CARGO_INCREMENTAL=0" "-e" "RUST_BACKTRACE=full" "-e" "RUSTFLAGS=--cap-lints=warn" "-e" "RUSTDOCFLAGS=--cap-lints=warn" "-w" "/opt/rustwide/workdir" "--user" "0:0" "ea35c284a8a47a9255a8c9019b5a26250ce46477f86ad7901bd166378e59a187" "/opt/rustwide/cargo-home/bin/cargo" "+1.100.0-beta.1" "test" "--frozen" "--release", kill_on_drop: false }`
[INFO] [stderr] warning: irrefutable `if let` pattern
[INFO] [stderr]   --> src/session.rs:70:32
[INFO] [stderr]    |
[INFO] [stderr] 70 | ...                   if let Ok(path) = PathBuf::from_str(file) {
[INFO] [stderr]    |                          ^^^^^^^^^^^^^^^^^^^^^^^^^^^^^^^^^^^^^^
[INFO] [stderr]    |
[INFO] [stderr]    = note: this pattern will always match, so the `if let` is useless
[INFO] [stderr]    = help: consider replacing the `if let` with a `let`
[INFO] [stderr]    = note: `#[warn(irrefutable_let_patterns)]` on by default
[INFO] [stderr] 
[INFO] [stderr] warning: unused variable: `file_name`
[INFO] [stderr]    --> src/lib.rs:185:21
[INFO] [stderr]     |
[INFO] [stderr] 185 | pub fn execute_file(file_name: &str, session: &mut Session) -> Result<(), (SJFLError, String)> {
[INFO] [stderr]     |                     ^^^^^^^^^ help: if this is intentional, prefix it with an underscore: `_file_name`
[INFO] [stderr]     |
[INFO] [stderr]     = note: `#[warn(unused_variables)]` (part of `#[warn(unused)]`) on by default
[INFO] [stderr] 
[INFO] [stderr] warning: unused variable: `session`
[INFO] [stderr]    --> src/lib.rs:185:38
[INFO] [stderr]     |
[INFO] [stderr] 185 | pub fn execute_file(file_name: &str, session: &mut Session) -> Result<(), (SJFLError, String)> {
[INFO] [stderr]     |                                      ^^^^^^^ help: if this is intentional, prefix it with an underscore: `_session`
[INFO] [stderr] 
[INFO] [stderr] warning: constant `META_CONST_NUM_BEGIN` is never used
[INFO] [stderr]   --> src/bsjfl.rs:46:11
[INFO] [stderr]    |
[INFO] [stderr] 46 | pub const META_CONST_NUM_BEGIN: u8 = 3;
[INFO] [stderr]    |           ^^^^^^^^^^^^^^^^^^^^
[INFO] [stderr]    |
[INFO] [stderr]    = note: `#[warn(dead_code)]` (part of `#[warn(unused)]`) on by default
[INFO] [stderr] 
[INFO] [stderr] warning: constant `META_STRING_GET` is never used
[INFO] [stderr]   --> src/bsjfl.rs:63:11
[INFO] [stderr]    |
[INFO] [stderr] 63 | pub const META_STRING_GET: u8 = 208;
[INFO] [stderr]    |           ^^^^^^^^^^^^^^^
[INFO] [stderr] 
[INFO] [stderr] warning: constant `META_STRING_SET` is never used
[INFO] [stderr]   --> src/bsjfl.rs:64:11
[INFO] [stderr]    |
[INFO] [stderr] 64 | pub const META_STRING_SET: u8 = 209;
[INFO] [stderr]    |           ^^^^^^^^^^^^^^^
[INFO] [stderr] 
[INFO] [stderr] warning: `sjfl` (lib) generated 6 warnings (run `cargo fix --lib -p sjfl` to apply 2 suggestions)
[INFO] [stderr] warning: `sjfl` (lib test) generated 6 warnings (6 duplicates)
[INFO] [stderr]     Finished `release` profile [optimized] target(s) in 0.01s
[INFO] [stderr]      Running unittests src/lib.rs (/opt/rustwide/target/release/build/sjfl/3ead5f84cf6df110/out/sjfl-3ead5f84cf6df110)
[INFO] [stdout] 
[INFO] [stdout] running 7 tests
[INFO] [stdout] test tests::file::file_test ... FAILED
[INFO] [stdout] test bsjfl::from_bin::int_test ... ok
[INFO] [stdout] test parse::table::tests::eq_test ... ok
[INFO] [stdout] test tests::statement::parse_sample1 ... ok
[INFO] [stdout] test tests::value::parse_sample1 ... ok
[INFO] [stdout] test tests::value::parse_sample3 ... ok
[INFO] [stdout] test tests::value::round_trips ... ok
[INFO] [stdout] 
[INFO] [stdout] failures:
[INFO] [stdout] 
[INFO] [stdout] ---- tests::file::file_test stdout ----
[INFO] [stdout] 
[INFO] [stdout] thread 'tests::file::file_test' (204) panicked at src/tests/file.rs:7:40:
[INFO] [stdout] called `Result::unwrap()` on an `Err` value: Os { code: 30, kind: ReadOnlyFilesystem, message: "Read-only file system" }
[INFO] [stdout] stack backtrace:
[INFO] [stdout]    0:     0x63901aacc991 - <<std[617be2ca0a6fd877]::sys::backtrace::BacktraceLock>::print::DisplayBacktrace as core[a373ad73a504971]::fmt::Display>::fmt
[INFO] [stdout]    1:     0x63901aae171a - core[a373ad73a504971]::fmt::write
[INFO] [stdout]    2:     0x63901aad0e7c - <alloc[2e1b2a31b91974c5]::vec::Vec<u8> as core[a373ad73a504971]::io::write::Write>::write_fmt
[INFO] [stdout]    3:     0x63901aaa77f6 - std[617be2ca0a6fd877]::panicking::default_hook::{closure#0}
[INFO] [stdout]    4:     0x63901aac4779 - std[617be2ca0a6fd877]::panicking::default_hook
[INFO] [stdout]    5:     0x63901aa4cbe0 - test[aada8e7e76ba119b]::test_main_inner::{closure#0}
[INFO] [stdout]    6:     0x63901aac4932 - std[617be2ca0a6fd877]::panicking::panic_with_hook
[INFO] [stdout]    7:     0x63901aaa78a2 - std[617be2ca0a6fd877]::panicking::panic_handler::{closure#0}
[INFO] [stdout]    8:     0x63901aaa00d9 - std[617be2ca0a6fd877]::sys::backtrace::__rust_end_short_backtrace::<std[617be2ca0a6fd877]::panicking::panic_handler::{closure#0}, !>
[INFO] [stdout]    9:     0x63901aaa854d - __rustc[ea4f61d10b84890b]::rust_begin_unwind
[INFO] [stdout]   10:     0x63901aae1e4c - core[a373ad73a504971]::panicking::panic_fmt
[INFO] [stdout]   11:     0x63901aae1c22 - core[a373ad73a504971]::result::unwrap_failed
[INFO] [stdout]   12:     0x63901aa29877 - <sjfl[66e4e107df8529c1]::tests::file::file_test::{closure#0} as core[a373ad73a504971]::ops::function::FnOnce<()>>::call_once
[INFO] [stdout]   13:     0x63901aa4002b - test[aada8e7e76ba119b]::__rust_begin_short_backtrace::<core[a373ad73a504971]::result::Result<(), alloc[2e1b2a31b91974c5]::string::String>, fn() -> core[a373ad73a504971]::result::Result<(), alloc[2e1b2a31b91974c5]::string::String>>
[INFO] [stdout]   14:     0x63901aa4d205 - test[aada8e7e76ba119b]::run_test::{closure#0}
[INFO] [stdout]   15:     0x63901aa46af4 - std[617be2ca0a6fd877]::sys::backtrace::__rust_begin_short_backtrace::<test[aada8e7e76ba119b]::run_test::{closure#1}, ()>
[INFO] [stdout]   16:     0x63901aa50292 - <std[617be2ca0a6fd877]::thread::lifecycle::spawn_unchecked<test[aada8e7e76ba119b]::run_test::{closure#1}, ()>::{closure#1} as core[a373ad73a504971]::ops::function::FnOnce<()>>::call_once::{shim:vtable#0}
[INFO] [stdout]   17:     0x63901aacbedf - <std[617be2ca0a6fd877]::sys::thread::unix::Thread>::new::thread_start
[INFO] [stdout]   18:     0x74e20f00adfa - <unknown>
[INFO] [stdout]   19:     0x74e20f09e3d4 - clone
[INFO] [stdout]   20:                0x0 - <unknown>
[INFO] [stdout] 
[INFO] [stdout] 
[INFO] [stdout] failures:
[INFO] [stdout]     tests::file::file_test
[INFO] [stdout] 
[INFO] [stdout] test result: FAILED. 6 passed; 1 failed; 0 ignored; 0 measured; 0 filtered out; finished in 0.03s
[INFO] [stdout] 
[INFO] [stderr] error: test failed, to rerun pass `--lib`
[INFO] running `Command { std: "docker" "inspect" "ea35c284a8a47a9255a8c9019b5a26250ce46477f86ad7901bd166378e59a187", kill_on_drop: false }`
[INFO] running `Command { std: "docker" "rm" "-f" "ea35c284a8a47a9255a8c9019b5a26250ce46477f86ad7901bd166378e59a187", kill_on_drop: false }`
[INFO] [stdout] ea35c284a8a47a9255a8c9019b5a26250ce46477f86ad7901bd166378e59a187
