[INFO] fetching crate sized_data_derive 0.1.1...
[INFO] testing sized_data_derive-0.1.1 against 1.100.0-beta.1+cargoflags=--release for beta-release-1.100-2
[INFO] extracting crate sized_data_derive 0.1.1 into /workspace/builds/worker-2-tc2/source
[INFO] started tweaking crates.io crate sized_data_derive 0.1.1
[INFO] finished tweaking crates.io crate sized_data_derive 0.1.1
[INFO] tweaked toml for crates.io crate sized_data_derive 0.1.1 written to /workspace/builds/worker-2-tc2/source/Cargo.toml
[INFO] validating manifest of crates.io crate sized_data_derive 0.1.1 on toolchain 1.100.0-beta.1
[INFO] running `Command { std: CARGO_HOME="/workspace/cargo-home" RUSTUP_HOME="/workspace/rustup-home" "/workspace/cargo-home/bin/cargo" "+1.100.0-beta.1" "metadata" "--manifest-path" "Cargo.toml" "--no-deps", kill_on_drop: false }`
[INFO] running `Command { std: CARGO_HOME="/workspace/cargo-home" RUSTUP_HOME="/workspace/rustup-home" "/workspace/cargo-home/bin/cargo" "+1.100.0-beta.1" "generate-lockfile" "--manifest-path" "Cargo.toml", kill_on_drop: false }`
[INFO] [stderr]     Updating crates.io index
[INFO] [stderr]      Locking 4 packages to highest compatible versions
[INFO] [stderr]       Adding syn v1.0.109 (available: v3.0.9)
[INFO] running `Command { std: CARGO_HOME="/workspace/cargo-home" RUSTUP_HOME="/workspace/rustup-home" "/workspace/cargo-home/bin/cargo" "+1.100.0-beta.1" "fetch" "--manifest-path" "Cargo.toml", kill_on_drop: false }`
[INFO] [stderr] warning: `package.homepage` is redundant with `package.repository`
[INFO] [stderr]   --> Cargo.toml:25:12
[INFO] [stderr]    |
[INFO] [stderr] 25 | homepage = "https://github.com/simke9445/sized-data-derive"
[INFO] [stderr]    |            ^^^^^^^^^^^^^^^^^^^^^^^^^^^^^^^^^^^^^^^^^^^^^^^^
[INFO] [stderr] ...
[INFO] [stderr] 30 | repository = "https://github.com/simke9445/sized-data-derive"
[INFO] [stderr]    |              ------------------------------------------------
[INFO] [stderr]    |
[INFO] [stderr]    = note: `cargo::redundant_homepage` is set to `warn` by default
[INFO] [stderr] help: consider removing `package.homepage`
[INFO] [stderr] warning: `sized_data_derive` (manifest) generated 1 warning
[INFO] running `Command { std: "docker" "create" "-v" "/var/lib/crater-agent-workspace/builds/worker-2-tc2/source:/opt/rustwide/workdir:ro,Z" "-v" "/var/lib/crater-agent-workspace/builds/worker-2-tc2/target:/opt/rustwide/target:rw,Z" "-v" "/var/lib/crater-agent-workspace/cargo-home:/opt/rustwide/cargo-home:ro,Z" "-v" "/var/lib/crater-agent-workspace/rustup-home:/opt/rustwide/rustup-home:ro,Z" "-m" "1610612736" "--network" "none" "ghcr.io/rust-lang/crates-build-env/linux@sha256:77db811e55d90add9212f6832c23229e3de5f1c1f9905e8cb07319ea15df73ac" "sleep" "infinity", kill_on_drop: false }`
[INFO] [stdout] 1a7f05d496180c9523c8c541d55ac0bc260df0f1fbbf11ac7d269a8b0d2de8e7
[INFO] running `Command { std: "docker" "start" "1a7f05d496180c9523c8c541d55ac0bc260df0f1fbbf11ac7d269a8b0d2de8e7", kill_on_drop: false }`
[INFO] running `Command { std: "docker" "inspect" "1a7f05d496180c9523c8c541d55ac0bc260df0f1fbbf11ac7d269a8b0d2de8e7", kill_on_drop: false }`
[INFO] running `Command { std: "docker" "exec" "-e" "SOURCE_DIR=/opt/rustwide/workdir" "-e" "CARGO_HOME=/opt/rustwide/cargo-home" "-e" "RUSTUP_HOME=/opt/rustwide/rustup-home" "-e" "CARGO_TARGET_DIR=/opt/rustwide/target" "-w" "/opt/rustwide/workdir" "--user" "0:0" "1a7f05d496180c9523c8c541d55ac0bc260df0f1fbbf11ac7d269a8b0d2de8e7" "/opt/rustwide/cargo-home/bin/cargo" "+1.100.0-beta.1" "metadata" "--no-deps" "--format-version=1", kill_on_drop: false }`
[INFO] running `Command { std: "docker" "inspect" "1a7f05d496180c9523c8c541d55ac0bc260df0f1fbbf11ac7d269a8b0d2de8e7", kill_on_drop: false }`
[INFO] running `Command { std: "docker" "exec" "-e" "SOURCE_DIR=/opt/rustwide/workdir" "-e" "CARGO_HOME=/opt/rustwide/cargo-home" "-e" "RUSTUP_HOME=/opt/rustwide/rustup-home" "-e" "CARGO_TARGET_DIR=/opt/rustwide/target" "-e" "CARGO_INCREMENTAL=0" "-e" "RUST_BACKTRACE=full" "-e" "RUSTFLAGS=--cap-lints=warn" "-e" "RUSTDOCFLAGS=--cap-lints=warn" "-w" "/opt/rustwide/workdir" "--user" "0:0" "1a7f05d496180c9523c8c541d55ac0bc260df0f1fbbf11ac7d269a8b0d2de8e7" "/opt/rustwide/cargo-home/bin/cargo" "+1.100.0-beta.1" "build" "--frozen" "--message-format=json" "--release", kill_on_drop: false }`
[INFO] [stderr] warning: `package.homepage` is redundant with `package.repository`
[INFO] [stderr]   --> Cargo.toml:25:12
[INFO] [stderr]    |
[INFO] [stderr] 25 | homepage = "https://github.com/simke9445/sized-data-derive"
[INFO] [stderr]    |            ^^^^^^^^^^^^^^^^^^^^^^^^^^^^^^^^^^^^^^^^^^^^^^^^
[INFO] [stderr] ...
[INFO] [stderr] 30 | repository = "https://github.com/simke9445/sized-data-derive"
[INFO] [stderr]    |              ------------------------------------------------
[INFO] [stderr]    |
[INFO] [stderr]    = note: `cargo::redundant_homepage` is set to `warn` by default
[INFO] [stderr] help: consider removing `package.homepage`
[INFO] [stderr] warning: `sized_data_derive` (manifest) generated 1 warning
[INFO] [stderr]    Compiling sized_data_derive v0.1.1 (/opt/rustwide/workdir)
[INFO] [stderr]     Finished `release` profile [optimized] target(s) in 2.91s
[INFO] running `Command { std: "docker" "inspect" "1a7f05d496180c9523c8c541d55ac0bc260df0f1fbbf11ac7d269a8b0d2de8e7", kill_on_drop: false }`
[INFO] running `Command { std: "docker" "exec" "-e" "SOURCE_DIR=/opt/rustwide/workdir" "-e" "CARGO_HOME=/opt/rustwide/cargo-home" "-e" "RUSTUP_HOME=/opt/rustwide/rustup-home" "-e" "CARGO_TARGET_DIR=/opt/rustwide/target" "-e" "CARGO_INCREMENTAL=0" "-e" "RUST_BACKTRACE=full" "-e" "RUSTFLAGS=--cap-lints=warn" "-e" "RUSTDOCFLAGS=--cap-lints=warn" "-w" "/opt/rustwide/workdir" "--user" "0:0" "1a7f05d496180c9523c8c541d55ac0bc260df0f1fbbf11ac7d269a8b0d2de8e7" "/opt/rustwide/cargo-home/bin/cargo" "+1.100.0-beta.1" "test" "--frozen" "--no-run" "--message-format=json" "--release", kill_on_drop: false }`
[INFO] [stderr] warning: `package.homepage` is redundant with `package.repository`
[INFO] [stderr]   --> Cargo.toml:25:12
[INFO] [stderr]    |
[INFO] [stderr] 25 | homepage = "https://github.com/simke9445/sized-data-derive"
[INFO] [stderr]    |            ^^^^^^^^^^^^^^^^^^^^^^^^^^^^^^^^^^^^^^^^^^^^^^^^
[INFO] [stderr] ...
[INFO] [stderr] 30 | repository = "https://github.com/simke9445/sized-data-derive"
[INFO] [stderr]    |              ------------------------------------------------
[INFO] [stderr]    |
[INFO] [stderr]    = note: `cargo::redundant_homepage` is set to `warn` by default
[INFO] [stderr] help: consider removing `package.homepage`
[INFO] [stderr] warning: `sized_data_derive` (manifest) generated 1 warning
[INFO] [stderr]    Compiling sized_data_derive v0.1.1 (/opt/rustwide/workdir)
[INFO] [stderr]     Finished `release` profile [optimized] target(s) in 0.46s
[INFO] running `Command { std: "docker" "inspect" "1a7f05d496180c9523c8c541d55ac0bc260df0f1fbbf11ac7d269a8b0d2de8e7", kill_on_drop: false }`
[INFO] running `Command { std: "docker" "exec" "-e" "SOURCE_DIR=/opt/rustwide/workdir" "-e" "CARGO_HOME=/opt/rustwide/cargo-home" "-e" "RUSTUP_HOME=/opt/rustwide/rustup-home" "-e" "CARGO_TARGET_DIR=/opt/rustwide/target" "-e" "CARGO_INCREMENTAL=0" "-e" "RUST_BACKTRACE=full" "-e" "RUSTFLAGS=--cap-lints=warn" "-e" "RUSTDOCFLAGS=--cap-lints=warn" "-w" "/opt/rustwide/workdir" "--user" "0:0" "1a7f05d496180c9523c8c541d55ac0bc260df0f1fbbf11ac7d269a8b0d2de8e7" "/opt/rustwide/cargo-home/bin/cargo" "+1.100.0-beta.1" "test" "--frozen" "--release", kill_on_drop: false }`
[INFO] [stderr] warning: `package.homepage` is redundant with `package.repository`
[INFO] [stderr]   --> Cargo.toml:25:12
[INFO] [stderr]    |
[INFO] [stderr] 25 | homepage = "https://github.com/simke9445/sized-data-derive"
[INFO] [stderr]    |            ^^^^^^^^^^^^^^^^^^^^^^^^^^^^^^^^^^^^^^^^^^^^^^^^
[INFO] [stderr] ...
[INFO] [stderr] 30 | repository = "https://github.com/simke9445/sized-data-derive"
[INFO] [stderr]    |              ------------------------------------------------
[INFO] [stderr]    |
[INFO] [stderr]    = note: `cargo::redundant_homepage` is set to `warn` by default
[INFO] [stderr] help: consider removing `package.homepage`
[INFO] [stderr] warning: `sized_data_derive` (manifest) generated 1 warning
[INFO] [stderr]     Finished `release` profile [optimized] target(s) in 0.03s
[INFO] [stderr]      Running unittests src/lib.rs (/opt/rustwide/target/release/build/sized_data_derive/4c5dc95b39435de4/out/sized_data_derive-4c5dc95b39435de4)
[INFO] [stdout] 
[INFO] [stderr]    Doc-tests sized_data_derive
[INFO] [stdout] running 0 tests
[INFO] [stdout] 
[INFO] [stdout] test result: ok. 0 passed; 0 failed; 0 ignored; 0 measured; 0 filtered out; finished in 0.00s
[INFO] [stdout] 
[INFO] [stdout] 
[INFO] [stdout] running 2 tests
[INFO] [stdout] test src/lib.rs - (line 9) ... FAILED
[INFO] [stdout] test src/lib.rs - derive_sized_data (line 33) ... FAILED
[INFO] [stdout] 
[INFO] [stdout] failures:
[INFO] [stdout] 
[INFO] [stdout] ---- src/lib.rs - (line 9) stdout ----
[INFO] [stdout] error[E0433]: cannot find module or crate `anchor_lang` in this scope
[INFO] [stdout]   --> src/lib.rs:12:5
[INFO] [stdout]    |
[INFO] [stdout] 12 | use anchor_lang::prelude::*;
[INFO] [stdout]    |     ^^^^^^^^^^^ use of unresolved module or unlinked crate `anchor_lang`
[INFO] [stdout]    |
[INFO] [stdout]    = help: if you wanted to use a crate named `anchor_lang`, use `cargo add anchor_lang` to add it to your `Cargo.toml`
[INFO] [stdout] 
[INFO] [stdout] error[E0425]: cannot find type `Pubkey` in this scope
[INFO] [stdout]   --> src/lib.rs:16:20
[INFO] [stdout]    |
[INFO] [stdout] 16 |     pub authority: Pubkey,
[INFO] [stdout]    |                    ^^^^^^ not found in this scope
[INFO] [stdout] 
[INFO] [stdout] error[E0404]: cannot find trait `SizedData` in this scope
[INFO] [stdout]   --> src/lib.rs:14:10
[INFO] [stdout]    |
[INFO] [stdout] 14 | #[derive(SizedData)]
[INFO] [stdout]    |          ^^^^^^^^^ not found in this scope
[INFO] [stdout]    |
[INFO] [stdout]    = note: a derive macro named `SizedData` exists in another namespace
[INFO] [stdout]    = note: this error originates in the derive macro `SizedData` (in Nightly builds, run with -Z macro-backtrace for more info)
[INFO] [stdout] 
[INFO] [stdout] error: aborting due to 3 previous errors
[INFO] [stdout] 
[INFO] [stdout] Some errors have detailed explanations: E0404, E0425, E0433.
[INFO] [stdout] For more information about an error, try `rustc --explain E0404`.
[INFO] [stdout] Couldn't compile the test.
[INFO] [stdout] ---- src/lib.rs - derive_sized_data (line 33) stdout ----
[INFO] [stdout] error[E0433]: cannot find module or crate `anchor_lang` in this scope
[INFO] [stdout]   --> src/lib.rs:34:5
[INFO] [stdout]    |
[INFO] [stdout] 34 | use anchor_lang::prelude::*;
[INFO] [stdout]    |     ^^^^^^^^^^^ use of unresolved module or unlinked crate `anchor_lang`
[INFO] [stdout]    |
[INFO] [stdout]    = help: if you wanted to use a crate named `anchor_lang`, use `cargo add anchor_lang` to add it to your `Cargo.toml`
[INFO] [stdout] 
[INFO] [stdout] error[E0425]: cannot find type `Pubkey` in this scope
[INFO] [stdout]   --> src/lib.rs:36:16
[INFO] [stdout]    |
[INFO] [stdout] 36 |     authority: Pubkey,
[INFO] [stdout]    |                ^^^^^^ not found in this scope
[INFO] [stdout] 
[INFO] [stdout] error[E0405]: cannot find trait `SizedData` in this scope
[INFO] [stdout]   --> src/lib.rs:40:6
[INFO] [stdout]    |
[INFO] [stdout] 40 | impl SizedData for UserAccount {
[INFO] [stdout]    |      ^^^^^^^^^ not found in this scope
[INFO] [stdout] 
[INFO] [stdout] error[E0405]: cannot find trait `SizedData` in this scope
[INFO] [stdout]   --> src/lib.rs:42:20
[INFO] [stdout]    |
[INFO] [stdout] 42 |         <Pubkey as SizedData>::size() +
[INFO] [stdout]    |                    ^^^^^^^^^ not found in this scope
[INFO] [stdout] 
[INFO] [stdout] error[E0425]: cannot find type `Pubkey` in this scope
[INFO] [stdout]   --> src/lib.rs:42:10
[INFO] [stdout]    |
[INFO] [stdout] 42 |         <Pubkey as SizedData>::size() +
[INFO] [stdout]    |          ^^^^^^ not found in this scope
[INFO] [stdout] 
[INFO] [stdout] error[E0405]: cannot find trait `SizedData` in this scope
[INFO] [stdout]   --> src/lib.rs:43:17
[INFO] [stdout]    |
[INFO] [stdout] 43 |         <u64 as SizedData>::size()
[INFO] [stdout]    |                 ^^^^^^^^^ not found in this scope
[INFO] [stdout] 
[INFO] [stdout] error: aborting due to 6 previous errors
[INFO] [stdout] 
[INFO] [stdout] Some errors have detailed explanations: E0405, E0425, E0433.
[INFO] [stdout] For more information about an error, try `rustc --explain E0405`.
[INFO] [stdout] Couldn't compile the test.
[INFO] [stdout] 
[INFO] [stdout] failures:
[INFO] [stdout]     src/lib.rs - (line 9)
[INFO] [stdout]     src/lib.rs - derive_sized_data (line 33)
[INFO] [stdout] 
[INFO] [stdout] test result: FAILED. 0 passed; 2 failed; 0 ignored; 0 measured; 0 filtered out; finished in 0.13s
[INFO] [stdout] 
[INFO] [stderr] error: doctest failed, to rerun pass `--doc`
[INFO] running `Command { std: "docker" "inspect" "1a7f05d496180c9523c8c541d55ac0bc260df0f1fbbf11ac7d269a8b0d2de8e7", kill_on_drop: false }`
[INFO] running `Command { std: "docker" "rm" "-f" "1a7f05d496180c9523c8c541d55ac0bc260df0f1fbbf11ac7d269a8b0d2de8e7", kill_on_drop: false }`
[INFO] [stdout] 1a7f05d496180c9523c8c541d55ac0bc260df0f1fbbf11ac7d269a8b0d2de8e7
