[INFO] fetching crate sitemaps 0.2.0...
[INFO] testing sitemaps-0.2.0 against 1.100.0-beta.1+cargoflags=--release for beta-release-1.100-2
[INFO] extracting crate sitemaps 0.2.0 into /workspace/builds/worker-0-tc2/source
[INFO] started tweaking crates.io crate sitemaps 0.2.0
[INFO] finished tweaking crates.io crate sitemaps 0.2.0
[INFO] tweaked toml for crates.io crate sitemaps 0.2.0 written to /workspace/builds/worker-0-tc2/source/Cargo.toml
[INFO] validating manifest of crates.io crate sitemaps 0.2.0 on toolchain 1.100.0-beta.1
[INFO] running `Command { std: CARGO_HOME="/workspace/cargo-home" RUSTUP_HOME="/workspace/rustup-home" "/workspace/cargo-home/bin/cargo" "+1.100.0-beta.1" "metadata" "--manifest-path" "Cargo.toml" "--no-deps", kill_on_drop: false }`
[INFO] running `Command { std: CARGO_HOME="/workspace/cargo-home" RUSTUP_HOME="/workspace/rustup-home" "/workspace/cargo-home/bin/cargo" "+1.100.0-beta.1" "generate-lockfile" "--manifest-path" "Cargo.toml", kill_on_drop: false }`
[INFO] [stderr]     Updating crates.io index
[INFO] [stderr]      Locking 101 packages to highest compatible versions
[INFO] [stderr]       Adding quick-xml v0.31.0 (available: v0.42.0)
[INFO] [stderr]       Adding thiserror v1.0.69 (available: v2.0.21)
[INFO] [stderr]       Adding ureq v2.12.1 (available: v3.4.2)
[INFO] running `Command { std: CARGO_HOME="/workspace/cargo-home" RUSTUP_HOME="/workspace/rustup-home" "/workspace/cargo-home/bin/cargo" "+1.100.0-beta.1" "fetch" "--manifest-path" "Cargo.toml", kill_on_drop: false }`
[INFO] running `Command { std: "docker" "create" "-v" "/var/lib/crater-agent-workspace/builds/worker-0-tc2/source:/opt/rustwide/workdir:ro,Z" "-v" "/var/lib/crater-agent-workspace/builds/worker-0-tc2/target:/opt/rustwide/target:rw,Z" "-v" "/var/lib/crater-agent-workspace/cargo-home:/opt/rustwide/cargo-home:ro,Z" "-v" "/var/lib/crater-agent-workspace/rustup-home:/opt/rustwide/rustup-home:ro,Z" "-m" "1610612736" "--network" "none" "ghcr.io/rust-lang/crates-build-env/linux@sha256:77db811e55d90add9212f6832c23229e3de5f1c1f9905e8cb07319ea15df73ac" "sleep" "infinity", kill_on_drop: false }`
[INFO] [stdout] 076cdf0299eee0f3c34c156c11dcd79e881140c2a1cdeea9a0d15ba4937166f2
[INFO] running `Command { std: "docker" "start" "076cdf0299eee0f3c34c156c11dcd79e881140c2a1cdeea9a0d15ba4937166f2", kill_on_drop: false }`
[INFO] running `Command { std: "docker" "inspect" "076cdf0299eee0f3c34c156c11dcd79e881140c2a1cdeea9a0d15ba4937166f2", kill_on_drop: false }`
[INFO] running `Command { std: "docker" "exec" "-e" "SOURCE_DIR=/opt/rustwide/workdir" "-e" "CARGO_HOME=/opt/rustwide/cargo-home" "-e" "RUSTUP_HOME=/opt/rustwide/rustup-home" "-e" "CARGO_TARGET_DIR=/opt/rustwide/target" "-w" "/opt/rustwide/workdir" "--user" "0:0" "076cdf0299eee0f3c34c156c11dcd79e881140c2a1cdeea9a0d15ba4937166f2" "/opt/rustwide/cargo-home/bin/cargo" "+1.100.0-beta.1" "metadata" "--no-deps" "--format-version=1", kill_on_drop: false }`
[INFO] running `Command { std: "docker" "inspect" "076cdf0299eee0f3c34c156c11dcd79e881140c2a1cdeea9a0d15ba4937166f2", kill_on_drop: false }`
[INFO] running `Command { std: "docker" "exec" "-e" "SOURCE_DIR=/opt/rustwide/workdir" "-e" "CARGO_HOME=/opt/rustwide/cargo-home" "-e" "RUSTUP_HOME=/opt/rustwide/rustup-home" "-e" "CARGO_TARGET_DIR=/opt/rustwide/target" "-e" "CARGO_INCREMENTAL=0" "-e" "RUST_BACKTRACE=full" "-e" "RUSTFLAGS=--cap-lints=warn" "-e" "RUSTDOCFLAGS=--cap-lints=warn" "-w" "/opt/rustwide/workdir" "--user" "0:0" "076cdf0299eee0f3c34c156c11dcd79e881140c2a1cdeea9a0d15ba4937166f2" "/opt/rustwide/cargo-home/bin/cargo" "+1.100.0-beta.1" "build" "--frozen" "--message-format=json" "--release", kill_on_drop: false }`
[INFO] [stderr]    Compiling zerofrom v0.1.8
[INFO] [stderr]    Compiling smallvec v1.16.3
[INFO] [stderr]    Compiling serde v1.0.229
[INFO] [stderr]    Compiling quick-xml v0.31.0
[INFO] [stderr]    Compiling yoke v0.8.3
[INFO] [stderr]    Compiling zerovec v0.11.8
[INFO] [stderr]    Compiling zerotrie v0.2.5
[INFO] [stderr]    Compiling chrono v0.4.45
[INFO] [stderr]    Compiling tinystr v0.8.4
[INFO] [stderr]    Compiling potential_utf v0.1.6
[INFO] [stderr]    Compiling icu_collections v2.3.0
[INFO] [stderr]    Compiling icu_locale_core v2.3.0
[INFO] [stderr]    Compiling icu_provider v2.3.1
[INFO] [stderr]    Compiling icu_properties v2.3.0
[INFO] [stderr]    Compiling icu_normalizer v2.3.0
[INFO] [stderr]    Compiling idna_adapter v1.2.2
[INFO] [stderr]    Compiling idna v1.1.0
[INFO] [stderr]    Compiling url v2.5.8
[INFO] [stderr]    Compiling sitemaps v0.2.0 (/opt/rustwide/workdir)
[INFO] [stderr]     Finished `release` profile [optimized] target(s) in 22.24s
[INFO] running `Command { std: "docker" "inspect" "076cdf0299eee0f3c34c156c11dcd79e881140c2a1cdeea9a0d15ba4937166f2", kill_on_drop: false }`
[INFO] running `Command { std: "docker" "exec" "-e" "SOURCE_DIR=/opt/rustwide/workdir" "-e" "CARGO_HOME=/opt/rustwide/cargo-home" "-e" "RUSTUP_HOME=/opt/rustwide/rustup-home" "-e" "CARGO_TARGET_DIR=/opt/rustwide/target" "-e" "CARGO_INCREMENTAL=0" "-e" "RUST_BACKTRACE=full" "-e" "RUSTFLAGS=--cap-lints=warn" "-e" "RUSTDOCFLAGS=--cap-lints=warn" "-w" "/opt/rustwide/workdir" "--user" "0:0" "076cdf0299eee0f3c34c156c11dcd79e881140c2a1cdeea9a0d15ba4937166f2" "/opt/rustwide/cargo-home/bin/cargo" "+1.100.0-beta.1" "test" "--frozen" "--no-run" "--message-format=json" "--release", kill_on_drop: false }`
[INFO] [stderr]    Compiling zeroize v1.9.1
[INFO] [stderr]    Compiling ring v0.17.14
[INFO] [stderr]    Compiling getrandom v0.2.17
[INFO] [stderr]    Compiling rustls v0.23.46
[INFO] [stderr]    Compiling rustls-pki-types v1.15.1
[INFO] [stderr]    Compiling webpki-roots v1.0.9
[INFO] [stderr]    Compiling webpki-roots v0.26.11
[INFO] [stderr]    Compiling rustls-webpki v0.103.15
[INFO] [stderr]    Compiling ureq v2.12.1
[INFO] [stderr]    Compiling sitemaps v0.2.0 (/opt/rustwide/workdir)
[INFO] [stderr]     Finished `release` profile [optimized] target(s) in 57.39s
[INFO] running `Command { std: "docker" "inspect" "076cdf0299eee0f3c34c156c11dcd79e881140c2a1cdeea9a0d15ba4937166f2", kill_on_drop: false }`
[INFO] running `Command { std: "docker" "exec" "-e" "SOURCE_DIR=/opt/rustwide/workdir" "-e" "CARGO_HOME=/opt/rustwide/cargo-home" "-e" "RUSTUP_HOME=/opt/rustwide/rustup-home" "-e" "CARGO_TARGET_DIR=/opt/rustwide/target" "-e" "CARGO_INCREMENTAL=0" "-e" "RUST_BACKTRACE=full" "-e" "RUSTFLAGS=--cap-lints=warn" "-e" "RUSTDOCFLAGS=--cap-lints=warn" "-w" "/opt/rustwide/workdir" "--user" "0:0" "076cdf0299eee0f3c34c156c11dcd79e881140c2a1cdeea9a0d15ba4937166f2" "/opt/rustwide/cargo-home/bin/cargo" "+1.100.0-beta.1" "test" "--frozen" "--release", kill_on_drop: false }`
[INFO] [stderr]     Finished `release` profile [optimized] target(s) in 0.17s
[INFO] [stderr]      Running unittests src/lib.rs (/opt/rustwide/target/release/build/sitemaps/bdf2e68cb3a41e4c/out/sitemaps-bdf2e68cb3a41e4c)
[INFO] [stdout] 
[INFO] [stdout] running 2 tests
[INFO] [stdout] test w3c_datetime::tests::test_w3c_midnight_utc ... ok
[INFO] [stdout] test w3c_datetime::tests::test_w3c_date_only ... ok
[INFO] [stdout] 
[INFO] [stdout] test result: ok. 2 passed; 0 failed; 0 ignored; 0 measured; 0 filtered out; finished in 0.00s
[INFO] [stdout] 
[INFO] [stderr]      Running tests/siteindex.rs (/opt/rustwide/target/release/build/sitemaps/d7af84d07a559886/out/siteindex-d7af84d07a559886)
[INFO] [stdout] 
[INFO] [stdout] running 2 tests
[INFO] [stdout] test test_parse_sitemap_index ... ok
[INFO] [stdout] test test_write_sitemap_index_with_schema ... ok
[INFO] [stdout] 
[INFO] [stdout] test result: ok. 2 passed; 0 failed; 0 ignored; 0 measured; 0 filtered out; finished in 0.01s
[INFO] [stdout] 
[INFO] [stderr]      Running tests/sitemap.rs (/opt/rustwide/target/release/build/sitemaps/6d2a66f68502e23d/out/sitemap-6d2a66f68502e23d)
[INFO] [stdout] 
[INFO] [stdout] running 6 tests
[INFO] [stdout] test test_parse_one_happy ... ok
[INFO] [stdout] test test_parse_two_happy ... ok
[INFO] [stdout] test test_write_two_happy ... ok
[INFO] [stdout] test test_parse_external_happy ... FAILED
[INFO] [stdout] test test_new_sitemap ... ok
[INFO] [stdout] test test_write_with_schema ... ok
[INFO] [stdout] 
[INFO] [stdout] failures:
[INFO] [stdout] 
[INFO] [stdout] ---- test_parse_external_happy stdout ----
[INFO] [stdout] 
[INFO] [stdout] thread 'test_parse_external_happy' (789) panicked at tests/sitemap.rs:77:41:
[INFO] [stdout] called `Result::unwrap()` on an `Err` value: Transport(Transport { kind: Dns, message: Some("resolve dns name 'www.govinfo.gov:443'"), url: Some(Url { scheme: "https", cannot_be_a_base: false, username: "", password: None, host: Some(Domain("www.govinfo.gov")), port: None, path: "/sitemap/bulkdata/PLAW/117pvtl/sitemap.xml", query: None, fragment: None }), source: Some(Custom { kind: Uncategorized, error: "failed to lookup address information: Temporary failure in name resolution" }) })
[INFO] [stdout] stack backtrace:
[INFO] [stdout]    0:     0x60f7680aef41 - <<std[617be2ca0a6fd877]::sys::backtrace::BacktraceLock>::print::DisplayBacktrace as core[a373ad73a504971]::fmt::Display>::fmt
[INFO] [stdout]    1:     0x60f7680c794a - core[a373ad73a504971]::fmt::write
[INFO] [stdout]    2:     0x60f7680b389c - <alloc[2e1b2a31b91974c5]::vec::Vec<u8> as core[a373ad73a504971]::io::write::Write>::write_fmt
[INFO] [stdout]    3:     0x60f7680893c6 - std[617be2ca0a6fd877]::panicking::default_hook::{closure#0}
[INFO] [stdout]    4:     0x60f7680a6849 - std[617be2ca0a6fd877]::panicking::default_hook
[INFO] [stdout]    5:     0x60f7680166c0 - test[aada8e7e76ba119b]::test_main_inner::{closure#0}
[INFO] [stdout]    6:     0x60f7680a6a02 - std[617be2ca0a6fd877]::panicking::panic_with_hook
[INFO] [stdout]    7:     0x60f768089472 - std[617be2ca0a6fd877]::panicking::panic_handler::{closure#0}
[INFO] [stdout]    8:     0x60f768081f19 - std[617be2ca0a6fd877]::sys::backtrace::__rust_end_short_backtrace::<std[617be2ca0a6fd877]::panicking::panic_handler::{closure#0}, !>
[INFO] [stdout]    9:     0x60f76808a26d - __rustc[ea4f61d10b84890b]::rust_begin_unwind
[INFO] [stdout]   10:     0x60f7680c807c - core[a373ad73a504971]::panicking::panic_fmt
[INFO] [stdout]   11:     0x60f7680c7e52 - core[a373ad73a504971]::result::unwrap_failed
[INFO] [stdout]   12:     0x60f767ed9f2b - <sitemap[5e0b00affe5301cb]::test_parse_external_happy::{closure#0} as core[a373ad73a504971]::ops::function::FnOnce<()>>::call_once
[INFO] [stdout]   13:     0x60f768009b0b - test[aada8e7e76ba119b]::__rust_begin_short_backtrace::<core[a373ad73a504971]::result::Result<(), alloc[2e1b2a31b91974c5]::string::String>, fn() -> core[a373ad73a504971]::result::Result<(), alloc[2e1b2a31b91974c5]::string::String>>
[INFO] [stdout]   14:     0x60f768016ce5 - test[aada8e7e76ba119b]::run_test::{closure#0}
[INFO] [stdout]   15:     0x60f7680105d4 - std[617be2ca0a6fd877]::sys::backtrace::__rust_begin_short_backtrace::<test[aada8e7e76ba119b]::run_test::{closure#1}, ()>
[INFO] [stdout]   16:     0x60f768019d72 - <std[617be2ca0a6fd877]::thread::lifecycle::spawn_unchecked<test[aada8e7e76ba119b]::run_test::{closure#1}, ()>::{closure#1} as core[a373ad73a504971]::ops::function::FnOnce<()>>::call_once::{shim:vtable#0}
[INFO] [stdout]   17:     0x60f7680adc9f - <std[617be2ca0a6fd877]::sys::thread::unix::Thread>::new::thread_start
[INFO] [stdout]   18:     0x77900ab77dfa - <unknown>
[INFO] [stdout]   19:     0x77900ac0b3d4 - clone
[INFO] [stdout]   20:                0x0 - <unknown>
[INFO] [stdout] 
[INFO] [stdout] 
[INFO] [stdout] failures:
[INFO] [stdout]     test_parse_external_happy
[INFO] [stdout] 
[INFO] [stdout] test result: FAILED. 5 passed; 1 failed; 0 ignored; 0 measured; 0 filtered out; finished in 0.02s
[INFO] [stdout] 
[INFO] [stderr] error: test failed, to rerun pass `--test sitemap`
[INFO] running `Command { std: "docker" "inspect" "076cdf0299eee0f3c34c156c11dcd79e881140c2a1cdeea9a0d15ba4937166f2", kill_on_drop: false }`
[INFO] running `Command { std: "docker" "rm" "-f" "076cdf0299eee0f3c34c156c11dcd79e881140c2a1cdeea9a0d15ba4937166f2", kill_on_drop: false }`
[INFO] [stdout] 076cdf0299eee0f3c34c156c11dcd79e881140c2a1cdeea9a0d15ba4937166f2
