[INFO] fetching crate sitemap 0.4.1...
[INFO] testing sitemap-0.4.1 against 1.100.0-beta.1+cargoflags=--release for beta-release-1.100-2
[INFO] extracting crate sitemap 0.4.1 into /workspace/builds/worker-6-tc2/source
[INFO] started tweaking crates.io crate sitemap 0.4.1
[INFO] finished tweaking crates.io crate sitemap 0.4.1
[INFO] tweaked toml for crates.io crate sitemap 0.4.1 written to /workspace/builds/worker-6-tc2/source/Cargo.toml
[INFO] validating manifest of crates.io crate sitemap 0.4.1 on toolchain 1.100.0-beta.1
[INFO] running `Command { std: CARGO_HOME="/workspace/cargo-home" RUSTUP_HOME="/workspace/rustup-home" "/workspace/cargo-home/bin/cargo" "+1.100.0-beta.1" "metadata" "--manifest-path" "Cargo.toml" "--no-deps", kill_on_drop: false }`
[INFO] running `Command { std: CARGO_HOME="/workspace/cargo-home" RUSTUP_HOME="/workspace/rustup-home" "/workspace/cargo-home/bin/cargo" "+1.100.0-beta.1" "generate-lockfile" "--manifest-path" "Cargo.toml", kill_on_drop: false }`
[INFO] [stderr]     Updating crates.io index
[INFO] [stderr]      Locking 71 packages to highest compatible versions
[INFO] running `Command { std: CARGO_HOME="/workspace/cargo-home" RUSTUP_HOME="/workspace/rustup-home" "/workspace/cargo-home/bin/cargo" "+1.100.0-beta.1" "fetch" "--manifest-path" "Cargo.toml", kill_on_drop: false }`
[INFO] running `Command { std: "docker" "create" "-v" "/var/lib/crater-agent-workspace/builds/worker-6-tc2/source:/opt/rustwide/workdir:ro,Z" "-v" "/var/lib/crater-agent-workspace/builds/worker-6-tc2/target:/opt/rustwide/target:rw,Z" "-v" "/var/lib/crater-agent-workspace/cargo-home:/opt/rustwide/cargo-home:ro,Z" "-v" "/var/lib/crater-agent-workspace/rustup-home:/opt/rustwide/rustup-home:ro,Z" "-m" "1610612736" "--network" "none" "ghcr.io/rust-lang/crates-build-env/linux@sha256:77db811e55d90add9212f6832c23229e3de5f1c1f9905e8cb07319ea15df73ac" "sleep" "infinity", kill_on_drop: false }`
[INFO] [stdout] bb14a73fe4c5004b08960e9835896dc069bbc8335c9f9dd59ce1a70706f60996
[INFO] running `Command { std: "docker" "start" "bb14a73fe4c5004b08960e9835896dc069bbc8335c9f9dd59ce1a70706f60996", kill_on_drop: false }`
[INFO] running `Command { std: "docker" "inspect" "bb14a73fe4c5004b08960e9835896dc069bbc8335c9f9dd59ce1a70706f60996", kill_on_drop: false }`
[INFO] running `Command { std: "docker" "exec" "-e" "SOURCE_DIR=/opt/rustwide/workdir" "-e" "CARGO_HOME=/opt/rustwide/cargo-home" "-e" "RUSTUP_HOME=/opt/rustwide/rustup-home" "-e" "CARGO_TARGET_DIR=/opt/rustwide/target" "-w" "/opt/rustwide/workdir" "--user" "0:0" "bb14a73fe4c5004b08960e9835896dc069bbc8335c9f9dd59ce1a70706f60996" "/opt/rustwide/cargo-home/bin/cargo" "+1.100.0-beta.1" "metadata" "--no-deps" "--format-version=1", kill_on_drop: false }`
[INFO] running `Command { std: "docker" "inspect" "bb14a73fe4c5004b08960e9835896dc069bbc8335c9f9dd59ce1a70706f60996", kill_on_drop: false }`
[INFO] running `Command { std: "docker" "exec" "-e" "SOURCE_DIR=/opt/rustwide/workdir" "-e" "CARGO_HOME=/opt/rustwide/cargo-home" "-e" "RUSTUP_HOME=/opt/rustwide/rustup-home" "-e" "CARGO_TARGET_DIR=/opt/rustwide/target" "-e" "CARGO_INCREMENTAL=0" "-e" "RUST_BACKTRACE=full" "-e" "RUSTFLAGS=--cap-lints=warn" "-e" "RUSTDOCFLAGS=--cap-lints=warn" "-w" "/opt/rustwide/workdir" "--user" "0:0" "bb14a73fe4c5004b08960e9835896dc069bbc8335c9f9dd59ce1a70706f60996" "/opt/rustwide/cargo-home/bin/cargo" "+1.100.0-beta.1" "build" "--frozen" "--message-format=json" "--release", kill_on_drop: false }`
[INFO] [stderr]    Compiling xml v1.4.0
[INFO] [stderr]    Compiling chrono_utils v0.1.3
[INFO] [stderr]    Compiling xml-rs v1.0.0
[INFO] [stderr]    Compiling sitemap v0.4.1 (/opt/rustwide/workdir)
[INFO] [stderr]     Finished `release` profile [optimized] target(s) in 3.26s
[INFO] running `Command { std: "docker" "inspect" "bb14a73fe4c5004b08960e9835896dc069bbc8335c9f9dd59ce1a70706f60996", kill_on_drop: false }`
[INFO] running `Command { std: "docker" "exec" "-e" "SOURCE_DIR=/opt/rustwide/workdir" "-e" "CARGO_HOME=/opt/rustwide/cargo-home" "-e" "RUSTUP_HOME=/opt/rustwide/rustup-home" "-e" "CARGO_TARGET_DIR=/opt/rustwide/target" "-e" "CARGO_INCREMENTAL=0" "-e" "RUST_BACKTRACE=full" "-e" "RUSTFLAGS=--cap-lints=warn" "-e" "RUSTDOCFLAGS=--cap-lints=warn" "-w" "/opt/rustwide/workdir" "--user" "0:0" "bb14a73fe4c5004b08960e9835896dc069bbc8335c9f9dd59ce1a70706f60996" "/opt/rustwide/cargo-home/bin/cargo" "+1.100.0-beta.1" "test" "--frozen" "--no-run" "--message-format=json" "--release", kill_on_drop: false }`
[INFO] [stderr]    Compiling sitemap v0.4.1 (/opt/rustwide/workdir)
[INFO] [stdout] warning: use of deprecated associated function `chrono::DateTime::<Tz>::from_utc`: Use TimeZone::from_utc_datetime() or DateTime::from_naive_utc_and_offset instead
[INFO] [stdout]   --> tests/test_write_sitemap.rs:42:30
[INFO] [stdout]    |
[INFO] [stdout] 42 |         let date = DateTime::from_utc(NaiveDate::from_ymd(2016, 7, 8).and_hms(9, 10, 11),
[INFO] [stdout]    |                              ^^^^^^^^
[INFO] [stdout]    |
[INFO] [stdout]    = note: `#[warn(deprecated)]` on by default
[INFO] [stdout] 
[INFO] [stdout] 
[INFO] [stdout] warning: use of deprecated associated function `chrono::NaiveDate::from_ymd`: use `from_ymd_opt()` instead
[INFO] [stdout]   --> tests/test_write_sitemap.rs:42:50
[INFO] [stdout]    |
[INFO] [stdout] 42 |         let date = DateTime::from_utc(NaiveDate::from_ymd(2016, 7, 8).and_hms(9, 10, 11),
[INFO] [stdout]    |                                                  ^^^^^^^^
[INFO] [stdout] 
[INFO] [stdout] 
[INFO] [stdout] warning: use of deprecated method `chrono::NaiveDate::and_hms`: use `and_hms_opt()` instead
[INFO] [stdout]   --> tests/test_write_sitemap.rs:42:71
[INFO] [stdout]    |
[INFO] [stdout] 42 |         let date = DateTime::from_utc(NaiveDate::from_ymd(2016, 7, 8).and_hms(9, 10, 11),
[INFO] [stdout]    |                                                                       ^^^^^^^
[INFO] [stdout] 
[INFO] [stdout] 
[INFO] [stdout] warning: use of deprecated associated function `chrono::FixedOffset::east`: use `east_opt()` instead
[INFO] [stdout]   --> tests/test_write_sitemap.rs:43:52
[INFO] [stdout]    |
[INFO] [stdout] 43 | ...                   FixedOffset::east(0));
[INFO] [stdout]    |                                    ^^^^
[INFO] [stdout] 
[INFO] [stdout] 
[INFO] [stdout] warning: use of deprecated associated function `chrono::DateTime::<Tz>::from_utc`: Use TimeZone::from_utc_datetime() or DateTime::from_naive_utc_and_offset instead
[INFO] [stdout]   --> tests/test_write_sitemap.rs:52:31
[INFO] [stdout]    |
[INFO] [stdout] 52 |         let date1 = DateTime::from_utc(NaiveDate::from_ymd(2016, 7, 18).and_hms(9, 10, 11),
[INFO] [stdout]    |                               ^^^^^^^^
[INFO] [stdout] 
[INFO] [stdout] 
[INFO] [stdout] warning: use of deprecated associated function `chrono::NaiveDate::from_ymd`: use `from_ymd_opt()` instead
[INFO] [stdout]   --> tests/test_write_sitemap.rs:52:51
[INFO] [stdout]    |
[INFO] [stdout] 52 |         let date1 = DateTime::from_utc(NaiveDate::from_ymd(2016, 7, 18).and_hms(9, 10, 11),
[INFO] [stdout]    |                                                   ^^^^^^^^
[INFO] [stdout] 
[INFO] [stdout] 
[INFO] [stdout] warning: use of deprecated method `chrono::NaiveDate::and_hms`: use `and_hms_opt()` instead
[INFO] [stdout]   --> tests/test_write_sitemap.rs:52:73
[INFO] [stdout]    |
[INFO] [stdout] 52 |         let date1 = DateTime::from_utc(NaiveDate::from_ymd(2016, 7, 18).and_hms(9, 10, 11),
[INFO] [stdout]    |                                                                         ^^^^^^^
[INFO] [stdout] 
[INFO] [stdout] 
[INFO] [stdout] warning: use of deprecated associated function `chrono::FixedOffset::east`: use `east_opt()` instead
[INFO] [stdout]   --> tests/test_write_sitemap.rs:53:53
[INFO] [stdout]    |
[INFO] [stdout] 53 | ...                   FixedOffset::east(0));
[INFO] [stdout]    |                                    ^^^^
[INFO] [stdout] 
[INFO] [stdout] 
[INFO] [stderr]     Finished `release` profile [optimized] target(s) in 1.50s
[INFO] running `Command { std: "docker" "inspect" "bb14a73fe4c5004b08960e9835896dc069bbc8335c9f9dd59ce1a70706f60996", kill_on_drop: false }`
[INFO] running `Command { std: "docker" "exec" "-e" "SOURCE_DIR=/opt/rustwide/workdir" "-e" "CARGO_HOME=/opt/rustwide/cargo-home" "-e" "RUSTUP_HOME=/opt/rustwide/rustup-home" "-e" "CARGO_TARGET_DIR=/opt/rustwide/target" "-e" "CARGO_INCREMENTAL=0" "-e" "RUST_BACKTRACE=full" "-e" "RUSTFLAGS=--cap-lints=warn" "-e" "RUSTDOCFLAGS=--cap-lints=warn" "-w" "/opt/rustwide/workdir" "--user" "0:0" "bb14a73fe4c5004b08960e9835896dc069bbc8335c9f9dd59ce1a70706f60996" "/opt/rustwide/cargo-home/bin/cargo" "+1.100.0-beta.1" "test" "--frozen" "--release", kill_on_drop: false }`
[INFO] [stderr] warning: use of deprecated associated function `chrono::DateTime::<Tz>::from_utc`: Use TimeZone::from_utc_datetime() or DateTime::from_naive_utc_and_offset instead
[INFO] [stderr]   --> tests/test_write_sitemap.rs:42:30
[INFO] [stderr]    |
[INFO] [stderr] 42 |         let date = DateTime::from_utc(NaiveDate::from_ymd(2016, 7, 8).and_hms(9, 10, 11),
[INFO] [stderr]    |                              ^^^^^^^^
[INFO] [stderr]    |
[INFO] [stderr]    = note: `#[warn(deprecated)]` on by default
[INFO] [stderr] 
[INFO] [stderr] warning: use of deprecated associated function `chrono::NaiveDate::from_ymd`: use `from_ymd_opt()` instead
[INFO] [stderr]   --> tests/test_write_sitemap.rs:42:50
[INFO] [stderr]    |
[INFO] [stderr] 42 |         let date = DateTime::from_utc(NaiveDate::from_ymd(2016, 7, 8).and_hms(9, 10, 11),
[INFO] [stderr]    |                                                  ^^^^^^^^
[INFO] [stderr] 
[INFO] [stderr] warning: use of deprecated method `chrono::NaiveDate::and_hms`: use `and_hms_opt()` instead
[INFO] [stderr]   --> tests/test_write_sitemap.rs:42:71
[INFO] [stderr]    |
[INFO] [stderr] 42 |         let date = DateTime::from_utc(NaiveDate::from_ymd(2016, 7, 8).and_hms(9, 10, 11),
[INFO] [stderr]    |                                                                       ^^^^^^^
[INFO] [stderr] 
[INFO] [stderr] warning: use of deprecated associated function `chrono::FixedOffset::east`: use `east_opt()` instead
[INFO] [stderr]   --> tests/test_write_sitemap.rs:43:52
[INFO] [stderr]    |
[INFO] [stderr] 43 | ...                   FixedOffset::east(0));
[INFO] [stderr]    |                                    ^^^^
[INFO] [stderr] 
[INFO] [stderr] warning: use of deprecated associated function `chrono::DateTime::<Tz>::from_utc`: Use TimeZone::from_utc_datetime() or DateTime::from_naive_utc_and_offset instead
[INFO] [stderr]   --> tests/test_write_sitemap.rs:52:31
[INFO] [stderr]    |
[INFO] [stderr] 52 |         let date1 = DateTime::from_utc(NaiveDate::from_ymd(2016, 7, 18).and_hms(9, 10, 11),
[INFO] [stderr]    |                               ^^^^^^^^
[INFO] [stderr] 
[INFO] [stderr] warning: use of deprecated associated function `chrono::NaiveDate::from_ymd`: use `from_ymd_opt()` instead
[INFO] [stderr]   --> tests/test_write_sitemap.rs:52:51
[INFO] [stderr]    |
[INFO] [stderr] 52 |         let date1 = DateTime::from_utc(NaiveDate::from_ymd(2016, 7, 18).and_hms(9, 10, 11),
[INFO] [stderr]    |                                                   ^^^^^^^^
[INFO] [stderr] 
[INFO] [stderr] warning: use of deprecated method `chrono::NaiveDate::and_hms`: use `and_hms_opt()` instead
[INFO] [stderr]   --> tests/test_write_sitemap.rs:52:73
[INFO] [stderr]    |
[INFO] [stderr] 52 |         let date1 = DateTime::from_utc(NaiveDate::from_ymd(2016, 7, 18).and_hms(9, 10, 11),
[INFO] [stderr]    |                                                                         ^^^^^^^
[INFO] [stderr] 
[INFO] [stderr] warning: use of deprecated associated function `chrono::FixedOffset::east`: use `east_opt()` instead
[INFO] [stderr]   --> tests/test_write_sitemap.rs:53:53
[INFO] [stderr]    |
[INFO] [stderr] 53 | ...                   FixedOffset::east(0));
[INFO] [stderr]    |                                    ^^^^
[INFO] [stderr] 
[INFO] [stderr] warning: `sitemap` (test "test_write_sitemap") generated 8 warnings
[INFO] [stderr]     Finished `release` profile [optimized] target(s) in 0.06s
[INFO] [stderr]      Running unittests src/lib.rs (/opt/rustwide/target/release/build/sitemap/ff6b651af455d648/out/sitemap-ff6b651af455d648)
[INFO] [stdout] 
[INFO] [stdout] running 0 tests
[INFO] [stdout] 
[INFO] [stdout] test result: ok. 0 passed; 0 failed; 0 ignored; 0 measured; 0 filtered out; finished in 0.00s
[INFO] [stdout] 
[INFO] [stderr]      Running tests/test_read_sitemap.rs (/opt/rustwide/target/release/build/sitemap/8a4d039183b3df64/out/test_read_sitemap-8a4d039183b3df64)
[INFO] [stdout] 
[INFO] [stdout] running 2 tests
[INFO] [stdout] test test_read_sitemap_check_sitemaps ... ok
[INFO] [stdout] test test_read_sitemap_check_urls ... ok
[INFO] [stdout] 
[INFO] [stdout] test result: ok. 2 passed; 0 failed; 0 ignored; 0 measured; 0 filtered out; finished in 0.01s
[INFO] [stdout] 
[INFO] [stderr]      Running tests/test_write_sitemap.rs (/opt/rustwide/target/release/build/sitemap/54f62b08d4e79034/out/test_write_sitemap-54f62b08d4e79034)
[INFO] [stdout] 
[INFO] [stdout] running 2 tests
[INFO] [stdout] test test_validation ... ok
[INFO] [stdout] test test_write_sitemap ... FAILED
[INFO] [stdout] 
[INFO] [stdout] failures:
[INFO] [stdout] 
[INFO] [stdout] ---- test_write_sitemap stdout ----
[INFO] [stdout] 
[INFO] [stdout] thread 'test_write_sitemap' (261) panicked at tests/test_write_sitemap.rs:74:5:
[INFO] [stdout] assertion `left == right` failed
[INFO] [stdout]   left: Ok("<?xml version=\"1.0\" encoding=\"UTF-8\"?>\n<urlset xmlns=\"http://www.sitemaps.org/schemas/sitemap/0.9\">\n  <url>\n    <loc>http://www.example.com/index.html</loc>\n    <lastmod>2016-07-08T09:10:11+00:00</lastmod>\n    <changefreq>daily</changefreq>\n    <priority>0.2</priority>\n  </url>\n  <url>\n    <loc>http://www.example.com/other.html</loc>\n    <lastmod>2016-07-18T09:10:11+00:00</lastmod>\n    <changefreq>monthly</changefreq>\n    <priority>0.1</priority>\n  </url>\n</urlset>\n<sitemapindex xmlns=\"http://www.sitemaps.org/schemas/sitemap/0.9\">\n  <sitemap>\n    <loc>http://www.example.com/other_sitemap.xml</loc>\n    <lastmod>2016-07-18T09:10:11+00:00</lastmod>\n  </sitemap>\n</sitemapindex>")
[INFO] [stdout]  right: Ok("<?xml version=\"1.0\" encoding=\"utf-8\"?>\n<urlset xmlns=\"http://www.sitemaps.org/schemas/sitemap/0.9\">\n  <url>\n    <loc>http://www.example.com/index.html</loc>\n    <lastmod>2016-07-08T09:10:11+00:00</lastmod>\n    <changefreq>daily</changefreq>\n    <priority>0.2</priority>\n  </url>\n  <url>\n    <loc>http://www.example.com/other.html</loc>\n    <lastmod>2016-07-18T09:10:11+00:00</lastmod>\n    <changefreq>monthly</changefreq>\n    <priority>0.1</priority>\n  </url>\n</urlset>\n<sitemapindex xmlns=\"http://www.sitemaps.org/schemas/sitemap/0.9\">\n  <sitemap>\n    <loc>http://www.example.com/other_sitemap.xml</loc>\n    <lastmod>2016-07-18T09:10:11+00:00</lastmod>\n  </sitemap>\n</sitemapindex>")
[INFO] [stdout] stack backtrace:
[INFO] [stdout]    0:     0x6076fc524621 - <<std[617be2ca0a6fd877]::sys::backtrace::BacktraceLock>::print::DisplayBacktrace as core[a373ad73a504971]::fmt::Display>::fmt
[INFO] [stdout]    1:     0x6076fc538dba - core[a373ad73a504971]::fmt::write
[INFO] [stdout]    2:     0x6076fc52883c - <alloc[2e1b2a31b91974c5]::vec::Vec<u8> as core[a373ad73a504971]::io::write::Write>::write_fmt
[INFO] [stdout]    3:     0x6076fc500a86 - std[617be2ca0a6fd877]::panicking::default_hook::{closure#0}
[INFO] [stdout]    4:     0x6076fc51ccb9 - std[617be2ca0a6fd877]::panicking::default_hook
[INFO] [stdout]    5:     0x6076fc49e260 - test[aada8e7e76ba119b]::test_main_inner::{closure#0}
[INFO] [stdout]    6:     0x6076fc51ce72 - std[617be2ca0a6fd877]::panicking::panic_with_hook
[INFO] [stdout]    7:     0x6076fc500b32 - std[617be2ca0a6fd877]::panicking::panic_handler::{closure#0}
[INFO] [stdout]    8:     0x6076fc4f9849 - std[617be2ca0a6fd877]::sys::backtrace::__rust_end_short_backtrace::<std[617be2ca0a6fd877]::panicking::panic_handler::{closure#0}, !>
[INFO] [stdout]    9:     0x6076fc50173d - __rustc[ea4f61d10b84890b]::rust_begin_unwind
[INFO] [stdout]   10:     0x6076fc5394ec - core[a373ad73a504971]::panicking::panic_fmt
[INFO] [stdout]   11:     0x6076fc539403 - core[a373ad73a504971]::panicking::assert_failed_inner
[INFO] [stdout]   12:     0x6076fc48bf92 - core[a373ad73a504971]::panicking::assert_failed::<core[a373ad73a504971]::result::Result<&str, core[a373ad73a504971]::str::error::Utf8Error>, core[a373ad73a504971]::result::Result<&str, core[a373ad73a504971]::str::error::Utf8Error>>
[INFO] [stdout]   13:     0x6076fc490118 - <test_write_sitemap[15d6c64062865e38]::test_write_sitemap::{closure#0} as core[a373ad73a504971]::ops::function::FnOnce<()>>::call_once
[INFO] [stdout]   14:     0x6076fc4916ab - test[aada8e7e76ba119b]::__rust_begin_short_backtrace::<core[a373ad73a504971]::result::Result<(), alloc[2e1b2a31b91974c5]::string::String>, fn() -> core[a373ad73a504971]::result::Result<(), alloc[2e1b2a31b91974c5]::string::String>>
[INFO] [stdout]   15:     0x6076fc49e885 - test[aada8e7e76ba119b]::run_test::{closure#0}
[INFO] [stdout]   16:     0x6076fc498174 - std[617be2ca0a6fd877]::sys::backtrace::__rust_begin_short_backtrace::<test[aada8e7e76ba119b]::run_test::{closure#1}, ()>
[INFO] [stdout]   17:     0x6076fc4a1912 - <std[617be2ca0a6fd877]::thread::lifecycle::spawn_unchecked<test[aada8e7e76ba119b]::run_test::{closure#1}, ()>::{closure#1} as core[a373ad73a504971]::ops::function::FnOnce<()>>::call_once::{shim:vtable#0}
[INFO] [stdout]   18:     0x6076fc523e7f - <std[617be2ca0a6fd877]::sys::thread::unix::Thread>::new::thread_start
[INFO] [stdout]   19:     0x706fe5702dfa - <unknown>
[INFO] [stdout]   20:     0x706fe57963d4 - clone
[INFO] [stdout]   21:                0x0 - <unknown>
[INFO] [stdout] 
[INFO] [stdout] 
[INFO] [stdout] failures:
[INFO] [stdout]     test_write_sitemap
[INFO] [stdout] 
[INFO] [stdout] test result: FAILED. 1 passed; 1 failed; 0 ignored; 0 measured; 0 filtered out; finished in 0.00s
[INFO] [stdout] 
[INFO] [stderr] error: test failed, to rerun pass `--test test_write_sitemap`
[INFO] running `Command { std: "docker" "inspect" "bb14a73fe4c5004b08960e9835896dc069bbc8335c9f9dd59ce1a70706f60996", kill_on_drop: false }`
[INFO] running `Command { std: "docker" "rm" "-f" "bb14a73fe4c5004b08960e9835896dc069bbc8335c9f9dd59ce1a70706f60996", kill_on_drop: false }`
[INFO] [stdout] bb14a73fe4c5004b08960e9835896dc069bbc8335c9f9dd59ce1a70706f60996
