[INFO] fetching crate sisyphus-tasks 0.1.1...
[INFO] testing sisyphus-tasks-0.1.1 against 1.100.0-beta.1+cargoflags=--release for beta-release-1.100-2
[INFO] extracting crate sisyphus-tasks 0.1.1 into /workspace/builds/worker-1-tc2/source
[INFO] started tweaking crates.io crate sisyphus-tasks 0.1.1
[INFO] finished tweaking crates.io crate sisyphus-tasks 0.1.1
[INFO] tweaked toml for crates.io crate sisyphus-tasks 0.1.1 written to /workspace/builds/worker-1-tc2/source/Cargo.toml
[INFO] validating manifest of crates.io crate sisyphus-tasks 0.1.1 on toolchain 1.100.0-beta.1
[INFO] running `Command { std: CARGO_HOME="/workspace/cargo-home" RUSTUP_HOME="/workspace/rustup-home" "/workspace/cargo-home/bin/cargo" "+1.100.0-beta.1" "metadata" "--manifest-path" "Cargo.toml" "--no-deps", kill_on_drop: false }`
[INFO] running `Command { std: CARGO_HOME="/workspace/cargo-home" RUSTUP_HOME="/workspace/rustup-home" "/workspace/cargo-home/bin/cargo" "+1.100.0-beta.1" "generate-lockfile" "--manifest-path" "Cargo.toml", kill_on_drop: false }`
[INFO] [stderr]     Updating crates.io index
[INFO] [stderr]      Locking 161 packages to highest compatible versions
[INFO] [stderr]       Adding generic-array v0.14.7 (available: v0.14.9)
[INFO] [stderr]       Adding prometheus v0.13.4 (available: v0.14.0)
[INFO] [stderr]       Adding rand v0.8.8 (available: v0.10.3)
[INFO] [stderr]       Adding thiserror v1.0.69 (available: v2.0.21)
[INFO] [stderr]       Adding tokio-tungstenite v0.18.0 (available: v0.30.0)
[INFO] [stderr]       Adding tungstenite v0.18.0 (available: v0.30.0)
[INFO] [stderr]       Adding warp v0.3.7 (available: v0.4.3)
[INFO] running `Command { std: CARGO_HOME="/workspace/cargo-home" RUSTUP_HOME="/workspace/rustup-home" "/workspace/cargo-home/bin/cargo" "+1.100.0-beta.1" "fetch" "--manifest-path" "Cargo.toml", kill_on_drop: false }`
[INFO] running `Command { std: "docker" "create" "-v" "/var/lib/crater-agent-workspace/builds/worker-1-tc2/source:/opt/rustwide/workdir:ro,Z" "-v" "/var/lib/crater-agent-workspace/builds/worker-1-tc2/target:/opt/rustwide/target:rw,Z" "-v" "/var/lib/crater-agent-workspace/cargo-home:/opt/rustwide/cargo-home:ro,Z" "-v" "/var/lib/crater-agent-workspace/rustup-home:/opt/rustwide/rustup-home:ro,Z" "-m" "1610612736" "--network" "none" "ghcr.io/rust-lang/crates-build-env/linux@sha256:77db811e55d90add9212f6832c23229e3de5f1c1f9905e8cb07319ea15df73ac" "sleep" "infinity", kill_on_drop: false }`
[INFO] [stdout] a42d421a32b4733b5ebba8dee72499232002f8f7f7f98fef8a84222b9c6e5fa0
[INFO] running `Command { std: "docker" "start" "a42d421a32b4733b5ebba8dee72499232002f8f7f7f98fef8a84222b9c6e5fa0", kill_on_drop: false }`
[INFO] running `Command { std: "docker" "inspect" "a42d421a32b4733b5ebba8dee72499232002f8f7f7f98fef8a84222b9c6e5fa0", kill_on_drop: false }`
[INFO] running `Command { std: "docker" "exec" "-e" "SOURCE_DIR=/opt/rustwide/workdir" "-e" "CARGO_HOME=/opt/rustwide/cargo-home" "-e" "RUSTUP_HOME=/opt/rustwide/rustup-home" "-e" "CARGO_TARGET_DIR=/opt/rustwide/target" "-w" "/opt/rustwide/workdir" "--user" "0:0" "a42d421a32b4733b5ebba8dee72499232002f8f7f7f98fef8a84222b9c6e5fa0" "/opt/rustwide/cargo-home/bin/cargo" "+1.100.0-beta.1" "metadata" "--no-deps" "--format-version=1", kill_on_drop: false }`
[INFO] running `Command { std: "docker" "inspect" "a42d421a32b4733b5ebba8dee72499232002f8f7f7f98fef8a84222b9c6e5fa0", kill_on_drop: false }`
[INFO] running `Command { std: "docker" "exec" "-e" "SOURCE_DIR=/opt/rustwide/workdir" "-e" "CARGO_HOME=/opt/rustwide/cargo-home" "-e" "RUSTUP_HOME=/opt/rustwide/rustup-home" "-e" "CARGO_TARGET_DIR=/opt/rustwide/target" "-e" "CARGO_INCREMENTAL=0" "-e" "RUST_BACKTRACE=full" "-e" "RUSTFLAGS=--cap-lints=warn" "-e" "RUSTDOCFLAGS=--cap-lints=warn" "-w" "/opt/rustwide/workdir" "--user" "0:0" "a42d421a32b4733b5ebba8dee72499232002f8f7f7f98fef8a84222b9c6e5fa0" "/opt/rustwide/cargo-home/bin/cargo" "+1.100.0-beta.1" "build" "--frozen" "--message-format=json" "--release", kill_on_drop: false }`
[INFO] [stderr]    Compiling syn v3.0.9
[INFO] [stderr]    Compiling syn v2.0.119
[INFO] [stderr]    Compiling unicase v2.10.0
[INFO] [stderr]    Compiling multer v2.1.0
[INFO] [stderr]    Compiling sha1 v0.10.7
[INFO] [stderr]    Compiling data-encoding v2.11.1
[INFO] [stderr]    Compiling serde_json v1.0.154
[INFO] [stderr]    Compiling parking_lot_core v0.9.12
[INFO] [stderr]    Compiling eyre v0.6.14
[INFO] [stderr]    Compiling headers-core v0.2.0
[INFO] [stderr]    Compiling prometheus v0.13.4
[INFO] [stderr]    Compiling protobuf v2.28.0
[INFO] [stderr]    Compiling indenter v0.3.4
[INFO] [stderr]    Compiling mime_guess v2.0.5
[INFO] [stderr]    Compiling headers v0.3.9
[INFO] [stderr]    Compiling parking_lot v0.12.5
[INFO] [stderr]    Compiling synstructure v0.14.0
[INFO] [stderr]    Compiling thiserror-impl v1.0.69
[INFO] [stderr]    Compiling tracing-attributes v0.1.31
[INFO] [stderr]    Compiling pin-project-internal v1.1.13
[INFO] [stderr]    Compiling zerofrom-derive v0.1.8
[INFO] [stderr]    Compiling yoke-derive v0.8.4
[INFO] [stderr]    Compiling zerovec-derive v0.11.6
[INFO] [stderr]    Compiling displaydoc v0.2.7
[INFO] [stderr]    Compiling futures-macro v0.3.34
[INFO] [stderr]    Compiling tokio-macros v2.7.2
[INFO] [stderr]    Compiling serde_derive v1.0.229
[INFO] [stderr]    Compiling tokio v1.53.3
[INFO] [stderr]    Compiling futures-util v0.3.34
[INFO] [stderr]    Compiling pin-project v1.1.13
[INFO] [stderr]    Compiling thiserror v1.0.69
[INFO] [stderr]    Compiling tracing v0.1.44
[INFO] [stderr]    Compiling zerofrom v0.1.8
[INFO] [stderr]    Compiling yoke v0.8.3
[INFO] [stderr]    Compiling zerovec v0.11.8
[INFO] [stderr]    Compiling zerotrie v0.2.5
[INFO] [stderr]    Compiling serde v1.0.229
[INFO] [stderr]    Compiling serde_urlencoded v0.7.1
[INFO] [stderr]    Compiling tinystr v0.8.4
[INFO] [stderr]    Compiling icu_locale_core v2.3.0
[INFO] [stderr]    Compiling potential_utf v0.1.6
[INFO] [stderr]    Compiling icu_collections v2.3.0
[INFO] [stderr]    Compiling icu_provider v2.3.1
[INFO] [stderr]    Compiling icu_properties v2.3.0
[INFO] [stderr]    Compiling icu_normalizer v2.3.0
[INFO] [stderr]    Compiling futures-executor v0.3.34
[INFO] [stderr]    Compiling futures v0.3.34
[INFO] [stderr]    Compiling tokio-util v0.7.20
[INFO] [stderr]    Compiling tokio-stream v0.1.19
[INFO] [stderr]    Compiling idna_adapter v1.2.2
[INFO] [stderr]    Compiling idna v1.1.0
[INFO] [stderr]    Compiling h2 v0.3.27
[INFO] [stderr]    Compiling url v2.5.8
[INFO] [stderr]    Compiling tungstenite v0.21.0
[INFO] [stderr]    Compiling tungstenite v0.18.0
[INFO] [stderr]    Compiling tokio-tungstenite v0.18.0
[INFO] [stderr]    Compiling tokio-tungstenite v0.21.0
[INFO] [stderr]    Compiling hyper v0.14.32
[INFO] [stderr]    Compiling warp v0.3.7
[INFO] [stderr]    Compiling sisyphus-tasks v0.1.1 (/opt/rustwide/workdir)
[INFO] [stderr] warning: unused dependency `tokio-stream`
[INFO] [stderr]   --> Cargo.toml:28:15
[INFO] [stderr]    |
[INFO] [stderr] 28 | [dependencies.tokio-stream]
[INFO] [stderr]    |               ^^^^^^^^^^^^^
[INFO] [stderr]    |
[INFO] [stderr]    = note: `cargo::unused_dependencies` is set to `warn` by default
[INFO] [stderr] help: consider removing the dependency on `tokio-stream`
[INFO] [stderr] warning: unused dependency `tokio-tungstenite`
[INFO] [stderr]   --> Cargo.toml:31:15
[INFO] [stderr]    |
[INFO] [stderr] 31 | [dependencies.tokio-tungstenite]
[INFO] [stderr]    |               ^^^^^^^^^^^^^^^^^^
[INFO] [stderr]    |
[INFO] [stderr] help: consider removing the dependency on `tokio-tungstenite`
[INFO] [stderr] warning: `sisyphus-tasks` (manifest) generated 2 warnings
[INFO] [stderr]     Finished `release` profile [optimized] target(s) in 1m 15s
[INFO] running `Command { std: "docker" "inspect" "a42d421a32b4733b5ebba8dee72499232002f8f7f7f98fef8a84222b9c6e5fa0", kill_on_drop: false }`
[INFO] running `Command { std: "docker" "exec" "-e" "SOURCE_DIR=/opt/rustwide/workdir" "-e" "CARGO_HOME=/opt/rustwide/cargo-home" "-e" "RUSTUP_HOME=/opt/rustwide/rustup-home" "-e" "CARGO_TARGET_DIR=/opt/rustwide/target" "-e" "CARGO_INCREMENTAL=0" "-e" "RUST_BACKTRACE=full" "-e" "RUSTFLAGS=--cap-lints=warn" "-e" "RUSTDOCFLAGS=--cap-lints=warn" "-w" "/opt/rustwide/workdir" "--user" "0:0" "a42d421a32b4733b5ebba8dee72499232002f8f7f7f98fef8a84222b9c6e5fa0" "/opt/rustwide/cargo-home/bin/cargo" "+1.100.0-beta.1" "test" "--frozen" "--no-run" "--message-format=json" "--release", kill_on_drop: false }`
[INFO] [stderr]    Compiling tracing v0.1.44
[INFO] [stderr]    Compiling regex-automata v0.4.18
[INFO] [stderr]    Compiling multer v2.1.0
[INFO] [stderr]    Compiling tracing-test-macro v0.2.6
[INFO] [stderr]    Compiling tungstenite v0.21.0
[INFO] [stderr]    Compiling tungstenite v0.18.0
[INFO] [stderr]    Compiling h2 v0.3.27
[INFO] [stderr]    Compiling tokio-tungstenite v0.18.0
[INFO] [stderr]    Compiling tokio-tungstenite v0.21.0
[INFO] [stderr]    Compiling matchers v0.2.0
[INFO] [stderr]    Compiling tracing-subscriber v0.3.23
[INFO] [stderr]    Compiling tracing-test v0.2.6
[INFO] [stderr]    Compiling hyper v0.14.32
[INFO] [stderr]    Compiling warp v0.3.7
[INFO] [stderr]    Compiling sisyphus-tasks v0.1.1 (/opt/rustwide/workdir)
[INFO] [stderr] warning: unused dependency `tokio-stream`
[INFO] [stderr]   --> Cargo.toml:28:15
[INFO] [stderr]    |
[INFO] [stderr] 28 | [dependencies.tokio-stream]
[INFO] [stderr]    |               ^^^^^^^^^^^^^
[INFO] [stderr]    |
[INFO] [stderr]    = note: `cargo::unused_dependencies` is set to `warn` by default
[INFO] [stderr] help: consider removing the dependency on `tokio-stream`
[INFO] [stderr] warning: unused dependency `tokio-tungstenite`
[INFO] [stderr]   --> Cargo.toml:31:15
[INFO] [stderr]    |
[INFO] [stderr] 31 | [dependencies.tokio-tungstenite]
[INFO] [stderr]    |               ^^^^^^^^^^^^^^^^^^
[INFO] [stderr]    |
[INFO] [stderr] help: consider removing the dependency on `tokio-tungstenite`
[INFO] [stderr] warning: `sisyphus-tasks` (manifest) generated 2 warnings
[INFO] [stderr]     Finished `release` profile [optimized] target(s) in 36.70s
[INFO] running `Command { std: "docker" "inspect" "a42d421a32b4733b5ebba8dee72499232002f8f7f7f98fef8a84222b9c6e5fa0", kill_on_drop: false }`
[INFO] running `Command { std: "docker" "exec" "-e" "SOURCE_DIR=/opt/rustwide/workdir" "-e" "CARGO_HOME=/opt/rustwide/cargo-home" "-e" "RUSTUP_HOME=/opt/rustwide/rustup-home" "-e" "CARGO_TARGET_DIR=/opt/rustwide/target" "-e" "CARGO_INCREMENTAL=0" "-e" "RUST_BACKTRACE=full" "-e" "RUSTFLAGS=--cap-lints=warn" "-e" "RUSTDOCFLAGS=--cap-lints=warn" "-w" "/opt/rustwide/workdir" "--user" "0:0" "a42d421a32b4733b5ebba8dee72499232002f8f7f7f98fef8a84222b9c6e5fa0" "/opt/rustwide/cargo-home/bin/cargo" "+1.100.0-beta.1" "test" "--frozen" "--release", kill_on_drop: false }`
[INFO] [stderr] warning: unused dependency `tokio-stream`
[INFO] [stderr]   --> Cargo.toml:28:15
[INFO] [stderr]    |
[INFO] [stderr] 28 | [dependencies.tokio-stream]
[INFO] [stderr]    |               ^^^^^^^^^^^^^
[INFO] [stderr]    |
[INFO] [stderr]    = note: `cargo::unused_dependencies` is set to `warn` by default
[INFO] [stderr] help: consider removing the dependency on `tokio-stream`
[INFO] [stderr] warning: unused dependency `tokio-tungstenite`
[INFO] [stderr]   --> Cargo.toml:31:15
[INFO] [stderr]    |
[INFO] [stderr] 31 | [dependencies.tokio-tungstenite]
[INFO] [stderr]    |               ^^^^^^^^^^^^^^^^^^
[INFO] [stderr]    |
[INFO] [stderr] help: consider removing the dependency on `tokio-tungstenite`
[INFO] [stderr] warning: `sisyphus-tasks` (manifest) generated 2 warnings
[INFO] [stderr]     Finished `release` profile [optimized] target(s) in 0.17s
[INFO] [stdout] 
[INFO] [stderr]      Running unittests src/lib.rs (/opt/rustwide/target/release/build/sisyphus-tasks/f5afe89385f7ee4f/out/sisyphus_tasks-f5afe89385f7ee4f)
[INFO] [stdout] running 4 tests
[INFO] [stdout] test sisyphus::test::test_panic ... FAILED
[INFO] [stdout] test sisyphus::test::test_unrecoverable ... ok
[INFO] [stdout] test sisyphus::test::test_shutdown ... FAILED
[INFO] [stdout] test sisyphus::test::test_recovery ... FAILED
[INFO] [stdout] 
[INFO] [stdout] failures:
[INFO] [stdout] 
[INFO] [stdout] ---- sisyphus::test::test_panic stdout ----
[INFO] [stdout] 
[INFO] [stdout] thread 'sisyphus::test::test_panic' (1833) panicked at src/sisyphus.rs:335:22:
[INFO] [stdout] Failed to send task status: SendError { .. }
[INFO] [stdout] stack backtrace:
[INFO] [stdout]    0:     0x5ff4b3295631 - <<std[617be2ca0a6fd877]::sys::backtrace::BacktraceLock>::print::DisplayBacktrace as core[a373ad73a504971]::fmt::Display>::fmt
[INFO] [stdout]    1:     0x5ff4b32ab9ba - core[a373ad73a504971]::fmt::write
[INFO] [stdout]    2:     0x5ff4b3299e0c - <alloc[2e1b2a31b91974c5]::vec::Vec<u8> as core[a373ad73a504971]::io::write::Write>::write_fmt
[INFO] [stdout]    3:     0x5ff4b3270e36 - std[617be2ca0a6fd877]::panicking::default_hook::{closure#0}
[INFO] [stdout]    4:     0x5ff4b328d999 - std[617be2ca0a6fd877]::panicking::default_hook
[INFO] [stdout]    5:     0x5ff4b3189080 - test[aada8e7e76ba119b]::test_main_inner::{closure#0}
[INFO] [stdout]    6:     0x5ff4b328dcc2 - std[617be2ca0a6fd877]::panicking::panic_with_hook
[INFO] [stdout]    7:     0x5ff4b3270ee2 - std[617be2ca0a6fd877]::panicking::panic_handler::{closure#0}
[INFO] [stdout]    8:     0x5ff4b3269669 - std[617be2ca0a6fd877]::sys::backtrace::__rust_end_short_backtrace::<std[617be2ca0a6fd877]::panicking::panic_handler::{closure#0}, !>
[INFO] [stdout]    9:     0x5ff4b3271bfd - __rustc[ea4f61d10b84890b]::rust_begin_unwind
[INFO] [stdout]   10:     0x5ff4b32ac19c - core[a373ad73a504971]::panicking::panic_fmt
[INFO] [stdout]   11:     0x5ff4b32abf72 - core[a373ad73a504971]::result::unwrap_failed
[INFO] [stdout]   12:     0x5ff4b3161e9b - <sisyphus_tasks[99ad17a05415b9b6]::sisyphus::test::PanicTask as sisyphus_tasks[99ad17a05415b9b6]::sisyphus::Boulder>::run_until_panic::{closure#0}
[INFO] [stdout]   13:     0x5ff4b31653f6 - <tokio[c9e065742146d5a9]::runtime::task::core::Core<<sisyphus_tasks[99ad17a05415b9b6]::sisyphus::test::PanicTask as sisyphus_tasks[99ad17a05415b9b6]::sisyphus::Boulder>::run_until_panic::{closure#0}, alloc[2e1b2a31b91974c5]::sync::Arc<tokio[c9e065742146d5a9]::runtime::scheduler::current_thread::Handle>>>::poll
[INFO] [stdout]   14:     0x5ff4b316ba3f - <tokio[c9e065742146d5a9]::runtime::task::harness::Harness<<sisyphus_tasks[99ad17a05415b9b6]::sisyphus::test::PanicTask as sisyphus_tasks[99ad17a05415b9b6]::sisyphus::Boulder>::run_until_panic::{closure#0}, alloc[2e1b2a31b91974c5]::sync::Arc<tokio[c9e065742146d5a9]::runtime::scheduler::current_thread::Handle>>>::poll
[INFO] [stdout]   15:     0x5ff4b325952c - <tokio[c9e065742146d5a9]::runtime::scheduler::current_thread::Context>::run_task
[INFO] [stdout]   16:     0x5ff4b317ba1c - <std[617be2ca0a6fd877]::thread::local::LocalKey<tokio[c9e065742146d5a9]::runtime::context::Context>>::with::<tokio[c9e065742146d5a9]::runtime::context::set_scheduler<(alloc[2e1b2a31b91974c5]::boxed::Box<tokio[c9e065742146d5a9]::runtime::scheduler::current_thread::Core>, core[a373ad73a504971]::option::Option<()>), <tokio[c9e065742146d5a9]::runtime::scheduler::current_thread::CoreGuard>::enter<<tokio[c9e065742146d5a9]::runtime::scheduler::current_thread::CoreGuard>::block_on<core[a373ad73a504971]::pin::Pin<&mut core[a373ad73a504971]::pin::Pin<&mut dyn core[a373ad73a504971]::future::future::Future<Output = ()>>>>::{closure#0}, core[a373ad73a504971]::option::Option<()>>::{closure#0}>::{closure#0}, (alloc[2e1b2a31b91974c5]::boxed::Box<tokio[c9e065742146d5a9]::runtime::scheduler::current_thread::Core>, core[a373ad73a504971]::option::Option<()>)>
[INFO] [stdout]   17:     0x5ff4b3177b55 - <tokio[c9e065742146d5a9]::runtime::scheduler::current_thread::CoreGuard>::block_on::<core[a373ad73a504971]::pin::Pin<&mut core[a373ad73a504971]::pin::Pin<&mut dyn core[a373ad73a504971]::future::future::Future<Output = ()>>>>
[INFO] [stdout]   18:     0x5ff4b3179f10 - tokio[c9e065742146d5a9]::runtime::context::runtime::enter_runtime::<<tokio[c9e065742146d5a9]::runtime::scheduler::current_thread::CurrentThread>::block_on<core[a373ad73a504971]::pin::Pin<&mut dyn core[a373ad73a504971]::future::future::Future<Output = ()>>>::{closure#0}, ()>
[INFO] [stdout]   19:     0x5ff4b317932b - <tokio[c9e065742146d5a9]::runtime::runtime::Runtime>::block_on::<core[a373ad73a504971]::pin::Pin<&mut dyn core[a373ad73a504971]::future::future::Future<Output = ()>>>
[INFO] [stdout]   20:     0x5ff4b316f539 - <sisyphus_tasks[99ad17a05415b9b6]::sisyphus::test::test_panic::{closure#0} as core[a373ad73a504971]::ops::function::FnOnce<()>>::call_once
[INFO] [stdout]   21:     0x5ff4b317c4cb - test[aada8e7e76ba119b]::__rust_begin_short_backtrace::<core[a373ad73a504971]::result::Result<(), alloc[2e1b2a31b91974c5]::string::String>, fn() -> core[a373ad73a504971]::result::Result<(), alloc[2e1b2a31b91974c5]::string::String>>
[INFO] [stdout]   22:     0x5ff4b31896a5 - test[aada8e7e76ba119b]::run_test::{closure#0}
[INFO] [stdout]   23:     0x5ff4b3182f94 - std[617be2ca0a6fd877]::sys::backtrace::__rust_begin_short_backtrace::<test[aada8e7e76ba119b]::run_test::{closure#1}, ()>
[INFO] [stdout]   24:     0x5ff4b318c732 - <std[617be2ca0a6fd877]::thread::lifecycle::spawn_unchecked<test[aada8e7e76ba119b]::run_test::{closure#1}, ()>::{closure#1} as core[a373ad73a504971]::ops::function::FnOnce<()>>::call_once::{shim:vtable#0}
[INFO] [stdout]   25:     0x5ff4b3294e4f - <std[617be2ca0a6fd877]::sys::thread::unix::Thread>::new::thread_start
[INFO] [stdout]   26:     0x73c301102dfa - <unknown>
[INFO] [stdout]   27:     0x73c3011963d4 - clone
[INFO] [stdout]   28:                0x0 - <unknown>
[INFO] [stdout] 
[INFO] [stdout] thread 'sisyphus::test::test_panic' (1833) panicked at src/sisyphus.rs:525:39:
[INFO] [stdout] intentional panic :)
[INFO] [stdout] stack backtrace:
[INFO] [stdout]    0:     0x5ff4b3295631 - <<std[617be2ca0a6fd877]::sys::backtrace::BacktraceLock>::print::DisplayBacktrace as core[a373ad73a504971]::fmt::Display>::fmt
[INFO] [stdout]    1:     0x5ff4b32ab9ba - core[a373ad73a504971]::fmt::write
[INFO] [stdout]    2:     0x5ff4b3299e0c - <alloc[2e1b2a31b91974c5]::vec::Vec<u8> as core[a373ad73a504971]::io::write::Write>::write_fmt
[INFO] [stdout]    3:     0x5ff4b3270e36 - std[617be2ca0a6fd877]::panicking::default_hook::{closure#0}
[INFO] [stdout]    4:     0x5ff4b328d999 - std[617be2ca0a6fd877]::panicking::default_hook
[INFO] [stdout]    5:     0x5ff4b3189080 - test[aada8e7e76ba119b]::test_main_inner::{closure#0}
[INFO] [stdout]    6:     0x5ff4b328dcc2 - std[617be2ca0a6fd877]::panicking::panic_with_hook
[INFO] [stdout]    7:     0x5ff4b3270f14 - std[617be2ca0a6fd877]::panicking::panic_handler::{closure#0}
[INFO] [stdout]    8:     0x5ff4b3269669 - std[617be2ca0a6fd877]::sys::backtrace::__rust_end_short_backtrace::<std[617be2ca0a6fd877]::panicking::panic_handler::{closure#0}, !>
[INFO] [stdout]    9:     0x5ff4b3271bfd - __rustc[ea4f61d10b84890b]::rust_begin_unwind
[INFO] [stdout]   10:     0x5ff4b32ac19c - core[a373ad73a504971]::panicking::panic_fmt
[INFO] [stdout]   11:     0x5ff4b3155bc2 - <sisyphus_tasks[99ad17a05415b9b6]::sisyphus::test::PanicTask as sisyphus_tasks[99ad17a05415b9b6]::sisyphus::Boulder>::spawn::{closure#0}
[INFO] [stdout]   12:     0x5ff4b3155b68 - <tokio[c9e065742146d5a9]::runtime::task::core::Core<<sisyphus_tasks[99ad17a05415b9b6]::sisyphus::test::PanicTask as sisyphus_tasks[99ad17a05415b9b6]::sisyphus::Boulder>::spawn::{closure#0}, alloc[2e1b2a31b91974c5]::sync::Arc<tokio[c9e065742146d5a9]::runtime::scheduler::current_thread::Handle>>>::poll::{closure#0}
[INFO] [stdout]   13:     0x5ff4b3168fc1 - <tokio[c9e065742146d5a9]::runtime::task::harness::Harness<<sisyphus_tasks[99ad17a05415b9b6]::sisyphus::test::PanicTask as sisyphus_tasks[99ad17a05415b9b6]::sisyphus::Boulder>::spawn::{closure#0}, alloc[2e1b2a31b91974c5]::sync::Arc<tokio[c9e065742146d5a9]::runtime::scheduler::current_thread::Handle>>>::poll
[INFO] [stdout]   14:     0x5ff4b325952c - <tokio[c9e065742146d5a9]::runtime::scheduler::current_thread::Context>::run_task
[INFO] [stdout]   15:     0x5ff4b317ba1c - <std[617be2ca0a6fd877]::thread::local::LocalKey<tokio[c9e065742146d5a9]::runtime::context::Context>>::with::<tokio[c9e065742146d5a9]::runtime::context::set_scheduler<(alloc[2e1b2a31b91974c5]::boxed::Box<tokio[c9e065742146d5a9]::runtime::scheduler::current_thread::Core>, core[a373ad73a504971]::option::Option<()>), <tokio[c9e065742146d5a9]::runtime::scheduler::current_thread::CoreGuard>::enter<<tokio[c9e065742146d5a9]::runtime::scheduler::current_thread::CoreGuard>::block_on<core[a373ad73a504971]::pin::Pin<&mut core[a373ad73a504971]::pin::Pin<&mut dyn core[a373ad73a504971]::future::future::Future<Output = ()>>>>::{closure#0}, core[a373ad73a504971]::option::Option<()>>::{closure#0}>::{closure#0}, (alloc[2e1b2a31b91974c5]::boxed::Box<tokio[c9e065742146d5a9]::runtime::scheduler::current_thread::Core>, core[a373ad73a504971]::option::Option<()>)>
[INFO] [stdout]   16:     0x5ff4b3177b55 - <tokio[c9e065742146d5a9]::runtime::scheduler::current_thread::CoreGuard>::block_on::<core[a373ad73a504971]::pin::Pin<&mut core[a373ad73a504971]::pin::Pin<&mut dyn core[a373ad73a504971]::future::future::Future<Output = ()>>>>
[INFO] [stdout]   17:     0x5ff4b3179f10 - tokio[c9e065742146d5a9]::runtime::context::runtime::enter_runtime::<<tokio[c9e065742146d5a9]::runtime::scheduler::current_thread::CurrentThread>::block_on<core[a373ad73a504971]::pin::Pin<&mut dyn core[a373ad73a504971]::future::future::Future<Output = ()>>>::{closure#0}, ()>
[INFO] [stdout]   18:     0x5ff4b317932b - <tokio[c9e065742146d5a9]::runtime::runtime::Runtime>::block_on::<core[a373ad73a504971]::pin::Pin<&mut dyn core[a373ad73a504971]::future::future::Future<Output = ()>>>
[INFO] [stdout]   19:     0x5ff4b316f539 - <sisyphus_tasks[99ad17a05415b9b6]::sisyphus::test::test_panic::{closure#0} as core[a373ad73a504971]::ops::function::FnOnce<()>>::call_once
[INFO] [stdout]   20:     0x5ff4b317c4cb - test[aada8e7e76ba119b]::__rust_begin_short_backtrace::<core[a373ad73a504971]::result::Result<(), alloc[2e1b2a31b91974c5]::string::String>, fn() -> core[a373ad73a504971]::result::Result<(), alloc[2e1b2a31b91974c5]::string::String>>
[INFO] [stdout]   21:     0x5ff4b31896a5 - test[aada8e7e76ba119b]::run_test::{closure#0}
[INFO] [stdout]   22:     0x5ff4b3182f94 - std[617be2ca0a6fd877]::sys::backtrace::__rust_begin_short_backtrace::<test[aada8e7e76ba119b]::run_test::{closure#1}, ()>
[INFO] [stdout]   23:     0x5ff4b318c732 - <std[617be2ca0a6fd877]::thread::lifecycle::spawn_unchecked<test[aada8e7e76ba119b]::run_test::{closure#1}, ()>::{closure#1} as core[a373ad73a504971]::ops::function::FnOnce<()>>::call_once::{shim:vtable#0}
[INFO] [stdout]   24:     0x5ff4b3294e4f - <std[617be2ca0a6fd877]::sys::thread::unix::Thread>::new::thread_start
[INFO] [stdout]   25:     0x73c301102dfa - <unknown>
[INFO] [stdout]   26:     0x73c3011963d4 - clone
[INFO] [stdout]   27:                0x0 - <unknown>
[INFO] [stdout] 
[INFO] [stdout] thread 'sisyphus::test::test_panic' (1833) panicked at src/sisyphus.rs:534:9:
[INFO] [stdout] assertion failed: logs_contain("PanicTask")
[INFO] [stdout] stack backtrace:
[INFO] [stdout]    0:     0x5ff4b3295631 - <<std[617be2ca0a6fd877]::sys::backtrace::BacktraceLock>::print::DisplayBacktrace as core[a373ad73a504971]::fmt::Display>::fmt
[INFO] [stdout]    1:     0x5ff4b32ab9ba - core[a373ad73a504971]::fmt::write
[INFO] [stdout]    2:     0x5ff4b3299e0c - <alloc[2e1b2a31b91974c5]::vec::Vec<u8> as core[a373ad73a504971]::io::write::Write>::write_fmt
[INFO] [stdout]    3:     0x5ff4b3270e36 - std[617be2ca0a6fd877]::panicking::default_hook::{closure#0}
[INFO] [stdout]    4:     0x5ff4b328d999 - std[617be2ca0a6fd877]::panicking::default_hook
[INFO] [stdout]    5:     0x5ff4b3189080 - test[aada8e7e76ba119b]::test_main_inner::{closure#0}
[INFO] [stdout]    6:     0x5ff4b328dcc2 - std[617be2ca0a6fd877]::panicking::panic_with_hook
[INFO] [stdout]    7:     0x5ff4b3270f14 - std[617be2ca0a6fd877]::panicking::panic_handler::{closure#0}
[INFO] [stdout]    8:     0x5ff4b3269669 - std[617be2ca0a6fd877]::sys::backtrace::__rust_end_short_backtrace::<std[617be2ca0a6fd877]::panicking::panic_handler::{closure#0}, !>
[INFO] [stdout]    9:     0x5ff4b3271bfd - __rustc[ea4f61d10b84890b]::rust_begin_unwind
[INFO] [stdout]   10:     0x5ff4b32ac19c - core[a373ad73a504971]::panicking::panic_fmt
[INFO] [stdout]   11:     0x5ff4b32ac162 - core[a373ad73a504971]::panicking::panic
[INFO] [stdout]   12:     0x5ff4b316d2dc - sisyphus_tasks[99ad17a05415b9b6]::sisyphus::test::test_panic::{closure#1}
[INFO] [stdout]   13:     0x5ff4b31771e3 - <tokio[c9e065742146d5a9]::runtime::scheduler::current_thread::Context>::enter::<core[a373ad73a504971]::task::poll::Poll<()>, <tokio[c9e065742146d5a9]::runtime::scheduler::current_thread::CoreGuard>::block_on<core[a373ad73a504971]::pin::Pin<&mut core[a373ad73a504971]::pin::Pin<&mut dyn core[a373ad73a504971]::future::future::Future<Output = ()>>>>::{closure#0}::{closure#0}>
[INFO] [stdout]   14:     0x5ff4b317b9c9 - <std[617be2ca0a6fd877]::thread::local::LocalKey<tokio[c9e065742146d5a9]::runtime::context::Context>>::with::<tokio[c9e065742146d5a9]::runtime::context::set_scheduler<(alloc[2e1b2a31b91974c5]::boxed::Box<tokio[c9e065742146d5a9]::runtime::scheduler::current_thread::Core>, core[a373ad73a504971]::option::Option<()>), <tokio[c9e065742146d5a9]::runtime::scheduler::current_thread::CoreGuard>::enter<<tokio[c9e065742146d5a9]::runtime::scheduler::current_thread::CoreGuard>::block_on<core[a373ad73a504971]::pin::Pin<&mut core[a373ad73a504971]::pin::Pin<&mut dyn core[a373ad73a504971]::future::future::Future<Output = ()>>>>::{closure#0}, core[a373ad73a504971]::option::Option<()>>::{closure#0}>::{closure#0}, (alloc[2e1b2a31b91974c5]::boxed::Box<tokio[c9e065742146d5a9]::runtime::scheduler::current_thread::Core>, core[a373ad73a504971]::option::Option<()>)>
[INFO] [stdout]   15:     0x5ff4b3177b55 - <tokio[c9e065742146d5a9]::runtime::scheduler::current_thread::CoreGuard>::block_on::<core[a373ad73a504971]::pin::Pin<&mut core[a373ad73a504971]::pin::Pin<&mut dyn core[a373ad73a504971]::future::future::Future<Output = ()>>>>
[INFO] [stdout]   16:     0x5ff4b3179f10 - tokio[c9e065742146d5a9]::runtime::context::runtime::enter_runtime::<<tokio[c9e065742146d5a9]::runtime::scheduler::current_thread::CurrentThread>::block_on<core[a373ad73a504971]::pin::Pin<&mut dyn core[a373ad73a504971]::future::future::Future<Output = ()>>>::{closure#0}, ()>
[INFO] [stdout]   17:     0x5ff4b317932b - <tokio[c9e065742146d5a9]::runtime::runtime::Runtime>::block_on::<core[a373ad73a504971]::pin::Pin<&mut dyn core[a373ad73a504971]::future::future::Future<Output = ()>>>
[INFO] [stdout]   18:     0x5ff4b316f539 - <sisyphus_tasks[99ad17a05415b9b6]::sisyphus::test::test_panic::{closure#0} as core[a373ad73a504971]::ops::function::FnOnce<()>>::call_once
[INFO] [stdout]   19:     0x5ff4b317c4cb - test[aada8e7e76ba119b]::__rust_begin_short_backtrace::<core[a373ad73a504971]::result::Result<(), alloc[2e1b2a31b91974c5]::string::String>, fn() -> core[a373ad73a504971]::result::Result<(), alloc[2e1b2a31b91974c5]::string::String>>
[INFO] [stdout]   20:     0x5ff4b31896a5 - test[aada8e7e76ba119b]::run_test::{closure#0}
[INFO] [stdout]   21:     0x5ff4b3182f94 - std[617be2ca0a6fd877]::sys::backtrace::__rust_begin_short_backtrace::<test[aada8e7e76ba119b]::run_test::{closure#1}, ()>
[INFO] [stdout]   22:     0x5ff4b318c732 - <std[617be2ca0a6fd877]::thread::lifecycle::spawn_unchecked<test[aada8e7e76ba119b]::run_test::{closure#1}, ()>::{closure#1} as core[a373ad73a504971]::ops::function::FnOnce<()>>::call_once::{shim:vtable#0}
[INFO] [stdout]   23:     0x5ff4b3294e4f - <std[617be2ca0a6fd877]::sys::thread::unix::Thread>::new::thread_start
[INFO] [stdout]   24:     0x73c301102dfa - <unknown>
[INFO] [stdout]   25:     0x73c3011963d4 - clone
[INFO] [stdout]   26:                0x0 - <unknown>
[INFO] [stdout] 
[INFO] [stdout] ---- sisyphus::test::test_shutdown stdout ----
[INFO] [stdout] 
[INFO] [stdout] thread 'sisyphus::test::test_shutdown' (1835) panicked at src/sisyphus.rs:573:9:
[INFO] [stdout] assertion `left == right` failed
[INFO] [stdout]   left: "Running"
[INFO] [stdout]  right: "Stopped:\nShutdown"
[INFO] [stdout] stack backtrace:
[INFO] [stdout]    0:     0x5ff4b3295631 - <<std[617be2ca0a6fd877]::sys::backtrace::BacktraceLock>::print::DisplayBacktrace as core[a373ad73a504971]::fmt::Display>::fmt
[INFO] [stdout]    1:     0x5ff4b32ab9ba - core[a373ad73a504971]::fmt::write
[INFO] [stdout]    2:     0x5ff4b3299e0c - <alloc[2e1b2a31b91974c5]::vec::Vec<u8> as core[a373ad73a504971]::io::write::Write>::write_fmt
[INFO] [stdout]    3:     0x5ff4b3270e36 - std[617be2ca0a6fd877]::panicking::default_hook::{closure#0}
[INFO] [stdout]    4:     0x5ff4b328d999 - std[617be2ca0a6fd877]::panicking::default_hook
[INFO] [stdout]    5:     0x5ff4b3189080 - test[aada8e7e76ba119b]::test_main_inner::{closure#0}
[INFO] [stdout]    6:     0x5ff4b328dcc2 - std[617be2ca0a6fd877]::panicking::panic_with_hook
[INFO] [stdout]    7:     0x5ff4b3270ee2 - std[617be2ca0a6fd877]::panicking::panic_handler::{closure#0}
[INFO] [stdout]    8:     0x5ff4b3269669 - std[617be2ca0a6fd877]::sys::backtrace::__rust_end_short_backtrace::<std[617be2ca0a6fd877]::panicking::panic_handler::{closure#0}, !>
[INFO] [stdout]    9:     0x5ff4b3271bfd - __rustc[ea4f61d10b84890b]::rust_begin_unwind
[INFO] [stdout]   10:     0x5ff4b32ac19c - core[a373ad73a504971]::panicking::panic_fmt
[INFO] [stdout]   11:     0x5ff4b32ac0b3 - core[a373ad73a504971]::panicking::assert_failed_inner
[INFO] [stdout]   12:     0x5ff4b317be00 - core[a373ad73a504971]::panicking::assert_failed::<alloc[2e1b2a31b91974c5]::string::String, alloc[2e1b2a31b91974c5]::string::String>
[INFO] [stdout]   13:     0x5ff4b316df65 - sisyphus_tasks[99ad17a05415b9b6]::sisyphus::test::test_shutdown::{closure#0}
[INFO] [stdout]   14:     0x5ff4b31771e3 - <tokio[c9e065742146d5a9]::runtime::scheduler::current_thread::Context>::enter::<core[a373ad73a504971]::task::poll::Poll<()>, <tokio[c9e065742146d5a9]::runtime::scheduler::current_thread::CoreGuard>::block_on<core[a373ad73a504971]::pin::Pin<&mut core[a373ad73a504971]::pin::Pin<&mut dyn core[a373ad73a504971]::future::future::Future<Output = ()>>>>::{closure#0}::{closure#0}>
[INFO] [stdout]   15:     0x5ff4b317b9c9 - <std[617be2ca0a6fd877]::thread::local::LocalKey<tokio[c9e065742146d5a9]::runtime::context::Context>>::with::<tokio[c9e065742146d5a9]::runtime::context::set_scheduler<(alloc[2e1b2a31b91974c5]::boxed::Box<tokio[c9e065742146d5a9]::runtime::scheduler::current_thread::Core>, core[a373ad73a504971]::option::Option<()>), <tokio[c9e065742146d5a9]::runtime::scheduler::current_thread::CoreGuard>::enter<<tokio[c9e065742146d5a9]::runtime::scheduler::current_thread::CoreGuard>::block_on<core[a373ad73a504971]::pin::Pin<&mut core[a373ad73a504971]::pin::Pin<&mut dyn core[a373ad73a504971]::future::future::Future<Output = ()>>>>::{closure#0}, core[a373ad73a504971]::option::Option<()>>::{closure#0}>::{closure#0}, (alloc[2e1b2a31b91974c5]::boxed::Box<tokio[c9e065742146d5a9]::runtime::scheduler::current_thread::Core>, core[a373ad73a504971]::option::Option<()>)>
[INFO] [stdout]   16:     0x5ff4b3177b55 - <tokio[c9e065742146d5a9]::runtime::scheduler::current_thread::CoreGuard>::block_on::<core[a373ad73a504971]::pin::Pin<&mut core[a373ad73a504971]::pin::Pin<&mut dyn core[a373ad73a504971]::future::future::Future<Output = ()>>>>
[INFO] [stdout]   17:     0x5ff4b3179f10 - tokio[c9e065742146d5a9]::runtime::context::runtime::enter_runtime::<<tokio[c9e065742146d5a9]::runtime::scheduler::current_thread::CurrentThread>::block_on<core[a373ad73a504971]::pin::Pin<&mut dyn core[a373ad73a504971]::future::future::Future<Output = ()>>>::{closure#0}, ()>
[INFO] [stdout]   18:     0x5ff4b317932b - <tokio[c9e065742146d5a9]::runtime::runtime::Runtime>::block_on::<core[a373ad73a504971]::pin::Pin<&mut dyn core[a373ad73a504971]::future::future::Future<Output = ()>>>
[INFO] [stdout]   19:     0x5ff4b316fc0b - <sisyphus_tasks[99ad17a05415b9b6]::sisyphus::test::test_shutdown::{closure#0} as core[a373ad73a504971]::ops::function::FnOnce<()>>::call_once
[INFO] [stdout]   20:     0x5ff4b317c4cb - test[aada8e7e76ba119b]::__rust_begin_short_backtrace::<core[a373ad73a504971]::result::Result<(), alloc[2e1b2a31b91974c5]::string::String>, fn() -> core[a373ad73a504971]::result::Result<(), alloc[2e1b2a31b91974c5]::string::String>>
[INFO] [stdout]   21:     0x5ff4b31896a5 - test[aada8e7e76ba119b]::run_test::{closure#0}
[INFO] [stdout]   22:     0x5ff4b3182f94 - std[617be2ca0a6fd877]::sys::backtrace::__rust_begin_short_backtrace::<test[aada8e7e76ba119b]::run_test::{closure#1}, ()>
[INFO] [stdout]   23:     0x5ff4b318c732 - <std[617be2ca0a6fd877]::thread::lifecycle::spawn_unchecked<test[aada8e7e76ba119b]::run_test::{closure#1}, ()>::{closure#1} as core[a373ad73a504971]::ops::function::FnOnce<()>>::call_once::{shim:vtable#0}
[INFO] [stdout]   24:     0x5ff4b3294e4f - <std[617be2ca0a6fd877]::sys::thread::unix::Thread>::new::thread_start
[INFO] [stdout]   25:     0x73c301102dfa - <unknown>
[INFO] [stdout]   26:     0x73c3011963d4 - clone
[INFO] [stdout]   27:                0x0 - <unknown>
[INFO] [stdout] 
[INFO] [stdout] ---- sisyphus::test::test_recovery stdout ----
[INFO] [stdout] 2026-10-18T16:50:12.487063Z  WARN test_recovery:recoverable{task="RecoverableTask"}: sisyphus_tasks::sisyphus: error="Error 1/1" error=I only took an arrow to the knee
[INFO] [stdout] 2026-10-18T16:50:12.487073Z  WARN test_recovery:recoverable{task="RecoverableTask"}: sisyphus_tasks::sisyphus: Task Recovering...
[INFO] [stdout] 2026-10-18T16:50:12.487079Z  WARN test_recovery:recoverable{task="RecoverableTask"}: sisyphus_tasks::sisyphus: Task Restarting ↺
[INFO] [stdout] 
[INFO] [stdout] thread 'sisyphus::test::test_recovery' (1834) panicked at src/sisyphus.rs:335:22:
[INFO] [stdout] Failed to send task status: SendError { .. }
[INFO] [stdout] stack backtrace:
[INFO] [stdout]    0:     0x5ff4b3295631 - <<std[617be2ca0a6fd877]::sys::backtrace::BacktraceLock>::print::DisplayBacktrace as core[a373ad73a504971]::fmt::Display>::fmt
[INFO] [stdout]    1:     0x5ff4b32ab9ba - core[a373ad73a504971]::fmt::write
[INFO] [stdout]    2:     0x5ff4b3299e0c - <alloc[2e1b2a31b91974c5]::vec::Vec<u8> as core[a373ad73a504971]::io::write::Write>::write_fmt
[INFO] [stdout]    3:     0x5ff4b3270e36 - std[617be2ca0a6fd877]::panicking::default_hook::{closure#0}
[INFO] [stdout]    4:     0x5ff4b328d999 - std[617be2ca0a6fd877]::panicking::default_hook
[INFO] [stdout]    5:     0x5ff4b3189080 - test[aada8e7e76ba119b]::test_main_inner::{closure#0}
[INFO] [stdout]    6:     0x5ff4b328dcc2 - std[617be2ca0a6fd877]::panicking::panic_with_hook
[INFO] [stdout]    7:     0x5ff4b3270ee2 - std[617be2ca0a6fd877]::panicking::panic_handler::{closure#0}
[INFO] [stdout]    8:     0x5ff4b3269669 - std[617be2ca0a6fd877]::sys::backtrace::__rust_end_short_backtrace::<std[617be2ca0a6fd877]::panicking::panic_handler::{closure#0}, !>
[INFO] [stdout]    9:     0x5ff4b3271bfd - __rustc[ea4f61d10b84890b]::rust_begin_unwind
[INFO] [stdout]   10:     0x5ff4b32ac19c - core[a373ad73a504971]::panicking::panic_fmt
[INFO] [stdout]   11:     0x5ff4b32abf72 - core[a373ad73a504971]::result::unwrap_failed
[INFO] [stdout]   12:     0x5ff4b315afdb - <sisyphus_tasks[99ad17a05415b9b6]::sisyphus::test::RecoverableTask as sisyphus_tasks[99ad17a05415b9b6]::sisyphus::Boulder>::run_until_panic::{closure#0}
[INFO] [stdout]   13:     0x5ff4b31650b6 - <tokio[c9e065742146d5a9]::runtime::task::core::Core<<sisyphus_tasks[99ad17a05415b9b6]::sisyphus::test::RecoverableTask as sisyphus_tasks[99ad17a05415b9b6]::sisyphus::Boulder>::run_until_panic::{closure#0}, alloc[2e1b2a31b91974c5]::sync::Arc<tokio[c9e065742146d5a9]::runtime::scheduler::current_thread::Handle>>>::poll
[INFO] [stdout]   14:     0x5ff4b316ae5f - <tokio[c9e065742146d5a9]::runtime::task::harness::Harness<<sisyphus_tasks[99ad17a05415b9b6]::sisyphus::test::RecoverableTask as sisyphus_tasks[99ad17a05415b9b6]::sisyphus::Boulder>::run_until_panic::{closure#0}, alloc[2e1b2a31b91974c5]::sync::Arc<tokio[c9e065742146d5a9]::runtime::scheduler::current_thread::Handle>>>::poll
[INFO] [stdout]   15:     0x5ff4b325952c - <tokio[c9e065742146d5a9]::runtime::scheduler::current_thread::Context>::run_task
[INFO] [stdout]   16:     0x5ff4b317ba1c - <std[617be2ca0a6fd877]::thread::local::LocalKey<tokio[c9e065742146d5a9]::runtime::context::Context>>::with::<tokio[c9e065742146d5a9]::runtime::context::set_scheduler<(alloc[2e1b2a31b91974c5]::boxed::Box<tokio[c9e065742146d5a9]::runtime::scheduler::current_thread::Core>, core[a373ad73a504971]::option::Option<()>), <tokio[c9e065742146d5a9]::runtime::scheduler::current_thread::CoreGuard>::enter<<tokio[c9e065742146d5a9]::runtime::scheduler::current_thread::CoreGuard>::block_on<core[a373ad73a504971]::pin::Pin<&mut core[a373ad73a504971]::pin::Pin<&mut dyn core[a373ad73a504971]::future::future::Future<Output = ()>>>>::{closure#0}, core[a373ad73a504971]::option::Option<()>>::{closure#0}>::{closure#0}, (alloc[2e1b2a31b91974c5]::boxed::Box<tokio[c9e065742146d5a9]::runtime::scheduler::current_thread::Core>, core[a373ad73a504971]::option::Option<()>)>
[INFO] [stdout]   17:     0x5ff4b3177b55 - <tokio[c9e065742146d5a9]::runtime::scheduler::current_thread::CoreGuard>::block_on::<core[a373ad73a504971]::pin::Pin<&mut core[a373ad73a504971]::pin::Pin<&mut dyn core[a373ad73a504971]::future::future::Future<Output = ()>>>>
[INFO] [stdout]   18:     0x5ff4b3179f10 - tokio[c9e065742146d5a9]::runtime::context::runtime::enter_runtime::<<tokio[c9e065742146d5a9]::runtime::scheduler::current_thread::CurrentThread>::block_on<core[a373ad73a504971]::pin::Pin<&mut dyn core[a373ad73a504971]::future::future::Future<Output = ()>>>::{closure#0}, ()>
[INFO] [stdout]   19:     0x5ff4b317932b - <tokio[c9e065742146d5a9]::runtime::runtime::Runtime>::block_on::<core[a373ad73a504971]::pin::Pin<&mut dyn core[a373ad73a504971]::future::future::Future<Output = ()>>>
[INFO] [stdout]   20:     0x5ff4b316f9a8 - <sisyphus_tasks[99ad17a05415b9b6]::sisyphus::test::test_recovery::{closure#0} as core[a373ad73a504971]::ops::function::FnOnce<()>>::call_once
[INFO] [stdout]   21:     0x5ff4b317c4cb - test[aada8e7e76ba119b]::__rust_begin_short_backtrace::<core[a373ad73a504971]::result::Result<(), alloc[2e1b2a31b91974c5]::string::String>, fn() -> core[a373ad73a504971]::result::Result<(), alloc[2e1b2a31b91974c5]::string::String>>
[INFO] [stdout]   22:     0x5ff4b31896a5 - test[aada8e7e76ba119b]::run_test::{closure#0}
[INFO] [stdout]   23:     0x5ff4b3182f94 - std[617be2ca0a6fd877]::sys::backtrace::__rust_begin_short_backtrace::<test[aada8e7e76ba119b]::run_test::{closure#1}, ()>
[INFO] [stdout]   24:     0x5ff4b318c732 - <std[617be2ca0a6fd877]::thread::lifecycle::spawn_unchecked<test[aada8e7e76ba119b]::run_test::{closure#1}, ()>::{closure#1} as core[a373ad73a504971]::ops::function::FnOnce<()>>::call_once::{shim:vtable#0}
[INFO] [stdout]   25:     0x5ff4b3294e4f - <std[617be2ca0a6fd877]::sys::thread::unix::Thread>::new::thread_start
[INFO] [stdout]   26:     0x73c301102dfa - <unknown>
[INFO] [stdout]   27:     0x73c3011963d4 - clone
[INFO] [stdout]   28:                0x0 - <unknown>
[INFO] [stdout] 
[INFO] [stdout] thread 'sisyphus::test::test_recovery' (1834) panicked at src/sisyphus.rs:478:9:
[INFO] [stdout] assertion failed: result.is_ok()
[INFO] [stdout] stack backtrace:
[INFO] [stdout]    0:     0x5ff4b3295631 - <<std[617be2ca0a6fd877]::sys::backtrace::BacktraceLock>::print::DisplayBacktrace as core[a373ad73a504971]::fmt::Display>::fmt
[INFO] [stdout]    1:     0x5ff4b32ab9ba - core[a373ad73a504971]::fmt::write
[INFO] [stdout]    2:     0x5ff4b3299e0c - <alloc[2e1b2a31b91974c5]::vec::Vec<u8> as core[a373ad73a504971]::io::write::Write>::write_fmt
[INFO] [stdout]    3:     0x5ff4b3270e36 - std[617be2ca0a6fd877]::panicking::default_hook::{closure#0}
[INFO] [stdout]    4:     0x5ff4b328d999 - std[617be2ca0a6fd877]::panicking::default_hook
[INFO] [stdout]    5:     0x5ff4b3189080 - test[aada8e7e76ba119b]::test_main_inner::{closure#0}
[INFO] [stdout]    6:     0x5ff4b328dcc2 - std[617be2ca0a6fd877]::panicking::panic_with_hook
[INFO] [stdout]    7:     0x5ff4b3270f14 - std[617be2ca0a6fd877]::panicking::panic_handler::{closure#0}
[INFO] [stdout]    8:     0x5ff4b3269669 - std[617be2ca0a6fd877]::sys::backtrace::__rust_end_short_backtrace::<std[617be2ca0a6fd877]::panicking::panic_handler::{closure#0}, !>
[INFO] [stdout]    9:     0x5ff4b3271bfd - __rustc[ea4f61d10b84890b]::rust_begin_unwind
[INFO] [stdout]   10:     0x5ff4b32ac19c - core[a373ad73a504971]::panicking::panic_fmt
[INFO] [stdout]   11:     0x5ff4b32ac162 - core[a373ad73a504971]::panicking::panic
[INFO] [stdout]   12:     0x5ff4b316d887 - sisyphus_tasks[99ad17a05415b9b6]::sisyphus::test::test_recovery::{closure#1}
[INFO] [stdout]   13:     0x5ff4b31771e3 - <tokio[c9e065742146d5a9]::runtime::scheduler::current_thread::Context>::enter::<core[a373ad73a504971]::task::poll::Poll<()>, <tokio[c9e065742146d5a9]::runtime::scheduler::current_thread::CoreGuard>::block_on<core[a373ad73a504971]::pin::Pin<&mut core[a373ad73a504971]::pin::Pin<&mut dyn core[a373ad73a504971]::future::future::Future<Output = ()>>>>::{closure#0}::{closure#0}>
[INFO] [stdout]   14:     0x5ff4b317b9c9 - <std[617be2ca0a6fd877]::thread::local::LocalKey<tokio[c9e065742146d5a9]::runtime::context::Context>>::with::<tokio[c9e065742146d5a9]::runtime::context::set_scheduler<(alloc[2e1b2a31b91974c5]::boxed::Box<tokio[c9e065742146d5a9]::runtime::scheduler::current_thread::Core>, core[a373ad73a504971]::option::Option<()>), <tokio[c9e065742146d5a9]::runtime::scheduler::current_thread::CoreGuard>::enter<<tokio[c9e065742146d5a9]::runtime::scheduler::current_thread::CoreGuard>::block_on<core[a373ad73a504971]::pin::Pin<&mut core[a373ad73a504971]::pin::Pin<&mut dyn core[a373ad73a504971]::future::future::Future<Output = ()>>>>::{closure#0}, core[a373ad73a504971]::option::Option<()>>::{closure#0}>::{closure#0}, (alloc[2e1b2a31b91974c5]::boxed::Box<tokio[c9e065742146d5a9]::runtime::scheduler::current_thread::Core>, core[a373ad73a504971]::option::Option<()>)>
[INFO] [stdout]   15:     0x5ff4b3177b55 - <tokio[c9e065742146d5a9]::runtime::scheduler::current_thread::CoreGuard>::block_on::<core[a373ad73a504971]::pin::Pin<&mut core[a373ad73a504971]::pin::Pin<&mut dyn core[a373ad73a504971]::future::future::Future<Output = ()>>>>
[INFO] [stdout]   16:     0x5ff4b3179f10 - tokio[c9e065742146d5a9]::runtime::context::runtime::enter_runtime::<<tokio[c9e065742146d5a9]::runtime::scheduler::current_thread::CurrentThread>::block_on<core[a373ad73a504971]::pin::Pin<&mut dyn core[a373ad73a504971]::future::future::Future<Output = ()>>>::{closure#0}, ()>
[INFO] [stdout]   17:     0x5ff4b317932b - <tokio[c9e065742146d5a9]::runtime::runtime::Runtime>::block_on::<core[a373ad73a504971]::pin::Pin<&mut dyn core[a373ad73a504971]::future::future::Future<Output = ()>>>
[INFO] [stdout]   18:     0x5ff4b316f9a8 - <sisyphus_tasks[99ad17a05415b9b6]::sisyphus::test::test_recovery::{closure#0} as core[a373ad73a504971]::ops::function::FnOnce<()>>::call_once
[INFO] [stdout]   19:     0x5ff4b317c4cb - test[aada8e7e76ba119b]::__rust_begin_short_backtrace::<core[a373ad73a504971]::result::Result<(), alloc[2e1b2a31b91974c5]::string::String>, fn() -> core[a373ad73a504971]::result::Result<(), alloc[2e1b2a31b91974c5]::string::String>>
[INFO] [stdout]   20:     0x5ff4b31896a5 - test[aada8e7e76ba119b]::run_test::{closure#0}
[INFO] [stdout]   21:     0x5ff4b3182f94 - std[617be2ca0a6fd877]::sys::backtrace::__rust_begin_short_backtrace::<test[aada8e7e76ba119b]::run_test::{closure#1}, ()>
[INFO] [stdout]   22:     0x5ff4b318c732 - <std[617be2ca0a6fd877]::thread::lifecycle::spawn_unchecked<test[aada8e7e76ba119b]::run_test::{closure#1}, ()>::{closure#1} as core[a373ad73a504971]::ops::function::FnOnce<()>>::call_once::{shim:vtable#0}
[INFO] [stdout]   23:     0x5ff4b3294e4f - <std[617be2ca0a6fd877]::sys::thread::unix::Thread>::new::thread_start
[INFO] [stdout]   24:     0x73c301102dfa - <unknown>
[INFO] [stdout]   25:     0x73c3011963d4 - clone
[INFO] [stdout]   26:                0x0 - <unknown>
[INFO] [stdout] 
[INFO] [stdout] 
[INFO] [stdout] failures:
[INFO] [stdout]     sisyphus::test::test_panic
[INFO] [stdout]     sisyphus::test::test_recovery
[INFO] [stdout]     sisyphus::test::test_shutdown
[INFO] [stdout] 
[INFO] [stdout] test result: FAILED. 1 passed; 3 failed; 0 ignored; 0 measured; 0 filtered out; finished in 15.97s
[INFO] [stdout] 
[INFO] [stderr] error: test failed, to rerun pass `--lib`
[INFO] running `Command { std: "docker" "inspect" "a42d421a32b4733b5ebba8dee72499232002f8f7f7f98fef8a84222b9c6e5fa0", kill_on_drop: false }`
[INFO] running `Command { std: "docker" "rm" "-f" "a42d421a32b4733b5ebba8dee72499232002f8f7f7f98fef8a84222b9c6e5fa0", kill_on_drop: false }`
[INFO] [stdout] a42d421a32b4733b5ebba8dee72499232002f8f7f7f98fef8a84222b9c6e5fa0
