[INFO] fetching crate sirun 0.1.9...
[INFO] testing sirun-0.1.9 against 1.99.0-beta.8+cargoflags=--release for beta-release-1.100-2
[INFO] extracting crate sirun 0.1.9 into /workspace/builds/worker-5-tc1/source
[INFO] started tweaking crates.io crate sirun 0.1.9
[INFO] finished tweaking crates.io crate sirun 0.1.9
[INFO] tweaked toml for crates.io crate sirun 0.1.9 written to /workspace/builds/worker-5-tc1/source/Cargo.toml
[INFO] validating manifest of crates.io crate sirun 0.1.9 on toolchain 1.99.0-beta.8
[INFO] running `Command { std: CARGO_HOME="/workspace/cargo-home" RUSTUP_HOME="/workspace/rustup-home" "/workspace/cargo-home/bin/cargo" "+1.99.0-beta.8" "metadata" "--manifest-path" "Cargo.toml" "--no-deps", kill_on_drop: false }`
[INFO] crate crates.io crate sirun 0.1.9 already has a lockfile, it will not be regenerated
[INFO] running `Command { std: CARGO_HOME="/workspace/cargo-home" RUSTUP_HOME="/workspace/rustup-home" "/workspace/cargo-home/bin/cargo" "+1.99.0-beta.8" "fetch" "--manifest-path" "Cargo.toml", kill_on_drop: false }`
[INFO] [stderr]     Updating crates.io index
[INFO] [stderr]  Downloading crates ...
[INFO] [stderr]   Downloaded shlex v1.0.0
[INFO] [stderr]   Downloaded serial_test v0.5.1
[INFO] [stderr]   Downloaded serial_test_derive v0.5.1
[INFO] [stderr]   Downloaded which v4.1.0
[INFO] [stderr]   Downloaded gloo-timers v0.2.1
[INFO] [stderr]   Downloaded waker-fn v1.1.0
[INFO] [stderr]   Downloaded parking v2.0.0
[INFO] [stderr]   Downloaded async-process v1.0.2
[INFO] [stderr]   Downloaded dtoa v0.4.7
[INFO] [stderr]   Downloaded thread_local v1.1.3
[INFO] [stderr]   Downloaded ctor v0.1.19
[INFO] [stderr]   Downloaded fastrand v1.4.0
[INFO] [stderr]   Downloaded event-listener v2.5.1
[INFO] [stderr]   Downloaded float-cmp v0.8.0
[INFO] [stderr]   Downloaded async-mutex v1.4.0
[INFO] [stderr]   Downloaded atomic-waker v1.0.0
[INFO] [stderr]   Downloaded async-channel v1.6.1
[INFO] [stderr]   Downloaded cache-padded v1.1.1
[INFO] [stderr]   Downloaded async-executor v1.4.0
[INFO] [stderr]   Downloaded concurrent-queue v1.2.2
[INFO] [stderr]   Downloaded vec-arena v1.0.0
[INFO] [stderr]   Downloaded nb-connect v1.0.3
[INFO] [stderr]   Downloaded async-lock v2.3.0
[INFO] [stderr]   Downloaded linked-hash-map v0.5.4
[INFO] [stderr]   Downloaded normalize-line-endings v0.3.0
[INFO] [stderr]   Downloaded value-bag v1.0.0-alpha.6
[INFO] [stderr]   Downloaded once_cell v1.7.2
[INFO] [stderr]   Downloaded pin-project-lite v0.2.6
[INFO] [stderr]   Downloaded blocking v1.0.2
[INFO] [stderr]   Downloaded async-task v4.0.3
[INFO] [stderr]   Downloaded async-io v1.3.1
[INFO] [stderr]   Downloaded polling v2.0.2
[INFO] [stderr]   Downloaded async-global-executor v2.0.2
[INFO] [stderr]   Downloaded anyhow v1.0.38
[INFO] [stderr]   Downloaded serde_yaml v0.8.17
[INFO] [stderr]   Downloaded futures-lite v1.11.3
[INFO] [stderr]   Downloaded signal-hook v0.3.6
[INFO] [stderr]   Downloaded wepoll-sys v3.0.1
[INFO] [stderr]   Downloaded serde_derive v1.0.124
[INFO] [stderr]   Downloaded num-traits v0.2.14
[INFO] [stderr]   Downloaded serde v1.0.124
[INFO] [stderr]   Downloaded serde_json v1.0.64
[INFO] [stderr]   Downloaded aho-corasick v0.7.15
[INFO] [stderr]   Downloaded nix v0.20.0
[INFO] [stderr]   Downloaded async-std v1.9.0
[INFO] [stderr]   Downloaded regex v1.4.3
[INFO] [stderr]   Downloaded regex-syntax v0.6.22
[INFO] [stderr]   Downloaded libc v0.2.87
[INFO] running `Command { std: "docker" "create" "-v" "/var/lib/crater-agent-workspace/builds/worker-5-tc1/source:/opt/rustwide/workdir:ro,Z" "-v" "/var/lib/crater-agent-workspace/builds/worker-5-tc1/target:/opt/rustwide/target:rw,Z" "-v" "/var/lib/crater-agent-workspace/cargo-home:/opt/rustwide/cargo-home:ro,Z" "-v" "/var/lib/crater-agent-workspace/rustup-home:/opt/rustwide/rustup-home:ro,Z" "-m" "1610612736" "--network" "none" "ghcr.io/rust-lang/crates-build-env/linux@sha256:77db811e55d90add9212f6832c23229e3de5f1c1f9905e8cb07319ea15df73ac" "sleep" "infinity", kill_on_drop: false }`
[INFO] [stdout] 92dceee82a210c82c23b7de7a43675880e9aff2da08b9fdca234bd8f1ec49808
[INFO] running `Command { std: "docker" "start" "92dceee82a210c82c23b7de7a43675880e9aff2da08b9fdca234bd8f1ec49808", kill_on_drop: false }`
[INFO] running `Command { std: "docker" "inspect" "92dceee82a210c82c23b7de7a43675880e9aff2da08b9fdca234bd8f1ec49808", kill_on_drop: false }`
[INFO] running `Command { std: "docker" "exec" "-e" "SOURCE_DIR=/opt/rustwide/workdir" "-e" "CARGO_HOME=/opt/rustwide/cargo-home" "-e" "RUSTUP_HOME=/opt/rustwide/rustup-home" "-e" "CARGO_TARGET_DIR=/opt/rustwide/target" "-w" "/opt/rustwide/workdir" "--user" "0:0" "92dceee82a210c82c23b7de7a43675880e9aff2da08b9fdca234bd8f1ec49808" "/opt/rustwide/cargo-home/bin/cargo" "+1.99.0-beta.8" "metadata" "--no-deps" "--format-version=1", kill_on_drop: false }`
[INFO] running `Command { std: "docker" "inspect" "92dceee82a210c82c23b7de7a43675880e9aff2da08b9fdca234bd8f1ec49808", kill_on_drop: false }`
[INFO] running `Command { std: "docker" "exec" "-e" "SOURCE_DIR=/opt/rustwide/workdir" "-e" "CARGO_HOME=/opt/rustwide/cargo-home" "-e" "RUSTUP_HOME=/opt/rustwide/rustup-home" "-e" "CARGO_TARGET_DIR=/opt/rustwide/target" "-e" "CARGO_INCREMENTAL=0" "-e" "RUST_BACKTRACE=full" "-e" "RUSTFLAGS=--cap-lints=warn" "-e" "RUSTDOCFLAGS=--cap-lints=warn" "-w" "/opt/rustwide/workdir" "--user" "0:0" "92dceee82a210c82c23b7de7a43675880e9aff2da08b9fdca234bd8f1ec49808" "/opt/rustwide/cargo-home/bin/cargo" "+1.99.0-beta.8" "build" "--frozen" "--message-format=json" "--release", kill_on_drop: false }`
[INFO] [stderr]    Compiling proc-macro2 v1.0.24
[INFO] [stderr]    Compiling unicode-xid v0.2.1
[INFO] [stderr]    Compiling syn v1.0.60
[INFO] [stderr]    Compiling libc v0.2.87
[INFO] [stderr]    Compiling memchr v2.3.4
[INFO] [stderr]    Compiling cfg-if v1.0.0
[INFO] [stderr]    Compiling autocfg v1.0.1
[INFO] [stderr]    Compiling once_cell v1.7.2
[INFO] [stderr]    Compiling value-bag v1.0.0-alpha.6
[INFO] [stderr]    Compiling log v0.4.14
[INFO] [stderr]    Compiling futures-core v0.3.13
[INFO] [stderr]    Compiling cache-padded v1.1.1
[INFO] [stderr]    Compiling concurrent-queue v1.2.2
[INFO] [stderr]    Compiling fastrand v1.4.0
[INFO] [stderr]    Compiling waker-fn v1.1.0
[INFO] [stderr]    Compiling pin-project-lite v0.2.6
[INFO] [stderr]    Compiling parking v2.0.0
[INFO] [stderr]    Compiling event-listener v2.5.1
[INFO] [stderr]    Compiling futures-io v0.3.13
[INFO] [stderr]    Compiling num-traits v0.2.14
[INFO] [stderr]    Compiling vec-arena v1.0.0
[INFO] [stderr]    Compiling cfg-if v0.1.10
[INFO] [stderr]    Compiling serde_derive v1.0.124
[INFO] [stderr]    Compiling serde v1.0.124
[INFO] [stderr]    Compiling signal-hook v0.3.6
[INFO] [stderr]    Compiling lazy_static v1.4.0
[INFO] [stderr]    Compiling async-task v4.0.3
[INFO] [stderr]    Compiling async-channel v1.6.1
[INFO] [stderr]    Compiling quote v1.0.9
[INFO] [stderr]    Compiling futures-lite v1.11.3
[INFO] [stderr]    Compiling aho-corasick v0.7.15
[INFO] [stderr]    Compiling crossbeam-utils v0.8.3
[INFO] [stderr]    Compiling thread_local v1.1.3
[INFO] [stderr]    Compiling bitflags v1.2.1
[INFO] [stderr]    Compiling byteorder v1.4.2
[INFO] [stderr]    Compiling atomic-waker v1.0.0
[INFO] [stderr]    Compiling regex-syntax v0.6.22
[INFO] [stderr]    Compiling predicates-core v1.0.2
[INFO] [stderr]    Compiling ryu v1.0.5
[INFO] [stderr]    Compiling doc-comment v0.3.3
[INFO] [stderr]    Compiling regex-automata v0.1.9
[INFO] [stderr]    Compiling float-cmp v0.8.0
[INFO] [stderr]    Compiling async-executor v1.4.0
[INFO] [stderr]    Compiling blocking v1.0.2
[INFO] [stderr]    Compiling async-mutex v1.4.0
[INFO] [stderr]    Compiling difference v2.0.0
[INFO] [stderr]    Compiling anyhow v1.0.38
[INFO] [stderr]    Compiling socket2 v0.3.19
[INFO] [stderr]    Compiling signal-hook-registry v1.3.0
[INFO] [stderr]    Compiling num_cpus v1.13.0
[INFO] [stderr]    Compiling serde_json v1.0.64
[INFO] [stderr]    Compiling linked-hash-map v0.5.4
[INFO] [stderr]    Compiling nb-connect v1.0.3
[INFO] [stderr]    Compiling normalize-line-endings v0.3.0
[INFO] [stderr]    Compiling treeline v0.1.0
[INFO] [stderr]    Compiling yaml-rust v0.4.5
[INFO] [stderr]    Compiling predicates-tree v1.0.2
[INFO] [stderr]    Compiling wait-timeout v0.2.0
[INFO] [stderr]    Compiling bstr v0.2.15
[INFO] [stderr]    Compiling async-lock v2.3.0
[INFO] [stderr]    Compiling slab v0.4.2
[INFO] [stderr]    Compiling pin-utils v0.1.0
[INFO] [stderr]    Compiling dtoa v0.4.7
[INFO] [stderr]    Compiling itoa v0.4.7
[INFO] [stderr]    Compiling either v1.6.1
[INFO] [stderr]    Compiling nix v0.20.0
[INFO] [stderr]    Compiling shlex v1.0.0
[INFO] [stderr]    Compiling which v4.1.0
[INFO] [stderr]    Compiling regex v1.4.3
[INFO] [stderr]    Compiling ctor v0.1.19
[INFO] [stderr]    Compiling async-attributes v1.1.2
[INFO] [stderr]    Compiling predicates v1.0.7
[INFO] [stderr]    Compiling assert_cmd v1.0.3
[INFO] [stderr]    Compiling polling v2.0.2
[INFO] [stderr]    Compiling kv-log-macro v1.0.7
[INFO] [stderr]    Compiling async-io v1.3.1
[INFO] [stderr]    Compiling async-global-executor v2.0.2
[INFO] [stderr]    Compiling async-process v1.0.2
[INFO] [stderr]    Compiling async-std v1.9.0
[INFO] [stderr]    Compiling serde_yaml v0.8.17
[INFO] [stderr]    Compiling sirun v0.1.9 (/opt/rustwide/workdir)
[INFO] [stderr]     Finished `release` profile [optimized] target(s) in 1m 16s
[INFO] running `Command { std: "docker" "inspect" "92dceee82a210c82c23b7de7a43675880e9aff2da08b9fdca234bd8f1ec49808", kill_on_drop: false }`
[INFO] running `Command { std: "docker" "exec" "-e" "SOURCE_DIR=/opt/rustwide/workdir" "-e" "CARGO_HOME=/opt/rustwide/cargo-home" "-e" "RUSTUP_HOME=/opt/rustwide/rustup-home" "-e" "CARGO_TARGET_DIR=/opt/rustwide/target" "-e" "CARGO_INCREMENTAL=0" "-e" "RUST_BACKTRACE=full" "-e" "RUSTFLAGS=--cap-lints=warn" "-e" "RUSTDOCFLAGS=--cap-lints=warn" "-w" "/opt/rustwide/workdir" "--user" "0:0" "92dceee82a210c82c23b7de7a43675880e9aff2da08b9fdca234bd8f1ec49808" "/opt/rustwide/cargo-home/bin/cargo" "+1.99.0-beta.8" "test" "--frozen" "--no-run" "--message-format=json" "--release", kill_on_drop: false }`
[INFO] [stderr]    Compiling instant v0.1.9
[INFO] [stderr]    Compiling scopeguard v1.1.0
[INFO] [stderr]    Compiling smallvec v1.6.1
[INFO] [stderr]    Compiling serial_test_derive v0.5.1
[INFO] [stderr]    Compiling lock_api v0.4.2
[INFO] [stderr]    Compiling parking_lot_core v0.8.3
[INFO] [stderr]    Compiling parking_lot v0.11.1
[INFO] [stderr]    Compiling serial_test v0.5.1
[INFO] [stderr]    Compiling sirun v0.1.9 (/opt/rustwide/workdir)
[INFO] [stderr]     Finished `release` profile [optimized] target(s) in 23.04s
[INFO] running `Command { std: "docker" "inspect" "92dceee82a210c82c23b7de7a43675880e9aff2da08b9fdca234bd8f1ec49808", kill_on_drop: false }`
[INFO] running `Command { std: "docker" "exec" "-e" "SOURCE_DIR=/opt/rustwide/workdir" "-e" "CARGO_HOME=/opt/rustwide/cargo-home" "-e" "RUSTUP_HOME=/opt/rustwide/rustup-home" "-e" "CARGO_TARGET_DIR=/opt/rustwide/target" "-e" "CARGO_INCREMENTAL=0" "-e" "RUST_BACKTRACE=full" "-e" "RUSTFLAGS=--cap-lints=warn" "-e" "RUSTDOCFLAGS=--cap-lints=warn" "-w" "/opt/rustwide/workdir" "--user" "0:0" "92dceee82a210c82c23b7de7a43675880e9aff2da08b9fdca234bd8f1ec49808" "/opt/rustwide/cargo-home/bin/cargo" "+1.99.0-beta.8" "test" "--frozen" "--release", kill_on_drop: false }`
[INFO] [stderr]     Finished `release` profile [optimized] target(s) in 0.15s
[INFO] [stderr]      Running unittests src/main.rs (/opt/rustwide/target/release/deps/sirun-f529c71c8d8370a6)
[INFO] [stdout] 
[INFO] [stdout] running 0 tests
[INFO] [stderr]      Running tests/examples.rs (/opt/rustwide/target/release/deps/examples-206a84ab43fc760f)
[INFO] [stdout] 
[INFO] [stdout] test result: ok. 0 passed; 0 failed; 0 ignored; 0 measured; 0 filtered out; finished in 0.00s
[INFO] [stdout] 
[INFO] [stdout] 
[INFO] [stdout] running 21 tests
[INFO] [stdout] test iterations ... ok
[INFO] [stdout] test all_variants has been running for over 60 seconds
[INFO] [stdout] test assigned_port has been running for over 60 seconds
[INFO] [stdout] test cachegrind has been running for over 60 seconds
[INFO] [stdout] test env has been running for over 60 seconds
[INFO] [stdout] test iterations_nohup has been running for over 60 seconds
[INFO] [stdout] test iterations_not_cumulative has been running for over 60 seconds
[INFO] [stdout] test long has been running for over 60 seconds
[INFO] [stdout] test no_setup has been running for over 60 seconds
[INFO] [stdout] test iterations_nohup ... FAILED
[INFO] [stdout] test assigned_port ... ok
[INFO] [stdout] test cachegrind ... FAILED
[INFO] [stdout] test iterations_not_cumulative ... FAILED
[INFO] [stdout] test env ... ok
[INFO] [stdout] test long ... ok
[INFO] [stdout] test all_variants ... ok
[INFO] [stdout] test no_setup ... ok
[INFO] [stdout] test sigint ... ok
[INFO] [stdout] test simple_json ... ok
[INFO] [stdout] test simple_name ... ok
[INFO] [stdout] test simple_name_env ... ok
[INFO] [stdout] test simple_version ... ok
[INFO] [stdout] test simple_yml ... ok
[INFO] [stdout] test stdio ... ok
[INFO] [stdout] test summarize ... ok
[INFO] [stdout] test teardown ... ok
[INFO] [stdout] test timeout ... ok
[INFO] [stdout] test variants ... ok
[INFO] [stdout] test wall_and_cpu_pct ... FAILED
[INFO] [stdout] 
[INFO] [stdout] failures:
[INFO] [stdout] 
[INFO] [stdout] ---- iterations_nohup stdout ----
[INFO] [stdout] 
[INFO] [stdout] thread 'iterations_nohup' (1403) panicked at /opt/rustwide/cargo-home/registry/src/index.crates.io-1949cf8c6b5b557f/assert_cmd-1.0.3/src/assert.rs:155:13:
[INFO] [stdout] Unexpected failure.
[INFO] [stdout] code-1
[INFO] [stdout] stderr=```<11661 bytes total>"bash: line 1: server.pid: Read-only file system\nncurses: cannot initialize terminal type ($TERM=\"unknown\"); exiting\nbash: line 1: server.pid: Read-only file system\nncurses: cannot initialize terminal type ($TERM=\"unknown\"); exiting\nbash: line 1: server.pid: Read-only file system\nncurses: cannot initialize terminal type ($TERM=\"unknown\"); exiting\nbash: line 1: server.pid: Read-only file system\nncurses: cannot initialize terminal type ($TERM=\"unknown\"); exiting\nbash: line 1: server.pid: Read-only file system\nncurses: cannot initialize terminal type ($TERM=\"unknown\"); exiting\nbash: line 1: server.pid: Read-only file system\nncurses: cannot initialize terminal type ($TERM=\"unknown\"); exiting\nbash: line 1: server.pid: Read-only file system\nncurses: cannot initialize terminal type ($TERM=\"unknown\"); exiting\nbash: line 1: server.pid: Read-only file system\nncurses: cannot initialize terminal type ($TERM=\"unknown\"); exiting\nbash: line 1: server.pid: Read-only file system\nncurses: cannot initialize terminal type ($TERM=\"unknown\"); exiting\nbash: line 1: server.pid: Read-only file system\nncurses: cannot initialize terminal type ($TERM=\"unknown\"); exiting\nbash: line 1: server.pid: Read-only file system\nncurses: cannot initialize terminal type ($TERM=\"unknown\"); exiting\nbash: line 1: server.pid: Read-only file system\nncurses: cannot initialize terminal type ($TERM=\"unknown\"); exiting\nbash: line 1: server.pid: Read-only file system\nncurses: cannot initialize terminal type ($TERM=\"unknown\"); exiting\nbash: line 1: server.pid: Read-only file system\nncurses: cannot initialize terminal type ($TERM=\"unknown\"); exiting\nbash: line 1: server.pid: Read-only file system\nncurses: cannot initialize terminal type ($TERM=\"unknown\"); exiting\nbash: line 1: server.pid: Read-only file system\nncurses: cannot initialize terminal type ($TERM=\"unknown\"); exiting\nbash: line 1: server.pid: Read-only file system\nncurses: cannot initialize terminal type ($TERM=\"unknown\"); exiting\nbash: line 1: server.pid: Read-only file system\nncurses: cannot initialize t"...<7565 bytes omitted>..."own\"); exiting\nbash: line 1: server.pid: Read-only file system\nncurses: cannot initialize terminal type ($TERM=\"unknown\"); exiting\nbash: line 1: server.pid: Read-only file system\nncurses: cannot initialize terminal type ($TERM=\"unknown\"); exiting\nbash: line 1: server.pid: Read-only file system\nncurses: cannot initialize terminal type ($TERM=\"unknown\"); exiting\nbash: line 1: server.pid: Read-only file system\nncurses: cannot initialize terminal type ($TERM=\"unknown\"); exiting\nbash: line 1: server.pid: Read-only file system\nncurses: cannot initialize terminal type ($TERM=\"unknown\"); exiting\nbash: line 1: server.pid: Read-only file system\nncurses: cannot initialize terminal type ($TERM=\"unknown\"); exiting\nbash: line 1: server.pid: Read-only file system\nncurses: cannot initialize terminal type ($TERM=\"unknown\"); exiting\nbash: line 1: server.pid: Read-only file system\nncurses: cannot initialize terminal type ($TERM=\"unknown\"); exiting\nbash: line 1: server.pid: Read-only file system\nncurses: cannot initialize terminal type ($TERM=\"unknown\"); exiting\nbash: line 1: server.pid: Read-only file system\nncurses: cannot initialize terminal type ($TERM=\"unknown\"); exiting\nbash: line 1: server.pid: Read-only file system\nncurses: cannot initialize terminal type ($TERM=\"unknown\"); exiting\nbash: line 1: server.pid: Read-only file system\nncurses: cannot initialize terminal type ($TERM=\"unknown\"); exiting\nbash: line 1: server.pid: Read-only file system\nncurses: cannot initialize terminal type ($TERM=\"unknown\"); exiting\nbash: line 1: server.pid: Read-only file system\nncurses: cannot initialize terminal type ($TERM=\"unknown\"); exiting\nbash: line 1: server.pid: Read-only file system\nncurses: cannot initialize terminal type ($TERM=\"unknown\"); exiting\nbash: line 1: server.pid: Read-only file system\nncurses: cannot initialize terminal type ($TERM=\"unknown\"); exiting\nbash: line 1: server.pid: Read-only file system\nncurses: cannot initialize terminal type ($TERM=\"unknown\"); exiting\nError: setup script did not complete successfully. aborting.\n"```
[INFO] [stdout] command=`"/opt/rustwide/target/release/sirun" "./examples/iterations-nohup.json"`
[INFO] [stdout] code=1
[INFO] [stdout] stdout=```""```
[INFO] [stdout] stderr=```<11661 bytes total>"bash: line 1: server.pid: Read-only file system\nncurses: cannot initialize terminal type ($TERM=\"unknown\"); exiting\nbash: line 1: server.pid: Read-only file system\nncurses: cannot initialize terminal type ($TERM=\"unknown\"); exiting\nbash: line 1: server.pid: Read-only file system\nncurses: cannot initialize terminal type ($TERM=\"unknown\"); exiting\nbash: line 1: server.pid: Read-only file system\nncurses: cannot initialize terminal type ($TERM=\"unknown\"); exiting\nbash: line 1: server.pid: Read-only file system\nncurses: cannot initialize terminal type ($TERM=\"unknown\"); exiting\nbash: line 1: server.pid: Read-only file system\nncurses: cannot initialize terminal type ($TERM=\"unknown\"); exiting\nbash: line 1: server.pid: Read-only file system\nncurses: cannot initialize terminal type ($TERM=\"unknown\"); exiting\nbash: line 1: server.pid: Read-only file system\nncurses: cannot initialize terminal type ($TERM=\"unknown\"); exiting\nbash: line 1: server.pid: Read-only file system\nncurses: cannot initialize terminal type ($TERM=\"unknown\"); exiting\nbash: line 1: server.pid: Read-only file system\nncurses: cannot initialize terminal type ($TERM=\"unknown\"); exiting\nbash: line 1: server.pid: Read-only file system\nncurses: cannot initialize terminal type ($TERM=\"unknown\"); exiting\nbash: line 1: server.pid: Read-only file system\nncurses: cannot initialize terminal type ($TERM=\"unknown\"); exiting\nbash: line 1: server.pid: Read-only file system\nncurses: cannot initialize terminal type ($TERM=\"unknown\"); exiting\nbash: line 1: server.pid: Read-only file system\nncurses: cannot initialize terminal type ($TERM=\"unknown\"); exiting\nbash: line 1: server.pid: Read-only file system\nncurses: cannot initialize terminal type ($TERM=\"unknown\"); exiting\nbash: line 1: server.pid: Read-only file system\nncurses: cannot initialize terminal type ($TERM=\"unknown\"); exiting\nbash: line 1: server.pid: Read-only file system\nncurses: cannot initialize terminal type ($TERM=\"unknown\"); exiting\nbash: line 1: server.pid: Read-only file system\nncurses: cannot initialize t"...<7565 bytes omitted>..."own\"); exiting\nbash: line 1: server.pid: Read-only file system\nncurses: cannot initialize terminal type ($TERM=\"unknown\"); exiting\nbash: line 1: server.pid: Read-only file system\nncurses: cannot initialize terminal type ($TERM=\"unknown\"); exiting\nbash: line 1: server.pid: Read-only file system\nncurses: cannot initialize terminal type ($TERM=\"unknown\"); exiting\nbash: line 1: server.pid: Read-only file system\nncurses: cannot initialize terminal type ($TERM=\"unknown\"); exiting\nbash: line 1: server.pid: Read-only file system\nncurses: cannot initialize terminal type ($TERM=\"unknown\"); exiting\nbash: line 1: server.pid: Read-only file system\nncurses: cannot initialize terminal type ($TERM=\"unknown\"); exiting\nbash: line 1: server.pid: Read-only file system\nncurses: cannot initialize terminal type ($TERM=\"unknown\"); exiting\nbash: line 1: server.pid: Read-only file system\nncurses: cannot initialize terminal type ($TERM=\"unknown\"); exiting\nbash: line 1: server.pid: Read-only file system\nncurses: cannot initialize terminal type ($TERM=\"unknown\"); exiting\nbash: line 1: server.pid: Read-only file system\nncurses: cannot initialize terminal type ($TERM=\"unknown\"); exiting\nbash: line 1: server.pid: Read-only file system\nncurses: cannot initialize terminal type ($TERM=\"unknown\"); exiting\nbash: line 1: server.pid: Read-only file system\nncurses: cannot initialize terminal type ($TERM=\"unknown\"); exiting\nbash: line 1: server.pid: Read-only file system\nncurses: cannot initialize terminal type ($TERM=\"unknown\"); exiting\nbash: line 1: server.pid: Read-only file system\nncurses: cannot initialize terminal type ($TERM=\"unknown\"); exiting\nbash: line 1: server.pid: Read-only file system\nncurses: cannot initialize terminal type ($TERM=\"unknown\"); exiting\nbash: line 1: server.pid: Read-only file system\nncurses: cannot initialize terminal type ($TERM=\"unknown\"); exiting\nbash: line 1: server.pid: Read-only file system\nncurses: cannot initialize terminal type ($TERM=\"unknown\"); exiting\nError: setup script did not complete successfully. aborting.\n"```
[INFO] [stdout] 
[INFO] [stdout] stack backtrace:
[INFO] [stdout]    0:     0x5bb17bbe5377 - <<std[70759c8f55707aa4]::sys::backtrace::BacktraceLock>::print::DisplayBacktrace as core[df12db4294e9bfd3]::fmt::Display>::fmt
[INFO] [stdout]    1:     0x5bb17bba2a4a - core[df12db4294e9bfd3]::fmt::write
[INFO] [stdout]    2:     0x5bb17bbe492b - <alloc[2182bb758b4b3781]::vec::Vec<u8> as core[df12db4294e9bfd3]::io::write::Write>::write_fmt
[INFO] [stdout]    3:     0x5bb17bbe440f - std[70759c8f55707aa4]::panicking::default_hook::{closure#0}
[INFO] [stdout]    4:     0x5bb17bbe403a - std[70759c8f55707aa4]::panicking::default_hook
[INFO] [stdout]    5:     0x5bb17bbe3b72 - std[70759c8f55707aa4]::panicking::panic_with_hook
[INFO] [stdout]    6:     0x5bb17bc0a941 - std[70759c8f55707aa4]::panicking::panic_handler::{closure#0}
[INFO] [stdout]    7:     0x5bb17bc0a8f9 - std[70759c8f55707aa4]::sys::backtrace::__rust_end_short_backtrace::<std[70759c8f55707aa4]::panicking::panic_handler::{closure#0}, !>
[INFO] [stdout]    8:     0x5bb17bc0ae0c - __rustc[8fa7c3cbc660c2b3]::rust_begin_unwind
[INFO] [stdout]    9:     0x5bb17bba28db - core[df12db4294e9bfd3]::panicking::panic_fmt
[INFO] [stdout]   10:     0x5bb17bb9e81d - <assert_cmd[98b578e15384a823]::assert::Assert>::success
[INFO] [stdout]   11:     0x5bb17bbb3377 - <examples[e36fc9f9712af452]::iterations_nohup::{closure#0} as core[df12db4294e9bfd3]::ops::function::FnOnce<()>>::call_once
[INFO] [stdout]   12:     0x5bb17bbe2f4b - serial_test[6a29dcdc041de258]::serial_core
[INFO] [stdout]   13:     0x5bb17bbb32f0 - <examples[e36fc9f9712af452]::iterations_nohup::{closure#0} as core[df12db4294e9bfd3]::ops::function::FnOnce<()>>::call_once
[INFO] [stdout]   14:     0x5bb17bc25c4b - test[9d35eded1c95d3be]::__rust_begin_short_backtrace::<core[df12db4294e9bfd3]::result::Result<(), alloc[2182bb758b4b3781]::string::String>, fn() -> core[df12db4294e9bfd3]::result::Result<(), alloc[2182bb758b4b3781]::string::String>>
[INFO] [stdout]   15:     0x5bb17bc2188c - test[9d35eded1c95d3be]::run_test::{closure#0}
[INFO] [stdout]   16:     0x5bb17bc20fbc - std[70759c8f55707aa4]::sys::backtrace::__rust_begin_short_backtrace::<test[9d35eded1c95d3be]::run_test::{closure#1}, ()>
[INFO] [stdout]   17:     0x5bb17bc3d4ac - <std[70759c8f55707aa4]::thread::lifecycle::spawn_unchecked<test[9d35eded1c95d3be]::run_test::{closure#1}, ()>::{closure#1} as core[df12db4294e9bfd3]::ops::function::FnOnce<()>>::call_once::{shim:vtable#0}
[INFO] [stdout]   18:     0x5bb17bc0c3f2 - <std[70759c8f55707aa4]::sys::thread::unix::Thread>::new::thread_start
[INFO] [stdout]   19:     0x700b8afa4dfa - <unknown>
[INFO] [stdout]   20:     0x700b8b0383d4 - clone
[INFO] [stdout]   21:                0x0 - <unknown>
[INFO] [stdout] 
[INFO] [stdout] ---- cachegrind stdout ----
[INFO] [stdout] 
[INFO] [stdout] thread 'cachegrind' (1400) panicked at /opt/rustwide/cargo-home/registry/src/index.crates.io-1949cf8c6b5b557f/assert_cmd-1.0.3/src/assert.rs:341:17:
[INFO] [stdout] Unexpected stdout, failed var.contains("\"instructions\":")
[INFO] [stdout] └── var as str: {"iterations":[{}]}
[INFO] [stdout] 
[INFO] [stdout] 
[INFO] [stdout] command=`"/opt/rustwide/target/release/sirun" "./examples/cachegrind.json"`
[INFO] [stdout] code=0
[INFO] [stdout] stdout=```"{\"iterations\":[{}]}\n"```
[INFO] [stdout] stderr=```""```
[INFO] [stdout] 
[INFO] [stdout] stack backtrace:
[INFO] [stdout]    0:     0x5bb17bbe5377 - <<std[70759c8f55707aa4]::sys::backtrace::BacktraceLock>::print::DisplayBacktrace as core[df12db4294e9bfd3]::fmt::Display>::fmt
[INFO] [stdout]    1:     0x5bb17bba2a4a - core[df12db4294e9bfd3]::fmt::write
[INFO] [stdout]    2:     0x5bb17bbe492b - <alloc[2182bb758b4b3781]::vec::Vec<u8> as core[df12db4294e9bfd3]::io::write::Write>::write_fmt
[INFO] [stdout]    3:     0x5bb17bbe440f - std[70759c8f55707aa4]::panicking::default_hook::{closure#0}
[INFO] [stdout]    4:     0x5bb17bbe403a - std[70759c8f55707aa4]::panicking::default_hook
[INFO] [stdout]    5:     0x5bb17bbe3b72 - std[70759c8f55707aa4]::panicking::panic_with_hook
[INFO] [stdout]    6:     0x5bb17bc0a941 - std[70759c8f55707aa4]::panicking::panic_handler::{closure#0}
[INFO] [stdout]    7:     0x5bb17bc0a8f9 - std[70759c8f55707aa4]::sys::backtrace::__rust_end_short_backtrace::<std[70759c8f55707aa4]::panicking::panic_handler::{closure#0}, !>
[INFO] [stdout]    8:     0x5bb17bc0ae0c - __rustc[8fa7c3cbc660c2b3]::rust_begin_unwind
[INFO] [stdout]    9:     0x5bb17bba28db - core[df12db4294e9bfd3]::panicking::panic_fmt
[INFO] [stdout]   10:     0x5bb17bb9e6f1 - <assert_cmd[98b578e15384a823]::assert::Assert>::stdout_impl
[INFO] [stdout]   11:     0x5bb17bbb3f4e - <examples[e36fc9f9712af452]::cachegrind::{closure#0} as core[df12db4294e9bfd3]::ops::function::FnOnce<()>>::call_once
[INFO] [stdout]   12:     0x5bb17bbe2f4b - serial_test[6a29dcdc041de258]::serial_core
[INFO] [stderr] error: test failed, to rerun pass `--test examples`
[INFO] [stdout]   13:     0x5bb17bbb3e00 - <examples[e36fc9f9712af452]::cachegrind::{closure#0} as core[df12db4294e9bfd3]::ops::function::FnOnce<()>>::call_once
[INFO] [stdout]   14:     0x5bb17bc25c4b - test[9d35eded1c95d3be]::__rust_begin_short_backtrace::<core[df12db4294e9bfd3]::result::Result<(), alloc[2182bb758b4b3781]::string::String>, fn() -> core[df12db4294e9bfd3]::result::Result<(), alloc[2182bb758b4b3781]::string::String>>
[INFO] [stdout]   15:     0x5bb17bc2188c - test[9d35eded1c95d3be]::run_test::{closure#0}
[INFO] [stdout]   16:     0x5bb17bc20fbc - std[70759c8f55707aa4]::sys::backtrace::__rust_begin_short_backtrace::<test[9d35eded1c95d3be]::run_test::{closure#1}, ()>
[INFO] [stdout]   17:     0x5bb17bc3d4ac - <std[70759c8f55707aa4]::thread::lifecycle::spawn_unchecked<test[9d35eded1c95d3be]::run_test::{closure#1}, ()>::{closure#1} as core[df12db4294e9bfd3]::ops::function::FnOnce<()>>::call_once::{shim:vtable#0}
[INFO] [stdout]   18:     0x5bb17bc0c3f2 - <std[70759c8f55707aa4]::sys::thread::unix::Thread>::new::thread_start
[INFO] [stdout]   19:     0x700b8afa4dfa - <unknown>
[INFO] [stdout]   20:     0x700b8b0383d4 - clone
[INFO] [stdout]   21:                0x0 - <unknown>
[INFO] [stdout] 
[INFO] [stdout] ---- iterations_not_cumulative stdout ----
[INFO] [stdout] 
[INFO] [stdout] thread 'iterations_not_cumulative' (1404) panicked at tests/examples.rs:238:18:
[INFO] [stdout] called `Option::unwrap()` on a `None` value
[INFO] [stdout] stack backtrace:
[INFO] [stdout]    0:     0x5bb17bbe5377 - <<std[70759c8f55707aa4]::sys::backtrace::BacktraceLock>::print::DisplayBacktrace as core[df12db4294e9bfd3]::fmt::Display>::fmt
[INFO] [stdout]    1:     0x5bb17bba2a4a - core[df12db4294e9bfd3]::fmt::write
[INFO] [stdout]    2:     0x5bb17bbe492b - <alloc[2182bb758b4b3781]::vec::Vec<u8> as core[df12db4294e9bfd3]::io::write::Write>::write_fmt
[INFO] [stdout]    3:     0x5bb17bbe440f - std[70759c8f55707aa4]::panicking::default_hook::{closure#0}
[INFO] [stdout]    4:     0x5bb17bbe403a - std[70759c8f55707aa4]::panicking::default_hook
[INFO] [stdout]    5:     0x5bb17bbe3b72 - std[70759c8f55707aa4]::panicking::panic_with_hook
[INFO] [stdout]    6:     0x5bb17bc0a972 - std[70759c8f55707aa4]::panicking::panic_handler::{closure#0}
[INFO] [stdout]    7:     0x5bb17bc0a8f9 - std[70759c8f55707aa4]::sys::backtrace::__rust_end_short_backtrace::<std[70759c8f55707aa4]::panicking::panic_handler::{closure#0}, !>
[INFO] [stdout]    8:     0x5bb17bc0ae0c - __rustc[8fa7c3cbc660c2b3]::rust_begin_unwind
[INFO] [stdout]    9:     0x5bb17bba28db - core[df12db4294e9bfd3]::panicking::panic_fmt
[INFO] [stdout]   10:     0x5bb17bba4731 - core[df12db4294e9bfd3]::panicking::panic
[INFO] [stdout]   11:     0x5bb17bba6188 - core[df12db4294e9bfd3]::option::unwrap_failed
[INFO] [stdout]   12:     0x5bb17bb9b0b9 - <assert_cmd[98b578e15384a823]::assert::StrOutputPredicate<predicates[454f15e598789891]::function::FnPredicate<examples[e36fc9f9712af452]::iterations_not_cumulative::{closure#0}::{closure#0}, str>> as predicates_core[96d8103c90a8a4f0]::core::Predicate<[u8]>>::find_case
[INFO] [stdout]   13:     0x5bb17bb9e667 - <assert_cmd[98b578e15384a823]::assert::Assert>::stdout_impl
[INFO] [stdout]   14:     0x5bb17bbb31ef - <examples[e36fc9f9712af452]::iterations_not_cumulative::{closure#0} as core[df12db4294e9bfd3]::ops::function::FnOnce<()>>::call_once
[INFO] [stdout]   15:     0x5bb17bbe2f4b - serial_test[6a29dcdc041de258]::serial_core
[INFO] [stdout]   16:     0x5bb17bbb30c0 - <examples[e36fc9f9712af452]::iterations_not_cumulative::{closure#0} as core[df12db4294e9bfd3]::ops::function::FnOnce<()>>::call_once
[INFO] [stdout]   17:     0x5bb17bc25c4b - test[9d35eded1c95d3be]::__rust_begin_short_backtrace::<core[df12db4294e9bfd3]::result::Result<(), alloc[2182bb758b4b3781]::string::String>, fn() -> core[df12db4294e9bfd3]::result::Result<(), alloc[2182bb758b4b3781]::string::String>>
[INFO] [stdout]   18:     0x5bb17bc2188c - test[9d35eded1c95d3be]::run_test::{closure#0}
[INFO] [stdout]   19:     0x5bb17bc20fbc - std[70759c8f55707aa4]::sys::backtrace::__rust_begin_short_backtrace::<test[9d35eded1c95d3be]::run_test::{closure#1}, ()>
[INFO] [stdout]   20:     0x5bb17bc3d4ac - <std[70759c8f55707aa4]::thread::lifecycle::spawn_unchecked<test[9d35eded1c95d3be]::run_test::{closure#1}, ()>::{closure#1} as core[df12db4294e9bfd3]::ops::function::FnOnce<()>>::call_once::{shim:vtable#0}
[INFO] [stdout]   21:     0x5bb17bc0c3f2 - <std[70759c8f55707aa4]::sys::thread::unix::Thread>::new::thread_start
[INFO] [stdout]   22:     0x700b8afa4dfa - <unknown>
[INFO] [stdout]   23:     0x700b8b0383d4 - clone
[INFO] [stdout]   24:                0x0 - <unknown>
[INFO] [stdout] 
[INFO] [stdout] ---- wall_and_cpu_pct stdout ----
[INFO] [stdout] 
[INFO] [stdout] thread 'wall_and_cpu_pct' (2710) panicked at tests/examples.rs:47:54:
[INFO] [stdout] called `Option::unwrap()` on a `None` value
[INFO] [stdout] stack backtrace:
[INFO] [stdout]    0:     0x5bb17bbe5377 - <<std[70759c8f55707aa4]::sys::backtrace::BacktraceLock>::print::DisplayBacktrace as core[df12db4294e9bfd3]::fmt::Display>::fmt
[INFO] [stdout]    1:     0x5bb17bba2a4a - core[df12db4294e9bfd3]::fmt::write
[INFO] [stdout]    2:     0x5bb17bbe492b - <alloc[2182bb758b4b3781]::vec::Vec<u8> as core[df12db4294e9bfd3]::io::write::Write>::write_fmt
[INFO] [stdout]    3:     0x5bb17bbe440f - std[70759c8f55707aa4]::panicking::default_hook::{closure#0}
[INFO] [stdout]    4:     0x5bb17bbe403a - std[70759c8f55707aa4]::panicking::default_hook
[INFO] [stdout]    5:     0x5bb17bbe3b72 - std[70759c8f55707aa4]::panicking::panic_with_hook
[INFO] [stdout]    6:     0x5bb17bc0a972 - std[70759c8f55707aa4]::panicking::panic_handler::{closure#0}
[INFO] [stdout]    7:     0x5bb17bc0a8f9 - std[70759c8f55707aa4]::sys::backtrace::__rust_end_short_backtrace::<std[70759c8f55707aa4]::panicking::panic_handler::{closure#0}, !>
[INFO] [stdout]    8:     0x5bb17bc0ae0c - __rustc[8fa7c3cbc660c2b3]::rust_begin_unwind
[INFO] [stdout]    9:     0x5bb17bba28db - core[df12db4294e9bfd3]::panicking::panic_fmt
[INFO] [stdout]   10:     0x5bb17bba4731 - core[df12db4294e9bfd3]::panicking::panic
[INFO] [stdout]   11:     0x5bb17bba6188 - core[df12db4294e9bfd3]::option::unwrap_failed
[INFO] [stdout]   12:     0x5bb17bb9aa78 - <assert_cmd[98b578e15384a823]::assert::StrOutputPredicate<predicates[454f15e598789891]::function::FnPredicate<examples[e36fc9f9712af452]::wall_and_cpu_pct::{closure#0}::{closure#0}, str>> as predicates_core[96d8103c90a8a4f0]::core::Predicate<[u8]>>::find_case
[INFO] [stdout]   13:     0x5bb17bb9e667 - <assert_cmd[98b578e15384a823]::assert::Assert>::stdout_impl
[INFO] [stdout]   14:     0x5bb17bbafe8f - <examples[e36fc9f9712af452]::wall_and_cpu_pct::{closure#0} as core[df12db4294e9bfd3]::ops::function::FnOnce<()>>::call_once
[INFO] [stdout]   15:     0x5bb17bbe2f4b - serial_test[6a29dcdc041de258]::serial_core
[INFO] [stdout]   16:     0x5bb17bbafd60 - <examples[e36fc9f9712af452]::wall_and_cpu_pct::{closure#0} as core[df12db4294e9bfd3]::ops::function::FnOnce<()>>::call_once
[INFO] [stdout]   17:     0x5bb17bc25c4b - test[9d35eded1c95d3be]::__rust_begin_short_backtrace::<core[df12db4294e9bfd3]::result::Result<(), alloc[2182bb758b4b3781]::string::String>, fn() -> core[df12db4294e9bfd3]::result::Result<(), alloc[2182bb758b4b3781]::string::String>>
[INFO] [stdout]   18:     0x5bb17bc2188c - test[9d35eded1c95d3be]::run_test::{closure#0}
[INFO] [stdout]   19:     0x5bb17bc20fbc - std[70759c8f55707aa4]::sys::backtrace::__rust_begin_short_backtrace::<test[9d35eded1c95d3be]::run_test::{closure#1}, ()>
[INFO] [stdout]   20:     0x5bb17bc3d4ac - <std[70759c8f55707aa4]::thread::lifecycle::spawn_unchecked<test[9d35eded1c95d3be]::run_test::{closure#1}, ()>::{closure#1} as core[df12db4294e9bfd3]::ops::function::FnOnce<()>>::call_once::{shim:vtable#0}
[INFO] [stdout]   21:     0x5bb17bc0c3f2 - <std[70759c8f55707aa4]::sys::thread::unix::Thread>::new::thread_start
[INFO] [stdout]   22:     0x700b8afa4dfa - <unknown>
[INFO] [stdout]   23:     0x700b8b0383d4 - clone
[INFO] [stdout]   24:                0x0 - <unknown>
[INFO] [stdout] 
[INFO] [stdout] 
[INFO] [stdout] failures:
[INFO] [stdout]     cachegrind
[INFO] [stdout]     iterations_nohup
[INFO] [stdout]     iterations_not_cumulative
[INFO] [stdout]     wall_and_cpu_pct
[INFO] [stdout] 
[INFO] [stdout] test result: FAILED. 17 passed; 4 failed; 0 ignored; 0 measured; 0 filtered out; finished in 105.56s
[INFO] [stdout] 
[INFO] running `Command { std: "docker" "inspect" "92dceee82a210c82c23b7de7a43675880e9aff2da08b9fdca234bd8f1ec49808", kill_on_drop: false }`
[INFO] running `Command { std: "docker" "rm" "-f" "92dceee82a210c82c23b7de7a43675880e9aff2da08b9fdca234bd8f1ec49808", kill_on_drop: false }`
[INFO] [stdout] 92dceee82a210c82c23b7de7a43675880e9aff2da08b9fdca234bd8f1ec49808
