[INFO] fetching crate sirius-bindings 0.1.0...
[INFO] testing sirius-bindings-0.1.0 against 1.99.0-beta.8+cargoflags=--release for beta-release-1.100-2
[INFO] extracting crate sirius-bindings 0.1.0 into /workspace/builds/worker-5-tc1/source
[INFO] started tweaking crates.io crate sirius-bindings 0.1.0
[INFO] finished tweaking crates.io crate sirius-bindings 0.1.0
[INFO] tweaked toml for crates.io crate sirius-bindings 0.1.0 written to /workspace/builds/worker-5-tc1/source/Cargo.toml
[INFO] validating manifest of crates.io crate sirius-bindings 0.1.0 on toolchain 1.99.0-beta.8
[INFO] running `Command { std: CARGO_HOME="/workspace/cargo-home" RUSTUP_HOME="/workspace/rustup-home" "/workspace/cargo-home/bin/cargo" "+1.99.0-beta.8" "metadata" "--manifest-path" "Cargo.toml" "--no-deps", kill_on_drop: false }`
[INFO] running `Command { std: CARGO_HOME="/workspace/cargo-home" RUSTUP_HOME="/workspace/rustup-home" "/workspace/cargo-home/bin/cargo" "+1.99.0-beta.8" "generate-lockfile" "--manifest-path" "Cargo.toml", kill_on_drop: false }`
[INFO] [stderr]     Updating crates.io index
[INFO] [stderr]      Locking 13 packages to highest compatible versions
[INFO] running `Command { std: CARGO_HOME="/workspace/cargo-home" RUSTUP_HOME="/workspace/rustup-home" "/workspace/cargo-home/bin/cargo" "+1.99.0-beta.8" "fetch" "--manifest-path" "Cargo.toml", kill_on_drop: false }`
[INFO] [stderr]  Downloading crates ...
[INFO] [stderr]   Downloaded is_executable v1.0.6
[INFO] [stderr]   Downloaded arbitrary v1.5.0
[INFO] [stderr]   Downloaded derive_arbitrary v1.5.0
[INFO] running `Command { std: "docker" "create" "-v" "/var/lib/crater-agent-workspace/builds/worker-5-tc1/source:/opt/rustwide/workdir:ro,Z" "-v" "/var/lib/crater-agent-workspace/builds/worker-5-tc1/target:/opt/rustwide/target:rw,Z" "-v" "/var/lib/crater-agent-workspace/cargo-home:/opt/rustwide/cargo-home:ro,Z" "-v" "/var/lib/crater-agent-workspace/rustup-home:/opt/rustwide/rustup-home:ro,Z" "-m" "1610612736" "--network" "none" "ghcr.io/rust-lang/crates-build-env/linux@sha256:77db811e55d90add9212f6832c23229e3de5f1c1f9905e8cb07319ea15df73ac" "sleep" "infinity", kill_on_drop: false }`
[INFO] [stdout] 91077bcdc94bf35b2e9e806129634bc2fae34c93ea4ac111d8c95e3597ad9b73
[INFO] running `Command { std: "docker" "start" "91077bcdc94bf35b2e9e806129634bc2fae34c93ea4ac111d8c95e3597ad9b73", kill_on_drop: false }`
[INFO] running `Command { std: "docker" "inspect" "91077bcdc94bf35b2e9e806129634bc2fae34c93ea4ac111d8c95e3597ad9b73", kill_on_drop: false }`
[INFO] running `Command { std: "docker" "exec" "-e" "SOURCE_DIR=/opt/rustwide/workdir" "-e" "CARGO_HOME=/opt/rustwide/cargo-home" "-e" "RUSTUP_HOME=/opt/rustwide/rustup-home" "-e" "CARGO_TARGET_DIR=/opt/rustwide/target" "-w" "/opt/rustwide/workdir" "--user" "0:0" "91077bcdc94bf35b2e9e806129634bc2fae34c93ea4ac111d8c95e3597ad9b73" "/opt/rustwide/cargo-home/bin/cargo" "+1.99.0-beta.8" "metadata" "--no-deps" "--format-version=1", kill_on_drop: false }`
[INFO] running `Command { std: "docker" "inspect" "91077bcdc94bf35b2e9e806129634bc2fae34c93ea4ac111d8c95e3597ad9b73", kill_on_drop: false }`
[INFO] running `Command { std: "docker" "exec" "-e" "SOURCE_DIR=/opt/rustwide/workdir" "-e" "CARGO_HOME=/opt/rustwide/cargo-home" "-e" "RUSTUP_HOME=/opt/rustwide/rustup-home" "-e" "CARGO_TARGET_DIR=/opt/rustwide/target" "-e" "CARGO_INCREMENTAL=0" "-e" "RUST_BACKTRACE=full" "-e" "RUSTFLAGS=--cap-lints=warn" "-e" "RUSTDOCFLAGS=--cap-lints=warn" "-w" "/opt/rustwide/workdir" "--user" "0:0" "91077bcdc94bf35b2e9e806129634bc2fae34c93ea4ac111d8c95e3597ad9b73" "/opt/rustwide/cargo-home/bin/cargo" "+1.99.0-beta.8" "build" "--frozen" "--message-format=json" "--release", kill_on_drop: false }`
[INFO] [stderr]    Compiling num_cpus v1.17.0
[INFO] [stderr]    Compiling dotenvy v0.15.7
[INFO] [stderr]    Compiling is_executable v1.0.6
[INFO] [stderr]    Compiling sirius-bindings v0.1.0 (/opt/rustwide/workdir)
[INFO] [stderr]     Finished `release` profile [optimized] target(s) in 2.31s
[INFO] running `Command { std: "docker" "inspect" "91077bcdc94bf35b2e9e806129634bc2fae34c93ea4ac111d8c95e3597ad9b73", kill_on_drop: false }`
[INFO] running `Command { std: "docker" "exec" "-e" "SOURCE_DIR=/opt/rustwide/workdir" "-e" "CARGO_HOME=/opt/rustwide/cargo-home" "-e" "RUSTUP_HOME=/opt/rustwide/rustup-home" "-e" "CARGO_TARGET_DIR=/opt/rustwide/target" "-e" "CARGO_INCREMENTAL=0" "-e" "RUST_BACKTRACE=full" "-e" "RUSTFLAGS=--cap-lints=warn" "-e" "RUSTDOCFLAGS=--cap-lints=warn" "-w" "/opt/rustwide/workdir" "--user" "0:0" "91077bcdc94bf35b2e9e806129634bc2fae34c93ea4ac111d8c95e3597ad9b73" "/opt/rustwide/cargo-home/bin/cargo" "+1.99.0-beta.8" "test" "--frozen" "--no-run" "--message-format=json" "--release", kill_on_drop: false }`
[INFO] [stderr]    Compiling sirius-bindings v0.1.0 (/opt/rustwide/workdir)
[INFO] [stderr]     Finished `release` profile [optimized] target(s) in 1.44s
[INFO] running `Command { std: "docker" "inspect" "91077bcdc94bf35b2e9e806129634bc2fae34c93ea4ac111d8c95e3597ad9b73", kill_on_drop: false }`
[INFO] running `Command { std: "docker" "exec" "-e" "SOURCE_DIR=/opt/rustwide/workdir" "-e" "CARGO_HOME=/opt/rustwide/cargo-home" "-e" "RUSTUP_HOME=/opt/rustwide/rustup-home" "-e" "CARGO_TARGET_DIR=/opt/rustwide/target" "-e" "CARGO_INCREMENTAL=0" "-e" "RUST_BACKTRACE=full" "-e" "RUSTFLAGS=--cap-lints=warn" "-e" "RUSTDOCFLAGS=--cap-lints=warn" "-w" "/opt/rustwide/workdir" "--user" "0:0" "91077bcdc94bf35b2e9e806129634bc2fae34c93ea4ac111d8c95e3597ad9b73" "/opt/rustwide/cargo-home/bin/cargo" "+1.99.0-beta.8" "test" "--frozen" "--release", kill_on_drop: false }`
[INFO] [stderr]     Finished `release` profile [optimized] target(s) in 0.02s
[INFO] [stderr]      Running unittests src/lib.rs (/opt/rustwide/target/release/deps/sirius_bindings-a6aef1b5f6c2875d)
[INFO] [stdout] 
[INFO] [stdout] running 14 tests
[INFO] [stdout] test parameters::config::tests::test_default_isotope_settings_filter ... ok
[INFO] [stdout] test parameters::config::tests::test_default_settings_detectable ... ok
[INFO] [stdout] test parameters::config::tests::test_default_formula_search_db ... ok
[INFO] [stdout] test sirius_types::atoms::tests::test_display ... ok
[INFO] [stdout] test parameters::config::tests::test_formula_settings_detectable_to_string ... ok
[INFO] [stdout] test sirius_types::atoms::tests::test_from_string ... ok
[INFO] [stdout] test sirius_types::atoms::tests::test_atoms ... ok
[INFO] [stdout] test sirius_types::atoms::tests::test_from_string_fail - should panic ... ok
[INFO] [stdout] test sirius_config::tests::test_sirius_config ... ok
[INFO] [stdout] test parameters::config::tests::test_adducts_settings_detectable_to_string ... ok
[INFO] [stdout] test sirius_types::mass_deviation::tests::test_mass_deviation_display ... ok
[INFO] [stdout] test sirius_types::mass_deviation::tests::test_error_if_negative_value_with_enum - should panic ... ok
[INFO] [stdout] test sirius_types::mass_deviation::tests::test_error_if_negative_value_with_funtion_call ... ok
[INFO] [stderr]      Running tests/test_sirius.rs (/opt/rustwide/target/release/deps/test_sirius-bd77d38a0f854339)
[INFO] [stdout] test parameters::config::tests::check_negative_mass_deviation_panics ... ok
[INFO] [stdout] 
[INFO] [stdout] test result: ok. 14 passed; 0 failed; 0 ignored; 0 measured; 0 filtered out; finished in 0.01s
[INFO] [stdout] 
[INFO] [stdout] 
[INFO] [stdout] running 3 tests
[INFO] [stdout] test test_failing_sirius - should panic ... ok
[INFO] [stdout] test test_run_sirius_with_enpkg_params ... FAILED
[INFO] [stderr] error: test failed, to rerun pass `--test test_sirius`
[INFO] [stdout] test test_run_sirius_default ... FAILED
[INFO] [stdout] 
[INFO] [stdout] failures:
[INFO] [stdout] 
[INFO] [stdout] ---- test_run_sirius_with_enpkg_params stdout ----
[INFO] [stdout] 
[INFO] [stdout] thread 'test_run_sirius_with_enpkg_params' (248) panicked at tests/test_sirius.rs:163:51:
[INFO] [stdout] called `Result::unwrap()` on an `Err` value: "The environment variable SIRIUS_PATH is not set. We expected there to exist a .env file in the current directory with the SIRIUS_PATH variable set to the path of the sirius executable. The variable may also be set in the environment directly, for instance in the .bashrc file."
[INFO] [stdout] stack backtrace:
[INFO] [stdout]    0:     0x5a582c8b8491 - <<std[70759c8f55707aa4]::sys::backtrace::BacktraceLock>::print::DisplayBacktrace as core[df12db4294e9bfd3]::fmt::Display>::fmt
[INFO] [stdout]    1:     0x5a582c8ce4da - core[df12db4294e9bfd3]::fmt::write
[INFO] [stdout]    2:     0x5a582c8bcc5c - <alloc[2182bb758b4b3781]::vec::Vec<u8> as core[df12db4294e9bfd3]::io::write::Write>::write_fmt
[INFO] [stdout]    3:     0x5a582c893b96 - std[70759c8f55707aa4]::panicking::default_hook::{closure#0}
[INFO] [stdout]    4:     0x5a582c8b0399 - std[70759c8f55707aa4]::panicking::default_hook
[INFO] [stdout]    5:     0x5a582c83e1b0 - test[9d35eded1c95d3be]::test_main_inner::<test[9d35eded1c95d3be]::test_main_static::{closure#0}>::{closure#0}
[INFO] [stdout]    6:     0x5a582c8b0552 - std[70759c8f55707aa4]::panicking::panic_with_hook
[INFO] [stdout]    7:     0x5a582c893c42 - std[70759c8f55707aa4]::panicking::panic_handler::{closure#0}
[INFO] [stdout]    8:     0x5a582c88c759 - std[70759c8f55707aa4]::sys::backtrace::__rust_end_short_backtrace::<std[70759c8f55707aa4]::panicking::panic_handler::{closure#0}, !>
[INFO] [stdout]    9:     0x5a582c8948dd - __rustc[8fa7c3cbc660c2b3]::rust_begin_unwind
[INFO] [stdout]   10:     0x5a582c8cec0c - core[df12db4294e9bfd3]::panicking::panic_fmt
[INFO] [stdout]   11:     0x5a582c8ce9e2 - core[df12db4294e9bfd3]::result::unwrap_failed
[INFO] [stdout]   12:     0x5a582c831351 - <test_sirius[7cf3614cd8091066]::test_run_sirius_with_enpkg_params::{closure#0} as core[df12db4294e9bfd3]::ops::function::FnOnce<()>>::call_once
[INFO] [stdout]   13:     0x5a582c83149b - test[9d35eded1c95d3be]::__rust_begin_short_backtrace::<core[df12db4294e9bfd3]::result::Result<(), alloc[2182bb758b4b3781]::string::String>, fn() -> core[df12db4294e9bfd3]::result::Result<(), alloc[2182bb758b4b3781]::string::String>>
[INFO] [stdout]   14:     0x5a582c83eb05 - test[9d35eded1c95d3be]::run_test::{closure#0}
[INFO] [stdout]   15:     0x5a582c8383c4 - std[70759c8f55707aa4]::sys::backtrace::__rust_begin_short_backtrace::<test[9d35eded1c95d3be]::run_test::{closure#1}, ()>
[INFO] [stdout]   16:     0x5a582c841c62 - <std[70759c8f55707aa4]::thread::lifecycle::spawn_unchecked<test[9d35eded1c95d3be]::run_test::{closure#1}, ()>::{closure#1} as core[df12db4294e9bfd3]::ops::function::FnOnce<()>>::call_once::{shim:vtable#0}
[INFO] [stdout]   17:     0x5a582c8b7d69 - <std[70759c8f55707aa4]::sys::thread::unix::Thread>::new::thread_start
[INFO] [stdout]   18:     0x7c8da6119dfa - <unknown>
[INFO] [stdout]   19:     0x7c8da61ad3d4 - clone
[INFO] [stdout]   20:                0x0 - <unknown>
[INFO] [stdout] 
[INFO] [stdout] ---- test_run_sirius_default stdout ----
[INFO] [stdout] 
[INFO] [stdout] thread 'test_run_sirius_default' (247) panicked at tests/test_sirius.rs:87:51:
[INFO] [stdout] called `Result::unwrap()` on an `Err` value: "The environment variable SIRIUS_PATH is not set. We expected there to exist a .env file in the current directory with the SIRIUS_PATH variable set to the path of the sirius executable. The variable may also be set in the environment directly, for instance in the .bashrc file."
[INFO] [stdout] stack backtrace:
[INFO] [stdout]    0:     0x5a582c8b8491 - <<std[70759c8f55707aa4]::sys::backtrace::BacktraceLock>::print::DisplayBacktrace as core[df12db4294e9bfd3]::fmt::Display>::fmt
[INFO] [stdout]    1:     0x5a582c8ce4da - core[df12db4294e9bfd3]::fmt::write
[INFO] [stdout]    2:     0x5a582c8bcc5c - <alloc[2182bb758b4b3781]::vec::Vec<u8> as core[df12db4294e9bfd3]::io::write::Write>::write_fmt
[INFO] [stdout]    3:     0x5a582c893b96 - std[70759c8f55707aa4]::panicking::default_hook::{closure#0}
[INFO] [stdout]    4:     0x5a582c8b0399 - std[70759c8f55707aa4]::panicking::default_hook
[INFO] [stdout]    5:     0x5a582c83e1b0 - test[9d35eded1c95d3be]::test_main_inner::<test[9d35eded1c95d3be]::test_main_static::{closure#0}>::{closure#0}
[INFO] [stdout]    6:     0x5a582c8b0552 - std[70759c8f55707aa4]::panicking::panic_with_hook
[INFO] [stdout]    7:     0x5a582c893c42 - std[70759c8f55707aa4]::panicking::panic_handler::{closure#0}
[INFO] [stdout]    8:     0x5a582c88c759 - std[70759c8f55707aa4]::sys::backtrace::__rust_end_short_backtrace::<std[70759c8f55707aa4]::panicking::panic_handler::{closure#0}, !>
[INFO] [stdout]    9:     0x5a582c8948dd - __rustc[8fa7c3cbc660c2b3]::rust_begin_unwind
[INFO] [stdout]   10:     0x5a582c8cec0c - core[df12db4294e9bfd3]::panicking::panic_fmt
[INFO] [stdout]   11:     0x5a582c8ce9e2 - core[df12db4294e9bfd3]::result::unwrap_failed
[INFO] [stdout]   12:     0x5a582c82f8c2 - <test_sirius[7cf3614cd8091066]::test_run_sirius_default::{closure#0} as core[df12db4294e9bfd3]::ops::function::FnOnce<()>>::call_once
[INFO] [stdout]   13:     0x5a582c83149b - test[9d35eded1c95d3be]::__rust_begin_short_backtrace::<core[df12db4294e9bfd3]::result::Result<(), alloc[2182bb758b4b3781]::string::String>, fn() -> core[df12db4294e9bfd3]::result::Result<(), alloc[2182bb758b4b3781]::string::String>>
[INFO] [stdout]   14:     0x5a582c83eb05 - test[9d35eded1c95d3be]::run_test::{closure#0}
[INFO] [stdout]   15:     0x5a582c8383c4 - std[70759c8f55707aa4]::sys::backtrace::__rust_begin_short_backtrace::<test[9d35eded1c95d3be]::run_test::{closure#1}, ()>
[INFO] [stdout]   16:     0x5a582c841c62 - <std[70759c8f55707aa4]::thread::lifecycle::spawn_unchecked<test[9d35eded1c95d3be]::run_test::{closure#1}, ()>::{closure#1} as core[df12db4294e9bfd3]::ops::function::FnOnce<()>>::call_once::{shim:vtable#0}
[INFO] [stdout]   17:     0x5a582c8b7d69 - <std[70759c8f55707aa4]::sys::thread::unix::Thread>::new::thread_start
[INFO] [stdout]   18:     0x7c8da6119dfa - <unknown>
[INFO] [stdout]   19:     0x7c8da61ad3d4 - clone
[INFO] [stdout]   20:                0x0 - <unknown>
[INFO] [stdout] 
[INFO] [stdout] 
[INFO] [stdout] failures:
[INFO] [stdout]     test_run_sirius_default
[INFO] [stdout]     test_run_sirius_with_enpkg_params
[INFO] [stdout] 
[INFO] [stdout] test result: FAILED. 1 passed; 2 failed; 0 ignored; 0 measured; 0 filtered out; finished in 0.01s
[INFO] [stdout] 
[INFO] running `Command { std: "docker" "inspect" "91077bcdc94bf35b2e9e806129634bc2fae34c93ea4ac111d8c95e3597ad9b73", kill_on_drop: false }`
[INFO] running `Command { std: "docker" "rm" "-f" "91077bcdc94bf35b2e9e806129634bc2fae34c93ea4ac111d8c95e3597ad9b73", kill_on_drop: false }`
[INFO] [stdout] 91077bcdc94bf35b2e9e806129634bc2fae34c93ea4ac111d8c95e3597ad9b73
