[INFO] fetching crate sipx-sdp 1.0.1...
[INFO] testing sipx-sdp-1.0.1 against 1.100.0-beta.1+cargoflags=--release for beta-release-1.100-2
[INFO] extracting crate sipx-sdp 1.0.1 into /workspace/builds/worker-4-tc2/source
[INFO] started tweaking crates.io crate sipx-sdp 1.0.1
[INFO] removed 0 missing tests
[INFO] finished tweaking crates.io crate sipx-sdp 1.0.1
[INFO] tweaked toml for crates.io crate sipx-sdp 1.0.1 written to /workspace/builds/worker-4-tc2/source/Cargo.toml
[INFO] validating manifest of crates.io crate sipx-sdp 1.0.1 on toolchain 1.100.0-beta.1
[INFO] running `Command { std: CARGO_HOME="/workspace/cargo-home" RUSTUP_HOME="/workspace/rustup-home" "/workspace/cargo-home/bin/cargo" "+1.100.0-beta.1" "metadata" "--manifest-path" "Cargo.toml" "--no-deps", kill_on_drop: false }`
[INFO] crate crates.io crate sipx-sdp 1.0.1 already has a lockfile, it will not be regenerated
[INFO] running `Command { std: CARGO_HOME="/workspace/cargo-home" RUSTUP_HOME="/workspace/rustup-home" "/workspace/cargo-home/bin/cargo" "+1.100.0-beta.1" "fetch" "--manifest-path" "Cargo.toml", kill_on_drop: false }`
[INFO] running `Command { std: "docker" "create" "-v" "/var/lib/crater-agent-workspace/builds/worker-4-tc2/source:/opt/rustwide/workdir:ro,Z" "-v" "/var/lib/crater-agent-workspace/builds/worker-4-tc2/target:/opt/rustwide/target:rw,Z" "-v" "/var/lib/crater-agent-workspace/cargo-home:/opt/rustwide/cargo-home:ro,Z" "-v" "/var/lib/crater-agent-workspace/rustup-home:/opt/rustwide/rustup-home:ro,Z" "-m" "1610612736" "--network" "none" "ghcr.io/rust-lang/crates-build-env/linux@sha256:77db811e55d90add9212f6832c23229e3de5f1c1f9905e8cb07319ea15df73ac" "sleep" "infinity", kill_on_drop: false }`
[INFO] [stdout] e34c33ca17ae7563cf867e45b5c209b2eb8b0dda7793bdc51255260fba532360
[INFO] running `Command { std: "docker" "start" "e34c33ca17ae7563cf867e45b5c209b2eb8b0dda7793bdc51255260fba532360", kill_on_drop: false }`
[INFO] running `Command { std: "docker" "inspect" "e34c33ca17ae7563cf867e45b5c209b2eb8b0dda7793bdc51255260fba532360", kill_on_drop: false }`
[INFO] running `Command { std: "docker" "exec" "-e" "SOURCE_DIR=/opt/rustwide/workdir" "-e" "CARGO_HOME=/opt/rustwide/cargo-home" "-e" "RUSTUP_HOME=/opt/rustwide/rustup-home" "-e" "CARGO_TARGET_DIR=/opt/rustwide/target" "-w" "/opt/rustwide/workdir" "--user" "0:0" "e34c33ca17ae7563cf867e45b5c209b2eb8b0dda7793bdc51255260fba532360" "/opt/rustwide/cargo-home/bin/cargo" "+1.100.0-beta.1" "metadata" "--no-deps" "--format-version=1", kill_on_drop: false }`
[INFO] running `Command { std: "docker" "inspect" "e34c33ca17ae7563cf867e45b5c209b2eb8b0dda7793bdc51255260fba532360", kill_on_drop: false }`
[INFO] running `Command { std: "docker" "exec" "-e" "SOURCE_DIR=/opt/rustwide/workdir" "-e" "CARGO_HOME=/opt/rustwide/cargo-home" "-e" "RUSTUP_HOME=/opt/rustwide/rustup-home" "-e" "CARGO_TARGET_DIR=/opt/rustwide/target" "-e" "CARGO_INCREMENTAL=0" "-e" "RUST_BACKTRACE=full" "-e" "RUSTFLAGS=--cap-lints=warn" "-e" "RUSTDOCFLAGS=--cap-lints=warn" "-w" "/opt/rustwide/workdir" "--user" "0:0" "e34c33ca17ae7563cf867e45b5c209b2eb8b0dda7793bdc51255260fba532360" "/opt/rustwide/cargo-home/bin/cargo" "+1.100.0-beta.1" "build" "--frozen" "--message-format=json" "--release", kill_on_drop: false }`
[INFO] [stderr]    Compiling libc v0.2.189
[INFO] [stderr]    Compiling zerocopy v0.8.55
[INFO] [stderr]    Compiling thiserror v2.0.19
[INFO] [stderr]    Compiling subtle v2.6.1
[INFO] [stderr]    Compiling proc-macro2 v1.0.107
[INFO] [stderr]    Compiling sha1 v0.10.7
[INFO] [stderr]    Compiling sha2 v0.10.9
[INFO] [stderr]    Compiling quote v1.0.47
[INFO] [stderr]    Compiling syn v3.0.3
[INFO] [stderr]    Compiling getrandom v0.3.4
[INFO] [stderr]    Compiling rand_core v0.9.5
[INFO] [stderr]    Compiling thiserror-impl v2.0.19
[INFO] [stderr]    Compiling ppv-lite86 v0.2.21
[INFO] [stderr]    Compiling rand_chacha v0.9.0
[INFO] [stderr]    Compiling rand v0.9.5
[INFO] [stderr]    Compiling sipx-sdp v1.0.1 (/opt/rustwide/workdir)
[INFO] [stderr] warning: unused dependency `bytes`
[INFO] [stderr]  --> Cargo.toml:1:15
[INFO] [stderr]   |
[INFO] [stderr] 1 | [dependencies.bytes]
[INFO] [stderr]   |               ^^^^^^
[INFO] [stderr]   |
[INFO] [stderr]   = note: `cargo::unused_dependencies` is set to `warn` by default
[INFO] [stderr] help: consider removing the dependency on `bytes`
[INFO] [stderr] warning: `sipx-sdp` (manifest) generated 1 warning
[INFO] [stderr]     Finished `release` profile [optimized] target(s) in 14.04s
[INFO] running `Command { std: "docker" "inspect" "e34c33ca17ae7563cf867e45b5c209b2eb8b0dda7793bdc51255260fba532360", kill_on_drop: false }`
[INFO] running `Command { std: "docker" "exec" "-e" "SOURCE_DIR=/opt/rustwide/workdir" "-e" "CARGO_HOME=/opt/rustwide/cargo-home" "-e" "RUSTUP_HOME=/opt/rustwide/rustup-home" "-e" "CARGO_TARGET_DIR=/opt/rustwide/target" "-e" "CARGO_INCREMENTAL=0" "-e" "RUST_BACKTRACE=full" "-e" "RUSTFLAGS=--cap-lints=warn" "-e" "RUSTDOCFLAGS=--cap-lints=warn" "-w" "/opt/rustwide/workdir" "--user" "0:0" "e34c33ca17ae7563cf867e45b5c209b2eb8b0dda7793bdc51255260fba532360" "/opt/rustwide/cargo-home/bin/cargo" "+1.100.0-beta.1" "test" "--frozen" "--no-run" "--message-format=json" "--release", kill_on_drop: false }`
[INFO] [stderr]    Compiling rustix v1.1.4
[INFO] [stderr]    Compiling bitflags v2.13.1
[INFO] [stderr]    Compiling once_cell v1.21.4
[INFO] [stderr]    Compiling num-traits v0.2.19
[INFO] [stderr]    Compiling wait-timeout v0.2.1
[INFO] [stderr]    Compiling quick-error v1.2.3
[INFO] [stderr]    Compiling bit-vec v0.8.0
[INFO] [stderr]    Compiling getrandom v0.3.4
[INFO] [stderr]    Compiling getrandom v0.4.3
[INFO] [stderr]    Compiling unarray v0.1.4
[INFO] [stderr]    Compiling rand_core v0.9.5
[INFO] [stderr]    Compiling bit-set v0.8.0
[INFO] [stderr]    Compiling rand_chacha v0.9.0
[INFO] [stderr]    Compiling rand_xorshift v0.4.0
[INFO] [stderr]    Compiling rand v0.9.5
[INFO] [stderr]    Compiling sipx-sdp v1.0.1 (/opt/rustwide/workdir)
[INFO] [stderr]    Compiling tempfile v3.27.0
[INFO] [stderr]    Compiling rusty-fork v0.3.1
[INFO] [stderr]    Compiling proptest v1.11.0
[INFO] [stderr] warning: unused dependency `bytes`
[INFO] [stderr]  --> Cargo.toml:1:15
[INFO] [stderr]   |
[INFO] [stderr] 1 | [dependencies.bytes]
[INFO] [stderr]   |               ^^^^^^
[INFO] [stderr]   |
[INFO] [stderr]   = note: `cargo::unused_dependencies` is set to `warn` by default
[INFO] [stderr] help: consider removing the dependency on `bytes`
[INFO] [stderr] warning: `sipx-sdp` (manifest) generated 1 warning
[INFO] [stderr]     Finished `release` profile [optimized] target(s) in 22.08s
[INFO] running `Command { std: "docker" "inspect" "e34c33ca17ae7563cf867e45b5c209b2eb8b0dda7793bdc51255260fba532360", kill_on_drop: false }`
[INFO] running `Command { std: "docker" "exec" "-e" "SOURCE_DIR=/opt/rustwide/workdir" "-e" "CARGO_HOME=/opt/rustwide/cargo-home" "-e" "RUSTUP_HOME=/opt/rustwide/rustup-home" "-e" "CARGO_TARGET_DIR=/opt/rustwide/target" "-e" "CARGO_INCREMENTAL=0" "-e" "RUST_BACKTRACE=full" "-e" "RUSTFLAGS=--cap-lints=warn" "-e" "RUSTDOCFLAGS=--cap-lints=warn" "-w" "/opt/rustwide/workdir" "--user" "0:0" "e34c33ca17ae7563cf867e45b5c209b2eb8b0dda7793bdc51255260fba532360" "/opt/rustwide/cargo-home/bin/cargo" "+1.100.0-beta.1" "test" "--frozen" "--release", kill_on_drop: false }`
[INFO] [stderr] warning: unused dependency `bytes`
[INFO] [stderr]  --> Cargo.toml:1:15
[INFO] [stderr]   |
[INFO] [stderr] 1 | [dependencies.bytes]
[INFO] [stderr]   |               ^^^^^^
[INFO] [stderr]   |
[INFO] [stderr]   = note: `cargo::unused_dependencies` is set to `warn` by default
[INFO] [stderr] help: consider removing the dependency on `bytes`
[INFO] [stderr] warning: `sipx-sdp` (manifest) generated 1 warning
[INFO] [stderr]     Finished `release` profile [optimized] target(s) in 0.11s
[INFO] [stderr]      Running unittests src/lib.rs (/opt/rustwide/target/release/build/sipx-sdp/5836bb708e7d7b85/out/sipx_sdp-5836bb708e7d7b85)
[INFO] [stdout] 
[INFO] [stdout] running 100 tests
[INFO] [stdout] test answer::tests::a_codec_we_do_not_have_is_left_out_of_the_answer ... ok
[INFO] [stdout] test answer::tests::a_dtls_offer_to_an_endpoint_without_dtls_is_rejected ... ok
[INFO] [stdout] test answer::tests::a_stream_offering_only_dtmf_is_rejected ... ok
[INFO] [stdout] test answer::tests::a_dtls_offer_is_answered_with_a_fingerprint_and_a_role ... ok
[INFO] [stdout] test answer::tests::a_plain_offer_is_not_upgraded_to_dtls ... ok
[INFO] [stdout] test answer::tests::a_dtls_offer_with_no_fingerprint_is_rejected ... ok
[INFO] [stdout] test answer::tests::a_stream_the_offer_already_rejected_stays_rejected ... ok
[INFO] [stdout] test answer::tests::a_media_level_fingerprint_wins_over_the_session_level_one ... ok
[INFO] [stdout] test answer::tests::a_plain_audio_offer_is_answered_with_the_common_codecs ... ok
[INFO] [stdout] test answer::tests::a_static_payload_type_remapped_by_the_offer_is_not_taken_on_the_number ... ok
[INFO] [stdout] test answer::tests::a_session_level_direction_governs_streams_without_their_own ... ok
[INFO] [stdout] test answer::tests::a_media_level_direction_overrides_the_session_level_one ... ok
[INFO] [stdout] test answer::tests::a_stream_with_no_common_codec_is_rejected ... ok
[INFO] [stdout] test answer::tests::a_missing_channel_count_means_one_channel ... ok
[INFO] [stdout] test answer::tests::offering_dtls_srtp_clears_any_sdes_key ... ok
[INFO] [stdout] test answer::tests::the_answer_cannot_widen_what_was_offered ... ok
[INFO] [stdout] test answer::tests::directions_are_mirrored_rather_than_copied ... ok
[INFO] [stdout] test answer::tests::the_dtmf_fmtp_is_not_an_echo_of_the_offers ... ok
[INFO] [stdout] test answer::tests::the_answer_advertises_our_address_and_port ... ok
[INFO] [stdout] test answer::tests::the_dtmf_fmtp_declares_the_events_this_side_receives ... ok
[INFO] [stdout] test answer::tests::an_offered_header_extension_mapping_is_neither_echoed_nor_originated ... ok
[INFO] [stdout] test answer::tests::an_rtpmap_only_matches_when_the_clock_rate_agrees ... ok
[INFO] [stdout] test answer::tests::a_session_level_fingerprint_is_found ... ok
[INFO] [stdout] test answer::tests::dynamic_payload_types_are_matched_by_name_not_number ... ok
[INFO] [stdout] test crypto::tests::a_lifetime_and_mki_do_not_stop_the_key_being_read ... ok
[INFO] [stdout] test answer::tests::the_role_is_answered_rather_than_copied ... ok
[INFO] [stdout] test answer::tests::a_dynamic_payload_type_without_an_rtpmap_is_not_accepted ... ok
[INFO] [stdout] test answer::tests::an_answer_keeps_the_offers_media_order_and_rejects_with_port_zero ... ok
[INFO] [stdout] test answer::tests::an_answer_reparses_to_itself ... ok
[INFO] [stdout] test answer::tests::the_codec_order_is_the_offerers_not_ours ... ok
[INFO] [stdout] test crypto::tests::an_offer_round_trips ... ok
[INFO] [stdout] test crypto::tests::an_offer_that_cannot_be_performed_is_refused ... ok
[INFO] [stdout] test fingerprint::tests::actpass_is_answered_active_so_the_answerer_starts_the_handshake ... ok
[INFO] [stdout] test crypto::tests::no_key_is_offered_over_cleartext_signalling ... ok
[INFO] [stdout] test fingerprint::tests::a_lowercase_fingerprint_from_a_peer_is_still_read ... ok
[INFO] [stdout] test crypto::tests::base64_matches_the_published_vectors ... ok
[INFO] [stdout] test fingerprint::tests::a_malformed_fingerprint_is_refused ... ok
[INFO] [stdout] test fingerprint::tests::every_hash_produces_the_digest_length_it_declares ... ok
[INFO] [stdout] test crypto::tests::the_other_published_inline_parameters_are_read ... ok
[INFO] [stdout] test fingerprint::tests::setup_round_trips_and_rejects_what_is_not_a_role ... ok
[INFO] [stdout] test fingerprint::tests::a_different_certificate_does_not_match ... ok
[INFO] [stdout] test crypto::tests::debug_output_does_not_leak_the_key ... ok
[INFO] [stdout] test fingerprint::tests::a_digest_of_the_wrong_length_for_its_hash_is_refused ... ok
[INFO] [stdout] test crypto::tests::every_offer_has_its_own_key ... ok
[INFO] [stdout] test fingerprint::tests::a_fingerprint_round_trips_through_its_sdp_form ... ok
[INFO] [stdout] test fingerprint::tests::md5_and_md2_fingerprints_are_refused_rather_than_carried ... ok
[INFO] [stdout] test crypto::tests::the_suite_token_is_case_sensitive ... ok
[INFO] [stdout] test ice::tests::a_host_candidate_round_trips_without_a_related_address ... ok
[INFO] [stdout] test ice::tests::a_malformed_candidate_is_ignored_rather_than_fatal ... ok
[INFO] [stdout] test ice::tests::pacing_defaults_to_50_and_the_larger_value_is_agreed ... ok
[INFO] [stdout] test ice::tests::media_level_credentials_win_and_are_never_mixed_with_the_session_level ... ok
[INFO] [stdout] test ice::tests::a_masked_related_address_parses ... ok
[INFO] [stdout] test ice::tests::credentials_are_short_to_send_and_long_to_accept ... ok
[INFO] [stdout] test fingerprint::tests::only_active_is_the_client ... ok
[INFO] [stdout] test crypto::tests::the_published_crypto_line_parses_to_the_published_key_and_salt ... ok
[INFO] [stdout] test ice::tests::the_priority_bound_is_what_keeps_the_pair_priority_in_a_u64 ... ok
[INFO] [stdout] test parse::tests::a_description_without_an_origin_is_rejected ... ok
[INFO] [stdout] test ice::tests::the_rfc_8839_candidate_example_round_trips_unchanged ... ok
[INFO] [stdout] test parse::tests::a_line_without_an_equals_sign_is_rejected ... ok
[INFO] [stdout] test parse::tests::a_multicast_connection_drops_its_ttl_suffix ... ok
[INFO] [stdout] test fingerprint::tests::the_printed_form_is_uppercase_hex_separated_by_colons ... ok
[INFO] [stdout] test parse::tests::a_media_line_without_formats_is_rejected ... ok
[INFO] [stdout] test ice::tests::a_candidate_sipx_cannot_use_is_ignored_and_the_description_survives ... ok
[INFO] [stdout] test parse::tests::a_parsed_description_reserializes_to_the_same_meaning ... ok
[INFO] [stdout] test ice::tests::option_tags_are_read_from_both_levels ... ok
[INFO] [stdout] test ice::tests::a_priority_the_grammar_admits_but_the_range_forbids_is_rejected ... ok
[INFO] [stdout] test ice::tests::a_transport_other_than_udp_is_discarded_and_udp_is_case_insensitive ... ok
[INFO] [stdout] test ice::tests::extensions_are_written_after_the_related_address ... ok
[INFO] [stdout] test ice::tests::an_unknown_candidate_extension_survives ... ok
[INFO] [stdout] test parse::tests::attributes_attach_to_the_media_line_they_follow ... ok
[INFO] [stdout] test ice::tests::each_attribute_is_read_only_at_the_level_that_defines_it ... ok
[INFO] [stdout] test parse::tests::a_media_connection_overrides_the_session_one ... ok
[INFO] [stdout] test parse::tests::bare_line_feeds_are_accepted ... ok
[INFO] [stdout] test parse::tests::a_session_description_parses_into_its_parts ... ok
[INFO] [stdout] test parse::tests::an_absent_direction_means_sendrecv ... ok
[INFO] [stdout] test parse::tests::a_domain_name_address_is_kept_not_rejected ... ok
[INFO] [stdout] test relay::tests::bare_line_feeds_survive_as_they_arrived ... ok
[INFO] [stdout] test relay::tests::keying_and_transport_survive_untouched ... ok
[INFO] [stdout] test parse::tests::media_level_lines_stay_with_their_stream ... ok
[INFO] [stdout] test relay::tests::a_rejected_stream_needs_no_address ... ok
[INFO] [stdout] test parse::tests::port_zero_is_a_rejected_stream_not_a_parse_error ... ok
[INFO] [stdout] test relay::tests::only_the_origin_line_changes ... ok
[INFO] [stdout] test relay::tests::an_accepted_stream_with_no_address_is_refused ... ok
[INFO] [stdout] test relay::tests::a_description_with_no_media_is_refused ... ok
[INFO] [stdout] test relay::tests::unknown_lines_and_line_order_survive ... ok
[INFO] [stdout] test rtpmap::tests::nothing_does_not_match_nothing ... ok
[INFO] [stdout] test rtpmap::tests::a_value_that_identifies_nothing_is_a_typed_error ... ok
[INFO] [stdout] test relay::tests::a_body_that_is_not_a_description_is_refused ... ok
[INFO] [stdout] test parse::tests::an_empty_session_name_becomes_a_dash ... ok
[INFO] [stdout] test rtpmap::tests::identity_is_the_name_case_insensitively_and_the_numbers_by_value ... ok
[INFO] [stdout] test rtpmap::tests::a_number_spelled_differently_is_the_same_number ... ok
[INFO] [stdout] test rtpmap::tests::the_largest_representable_rate_reads ... ok
[INFO] [stdout] test rtpmap::tests::a_value_reads_as_its_three_fields ... ok
[INFO] [stdout] test relay::tests::the_source_origin_never_reaches_the_other_dialog ... ok
[INFO] [stdout] test fingerprint::tests::holdconn_is_answered_holdconn ... ok
[INFO] [stdout] test ice::tests::remote_candidates_name_one_address_per_component ... ok
[INFO] [stdout] test relay::tests::the_version_moves_only_when_the_description_does ... ok
[INFO] [stdout] test parse::tests::unknown_lines_survive_a_round_trip ... ok
[INFO] [stdout] test ice::tests::a_foundation_keeps_its_bounds ... ok
[INFO] [stdout] test parse::tests::ipv6_addresses_round_trip ... ok
[INFO] [stdout] 
[INFO] [stdout] test result: ok. 100 passed; 0 failed; 0 ignored; 0 measured; 0 filtered out; finished in 0.02s
[INFO] [stdout] 
[INFO] [stderr]      Running tests/browser_audio_profile.rs (/opt/rustwide/target/release/build/sipx-sdp/a1ada167795e62e4/out/browser_audio_profile-a1ada167795e62e4)
[INFO] [stdout] 
[INFO] [stdout] running 10 tests
[INFO] [stdout] test complete_vectors_have_the_normative_identity_and_validate ... ok
[INFO] [stdout] test reoffer_validation_distinguishes_preservation_restart_and_removal ... ok
[INFO] [stdout] test complete_offer_and_answer_generation_is_byte_exact ... ok
[INFO] [stdout] test native_browser_answer_shape_accepts_the_telephone_event_default ... ok
[INFO] [stdout] test negative_answer_vectors_fail_at_the_named_boundary ... ok
[INFO] [stdout] test candidate_set_is_complete_and_limited_to_host_or_server_reflexive ... ok
[INFO] [stdout] test completed_native_browser_shape_validates_and_answers_with_the_required_intersection ... ok
[INFO] [stdout] test unused_rtcp_candidates_do_not_weaken_the_profile_boundary ... ok
[INFO] [stdout] test an_offer_carrying_extmap_is_answered_by_omitting_it_rather_than_by_refusing_it ... ok
[INFO] [stderr]      Running tests/opus.rs (/opt/rustwide/target/release/build/sipx-sdp/642def566b87da44/out/opus-642def566b87da44)
[INFO] [stdout] test an_unused_rtcp_candidate_in_a_mux_offer_is_not_a_runtime_component ... ok
[INFO] [stdout] 
[INFO] [stdout] test result: ok. 10 passed; 0 failed; 0 ignored; 0 measured; 0 filtered out; finished in 0.00s
[INFO] [stdout] 
[INFO] [stdout] 
[INFO] [stdout] running 6 tests
[INFO] [stdout] test a_dynamic_type_with_no_rtpmap_is_not_assumed_to_be_opus ... ok
[INFO] [stdout] test an_endpoint_with_no_opus_still_gets_g711 ... ok
[INFO] [stdout] test another_codec_on_our_opus_number_is_not_opus ... ok
[INFO] [stdout] test opus_is_matched_even_when_the_far_end_numbers_it_differently ... ok
[INFO] [stderr]      Running tests/rfc5118_sdp.rs (/opt/rustwide/target/release/build/sipx-sdp/26a9c8eb9c57156f/out/rfc5118_sdp-26a9c8eb9c57156f)
[INFO] [stdout] test opus_is_negotiated_by_its_encoding_name ... ok
[INFO] [stdout] test the_offerers_preference_is_honoured_even_when_it_prefers_g711 ... ok
[INFO] [stdout] 
[INFO] [stdout] test result: ok. 6 passed; 0 failed; 0 ignored; 0 measured; 0 filtered out; finished in 0.00s
[INFO] [stdout] 
[INFO] [stdout] 
[INFO] [stdout] running 4 tests
[INFO] [stdout] test every_sdp_body_in_the_corpus_round_trips ... FAILED
[INFO] [stdout] test ipv6_in_session_level_origin_and_connection ... FAILED
[INFO] [stdout] test ipv4_mapped_addresses_parse_in_sdp ... FAILED
[INFO] [stdout] test per_media_connection_lines_mix_address_families ... FAILED
[INFO] [stdout] 
[INFO] [stdout] failures:
[INFO] [stdout] 
[INFO] [stdout] ---- every_sdp_body_in_the_corpus_round_trips stdout ----
[INFO] [stdout] 
[INFO] [stdout] thread 'every_sdp_body_in_the_corpus_round_trips' (1082) panicked at tests/rfc5118_sdp.rs:38:55:
[INFO] [stdout] reading the corpus at /opt/rustwide/workdir/../sipx-testkit/corpus/rfc5118/ipv6-in-sdp: No such file or directory (os error 2)
[INFO] [stdout] stack backtrace:
[INFO] [stdout]    0:     0x5aa1c3e795f1 - <<std[617be2ca0a6fd877]::sys::backtrace::BacktraceLock>::print::DisplayBacktrace as core[a373ad73a504971]::fmt::Display>::fmt
[INFO] [stdout]    1:     0x5aa1c3e8defa - core[a373ad73a504971]::fmt::write
[INFO] [stdout]    2:     0x5aa1c3e7d80c - <alloc[2e1b2a31b91974c5]::vec::Vec<u8> as core[a373ad73a504971]::io::write::Write>::write_fmt
[INFO] [stdout]    3:     0x5aa1c3e55746 - std[617be2ca0a6fd877]::panicking::default_hook::{closure#0}
[INFO] [stdout]    4:     0x5aa1c3e71979 - std[617be2ca0a6fd877]::panicking::default_hook
[INFO] [stdout]    5:     0x5aa1c3e096e0 - test[aada8e7e76ba119b]::test_main_inner::{closure#0}
[INFO] [stdout]    6:     0x5aa1c3e71b32 - std[617be2ca0a6fd877]::panicking::panic_with_hook
[INFO] [stdout]    7:     0x5aa1c3e557f2 - std[617be2ca0a6fd877]::panicking::panic_handler::{closure#0}
[INFO] [stdout]    8:     0x5aa1c3e4e379 - std[617be2ca0a6fd877]::sys::backtrace::__rust_end_short_backtrace::<std[617be2ca0a6fd877]::panicking::panic_handler::{closure#0}, !>
[INFO] [stdout]    9:     0x5aa1c3e563fd - __rustc[ea4f61d10b84890b]::rust_begin_unwind
[INFO] [stdout]   10:     0x5aa1c3e8e62c - core[a373ad73a504971]::panicking::panic_fmt
[INFO] [stdout]   11:     0x5aa1c3df9d0a - rfc5118_sdp[c203499ee7bff12e]::sdp_body::{closure#0}
[INFO] [stdout]   12:     0x5aa1c3dfa4a6 - rfc5118_sdp[c203499ee7bff12e]::parse
[INFO] [stdout]   13:     0x5aa1c3dfb6c9 - <rfc5118_sdp[c203499ee7bff12e]::every_sdp_body_in_the_corpus_round_trips::{closure#0} as core[a373ad73a504971]::ops::function::FnOnce<()>>::call_once
[INFO] [stdout]   14:     0x5aa1c3dfcb2b - test[aada8e7e76ba119b]::__rust_begin_short_backtrace::<core[a373ad73a504971]::result::Result<(), alloc[2e1b2a31b91974c5]::string::String>, fn() -> core[a373ad73a504971]::result::Result<(), alloc[2e1b2a31b91974c5]::string::String>>
[INFO] [stdout]   15:     0x5aa1c3e09d05 - test[aada8e7e76ba119b]::run_test::{closure#0}
[INFO] [stdout]   16:     0x5aa1c3e035f4 - std[617be2ca0a6fd877]::sys::backtrace::__rust_begin_short_backtrace::<test[aada8e7e76ba119b]::run_test::{closure#1}, ()>
[INFO] [stdout]   17:     0x5aa1c3e0cd92 - <std[617be2ca0a6fd877]::thread::lifecycle::spawn_unchecked<test[aada8e7e76ba119b]::run_test::{closure#1}, ()>::{closure#1} as core[a373ad73a504971]::ops::function::FnOnce<()>>::call_once::{shim:vtable#0}
[INFO] [stdout]   18:     0x5aa1c3e78b3f - <std[617be2ca0a6fd877]::sys::thread::unix::Thread>::new::thread_start
[INFO] [stdout]   19:     0x76471c9c6dfa - <unknown>
[INFO] [stdout]   20:     0x76471ca5a3d4 - clone
[INFO] [stdout]   21:                0x0 - <unknown>
[INFO] [stdout] 
[INFO] [stdout] ---- ipv6_in_session_level_origin_and_connection stdout ----
[INFO] [stdout] 
[INFO] [stdout] thread 'ipv6_in_session_level_origin_and_connection' (1084) panicked at tests/rfc5118_sdp.rs:38:55:
[INFO] [stdout] reading the corpus at /opt/rustwide/workdir/../sipx-testkit/corpus/rfc5118/ipv6-in-sdp: No such file or directory (os error 2)
[INFO] [stdout] stack backtrace:
[INFO] [stdout]    0:     0x5aa1c3e795f1 - <<std[617be2ca0a6fd877]::sys::backtrace::BacktraceLock>::print::DisplayBacktrace as core[a373ad73a504971]::fmt::Display>::fmt
[INFO] [stdout]    1:     0x5aa1c3e8defa - core[a373ad73a504971]::fmt::write
[INFO] [stdout]    2:     0x5aa1c3e7d80c - <alloc[2e1b2a31b91974c5]::vec::Vec<u8> as core[a373ad73a504971]::io::write::Write>::write_fmt
[INFO] [stdout]    3:     0x5aa1c3e55746 - std[617be2ca0a6fd877]::panicking::default_hook::{closure#0}
[INFO] [stdout]    4:     0x5aa1c3e71979 - std[617be2ca0a6fd877]::panicking::default_hook
[INFO] [stdout]    5:     0x5aa1c3e096e0 - test[aada8e7e76ba119b]::test_main_inner::{closure#0}
[INFO] [stderr] error: test failed, to rerun pass `--test rfc5118_sdp`
[INFO] [stdout]    6:     0x5aa1c3e71b32 - std[617be2ca0a6fd877]::panicking::panic_with_hook
[INFO] [stdout]    7:     0x5aa1c3e557f2 - std[617be2ca0a6fd877]::panicking::panic_handler::{closure#0}
[INFO] [stdout]    8:     0x5aa1c3e4e379 - std[617be2ca0a6fd877]::sys::backtrace::__rust_end_short_backtrace::<std[617be2ca0a6fd877]::panicking::panic_handler::{closure#0}, !>
[INFO] [stdout]    9:     0x5aa1c3e563fd - __rustc[ea4f61d10b84890b]::rust_begin_unwind
[INFO] [stdout]   10:     0x5aa1c3e8e62c - core[a373ad73a504971]::panicking::panic_fmt
[INFO] [stdout]   11:     0x5aa1c3df9d0a - rfc5118_sdp[c203499ee7bff12e]::sdp_body::{closure#0}
[INFO] [stdout]   12:     0x5aa1c3dfa4a6 - rfc5118_sdp[c203499ee7bff12e]::parse
[INFO] [stdout]   13:     0x5aa1c3dfc088 - <rfc5118_sdp[c203499ee7bff12e]::ipv6_in_session_level_origin_and_connection::{closure#0} as core[a373ad73a504971]::ops::function::FnOnce<()>>::call_once
[INFO] [stdout]   14:     0x5aa1c3dfcb2b - test[aada8e7e76ba119b]::__rust_begin_short_backtrace::<core[a373ad73a504971]::result::Result<(), alloc[2e1b2a31b91974c5]::string::String>, fn() -> core[a373ad73a504971]::result::Result<(), alloc[2e1b2a31b91974c5]::string::String>>
[INFO] [stdout]   15:     0x5aa1c3e09d05 - test[aada8e7e76ba119b]::run_test::{closure#0}
[INFO] [stdout]   16:     0x5aa1c3e035f4 - std[617be2ca0a6fd877]::sys::backtrace::__rust_begin_short_backtrace::<test[aada8e7e76ba119b]::run_test::{closure#1}, ()>
[INFO] [stdout]   17:     0x5aa1c3e0cd92 - <std[617be2ca0a6fd877]::thread::lifecycle::spawn_unchecked<test[aada8e7e76ba119b]::run_test::{closure#1}, ()>::{closure#1} as core[a373ad73a504971]::ops::function::FnOnce<()>>::call_once::{shim:vtable#0}
[INFO] [stdout]   18:     0x5aa1c3e78b3f - <std[617be2ca0a6fd877]::sys::thread::unix::Thread>::new::thread_start
[INFO] [stdout]   19:     0x76471c9c6dfa - <unknown>
[INFO] [stdout]   20:     0x76471ca5a3d4 - clone
[INFO] [stdout]   21:                0x0 - <unknown>
[INFO] [stdout] 
[INFO] [stdout] ---- ipv4_mapped_addresses_parse_in_sdp stdout ----
[INFO] [stdout] 
[INFO] [stdout] thread 'ipv4_mapped_addresses_parse_in_sdp' (1083) panicked at tests/rfc5118_sdp.rs:38:55:
[INFO] [stdout] reading the corpus at /opt/rustwide/workdir/../sipx-testkit/corpus/rfc5118/ipv4-mapped-ipv6: No such file or directory (os error 2)
[INFO] [stdout] stack backtrace:
[INFO] [stdout]    0:     0x5aa1c3e795f1 - <<std[617be2ca0a6fd877]::sys::backtrace::BacktraceLock>::print::DisplayBacktrace as core[a373ad73a504971]::fmt::Display>::fmt
[INFO] [stdout]    1:     0x5aa1c3e8defa - core[a373ad73a504971]::fmt::write
[INFO] [stdout]    2:     0x5aa1c3e7d80c - <alloc[2e1b2a31b91974c5]::vec::Vec<u8> as core[a373ad73a504971]::io::write::Write>::write_fmt
[INFO] [stdout]    3:     0x5aa1c3e55746 - std[617be2ca0a6fd877]::panicking::default_hook::{closure#0}
[INFO] [stdout]    4:     0x5aa1c3e71979 - std[617be2ca0a6fd877]::panicking::default_hook
[INFO] [stdout]    5:     0x5aa1c3e096e0 - test[aada8e7e76ba119b]::test_main_inner::{closure#0}
[INFO] [stdout]    6:     0x5aa1c3e71b32 - std[617be2ca0a6fd877]::panicking::panic_with_hook
[INFO] [stdout]    7:     0x5aa1c3e557f2 - std[617be2ca0a6fd877]::panicking::panic_handler::{closure#0}
[INFO] [stdout]    8:     0x5aa1c3e4e379 - std[617be2ca0a6fd877]::sys::backtrace::__rust_end_short_backtrace::<std[617be2ca0a6fd877]::panicking::panic_handler::{closure#0}, !>
[INFO] [stdout]    9:     0x5aa1c3e563fd - __rustc[ea4f61d10b84890b]::rust_begin_unwind
[INFO] [stdout]   10:     0x5aa1c3e8e62c - core[a373ad73a504971]::panicking::panic_fmt
[INFO] [stdout]   11:     0x5aa1c3df9d0a - rfc5118_sdp[c203499ee7bff12e]::sdp_body::{closure#0}
[INFO] [stdout]   12:     0x5aa1c3dfa4a6 - rfc5118_sdp[c203499ee7bff12e]::parse
[INFO] [stdout]   13:     0x5aa1c3dfb344 - <rfc5118_sdp[c203499ee7bff12e]::ipv4_mapped_addresses_parse_in_sdp::{closure#0} as core[a373ad73a504971]::ops::function::FnOnce<()>>::call_once
[INFO] [stdout]   14:     0x5aa1c3dfcb2b - test[aada8e7e76ba119b]::__rust_begin_short_backtrace::<core[a373ad73a504971]::result::Result<(), alloc[2e1b2a31b91974c5]::string::String>, fn() -> core[a373ad73a504971]::result::Result<(), alloc[2e1b2a31b91974c5]::string::String>>
[INFO] [stdout]   15:     0x5aa1c3e09d05 - test[aada8e7e76ba119b]::run_test::{closure#0}
[INFO] [stdout]   16:     0x5aa1c3e035f4 - std[617be2ca0a6fd877]::sys::backtrace::__rust_begin_short_backtrace::<test[aada8e7e76ba119b]::run_test::{closure#1}, ()>
[INFO] [stdout]   17:     0x5aa1c3e0cd92 - <std[617be2ca0a6fd877]::thread::lifecycle::spawn_unchecked<test[aada8e7e76ba119b]::run_test::{closure#1}, ()>::{closure#1} as core[a373ad73a504971]::ops::function::FnOnce<()>>::call_once::{shim:vtable#0}
[INFO] [stdout]   18:     0x5aa1c3e78b3f - <std[617be2ca0a6fd877]::sys::thread::unix::Thread>::new::thread_start
[INFO] [stdout]   19:     0x76471c9c6dfa - <unknown>
[INFO] [stdout]   20:     0x76471ca5a3d4 - clone
[INFO] [stdout]   21:                0x0 - <unknown>
[INFO] [stdout] 
[INFO] [stdout] ---- per_media_connection_lines_mix_address_families stdout ----
[INFO] [stdout] 
[INFO] [stdout] thread 'per_media_connection_lines_mix_address_families' (1085) panicked at tests/rfc5118_sdp.rs:38:55:
[INFO] [stdout] reading the corpus at /opt/rustwide/workdir/../sipx-testkit/corpus/rfc5118/mult-ip-in-sdp: No such file or directory (os error 2)
[INFO] [stdout] stack backtrace:
[INFO] [stdout]    0:     0x5aa1c3e795f1 - <<std[617be2ca0a6fd877]::sys::backtrace::BacktraceLock>::print::DisplayBacktrace as core[a373ad73a504971]::fmt::Display>::fmt
[INFO] [stdout]    1:     0x5aa1c3e8defa - core[a373ad73a504971]::fmt::write
[INFO] [stdout]    2:     0x5aa1c3e7d80c - <alloc[2e1b2a31b91974c5]::vec::Vec<u8> as core[a373ad73a504971]::io::write::Write>::write_fmt
[INFO] [stdout]    3:     0x5aa1c3e55746 - std[617be2ca0a6fd877]::panicking::default_hook::{closure#0}
[INFO] [stdout]    4:     0x5aa1c3e71979 - std[617be2ca0a6fd877]::panicking::default_hook
[INFO] [stdout]    5:     0x5aa1c3e096e0 - test[aada8e7e76ba119b]::test_main_inner::{closure#0}
[INFO] [stdout]    6:     0x5aa1c3e71b32 - std[617be2ca0a6fd877]::panicking::panic_with_hook
[INFO] [stdout]    7:     0x5aa1c3e557f2 - std[617be2ca0a6fd877]::panicking::panic_handler::{closure#0}
[INFO] [stdout]    8:     0x5aa1c3e4e379 - std[617be2ca0a6fd877]::sys::backtrace::__rust_end_short_backtrace::<std[617be2ca0a6fd877]::panicking::panic_handler::{closure#0}, !>
[INFO] [stdout]    9:     0x5aa1c3e563fd - __rustc[ea4f61d10b84890b]::rust_begin_unwind
[INFO] [stdout]   10:     0x5aa1c3e8e62c - core[a373ad73a504971]::panicking::panic_fmt
[INFO] [stdout]   11:     0x5aa1c3df9d0a - rfc5118_sdp[c203499ee7bff12e]::sdp_body::{closure#0}
[INFO] [stdout]   12:     0x5aa1c3dfa4a6 - rfc5118_sdp[c203499ee7bff12e]::parse
[INFO] [stdout]   13:     0x5aa1c3dfc69a - <rfc5118_sdp[c203499ee7bff12e]::per_media_connection_lines_mix_address_families::{closure#0} as core[a373ad73a504971]::ops::function::FnOnce<()>>::call_once
[INFO] [stdout]   14:     0x5aa1c3dfcb2b - test[aada8e7e76ba119b]::__rust_begin_short_backtrace::<core[a373ad73a504971]::result::Result<(), alloc[2e1b2a31b91974c5]::string::String>, fn() -> core[a373ad73a504971]::result::Result<(), alloc[2e1b2a31b91974c5]::string::String>>
[INFO] [stdout]   15:     0x5aa1c3e09d05 - test[aada8e7e76ba119b]::run_test::{closure#0}
[INFO] [stdout]   16:     0x5aa1c3e035f4 - std[617be2ca0a6fd877]::sys::backtrace::__rust_begin_short_backtrace::<test[aada8e7e76ba119b]::run_test::{closure#1}, ()>
[INFO] [stdout]   17:     0x5aa1c3e0cd92 - <std[617be2ca0a6fd877]::thread::lifecycle::spawn_unchecked<test[aada8e7e76ba119b]::run_test::{closure#1}, ()>::{closure#1} as core[a373ad73a504971]::ops::function::FnOnce<()>>::call_once::{shim:vtable#0}
[INFO] [stdout]   18:     0x5aa1c3e78b3f - <std[617be2ca0a6fd877]::sys::thread::unix::Thread>::new::thread_start
[INFO] [stdout]   19:     0x76471c9c6dfa - <unknown>
[INFO] [stdout]   20:     0x76471ca5a3d4 - clone
[INFO] [stdout]   21:                0x0 - <unknown>
[INFO] [stdout] 
[INFO] [stdout] 
[INFO] [stdout] failures:
[INFO] [stdout]     every_sdp_body_in_the_corpus_round_trips
[INFO] [stdout]     ipv4_mapped_addresses_parse_in_sdp
[INFO] [stdout]     ipv6_in_session_level_origin_and_connection
[INFO] [stdout]     per_media_connection_lines_mix_address_families
[INFO] [stdout] 
[INFO] [stdout] test result: FAILED. 0 passed; 4 failed; 0 ignored; 0 measured; 0 filtered out; finished in 0.00s
[INFO] [stdout] 
[INFO] running `Command { std: "docker" "inspect" "e34c33ca17ae7563cf867e45b5c209b2eb8b0dda7793bdc51255260fba532360", kill_on_drop: false }`
[INFO] running `Command { std: "docker" "rm" "-f" "e34c33ca17ae7563cf867e45b5c209b2eb8b0dda7793bdc51255260fba532360", kill_on_drop: false }`
[INFO] [stdout] e34c33ca17ae7563cf867e45b5c209b2eb8b0dda7793bdc51255260fba532360
