[INFO] fetching crate sipx-rtp 1.0.1...
[INFO] testing sipx-rtp-1.0.1 against 1.99.0-beta.8+cargoflags=--release for beta-release-1.100-2
[INFO] extracting crate sipx-rtp 1.0.1 into /workspace/builds/worker-3-tc1/source
[INFO] started tweaking crates.io crate sipx-rtp 1.0.1
[INFO] removed 0 missing tests
[INFO] finished tweaking crates.io crate sipx-rtp 1.0.1
[INFO] tweaked toml for crates.io crate sipx-rtp 1.0.1 written to /workspace/builds/worker-3-tc1/source/Cargo.toml
[INFO] validating manifest of crates.io crate sipx-rtp 1.0.1 on toolchain 1.99.0-beta.8
[INFO] running `Command { std: CARGO_HOME="/workspace/cargo-home" RUSTUP_HOME="/workspace/rustup-home" "/workspace/cargo-home/bin/cargo" "+1.99.0-beta.8" "metadata" "--manifest-path" "Cargo.toml" "--no-deps", kill_on_drop: false }`
[INFO] crate crates.io crate sipx-rtp 1.0.1 already has a lockfile, it will not be regenerated
[INFO] running `Command { std: CARGO_HOME="/workspace/cargo-home" RUSTUP_HOME="/workspace/rustup-home" "/workspace/cargo-home/bin/cargo" "+1.99.0-beta.8" "fetch" "--manifest-path" "Cargo.toml", kill_on_drop: false }`
[INFO] running `Command { std: "docker" "create" "-v" "/var/lib/crater-agent-workspace/builds/worker-3-tc1/source:/opt/rustwide/workdir:ro,Z" "-v" "/var/lib/crater-agent-workspace/builds/worker-3-tc1/target:/opt/rustwide/target:rw,Z" "-v" "/var/lib/crater-agent-workspace/cargo-home:/opt/rustwide/cargo-home:ro,Z" "-v" "/var/lib/crater-agent-workspace/rustup-home:/opt/rustwide/rustup-home:ro,Z" "-m" "1610612736" "--network" "none" "ghcr.io/rust-lang/crates-build-env/linux@sha256:77db811e55d90add9212f6832c23229e3de5f1c1f9905e8cb07319ea15df73ac" "sleep" "infinity", kill_on_drop: false }`
[INFO] [stdout] b24b8d724ce182b107a68b265531580214ac6f39949ce06a2c0a95295e448957
[INFO] running `Command { std: "docker" "start" "b24b8d724ce182b107a68b265531580214ac6f39949ce06a2c0a95295e448957", kill_on_drop: false }`
[INFO] running `Command { std: "docker" "inspect" "b24b8d724ce182b107a68b265531580214ac6f39949ce06a2c0a95295e448957", kill_on_drop: false }`
[INFO] running `Command { std: "docker" "exec" "-e" "SOURCE_DIR=/opt/rustwide/workdir" "-e" "CARGO_HOME=/opt/rustwide/cargo-home" "-e" "RUSTUP_HOME=/opt/rustwide/rustup-home" "-e" "CARGO_TARGET_DIR=/opt/rustwide/target" "-w" "/opt/rustwide/workdir" "--user" "0:0" "b24b8d724ce182b107a68b265531580214ac6f39949ce06a2c0a95295e448957" "/opt/rustwide/cargo-home/bin/cargo" "+1.99.0-beta.8" "metadata" "--no-deps" "--format-version=1", kill_on_drop: false }`
[INFO] running `Command { std: "docker" "inspect" "b24b8d724ce182b107a68b265531580214ac6f39949ce06a2c0a95295e448957", kill_on_drop: false }`
[INFO] running `Command { std: "docker" "exec" "-e" "SOURCE_DIR=/opt/rustwide/workdir" "-e" "CARGO_HOME=/opt/rustwide/cargo-home" "-e" "RUSTUP_HOME=/opt/rustwide/rustup-home" "-e" "CARGO_TARGET_DIR=/opt/rustwide/target" "-e" "CARGO_INCREMENTAL=0" "-e" "RUST_BACKTRACE=full" "-e" "RUSTFLAGS=--cap-lints=warn" "-e" "RUSTDOCFLAGS=--cap-lints=warn" "-w" "/opt/rustwide/workdir" "--user" "0:0" "b24b8d724ce182b107a68b265531580214ac6f39949ce06a2c0a95295e448957" "/opt/rustwide/cargo-home/bin/cargo" "+1.99.0-beta.8" "build" "--frozen" "--message-format=json" "--release", kill_on_drop: false }`
[INFO] [stderr]    Compiling subtle v2.6.1
[INFO] [stderr]    Compiling inout v0.1.4
[INFO] [stderr]    Compiling syn v2.0.119
[INFO] [stderr]    Compiling thiserror-impl v2.0.19
[INFO] [stderr]    Compiling aead v0.5.2
[INFO] [stderr]    Compiling cipher v0.4.4
[INFO] [stderr]    Compiling universal-hash v0.5.1
[INFO] [stderr]    Compiling digest v0.10.7
[INFO] [stderr]    Compiling polyval v0.6.2
[INFO] [stderr]    Compiling sha1 v0.10.7
[INFO] [stderr]    Compiling hmac v0.12.1
[INFO] [stderr]    Compiling ctr v0.9.2
[INFO] [stderr]    Compiling aes v0.8.4
[INFO] [stderr]    Compiling ghash v0.5.1
[INFO] [stderr]    Compiling aes-gcm v0.10.3
[INFO] [stderr]    Compiling thiserror v2.0.19
[INFO] [stderr]    Compiling tracing-attributes v0.1.31
[INFO] [stderr]    Compiling tracing v0.1.44
[INFO] [stderr]    Compiling sipx-rtp v1.0.1 (/opt/rustwide/workdir)
[INFO] [stderr]     Finished `release` profile [optimized] target(s) in 14.15s
[INFO] running `Command { std: "docker" "inspect" "b24b8d724ce182b107a68b265531580214ac6f39949ce06a2c0a95295e448957", kill_on_drop: false }`
[INFO] running `Command { std: "docker" "exec" "-e" "SOURCE_DIR=/opt/rustwide/workdir" "-e" "CARGO_HOME=/opt/rustwide/cargo-home" "-e" "RUSTUP_HOME=/opt/rustwide/rustup-home" "-e" "CARGO_TARGET_DIR=/opt/rustwide/target" "-e" "CARGO_INCREMENTAL=0" "-e" "RUST_BACKTRACE=full" "-e" "RUSTFLAGS=--cap-lints=warn" "-e" "RUSTDOCFLAGS=--cap-lints=warn" "-w" "/opt/rustwide/workdir" "--user" "0:0" "b24b8d724ce182b107a68b265531580214ac6f39949ce06a2c0a95295e448957" "/opt/rustwide/cargo-home/bin/cargo" "+1.99.0-beta.8" "test" "--frozen" "--no-run" "--message-format=json" "--release", kill_on_drop: false }`
[INFO] [stderr]    Compiling zerocopy v0.8.55
[INFO] [stderr]    Compiling getrandom v0.4.3
[INFO] [stderr]    Compiling num-traits v0.2.19
[INFO] [stderr]    Compiling wait-timeout v0.2.1
[INFO] [stderr]    Compiling rand_xorshift v0.4.0
[INFO] [stderr]    Compiling rand v0.9.5
[INFO] [stderr]    Compiling tempfile v3.27.0
[INFO] [stderr]    Compiling rusty-fork v0.3.1
[INFO] [stderr]    Compiling ppv-lite86 v0.2.21
[INFO] [stderr]    Compiling rand_chacha v0.9.0
[INFO] [stderr]    Compiling proptest v1.11.0
[INFO] [stderr]    Compiling sipx-rtp v1.0.1 (/opt/rustwide/workdir)
[INFO] [stderr]     Finished `release` profile [optimized] target(s) in 32.61s
[INFO] running `Command { std: "docker" "inspect" "b24b8d724ce182b107a68b265531580214ac6f39949ce06a2c0a95295e448957", kill_on_drop: false }`
[INFO] running `Command { std: "docker" "exec" "-e" "SOURCE_DIR=/opt/rustwide/workdir" "-e" "CARGO_HOME=/opt/rustwide/cargo-home" "-e" "RUSTUP_HOME=/opt/rustwide/rustup-home" "-e" "CARGO_TARGET_DIR=/opt/rustwide/target" "-e" "CARGO_INCREMENTAL=0" "-e" "RUST_BACKTRACE=full" "-e" "RUSTFLAGS=--cap-lints=warn" "-e" "RUSTDOCFLAGS=--cap-lints=warn" "-w" "/opt/rustwide/workdir" "--user" "0:0" "b24b8d724ce182b107a68b265531580214ac6f39949ce06a2c0a95295e448957" "/opt/rustwide/cargo-home/bin/cargo" "+1.99.0-beta.8" "test" "--frozen" "--release", kill_on_drop: false }`
[INFO] [stderr]     Finished `release` profile [optimized] target(s) in 0.12s
[INFO] [stderr]      Running unittests src/lib.rs (/opt/rustwide/target/release/deps/sipx_rtp-055b7464ba83f769)
[INFO] [stdout] 
[INFO] [stdout] running 111 tests
[INFO] [stdout] test dtmf::tests::a_character_that_is_not_a_digit_is_refused ... ok
[INFO] [stdout] test dtmf::tests::a_tone_is_reported_exactly_once ... ok
[INFO] [stdout] test dtmf::tests::a_marked_event_closes_an_unfinished_predecessor_in_order ... ok
[INFO] [stdout] test dtmf::tests::an_event_round_trips_through_its_payload ... ok
[INFO] [stdout] test dtmf::tests::an_oversized_volume_cannot_set_the_end_bit ... ok
[INFO] [stdout] test dtmf::tests::event_codes_above_fifteen_are_not_digits ... ok
[INFO] [stdout] test dtmf::tests::a_sequence_of_digits_arrives_in_order ... ok
[INFO] [stdout] test dtmf::tests::every_digit_maps_to_its_rfc_event_code ... ok
[INFO] [stdout] test dtmf::tests::a_short_payload_is_refused ... ok
[INFO] [stdout] test dtmf::tests::a_long_event_is_segmented_rather_than_saturated ... ok
[INFO] [stdout] test dtmf::tests::fired_silence_reports_the_greatest_wire_duration_once ... ok
[INFO] [stdout] test dtmf::tests::receive_vectors_absorb_reordering_duplicates_and_end_retransmissions ... ok
[INFO] [stdout] test dtmf::tests::a_tone_grows_in_duration_and_ends_three_times ... ok
[INFO] [stdout] test dtmf::tests::lowercase_letters_are_accepted_and_normalised ... ok
[INFO] [stdout] test dtmf::tests::negotiated_payload_96_wire_vector_completes_with_its_duration ... ok
[INFO] [stdout] test dtmf::tests::ordinary_media_closes_a_tone_but_an_unknown_payload_only_advances_ordering ... ok
[INFO] [stdout] test dtmf::tests::reset_discards_incomplete_and_reported_state ... ok
[INFO] [stdout] test dtmf::tests::the_digit_in_progress_is_visible_before_the_tone_ends ... ok
[INFO] [stdout] test jitter::tests::a_pre_wrap_straggler_cannot_mute_the_stream ... ok
[INFO] [stdout] test jitter::tests::nothing_is_released_until_the_buffer_has_filled ... ok
[INFO] [stdout] test jitter::tests::packets_in_order_come_out_in_order_leaving_a_reserve ... ok
[INFO] [stdout] test jitter::tests::a_missing_packet_is_counted_as_lost ... ok
[INFO] [stdout] test jitter::tests::a_packet_that_arrives_too_late_is_refused ... ok
[INFO] [stdout] test jitter::tests::reordered_packets_are_played_in_order ... ok
[INFO] [stdout] test jitter::tests::reordering_across_the_wrap_still_sorts ... ok
[INFO] [stdout] test jitter::tests::the_buffer_orders_correctly_across_a_sequence_wrap ... ok
[INFO] [stdout] test packet::tests::a_header_extension_is_skipped_not_played ... ok
[INFO] [stdout] test packet::tests::a_high_payload_type_does_not_collide_with_the_marker ... ok
[INFO] [stdout] test dtmf::tests::the_same_digit_pressed_twice_is_two_digits ... ok
[INFO] [stdout] test jitter::tests::a_duplicate_is_counted_and_dropped ... ok
[INFO] [stdout] test jitter::tests::a_pre_wrap_straggler_at_stream_start_sorts_before_the_base ... ok
[INFO] [stdout] test jitter::tests::statistics_add_up ... ok
[INFO] [stdout] test packet::tests::a_packet_round_trips_through_the_wire_format ... ok
[INFO] [stdout] test packet::tests::a_short_packet_is_rejected ... ok
[INFO] [stdout] test packet::tests::a_truncated_csrc_list_is_rejected ... ok
[INFO] [stdout] test packet::tests::impossible_padding_is_rejected ... ok
[INFO] [stdout] test packet::tests::padding_is_stripped_from_the_payload ... ok
[INFO] [stdout] test packet::tests::a_wrong_version_is_rejected ... ok
[INFO] [stdout] test packet::tests::the_header_is_twelve_bytes_before_the_payload ... ok
[INFO] [stdout] test packet::tests::the_marker_bit_survives_a_round_trip ... ok
[INFO] [stdout] test quality::tests::a_clean_call_scores_near_the_top ... ok
[INFO] [stdout] test quality::tests::a_peer_that_has_heard_no_sender_report_yields_nothing ... ok
[INFO] [stdout] test quality::tests::a_round_trip_is_the_gap_minus_the_peers_own_delay ... ok
[INFO] [stdout] test quality::tests::an_ntp_timestamp_is_in_the_right_century ... ok
[INFO] [stdout] test quality::tests::delay_lowers_the_score_too ... ok
[INFO] [stdout] test quality::tests::loss_lowers_the_score_and_more_loss_lowers_it_further ... ok
[INFO] [stdout] test packet::tests::contributing_sources_survive ... ok
[INFO] [stdout] test quality::tests::nonsense_arithmetic_yields_nothing_rather_than_a_guess ... ok
[INFO] [stdout] test packet::tests::sequence_distance_counts_forward_across_the_wrap ... ok
[INFO] [stdout] test quality::tests::the_calculation_survives_the_field_wrapping ... ok
[INFO] [stdout] test quality::tests::the_middle_bits_are_the_middle_bits ... ok
[INFO] [stdout] test quality::tests::the_peers_own_delay_does_not_count_as_distance ... ok
[INFO] [stdout] test quality::tests::the_score_never_leaves_its_scale ... ok
[INFO] [stdout] test packet::tests::sequence_wraparound_is_ordered_correctly ... ok
[INFO] [stdout] test rtcp::tests::a_compound_packet_is_read_as_a_whole ... ok
[INFO] [stdout] test packet::tests::the_constructor_reaches_every_field_a_literal_could_set ... ok
[INFO] [stdout] test dtmf::tests::a_digit_survives_losing_all_but_one_end_packet ... ok
[INFO] [stdout] test rtcp::tests::a_forwarded_packet_keeps_its_count_and_padding_bit ... ok
[INFO] [stdout] test dtmf::tests::the_payload_is_four_bytes_in_the_rfc_layout ... ok
[INFO] [stdout] test rtcp::tests::a_sender_report_round_trips ... ok
[INFO] [stdout] test rtcp::tests::a_wrong_version_is_rejected ... ok
[INFO] [stdout] test rtcp::tests::an_encoded_compound_decodes_to_its_parts ... ok
[INFO] [stdout] test rtcp::tests::a_lone_receiver_report_is_accepted ... ok
[INFO] [stdout] test rtcp::tests::a_source_description_round_trips_with_padding ... ok
[INFO] [stdout] test rtcp::tests::duplicates_can_drive_cumulative_loss_negative ... ok
[INFO] [stdout] test rtcp::tests::negative_cumulative_loss_survives_the_round_trip ... ok
[INFO] [stdout] test rtcp::tests::a_receiver_report_counts_the_loss_the_buffer_saw ... ok
[INFO] [stdout] test rtcp::tests::a_timestamp_wrap_does_not_register_as_jitter ... ok
[INFO] [stdout] test rtcp::tests::a_truncated_packet_is_rejected ... ok
[INFO] [stdout] test rtcp::tests::an_unaligned_forwarded_payload_cannot_desynchronise_a_compound ... ok
[INFO] [stdout] test rtcp::tests::a_receiver_report_round_trips ... ok
[INFO] [stdout] test srtp::rfc7714_vectors::the_256_bit_kdf_reads_the_whole_master_key ... ok
[INFO] [stdout] test srtp::rfc7714_vectors::the_aead_profiles_carry_the_lengths_the_rfc_tabulates ... ok
[INFO] [stdout] test srtp::rfc7714_vectors::the_srtcp_decryption_vector_is_reproduced ... FAILED
[INFO] [stdout] test srtp::rfc7714_vectors::the_srtcp_encryption_vector_is_reproduced ... FAILED
[INFO] [stdout] test srtp::rfc7714_vectors::the_srtcp_tagging_only_vectors_are_reproduced ... FAILED
[INFO] [stdout] test rtcp::tests::only_sending_a_report_closes_the_interval ... ok
[INFO] [stdout] test rtcp::tests::uneven_arrival_produces_jitter ... ok
[INFO] [stdout] test rtcp::tests::the_extended_sequence_number_counts_wraps ... ok
[INFO] [stdout] test rtcp::tests::untimed_packets_count_for_loss_but_not_for_jitter ... ok
[INFO] [stdout] test rtcp::tests::the_fraction_covers_the_interval_not_the_whole_call ... ok
[INFO] [stdout] test rtcp::tests::perfectly_spaced_packets_report_no_jitter ... ok
[INFO] [stdout] test srtp::rfc7714_vectors::an_altered_rfc_packet_does_not_verify ... FAILED
[INFO] [stdout] test srtp::rfc7714_vectors::the_srtp_decryption_vectors_are_reproduced ... FAILED
[INFO] [stdout] test srtp::tests::a_packet_older_than_the_window_is_refused ... ok
[INFO] [stdout] test srtp::tests::a_protected_packet_round_trips ... ok
[INFO] [stdout] test srtp::tests::a_truncated_packet_is_refused_rather_than_indexed ... ok
[INFO] [stdout] test srtp::tests::a_packet_from_a_different_key_is_refused ... ok
[INFO] [stdout] test srtp::tests::a_wrong_length_key_is_refused_by_name ... ok
[INFO] [stdout] test srtp::rfc7714_vectors::the_srtp_encryption_vectors_are_reproduced ... FAILED
[INFO] [stdout] test srtp::tests::a_forged_high_srtcp_index_does_not_advance_the_window ... ok
[INFO] [stdout] test srtp::tests::a_replayed_packet_is_refused ... ok
[INFO] [stdout] test srtp::tests::an_altered_rtcp_packet_is_refused ... ok
[INFO] [stdout] test srtp::tests::an_authenticated_srtcp_packet_is_accepted_once ... ok
[INFO] [stdout] test srtp::tests::key_derivation_matches_the_rfc ... ok
[INFO] [stdout] test srtp::tests::srtp_and_srtcp_have_separate_replay_windows ... ok
[INFO] [stdout] test srtp::tests::out_of_order_packets_inside_the_window_are_accepted_once_each ... ok
[INFO] [stdout] test srtp::tests::rtcp_round_trips_and_is_encrypted ... ok
[INFO] [stdout] test srtp::tests::the_header_is_readable_and_the_payload_is_not ... ok
[INFO] [stdout] test srtp::tests::the_keystream_matches_the_rfc ... ok
[INFO] [stdout] test srtp::tests::the_session_authentication_key_is_the_160_bits_the_rfc_fixes ... ok
[INFO] [stdout] test srtp::tests::a_header_with_contributing_sources_is_measured_correctly ... ok
[INFO] [stdout] test srtp::tests::a_key_or_salt_of_another_profiles_length_is_refused_by_name ... ok
[INFO] [stdout] test srtp::tests::the_authentication_tag_is_hmac_sha1_over_the_packet_and_the_roc ... ok
[INFO] [stdout] test srtp::tests::debug_output_does_not_leak_key_material ... ok
[INFO] [stdout] test srtp::tests::the_srtcp_replay_window_crosses_the_index_wrap ... ok
[INFO] [stdout] test srtp::tests::the_first_srtcp_packet_carries_index_zero ... ok
[INFO] [stdout] test srtp::tests::the_stream_survives_the_sequence_number_wrapping ... ok
[INFO] [stdout] test srtp::tests::an_altered_header_is_refused ... ok
[INFO] [stdout] test srtp::tests::the_srtcp_replay_window_holds_exactly_sixty_four_indices ... ok
[INFO] [stdout] test srtp::tests::an_altered_packet_is_refused ... ok
[INFO] [stdout] 
[INFO] [stdout] failures:
[INFO] [stdout] 
[INFO] [stdout] ---- srtp::rfc7714_vectors::the_srtcp_decryption_vector_is_reproduced stdout ----
[INFO] [stdout] 
[INFO] [stdout] thread 'srtp::rfc7714_vectors::the_srtcp_decryption_vector_is_reproduced' (779) panicked at src/srtp/rfc7714_vectors.rs:31:9:
[INFO] [stdout] /opt/rustwide/workdir/../sipx-testkit/corpus/rfc7714/rtcp-vectors.txt: No such file or directory (os error 2) — run scripts/import-rfc7714-corpus.sh
[INFO] [stdout] stack backtrace:
[INFO] [stdout]    0:     0x5add1fc96bc1 - <<std[70759c8f55707aa4]::sys::backtrace::BacktraceLock>::print::DisplayBacktrace as core[df12db4294e9bfd3]::fmt::Display>::fmt
[INFO] [stdout]    1:     0x5add1fcab44a - core[df12db4294e9bfd3]::fmt::write
[INFO] [stdout]    2:     0x5add1fc9b07c - <alloc[2182bb758b4b3781]::vec::Vec<u8> as core[df12db4294e9bfd3]::io::write::Write>::write_fmt
[INFO] [stdout]    3:     0x5add1fc72e46 - std[70759c8f55707aa4]::panicking::default_hook::{closure#0}
[INFO] [stdout]    4:     0x5add1fc8efb9 - std[70759c8f55707aa4]::panicking::default_hook
[INFO] [stdout]    5:     0x5add1fc238b0 - test[9d35eded1c95d3be]::test_main_inner::<test[9d35eded1c95d3be]::test_main_static::{closure#0}>::{closure#0}
[INFO] [stdout]    6:     0x5add1fc8f172 - std[70759c8f55707aa4]::panicking::panic_with_hook
[INFO] [stdout]    7:     0x5add1fc72ef2 - std[70759c8f55707aa4]::panicking::panic_handler::{closure#0}
[INFO] [stdout]    8:     0x5add1fc6bae9 - std[70759c8f55707aa4]::sys::backtrace::__rust_end_short_backtrace::<std[70759c8f55707aa4]::panicking::panic_handler::{closure#0}, !>
[INFO] [stdout]    9:     0x5add1fc73aed - __rustc[8fa7c3cbc660c2b3]::rust_begin_unwind
[INFO] [stdout]   10:     0x5add1fcabb7c - core[df12db4294e9bfd3]::panicking::panic_fmt
[INFO] [stdout]   11:     0x5add1fbed739 - sipx_rtp[c2b456e10e0b539]::srtp::rfc7714_vectors::corpus::{closure#0}
[INFO] [stdout]   12:     0x5add1fbee623 - sipx_rtp[c2b456e10e0b539]::srtp::rfc7714_vectors::corpus
[INFO] [stdout]   13:     0x5add1fbeef0a - sipx_rtp[c2b456e10e0b539]::srtp::rfc7714_vectors::the_srtcp_decryption_vector_is_reproduced
[INFO] [stdout]   14:     0x5add1fc09609 - <sipx_rtp[c2b456e10e0b539]::srtp::rfc7714_vectors::the_srtcp_decryption_vector_is_reproduced::{closure#0} as core[df12db4294e9bfd3]::ops::function::FnOnce<()>>::call_once
[INFO] [stdout]   15:     0x5add1fc16b9b - test[9d35eded1c95d3be]::__rust_begin_short_backtrace::<core[df12db4294e9bfd3]::result::Result<(), alloc[2182bb758b4b3781]::string::String>, fn() -> core[df12db4294e9bfd3]::result::Result<(), alloc[2182bb758b4b3781]::string::String>>
[INFO] [stdout]   16:     0x5add1fc24205 - test[9d35eded1c95d3be]::run_test::{closure#0}
[INFO] [stdout]   17:     0x5add1fc1dac4 - std[70759c8f55707aa4]::sys::backtrace::__rust_begin_short_backtrace::<test[9d35eded1c95d3be]::run_test::{closure#1}, ()>
[INFO] [stdout]   18:     0x5add1fc27362 - <std[70759c8f55707aa4]::thread::lifecycle::spawn_unchecked<test[9d35eded1c95d3be]::run_test::{closure#1}, ()>::{closure#1} as core[df12db4294e9bfd3]::ops::function::FnOnce<()>>::call_once::{shim:vtable#0}
[INFO] [stdout]   19:     0x5add1fc96129 - <std[70759c8f55707aa4]::sys::thread::unix::Thread>::new::thread_start
[INFO] [stdout]   20:     0x77fe2a73edfa - <unknown>
[INFO] [stdout]   21:     0x77fe2a7d23d4 - clone
[INFO] [stdout]   22:                0x0 - <unknown>
[INFO] [stdout] 
[INFO] [stdout] ---- srtp::rfc7714_vectors::the_srtcp_encryption_vector_is_reproduced stdout ----
[INFO] [stdout] 
[INFO] [stdout] thread 'srtp::rfc7714_vectors::the_srtcp_encryption_vector_is_reproduced' (780) panicked at src/srtp/rfc7714_vectors.rs:31:9:
[INFO] [stdout] /opt/rustwide/workdir/../sipx-testkit/corpus/rfc7714/rtcp-vectors.txt: No such file or directory (os error 2) — run scripts/import-rfc7714-corpus.sh
[INFO] [stdout] stack backtrace:
[INFO] [stdout]    0:     0x5add1fc96bc1 - <<std[70759c8f55707aa4]::sys::backtrace::BacktraceLock>::print::DisplayBacktrace as core[df12db4294e9bfd3]::fmt::Display>::fmt
[INFO] [stdout]    1:     0x5add1fcab44a - core[df12db4294e9bfd3]::fmt::write
[INFO] [stdout]    2:     0x5add1fc9b07c - <alloc[2182bb758b4b3781]::vec::Vec<u8> as core[df12db4294e9bfd3]::io::write::Write>::write_fmt
[INFO] [stdout]    3:     0x5add1fc72e46 - std[70759c8f55707aa4]::panicking::default_hook::{closure#0}
[INFO] [stdout]    4:     0x5add1fc8efb9 - std[70759c8f55707aa4]::panicking::default_hook
[INFO] [stdout]    5:     0x5add1fc238b0 - test[9d35eded1c95d3be]::test_main_inner::<test[9d35eded1c95d3be]::test_main_static::{closure#0}>::{closure#0}
[INFO] [stdout]    6:     0x5add1fc8f172 - std[70759c8f55707aa4]::panicking::panic_with_hook
[INFO] [stdout]    7:     0x5add1fc72ef2 - std[70759c8f55707aa4]::panicking::panic_handler::{closure#0}
[INFO] [stdout]    8:     0x5add1fc6bae9 - std[70759c8f55707aa4]::sys::backtrace::__rust_end_short_backtrace::<std[70759c8f55707aa4]::panicking::panic_handler::{closure#0}, !>
[INFO] [stdout]    9:     0x5add1fc73aed - __rustc[8fa7c3cbc660c2b3]::rust_begin_unwind
[INFO] [stdout]   10:     0x5add1fcabb7c - core[df12db4294e9bfd3]::panicking::panic_fmt
[INFO] [stdout]   11:     0x5add1fbed739 - sipx_rtp[c2b456e10e0b539]::srtp::rfc7714_vectors::corpus::{closure#0}
[INFO] [stdout]   12:     0x5add1fbee623 - sipx_rtp[c2b456e10e0b539]::srtp::rfc7714_vectors::corpus
[INFO] [stdout]   13:     0x5add1fbef3ba - sipx_rtp[c2b456e10e0b539]::srtp::rfc7714_vectors::the_srtcp_encryption_vector_is_reproduced
[INFO] [stdout]   14:     0x5add1fc09629 - <sipx_rtp[c2b456e10e0b539]::srtp::rfc7714_vectors::the_srtcp_encryption_vector_is_reproduced::{closure#0} as core[df12db4294e9bfd3]::ops::function::FnOnce<()>>::call_once
[INFO] [stdout]   15:     0x5add1fc16b9b - test[9d35eded1c95d3be]::__rust_begin_short_backtrace::<core[df12db4294e9bfd3]::result::Result<(), alloc[2182bb758b4b3781]::string::String>, fn() -> core[df12db4294e9bfd3]::result::Result<(), alloc[2182bb758b4b3781]::string::String>>
[INFO] [stdout]   16:     0x5add1fc24205 - test[9d35eded1c95d3be]::run_test::{closure#0}
[INFO] [stdout]   17:     0x5add1fc1dac4 - std[70759c8f55707aa4]::sys::backtrace::__rust_begin_short_backtrace::<test[9d35eded1c95d3be]::run_test::{closure#1}, ()>
[INFO] [stdout]   18:     0x5add1fc27362 - <std[70759c8f55707aa4]::thread::lifecycle::spawn_unchecked<test[9d35eded1c95d3be]::run_test::{closure#1}, ()>::{closure#1} as core[df12db4294e9bfd3]::ops::function::FnOnce<()>>::call_once::{shim:vtable#0}
[INFO] [stdout]   19:     0x5add1fc96129 - <std[70759c8f55707aa4]::sys::thread::unix::Thread>::new::thread_start
[INFO] [stdout]   20:     0x77fe2a73edfa - <unknown>
[INFO] [stdout]   21:     0x77fe2a7d23d4 - clone
[INFO] [stdout]   22:                0x0 - <unknown>
[INFO] [stdout] 
[INFO] [stdout] ---- srtp::rfc7714_vectors::the_srtcp_tagging_only_vectors_are_reproduced stdout ----
[INFO] [stdout] 
[INFO] [stdout] thread 'srtp::rfc7714_vectors::the_srtcp_tagging_only_vectors_are_reproduced' (781) panicked at src/srtp/rfc7714_vectors.rs:31:9:
[INFO] [stdout] /opt/rustwide/workdir/../sipx-testkit/corpus/rfc7714/rtcp-vectors.txt: No such file or directory (os error 2) — run scripts/import-rfc7714-corpus.sh
[INFO] [stdout] stack backtrace:
[INFO] [stdout]    0:     0x5add1fc96bc1 - <<std[70759c8f55707aa4]::sys::backtrace::BacktraceLock>::print::DisplayBacktrace as core[df12db4294e9bfd3]::fmt::Display>::fmt
[INFO] [stdout]    1:     0x5add1fcab44a - core[df12db4294e9bfd3]::fmt::write
[INFO] [stdout]    2:     0x5add1fc9b07c - <alloc[2182bb758b4b3781]::vec::Vec<u8> as core[df12db4294e9bfd3]::io::write::Write>::write_fmt
[INFO] [stdout]    3:     0x5add1fc72e46 - std[70759c8f55707aa4]::panicking::default_hook::{closure#0}
[INFO] [stdout]    4:     0x5add1fc8efb9 - std[70759c8f55707aa4]::panicking::default_hook
[INFO] [stdout]    5:     0x5add1fc238b0 - test[9d35eded1c95d3be]::test_main_inner::<test[9d35eded1c95d3be]::test_main_static::{closure#0}>::{closure#0}
[INFO] [stdout]    6:     0x5add1fc8f172 - std[70759c8f55707aa4]::panicking::panic_with_hook
[INFO] [stdout]    7:     0x5add1fc72ef2 - std[70759c8f55707aa4]::panicking::panic_handler::{closure#0}
[INFO] [stdout]    8:     0x5add1fc6bae9 - std[70759c8f55707aa4]::sys::backtrace::__rust_end_short_backtrace::<std[70759c8f55707aa4]::panicking::panic_handler::{closure#0}, !>
[INFO] [stdout]    9:     0x5add1fc73aed - __rustc[8fa7c3cbc660c2b3]::rust_begin_unwind
[INFO] [stdout]   10:     0x5add1fcabb7c - core[df12db4294e9bfd3]::panicking::panic_fmt
[INFO] [stdout]   11:     0x5add1fbed739 - sipx_rtp[c2b456e10e0b539]::srtp::rfc7714_vectors::corpus::{closure#0}
[INFO] [stdout]   12:     0x5add1fbee623 - sipx_rtp[c2b456e10e0b539]::srtp::rfc7714_vectors::corpus
[INFO] [stdout]   13:     0x5add1fbf15ea - sipx_rtp[c2b456e10e0b539]::srtp::rfc7714_vectors::the_srtcp_tagging_only_vectors_are_reproduced
[INFO] [stdout]   14:     0x5add1fc096a9 - <sipx_rtp[c2b456e10e0b539]::srtp::rfc7714_vectors::the_srtcp_tagging_only_vectors_are_reproduced::{closure#0} as core[df12db4294e9bfd3]::ops::function::FnOnce<()>>::call_once
[INFO] [stdout]   15:     0x5add1fc16b9b - test[9d35eded1c95d3be]::__rust_begin_short_backtrace::<core[df12db4294e9bfd3]::result::Result<(), alloc[2182bb758b4b3781]::string::String>, fn() -> core[df12db4294e9bfd3]::result::Result<(), alloc[2182bb758b4b3781]::string::String>>
[INFO] [stdout]   16:     0x5add1fc24205 - test[9d35eded1c95d3be]::run_test::{closure#0}
[INFO] [stdout]   17:     0x5add1fc1dac4 - std[70759c8f55707aa4]::sys::backtrace::__rust_begin_short_backtrace::<test[9d35eded1c95d3be]::run_test::{closure#1}, ()>
[INFO] [stdout]   18:     0x5add1fc27362 - <std[70759c8f55707aa4]::thread::lifecycle::spawn_unchecked<test[9d35eded1c95d3be]::run_test::{closure#1}, ()>::{closure#1} as core[df12db4294e9bfd3]::ops::function::FnOnce<()>>::call_once::{shim:vtable#0}
[INFO] [stdout]   19:     0x5add1fc96129 - <std[70759c8f55707aa4]::sys::thread::unix::Thread>::new::thread_start
[INFO] [stdout]   20:     0x77fe2a73edfa - <unknown>
[INFO] [stdout]   21:     0x77fe2a7d23d4 - clone
[INFO] [stdout]   22:                0x0 - <unknown>
[INFO] [stdout] 
[INFO] [stdout] ---- srtp::rfc7714_vectors::an_altered_rfc_packet_does_not_verify stdout ----
[INFO] [stdout] 
[INFO] [stdout] thread 'srtp::rfc7714_vectors::an_altered_rfc_packet_does_not_verify' (776) panicked at src/srtp/rfc7714_vectors.rs:31:9:
[INFO] [stdout] /opt/rustwide/workdir/../sipx-testkit/corpus/rfc7714/rtp-vectors.txt: No such file or directory (os error 2) — run scripts/import-rfc7714-corpus.sh
[INFO] [stdout] stack backtrace:
[INFO] [stdout]    0:     0x5add1fc96bc1 - <<std[70759c8f55707aa4]::sys::backtrace::BacktraceLock>::print::DisplayBacktrace as core[df12db4294e9bfd3]::fmt::Display>::fmt
[INFO] [stdout]    1:     0x5add1fcab44a - core[df12db4294e9bfd3]::fmt::write
[INFO] [stdout]    2:     0x5add1fc9b07c - <alloc[2182bb758b4b3781]::vec::Vec<u8> as core[df12db4294e9bfd3]::io::write::Write>::write_fmt
[INFO] [stdout]    3:     0x5add1fc72e46 - std[70759c8f55707aa4]::panicking::default_hook::{closure#0}
[INFO] [stdout]    4:     0x5add1fc8efb9 - std[70759c8f55707aa4]::panicking::default_hook
[INFO] [stdout]    5:     0x5add1fc238b0 - test[9d35eded1c95d3be]::test_main_inner::<test[9d35eded1c95d3be]::test_main_static::{closure#0}>::{closure#0}
[INFO] [stdout]    6:     0x5add1fc8f172 - std[70759c8f55707aa4]::panicking::panic_with_hook
[INFO] [stdout]    7:     0x5add1fc72ef2 - std[70759c8f55707aa4]::panicking::panic_handler::{closure#0}
[INFO] [stdout]    8:     0x5add1fc6bae9 - std[70759c8f55707aa4]::sys::backtrace::__rust_end_short_backtrace::<std[70759c8f55707aa4]::panicking::panic_handler::{closure#0}, !>
[INFO] [stdout]    9:     0x5add1fc73aed - __rustc[8fa7c3cbc660c2b3]::rust_begin_unwind
[INFO] [stdout]   10:     0x5add1fcabb7c - core[df12db4294e9bfd3]::panicking::panic_fmt
[INFO] [stdout]   11:     0x5add1fbed739 - sipx_rtp[c2b456e10e0b539]::srtp::rfc7714_vectors::corpus::{closure#0}
[INFO] [stdout]   12:     0x5add1fbee623 - sipx_rtp[c2b456e10e0b539]::srtp::rfc7714_vectors::corpus
[INFO] [stdout]   13:     0x5add1fbee917 - sipx_rtp[c2b456e10e0b539]::srtp::rfc7714_vectors::an_altered_rfc_packet_does_not_verify
[INFO] [stdout]   14:     0x5add1fc095e9 - <sipx_rtp[c2b456e10e0b539]::srtp::rfc7714_vectors::an_altered_rfc_packet_does_not_verify::{closure#0} as core[df12db4294e9bfd3]::ops::function::FnOnce<()>>::call_once
[INFO] [stdout]   15:     0x5add1fc16b9b - test[9d35eded1c95d3be]::__rust_begin_short_backtrace::<core[df12db4294e9bfd3]::result::Result<(), alloc[2182bb758b4b3781]::string::String>, fn() -> core[df12db4294e9bfd3]::result::Result<(), alloc[2182bb758b4b3781]::string::String>>
[INFO] [stdout]   16:     0x5add1fc24205 - test[9d35eded1c95d3be]::run_test::{closure#0}
[INFO] [stdout]   17:     0x5add1fc1dac4 - std[70759c8f55707aa4]::sys::backtrace::__rust_begin_short_backtrace::<test[9d35eded1c95d3be]::run_test::{closure#1}, ()>
[INFO] [stdout]   18:     0x5add1fc27362 - <std[70759c8f55707aa4]::thread::lifecycle::spawn_unchecked<test[9d35eded1c95d3be]::run_test::{closure#1}, ()>::{closure#1} as core[df12db4294e9bfd3]::ops::function::FnOnce<()>>::call_once::{shim:vtable#0}
[INFO] [stdout]   19:     0x5add1fc96129 - <std[70759c8f55707aa4]::sys::thread::unix::Thread>::new::thread_start
[INFO] [stdout]   20:     0x77fe2a73edfa - <unknown>
[INFO] [stdout]   21:     0x77fe2a7d23d4 - clone
[INFO] [stdout]   22:                0x0 - <unknown>
[INFO] [stdout] 
[INFO] [stdout] ---- srtp::rfc7714_vectors::the_srtp_decryption_vectors_are_reproduced stdout ----
[INFO] [stdout] 
[INFO] [stdout] thread 'srtp::rfc7714_vectors::the_srtp_decryption_vectors_are_reproduced' (782) panicked at src/srtp/rfc7714_vectors.rs:31:9:
[INFO] [stdout] /opt/rustwide/workdir/../sipx-testkit/corpus/rfc7714/rtp-vectors.txt: No such file or directory (os error 2) — run scripts/import-rfc7714-corpus.sh
[INFO] [stdout] stack backtrace:
[INFO] [stdout]    0:     0x5add1fc96bc1 - <<std[70759c8f55707aa4]::sys::backtrace::BacktraceLock>::print::DisplayBacktrace as core[df12db4294e9bfd3]::fmt::Display>::fmt
[INFO] [stdout]    1:     0x5add1fcab44a - core[df12db4294e9bfd3]::fmt::write
[INFO] [stdout]    2:     0x5add1fc9b07c - <alloc[2182bb758b4b3781]::vec::Vec<u8> as core[df12db4294e9bfd3]::io::write::Write>::write_fmt
[INFO] [stdout]    3:     0x5add1fc72e46 - std[70759c8f55707aa4]::panicking::default_hook::{closure#0}
[INFO] [stdout]    4:     0x5add1fc8efb9 - std[70759c8f55707aa4]::panicking::default_hook
[INFO] [stdout]    5:     0x5add1fc238b0 - test[9d35eded1c95d3be]::test_main_inner::<test[9d35eded1c95d3be]::test_main_static::{closure#0}>::{closure#0}
[INFO] [stdout]    6:     0x5add1fc8f172 - std[70759c8f55707aa4]::panicking::panic_with_hook
[INFO] [stdout]    7:     0x5add1fc72ef2 - std[70759c8f55707aa4]::panicking::panic_handler::{closure#0}
[INFO] [stdout]    8:     0x5add1fc6bae9 - std[70759c8f55707aa4]::sys::backtrace::__rust_end_short_backtrace::<std[70759c8f55707aa4]::panicking::panic_handler::{closure#0}, !>
[INFO] [stdout]    9:     0x5add1fc73aed - __rustc[8fa7c3cbc660c2b3]::rust_begin_unwind
[INFO] [stdout]   10:     0x5add1fcabb7c - core[df12db4294e9bfd3]::panicking::panic_fmt
[INFO] [stdout]   11:     0x5add1fbed739 - sipx_rtp[c2b456e10e0b539]::srtp::rfc7714_vectors::corpus::{closure#0}
[INFO] [stdout]   12:     0x5add1fbee623 - sipx_rtp[c2b456e10e0b539]::srtp::rfc7714_vectors::corpus
[INFO] [stdout]   13:     0x5add1fbefd8a - sipx_rtp[c2b456e10e0b539]::srtp::rfc7714_vectors::the_srtp_decryption_vectors_are_reproduced
[INFO] [stdout]   14:     0x5add1fc09669 - <sipx_rtp[c2b456e10e0b539]::srtp::rfc7714_vectors::the_srtp_decryption_vectors_are_reproduced::{closure#0} as core[df12db4294e9bfd3]::ops::function::FnOnce<()>>::call_once
[INFO] [stdout]   15:     0x5add1fc16b9b - test[9d35eded1c95d3be]::__rust_begin_short_backtrace::<core[df12db4294e9bfd3]::result::Result<(), alloc[2182bb758b4b3781]::string::String>, fn() -> core[df12db4294e9bfd3]::result::Result<(), alloc[2182bb758b4b3781]::string::String>>
[INFO] [stdout]   16:     0x5add1fc24205 - test[9d35eded1c95d3be]::run_test::{closure#0}
[INFO] [stdout]   17:     0x5add1fc1dac4 - std[70759c8f55707aa4]::sys::backtrace::__rust_begin_short_backtrace::<test[9d35eded1c95d3be]::run_test::{closure#1}, ()>
[INFO] [stdout]   18:     0x5add1fc27362 - <std[70759c8f55707aa4]::thread::lifecycle::spawn_unchecked<test[9d35eded1c95d3be]::run_test::{closure#1}, ()>::{closure#1} as core[df12db4294e9bfd3]::ops::function::FnOnce<()>>::call_once::{shim:vtable#0}
[INFO] [stdout]   19:     0x5add1fc96129 - <std[70759c8f55707aa4]::sys::thread::unix::Thread>::new::thread_start
[INFO] [stdout]   20:     0x77fe2a73edfa - <unknown>
[INFO] [stdout]   21:     0x77fe2a7d23d4 - clone
[INFO] [stdout]   22:                0x0 - <unknown>
[INFO] [stdout] 
[INFO] [stdout] ---- srtp::rfc7714_vectors::the_srtp_encryption_vectors_are_reproduced stdout ----
[INFO] [stdout] 
[INFO] [stdout] thread 'srtp::rfc7714_vectors::the_srtp_encryption_vectors_are_reproduced' (783) panicked at src/srtp/rfc7714_vectors.rs:31:9:
[INFO] [stdout] /opt/rustwide/workdir/../sipx-testkit/corpus/rfc7714/rtp-vectors.txt: No such file or directory (os error 2) — run scripts/import-rfc7714-corpus.sh
[INFO] [stdout] stack backtrace:
[INFO] [stdout]    0:     0x5add1fc96bc1 - <<std[70759c8f55707aa4]::sys::backtrace::BacktraceLock>::print::DisplayBacktrace as core[df12db4294e9bfd3]::fmt::Display>::fmt
[INFO] [stdout]    1:     0x5add1fcab44a - core[df12db4294e9bfd3]::fmt::write
[INFO] [stdout]    2:     0x5add1fc9b07c - <alloc[2182bb758b4b3781]::vec::Vec<u8> as core[df12db4294e9bfd3]::io::write::Write>::write_fmt
[INFO] [stdout]    3:     0x5add1fc72e46 - std[70759c8f55707aa4]::panicking::default_hook::{closure#0}
[INFO] [stdout]    4:     0x5add1fc8efb9 - std[70759c8f55707aa4]::panicking::default_hook
[INFO] [stdout]    5:     0x5add1fc238b0 - test[9d35eded1c95d3be]::test_main_inner::<test[9d35eded1c95d3be]::test_main_static::{closure#0}>::{closure#0}
[INFO] [stdout]    6:     0x5add1fc8f172 - std[70759c8f55707aa4]::panicking::panic_with_hook
[INFO] [stdout]    7:     0x5add1fc72ef2 - std[70759c8f55707aa4]::panicking::panic_handler::{closure#0}
[INFO] [stdout]    8:     0x5add1fc6bae9 - std[70759c8f55707aa4]::sys::backtrace::__rust_end_short_backtrace::<std[70759c8f55707aa4]::panicking::panic_handler::{closure#0}, !>
[INFO] [stdout]    9:     0x5add1fc73aed - __rustc[8fa7c3cbc660c2b3]::rust_begin_unwind
[INFO] [stdout]   10:     0x5add1fcabb7c - core[df12db4294e9bfd3]::panicking::panic_fmt
[INFO] [stdout]   11:     0x5add1fbed739 - sipx_rtp[c2b456e10e0b539]::srtp::rfc7714_vectors::corpus::{closure#0}
[INFO] [stdout]   12:     0x5add1fbee623 - sipx_rtp[c2b456e10e0b539]::srtp::rfc7714_vectors::corpus
[INFO] [stdout]   13:     0x5add1fbf0a3a - sipx_rtp[c2b456e10e0b539]::srtp::rfc7714_vectors::the_srtp_encryption_vectors_are_reproduced
[INFO] [stdout]   14:     0x5add1fc09689 - <sipx_rtp[c2b456e10e0b539]::srtp::rfc7714_vectors::the_srtp_encryption_vectors_are_reproduced::{closure#0} as core[df12db4294e9bfd3]::ops::function::FnOnce<()>>::call_once
[INFO] [stdout]   15:     0x5add1fc16b9b - test[9d35eded1c95d3be]::__rust_begin_short_backtrace::<core[df12db4294e9bfd3]::result::Result<(), alloc[2182bb758b4b3781]::string::String>, fn() -> core[df12db4294e9bfd3]::result::Result<(), alloc[2182bb758b4b3781]::string::String>>
[INFO] [stdout]   16:     0x5add1fc24205 - test[9d35eded1c95d3be]::run_test::{closure#0}
[INFO] [stdout]   17:     0x5add1fc1dac4 - std[70759c8f55707aa4]::sys::backtrace::__rust_begin_short_backtrace::<test[9d35eded1c95d3be]::run_test::{closure#1}, ()>
[INFO] [stdout]   18:     0x5add1fc27362 - <std[70759c8f55707aa4]::thread::lifecycle::spawn_unchecked<test[9d35eded1c95d3be]::run_test::{closure#1}, ()>::{closure#1} as core[df12db4294e9bfd3]::ops::function::FnOnce<()>>::call_once::{shim:vtable#0}
[INFO] [stdout]   19:     0x5add1fc96129 - <std[70759c8f55707aa4]::sys::thread::unix::Thread>::new::thread_start
[INFO] [stdout]   20:     0x77fe2a73edfa - <unknown>
[INFO] [stdout]   21:     0x77fe2a7d23d4 - clone
[INFO] [stdout]   22:                0x0 - <unknown>
[INFO] [stdout] 
[INFO] [stdout] 
[INFO] [stdout] failures:
[INFO] [stdout]     srtp::rfc7714_vectors::an_altered_rfc_packet_does_not_verify
[INFO] [stdout]     srtp::rfc7714_vectors::the_srtcp_decryption_vector_is_reproduced
[INFO] [stdout]     srtp::rfc7714_vectors::the_srtcp_encryption_vector_is_reproduced
[INFO] [stdout]     srtp::rfc7714_vectors::the_srtcp_tagging_only_vectors_are_reproduced
[INFO] [stdout]     srtp::rfc7714_vectors::the_srtp_decryption_vectors_are_reproduced
[INFO] [stdout]     srtp::rfc7714_vectors::the_srtp_encryption_vectors_are_reproduced
[INFO] [stdout] 
[INFO] [stdout] test result: FAILED. 105 passed; 6 failed; 0 ignored; 0 measured; 0 filtered out; finished in 0.03s
[INFO] [stdout] 
[INFO] [stderr] error: test failed, to rerun pass `--lib`
[INFO] running `Command { std: "docker" "inspect" "b24b8d724ce182b107a68b265531580214ac6f39949ce06a2c0a95295e448957", kill_on_drop: false }`
[INFO] running `Command { std: "docker" "rm" "-f" "b24b8d724ce182b107a68b265531580214ac6f39949ce06a2c0a95295e448957", kill_on_drop: false }`
[INFO] [stdout] b24b8d724ce182b107a68b265531580214ac6f39949ce06a2c0a95295e448957
