[INFO] fetching crate sipha-tree 0.3.0...
[INFO] testing sipha-tree-0.3.0 against 1.100.0-beta.1+cargoflags=--release for beta-release-1.100-2
[INFO] extracting crate sipha-tree 0.3.0 into /workspace/builds/worker-5-tc2/source
[INFO] started tweaking crates.io crate sipha-tree 0.3.0
[INFO] removed 0 missing examples
[INFO] removed 0 missing tests
[INFO] finished tweaking crates.io crate sipha-tree 0.3.0
[INFO] tweaked toml for crates.io crate sipha-tree 0.3.0 written to /workspace/builds/worker-5-tc2/source/Cargo.toml
[INFO] validating manifest of crates.io crate sipha-tree 0.3.0 on toolchain 1.100.0-beta.1
[INFO] running `Command { std: CARGO_HOME="/workspace/cargo-home" RUSTUP_HOME="/workspace/rustup-home" "/workspace/cargo-home/bin/cargo" "+1.100.0-beta.1" "metadata" "--manifest-path" "Cargo.toml" "--no-deps", kill_on_drop: false }`
[INFO] crate crates.io crate sipha-tree 0.3.0 already has a lockfile, it will not be regenerated
[INFO] running `Command { std: CARGO_HOME="/workspace/cargo-home" RUSTUP_HOME="/workspace/rustup-home" "/workspace/cargo-home/bin/cargo" "+1.100.0-beta.1" "fetch" "--manifest-path" "Cargo.toml", kill_on_drop: false }`
[INFO] running `Command { std: "docker" "create" "-v" "/var/lib/crater-agent-workspace/builds/worker-5-tc2/source:/opt/rustwide/workdir:ro,Z" "-v" "/var/lib/crater-agent-workspace/builds/worker-5-tc2/target:/opt/rustwide/target:rw,Z" "-v" "/var/lib/crater-agent-workspace/cargo-home:/opt/rustwide/cargo-home:ro,Z" "-v" "/var/lib/crater-agent-workspace/rustup-home:/opt/rustwide/rustup-home:ro,Z" "-m" "1610612736" "--network" "none" "ghcr.io/rust-lang/crates-build-env/linux@sha256:77db811e55d90add9212f6832c23229e3de5f1c1f9905e8cb07319ea15df73ac" "sleep" "infinity", kill_on_drop: false }`
[INFO] [stdout] a1194f0a7e662fdd1ef89c703ad1a9154174302a45594f40273523f371e47d5c
[INFO] running `Command { std: "docker" "start" "a1194f0a7e662fdd1ef89c703ad1a9154174302a45594f40273523f371e47d5c", kill_on_drop: false }`
[INFO] running `Command { std: "docker" "inspect" "a1194f0a7e662fdd1ef89c703ad1a9154174302a45594f40273523f371e47d5c", kill_on_drop: false }`
[INFO] running `Command { std: "docker" "exec" "-e" "SOURCE_DIR=/opt/rustwide/workdir" "-e" "CARGO_HOME=/opt/rustwide/cargo-home" "-e" "RUSTUP_HOME=/opt/rustwide/rustup-home" "-e" "CARGO_TARGET_DIR=/opt/rustwide/target" "-w" "/opt/rustwide/workdir" "--user" "0:0" "a1194f0a7e662fdd1ef89c703ad1a9154174302a45594f40273523f371e47d5c" "/opt/rustwide/cargo-home/bin/cargo" "+1.100.0-beta.1" "metadata" "--no-deps" "--format-version=1", kill_on_drop: false }`
[INFO] running `Command { std: "docker" "inspect" "a1194f0a7e662fdd1ef89c703ad1a9154174302a45594f40273523f371e47d5c", kill_on_drop: false }`
[INFO] running `Command { std: "docker" "exec" "-e" "SOURCE_DIR=/opt/rustwide/workdir" "-e" "CARGO_HOME=/opt/rustwide/cargo-home" "-e" "RUSTUP_HOME=/opt/rustwide/rustup-home" "-e" "CARGO_TARGET_DIR=/opt/rustwide/target" "-e" "CARGO_INCREMENTAL=0" "-e" "RUST_BACKTRACE=full" "-e" "RUSTFLAGS=--cap-lints=warn" "-e" "RUSTDOCFLAGS=--cap-lints=warn" "-w" "/opt/rustwide/workdir" "--user" "0:0" "a1194f0a7e662fdd1ef89c703ad1a9154174302a45594f40273523f371e47d5c" "/opt/rustwide/cargo-home/bin/cargo" "+1.100.0-beta.1" "build" "--frozen" "--message-format=json" "--release", kill_on_drop: false }`
[INFO] [stderr]    Compiling futures-sink v0.3.31
[INFO] [stderr]    Compiling futures-core v0.3.31
[INFO] [stderr]    Compiling syn v1.0.109
[INFO] [stderr]    Compiling syn v2.0.110
[INFO] [stderr]    Compiling futures-channel v0.3.31
[INFO] [stderr]    Compiling builder-pattern-macro v0.4.2
[INFO] [stderr]    Compiling futures-macro v0.3.31
[INFO] [stderr]    Compiling futures-util v0.3.31
[INFO] [stderr]    Compiling futures-executor v0.3.31
[INFO] [stderr]    Compiling futures v0.3.31
[INFO] [stderr]    Compiling builder-pattern v0.4.2
[INFO] [stderr]    Compiling sipha-core v0.3.0
[INFO] [stderr]    Compiling sipha-tree v0.3.0 (/opt/rustwide/workdir)
[INFO] [stderr]     Finished `release` profile [optimized] target(s) in 9.32s
[INFO] running `Command { std: "docker" "inspect" "a1194f0a7e662fdd1ef89c703ad1a9154174302a45594f40273523f371e47d5c", kill_on_drop: false }`
[INFO] running `Command { std: "docker" "exec" "-e" "SOURCE_DIR=/opt/rustwide/workdir" "-e" "CARGO_HOME=/opt/rustwide/cargo-home" "-e" "RUSTUP_HOME=/opt/rustwide/rustup-home" "-e" "CARGO_TARGET_DIR=/opt/rustwide/target" "-e" "CARGO_INCREMENTAL=0" "-e" "RUST_BACKTRACE=full" "-e" "RUSTFLAGS=--cap-lints=warn" "-e" "RUSTDOCFLAGS=--cap-lints=warn" "-w" "/opt/rustwide/workdir" "--user" "0:0" "a1194f0a7e662fdd1ef89c703ad1a9154174302a45594f40273523f371e47d5c" "/opt/rustwide/cargo-home/bin/cargo" "+1.100.0-beta.1" "test" "--frozen" "--no-run" "--message-format=json" "--release", kill_on_drop: false }`
[INFO] [stderr]    Compiling sipha-tree v0.3.0 (/opt/rustwide/workdir)
[INFO] [stderr]     Finished `release` profile [optimized] target(s) in 0.79s
[INFO] running `Command { std: "docker" "inspect" "a1194f0a7e662fdd1ef89c703ad1a9154174302a45594f40273523f371e47d5c", kill_on_drop: false }`
[INFO] running `Command { std: "docker" "exec" "-e" "SOURCE_DIR=/opt/rustwide/workdir" "-e" "CARGO_HOME=/opt/rustwide/cargo-home" "-e" "RUSTUP_HOME=/opt/rustwide/rustup-home" "-e" "CARGO_TARGET_DIR=/opt/rustwide/target" "-e" "CARGO_INCREMENTAL=0" "-e" "RUST_BACKTRACE=full" "-e" "RUSTFLAGS=--cap-lints=warn" "-e" "RUSTDOCFLAGS=--cap-lints=warn" "-w" "/opt/rustwide/workdir" "--user" "0:0" "a1194f0a7e662fdd1ef89c703ad1a9154174302a45594f40273523f371e47d5c" "/opt/rustwide/cargo-home/bin/cargo" "+1.100.0-beta.1" "test" "--frozen" "--release", kill_on_drop: false }`
[INFO] [stderr]     Finished `release` profile [optimized] target(s) in 0.07s
[INFO] [stderr]      Running unittests src/lib.rs (/opt/rustwide/target/release/build/sipha-tree/62a42ef3b73a523a/out/sipha_tree-62a42ef3b73a523a)
[INFO] [stdout] 
[INFO] [stdout] running 4 tests
[INFO] [stdout] test children::tests::test_children_push ... ok
[INFO] [stdout] test arena::tests::test_arena_basic ... ok
[INFO] [stderr]      Running tests/arena_tests.rs (/opt/rustwide/target/release/build/sipha-tree/d825bcacb235d3f9/out/arena_tests-d825bcacb235d3f9)
[INFO] [stdout] test children::tests::test_children_new ... ok
[INFO] [stdout] test children::tests::test_children_iter ... ok
[INFO] [stdout] 
[INFO] [stdout] test result: ok. 4 passed; 0 failed; 0 ignored; 0 measured; 0 filtered out; finished in 0.01s
[INFO] [stdout] 
[INFO] [stdout] 
[INFO] [stdout] running 8 tests
[INFO] [stdout] test test_arena_default ... ok
[INFO] [stdout] test test_arena_alloc ... ok
[INFO] [stdout] test test_arena_get_mut ... ok
[INFO] [stdout] test test_arena_multiple_nodes ... ok
[INFO] [stdout] test test_arena_with_children ... ok
[INFO] [stdout] test test_arena_invalid_id ... ok
[INFO] [stdout] test test_arena_get ... ok
[INFO] [stdout] test test_arena_creation ... ok
[INFO] [stdout] 
[INFO] [stdout] test result: ok. 8 passed; 0 failed; 0 ignored; 0 measured; 0 filtered out; finished in 0.00s
[INFO] [stdout] 
[INFO] [stderr]      Running tests/children_tests.rs (/opt/rustwide/target/release/build/sipha-tree/91b8d7039699fcce/out/children_tests-91b8d7039699fcce)
[INFO] [stdout] 
[INFO] [stdout] running 8 tests
[INFO] [stdout] test test_children_from_iter ... ok
[INFO] [stdout] test test_children_iter ... ok
[INFO] [stdout] test test_children_ne ... ok
[INFO] [stdout] test test_children_new ... ok
[INFO] [stdout] test test_children_default ... ok
[INFO] [stdout] test test_children_push ... ok
[INFO] [stdout] test test_children_into_inner ... ok
[INFO] [stdout] test test_children_eq ... ok
[INFO] [stderr]      Running tests/node_tests.rs (/opt/rustwide/target/release/build/sipha-tree/1b8a2c7c0c7899fe/out/node_tests-1b8a2c7c0c7899fe)
[INFO] [stdout] 
[INFO] [stdout] test result: ok. 8 passed; 0 failed; 0 ignored; 0 measured; 0 filtered out; finished in 0.00s
[INFO] [stdout] 
[INFO] [stdout] 
[INFO] [stdout] running 8 tests
[INFO] [stdout] test test_cst_kind_rule ... ok
[INFO] [stdout] test test_cst_node_clone ... ok
[INFO] [stdout] test test_cst_kind_token ... ok
[INFO] [stdout] test test_cst_node_from_token ... ok
[INFO] [stdout] test test_cst_node_with_children ... ok
[INFO] [stdout] test test_cst_kind_error ... ok
[INFO] [stdout] test test_cst_kind_trivia ... ok
[INFO] [stdout] test test_cst_node_create ... ok
[INFO] [stdout] 
[INFO] [stdout] test result: ok. 8 passed; 0 failed; 0 ignored; 0 measured; 0 filtered out; finished in 0.01s
[INFO] [stdout] 
[INFO] [stderr]    Doc-tests sipha_tree
[INFO] [stdout] 
[INFO] [stdout] running 4 tests
[INFO] [stdout] test src/lowering/trait_impl.rs - lowering::trait_impl::AstNode (line 54) ... FAILED
[INFO] [stdout] test src/lowering/trait_impl.rs - lowering::trait_impl::LowerCtx (line 31) ... FAILED
[INFO] [stdout] test src/lowering/mod.rs - lowering (line 26) ... FAILED
[INFO] [stdout] test src/lowering/trait_impl.rs - lowering::trait_impl::LowerCtx (line 17) ... FAILED
[INFO] [stdout] 
[INFO] [stdout] failures:
[INFO] [stdout] 
[INFO] [stdout] ---- src/lowering/trait_impl.rs - lowering::trait_impl::AstNode (line 54) stdout ----
[INFO] [stdout] error[E0425]: cannot find type `Op` in this scope
[INFO] [stdout]   --> src/lowering/trait_impl.rs:62:18
[INFO] [stdout]    |
[INFO] [stdout] 62 |     Binary { op: Op, left: Box<Expr>, right: Box<Expr> },
[INFO] [stdout]    |                  ^^ not found in this scope
[INFO] [stdout] 
[INFO] [stdout] error[E0425]: cannot find type `Token` in this scope
[INFO] [stdout]   --> src/lowering/trait_impl.rs:66:22
[INFO] [stdout]    |
[INFO] [stdout] 66 |     type TokenKind = Token;
[INFO] [stdout]    |                      ^^^^^ not found in this scope
[INFO] [stdout] 
[INFO] [stdout] error[E0425]: cannot find type `Rule` in this scope
[INFO] [stdout]   --> src/lowering/trait_impl.rs:67:17
[INFO] [stdout]    |
[INFO] [stdout] 67 |     type Rule = Rule;
[INFO] [stdout]    |                 ^^^^
[INFO] [stdout]    |
[INFO] [stdout] help: you might have meant to use the associated type
[INFO] [stdout]    |
[INFO] [stdout] 67 |     type Rule = Self::Rule;
[INFO] [stdout]    |                 ++++++
[INFO] [stdout] 
[INFO] [stdout] error[E0425]: cannot find type `RawNodeId` in this scope
[INFO] [stdout]   --> src/lowering/trait_impl.rs:68:17
[INFO] [stdout]    |
[INFO] [stdout] 68 |     type Node = RawNodeId;
[INFO] [stdout]    |                 ^^^^^^^^^ not found in this scope
[INFO] [stdout] 
[INFO] [stdout] error[E0277]: the trait bound `String: std::error::Error` is not satisfied
[INFO] [stdout]   --> src/lowering/trait_impl.rs:69:18
[INFO] [stdout]    |
[INFO] [stdout] 69 |     type Error = String;
[INFO] [stdout]    |                  ^^^^^^ the trait `std::error::Error` is not implemented for `String`
[INFO] [stdout]    |
[INFO] [stdout] note: required by a bound in `sipha_tree::AstNode::Error`
[INFO] [stdout]   --> src/lowering/trait_impl.rs:97:17
[INFO] [stdout]    |
[INFO] [stdout] 89 | pub trait AstNode: Sized + Clone {
[INFO] [stdout] ...
[INFO] [stdout] 97 |     type Error: std::error::Error + Debug + Clone + Send + Sync + 'static;
[INFO] [stdout]    |                 ^^^^^^^^^^^^^^^^^ required by this bound in `AstNode::Error`
[INFO] [stdout] 
[INFO] [stdout] error[E0308]: mismatched types
[INFO] [stdout]   --> src/lowering/trait_impl.rs:74:10
[INFO] [stdout]    |
[INFO] [stdout] 71 |     fn lower(
[INFO] [stdout]    |        ----- implicitly returns `()` as its body has no tail or `return` expression
[INFO] [stdout] ...
[INFO] [stdout] 74 |     ) -> Result<Self, Self::Error> {
[INFO] [stdout]    |          ^^^^^^^^^^^^^^^^^^^^^^^^^ expected `Result<Expr, String>`, found `()`
[INFO] [stdout]    |
[INFO] [stdout]    = note:   expected enum `Result<Expr, String>`
[INFO] [stdout]            found unit type `()`
[INFO] [stdout] 
[INFO] [stdout] error: aborting due to 6 previous errors
[INFO] [stdout] 
[INFO] [stdout] Some errors have detailed explanations: E0277, E0308, E0425.
[INFO] [stdout] For more information about an error, try `rustc --explain E0277`.
[INFO] [stdout] Couldn't compile the test.
[INFO] [stdout] ---- src/lowering/trait_impl.rs - lowering::trait_impl::LowerCtx (line 31) stdout ----
[INFO] [stdout] error[E0425]: cannot find type `LowerCtx` in this scope
[INFO] [stdout]   --> src/lowering/trait_impl.rs:33:10
[INFO] [stdout]    |
[INFO] [stdout] 33 |     ctx: LowerCtx,
[INFO] [stdout]    |          ^^^^^^^^ not found in this scope
[INFO] [stdout] 
[INFO] [stdout] error[E0425]: cannot find type `SymbolTable` in this scope
[INFO] [stdout]   --> src/lowering/trait_impl.rs:34:19
[INFO] [stdout]    |
[INFO] [stdout] 34 |     symbol_table: SymbolTable,
[INFO] [stdout]    |                   ^^^^^^^^^^^ not found in this scope
[INFO] [stdout] 
[INFO] [stdout] error: aborting due to 2 previous errors
[INFO] [stdout] 
[INFO] [stdout] For more information about this error, try `rustc --explain E0425`.
[INFO] [stdout] Couldn't compile the test.
[INFO] [stdout] ---- src/lowering/mod.rs - lowering (line 26) stdout ----
[INFO] [stdout] error[E0425]: cannot find type `Op` in this scope
[INFO] [stdout]   --> src/lowering/mod.rs:33:18
[INFO] [stdout]    |
[INFO] [stdout] 33 |     Binary { op: Op, left: Box<Expr>, right: Box<Expr> },
[INFO] [stdout]    |                  ^^ not found in this scope
[INFO] [stdout] 
[INFO] [stdout] error[E0046]: not all trait items implemented, missing: `TokenKind`, `Rule`, `Node`, `Error`, `lower`
[INFO] [stdout]   --> src/lowering/mod.rs:36:1
[INFO] [stdout]    |
[INFO] [stdout] 36 | impl AstNode for Expr {
[INFO] [stdout]    | ^^^^^^^^^^^^^^^^^^^^^ missing `TokenKind`, `Rule`, `Node`, `Error`, `lower` in implementation
[INFO] [stdout]    |
[INFO] [stdout]    = help: implement the missing item: `type TokenKind = /* Type */;`
[INFO] [stdout]    = help: implement the missing item: `type Rule = /* Type */;`
[INFO] [stdout]    = help: implement the missing item: `type Node = /* Type */;`
[INFO] [stdout]    = help: implement the missing item: `type Error = /* Type */;`
[INFO] [stdout]    = help: implement the missing item: `fn lower(_: &CstNode<<Self as AstNode>::TokenKind, <Self as AstNode>::Rule, <Self as AstNode>::Node>, _: &mut LowerCtx) -> Result<Self, <Self as AstNode>::Error> { todo!() }`
[INFO] [stdout] 
[INFO] [stdout] error: aborting due to 2 previous errors
[INFO] [stdout] 
[INFO] [stdout] Some errors have detailed explanations: E0046, E0425.
[INFO] [stdout] For more information about an error, try `rustc --explain E0046`.
[INFO] [stdout] Couldn't compile the test.
[INFO] [stdout] ---- src/lowering/trait_impl.rs - lowering::trait_impl::LowerCtx (line 17) stdout ----
[INFO] [stdout] error[E0599]: no associated function or constant named `builder` found for struct `LowerCtx` in the current scope
[INFO] [stdout]   --> src/lowering/trait_impl.rs:21:25
[INFO] [stdout]    |
[INFO] [stdout] 21 | let mut ctx = LowerCtx::builder()
[INFO] [stdout]    |                         ^^^^^^^ associated function or constant not found in `LowerCtx`
[INFO] [stdout] 
[INFO] [stdout] error: aborting due to 1 previous error
[INFO] [stdout] 
[INFO] [stdout] For more information about this error, try `rustc --explain E0599`.
[INFO] [stdout] Couldn't compile the test.
[INFO] [stdout] 
[INFO] [stdout] failures:
[INFO] [stdout]     src/lowering/mod.rs - lowering (line 26)
[INFO] [stdout]     src/lowering/trait_impl.rs - lowering::trait_impl::AstNode (line 54)
[INFO] [stdout]     src/lowering/trait_impl.rs - lowering::trait_impl::LowerCtx (line 17)
[INFO] [stdout]     src/lowering/trait_impl.rs - lowering::trait_impl::LowerCtx (line 31)
[INFO] [stdout] 
[INFO] [stdout] test result: FAILED. 0 passed; 4 failed; 0 ignored; 0 measured; 0 filtered out; finished in 0.11s
[INFO] [stdout] 
[INFO] [stderr] error: doctest failed, to rerun pass `--doc`
[INFO] running `Command { std: "docker" "inspect" "a1194f0a7e662fdd1ef89c703ad1a9154174302a45594f40273523f371e47d5c", kill_on_drop: false }`
[INFO] running `Command { std: "docker" "rm" "-f" "a1194f0a7e662fdd1ef89c703ad1a9154174302a45594f40273523f371e47d5c", kill_on_drop: false }`
[INFO] [stdout] a1194f0a7e662fdd1ef89c703ad1a9154174302a45594f40273523f371e47d5c
