[INFO] fetching crate sinowealth-kb-tool 1.0.1...
[INFO] testing sinowealth-kb-tool-1.0.1 against 1.100.0-beta.1+cargoflags=--release for beta-release-1.100-2
[INFO] extracting crate sinowealth-kb-tool 1.0.1 into /workspace/builds/worker-6-tc2/source
[INFO] removed /workspace/builds/worker-6-tc2/source/rust-toolchain.toml
[INFO] started tweaking crates.io crate sinowealth-kb-tool 1.0.1
[INFO] removed 0 missing tests
[INFO] finished tweaking crates.io crate sinowealth-kb-tool 1.0.1
[INFO] tweaked toml for crates.io crate sinowealth-kb-tool 1.0.1 written to /workspace/builds/worker-6-tc2/source/Cargo.toml
[INFO] validating manifest of crates.io crate sinowealth-kb-tool 1.0.1 on toolchain 1.100.0-beta.1
[INFO] running `Command { std: CARGO_HOME="/workspace/cargo-home" RUSTUP_HOME="/workspace/rustup-home" "/workspace/cargo-home/bin/cargo" "+1.100.0-beta.1" "metadata" "--manifest-path" "Cargo.toml" "--no-deps", kill_on_drop: false }`
[INFO] crate crates.io crate sinowealth-kb-tool 1.0.1 already has a lockfile, it will not be regenerated
[INFO] running `Command { std: CARGO_HOME="/workspace/cargo-home" RUSTUP_HOME="/workspace/rustup-home" "/workspace/cargo-home/bin/cargo" "+1.100.0-beta.1" "fetch" "--manifest-path" "Cargo.toml", kill_on_drop: false }`
[INFO] running `Command { std: "docker" "create" "-v" "/var/lib/crater-agent-workspace/builds/worker-6-tc2/source:/opt/rustwide/workdir:ro,Z" "-v" "/var/lib/crater-agent-workspace/builds/worker-6-tc2/target:/opt/rustwide/target:rw,Z" "-v" "/var/lib/crater-agent-workspace/cargo-home:/opt/rustwide/cargo-home:ro,Z" "-v" "/var/lib/crater-agent-workspace/rustup-home:/opt/rustwide/rustup-home:ro,Z" "-m" "1610612736" "--network" "none" "ghcr.io/rust-lang/crates-build-env/linux@sha256:77db811e55d90add9212f6832c23229e3de5f1c1f9905e8cb07319ea15df73ac" "sleep" "infinity", kill_on_drop: false }`
[INFO] [stdout] a189bd40b396ea44a928ffc17883d278ac384f82e6a5e30170c594c5fb0d3a7b
[INFO] running `Command { std: "docker" "start" "a189bd40b396ea44a928ffc17883d278ac384f82e6a5e30170c594c5fb0d3a7b", kill_on_drop: false }`
[INFO] running `Command { std: "docker" "inspect" "a189bd40b396ea44a928ffc17883d278ac384f82e6a5e30170c594c5fb0d3a7b", kill_on_drop: false }`
[INFO] running `Command { std: "docker" "exec" "-e" "SOURCE_DIR=/opt/rustwide/workdir" "-e" "CARGO_HOME=/opt/rustwide/cargo-home" "-e" "RUSTUP_HOME=/opt/rustwide/rustup-home" "-e" "CARGO_TARGET_DIR=/opt/rustwide/target" "-w" "/opt/rustwide/workdir" "--user" "0:0" "a189bd40b396ea44a928ffc17883d278ac384f82e6a5e30170c594c5fb0d3a7b" "/opt/rustwide/cargo-home/bin/cargo" "+1.100.0-beta.1" "metadata" "--no-deps" "--format-version=1", kill_on_drop: false }`
[INFO] running `Command { std: "docker" "inspect" "a189bd40b396ea44a928ffc17883d278ac384f82e6a5e30170c594c5fb0d3a7b", kill_on_drop: false }`
[INFO] running `Command { std: "docker" "exec" "-e" "SOURCE_DIR=/opt/rustwide/workdir" "-e" "CARGO_HOME=/opt/rustwide/cargo-home" "-e" "RUSTUP_HOME=/opt/rustwide/rustup-home" "-e" "CARGO_TARGET_DIR=/opt/rustwide/target" "-e" "CARGO_INCREMENTAL=0" "-e" "RUST_BACKTRACE=full" "-e" "RUSTFLAGS=--cap-lints=warn" "-e" "RUSTDOCFLAGS=--cap-lints=warn" "-w" "/opt/rustwide/workdir" "--user" "0:0" "a189bd40b396ea44a928ffc17883d278ac384f82e6a5e30170c594c5fb0d3a7b" "/opt/rustwide/cargo-home/bin/cargo" "+1.100.0-beta.1" "build" "--frozen" "--message-format=json" "--release", kill_on_drop: false }`
[INFO] [stderr]    Compiling libc v0.2.172
[INFO] [stderr]    Compiling siphasher v1.0.1
[INFO] [stderr]    Compiling rand_core v0.6.4
[INFO] [stderr]    Compiling getrandom v0.3.2
[INFO] [stderr]    Compiling rustix v1.0.7
[INFO] [stderr]    Compiling time-core v0.1.4
[INFO] [stderr]    Compiling proc-macro2 v1.0.95
[INFO] [stderr]    Compiling cc v1.2.21
[INFO] [stderr]    Compiling num-traits v0.2.19
[INFO] [stderr]    Compiling num-conv v0.1.0
[INFO] [stderr]    Compiling linux-raw-sys v0.9.4
[INFO] [stderr]    Compiling unicode-width v0.2.0
[INFO] [stderr]    Compiling portable-atomic v1.11.0
[INFO] [stderr]    Compiling deranged v0.4.0
[INFO] [stderr]    Compiling clap_lex v0.7.4
[INFO] [stderr]    Compiling rand v0.8.5
[INFO] [stderr]    Compiling phf_shared v0.11.3
[INFO] [stderr]    Compiling num_threads v0.1.7
[INFO] [stderr]    Compiling colored v2.2.0
[INFO] [stderr]    Compiling quote v1.0.40
[INFO] [stderr]    Compiling time-macros v0.2.22
[INFO] [stderr]    Compiling clap_builder v4.5.37
[INFO] [stderr]    Compiling number_prefix v0.4.0
[INFO] [stderr]    Compiling zeroize v1.8.1
[INFO] [stderr]    Compiling log v0.4.27
[INFO] [stderr]    Compiling syn v2.0.101
[INFO] [stderr]    Compiling shell-words v1.1.0
[INFO] [stderr]    Compiling itertools v0.14.0
[INFO] [stderr]    Compiling hidparser v1.0.3
[INFO] [stderr]    Compiling md5 v0.7.0
[INFO] [stderr]    Compiling clap-num v1.2.0
[INFO] [stderr]    Compiling ihex v3.0.0
[INFO] [stderr]    Compiling phf_generator v0.11.3
[INFO] [stderr]    Compiling hidapi v2.6.3
[INFO] [stderr]    Compiling console v0.15.11
[INFO] [stderr]    Compiling time v0.3.41
[INFO] [stderr]    Compiling indicatif v0.17.11
[INFO] [stderr]    Compiling simple_logger v5.0.0
[INFO] [stderr]    Compiling tempfile v3.19.1
[INFO] [stderr]    Compiling clap v4.5.37
[INFO] [stderr]    Compiling thiserror-impl v1.0.69
[INFO] [stderr]    Compiling thiserror-impl v2.0.12
[INFO] [stderr]    Compiling phf_macros v0.11.3
[INFO] [stderr]    Compiling phf v0.11.3
[INFO] [stderr]    Compiling thiserror v1.0.69
[INFO] [stderr]    Compiling dialoguer v0.11.0
[INFO] [stderr]    Compiling thiserror v2.0.12
[INFO] [stderr]    Compiling sinowealth-kb-tool v1.0.1 (/opt/rustwide/workdir)
[INFO] [stdout] warning: unused import: `log::error`
[INFO] [stdout]   --> src/main.rs:14:5
[INFO] [stdout]    |
[INFO] [stdout] 14 | use log::error;
[INFO] [stdout]    |     ^^^^^^^^^^
[INFO] [stdout]    |
[INFO] [stdout]    = note: `#[warn(unused_imports)]` (part of `#[warn(unused)]`) on by default
[INFO] [stdout] 
[INFO] [stdout] 
[INFO] [stdout] warning: unused import: `log::error`
[INFO] [stdout]  --> src/util.rs:3:5
[INFO] [stdout]   |
[INFO] [stdout] 3 | use log::error;
[INFO] [stdout]   |     ^^^^^^^^^^
[INFO] [stdout] 
[INFO] [stdout] 
[INFO] [stderr]     Finished `release` profile [optimized] target(s) in 26.34s
[INFO] running `Command { std: "docker" "inspect" "a189bd40b396ea44a928ffc17883d278ac384f82e6a5e30170c594c5fb0d3a7b", kill_on_drop: false }`
[INFO] running `Command { std: "docker" "exec" "-e" "SOURCE_DIR=/opt/rustwide/workdir" "-e" "CARGO_HOME=/opt/rustwide/cargo-home" "-e" "RUSTUP_HOME=/opt/rustwide/rustup-home" "-e" "CARGO_TARGET_DIR=/opt/rustwide/target" "-e" "CARGO_INCREMENTAL=0" "-e" "RUST_BACKTRACE=full" "-e" "RUSTFLAGS=--cap-lints=warn" "-e" "RUSTDOCFLAGS=--cap-lints=warn" "-w" "/opt/rustwide/workdir" "--user" "0:0" "a189bd40b396ea44a928ffc17883d278ac384f82e6a5e30170c594c5fb0d3a7b" "/opt/rustwide/cargo-home/bin/cargo" "+1.100.0-beta.1" "test" "--frozen" "--no-run" "--message-format=json" "--release", kill_on_drop: false }`
[INFO] [stderr]    Compiling aho-corasick v1.1.3
[INFO] [stderr]    Compiling futures-sink v0.3.31
[INFO] [stderr]    Compiling futures-core v0.3.31
[INFO] [stderr]    Compiling lock_api v0.4.12
[INFO] [stderr]    Compiling parking_lot_core v0.9.10
[INFO] [stderr]    Compiling smallvec v1.15.0
[INFO] [stderr]    Compiling doc-comment v0.3.3
[INFO] [stderr]    Compiling predicates-core v1.0.9
[INFO] [stderr]    Compiling float-cmp v0.10.0
[INFO] [stderr]    Compiling normalize-line-endings v0.3.0
[INFO] [stderr]    Compiling difflib v0.4.0
[INFO] [stderr]    Compiling termtree v0.5.1
[INFO] [stderr]    Compiling assert_cmd v2.0.17
[INFO] [stderr]    Compiling sdd v3.0.8
[INFO] [stderr]    Compiling serial_test_derive v3.2.0
[INFO] [stderr]    Compiling wait-timeout v0.2.1
[INFO] [stderr]    Compiling iana-time-zone v0.1.63
[INFO] [stderr]    Compiling futures-channel v0.3.31
[INFO] [stderr]    Compiling stdext v0.3.3
[INFO] [stderr]    Compiling predicates-tree v1.0.12
[INFO] [stdout] warning: unused import: `log::error`
[INFO] [stdout]   --> src/main.rs:14:5
[INFO] [stdout]    |
[INFO] [stdout] 14 | use log::error;
[INFO] [stdout]    |     ^^^^^^^^^^
[INFO] [stdout]    |
[INFO] [stdout]    = note: `#[warn(unused_imports)]` (part of `#[warn(unused)]`) on by default
[INFO] [stdout] 
[INFO] [stdout] 
[INFO] [stdout] warning: unused import: `log::error`
[INFO] [stdout]  --> src/util.rs:3:5
[INFO] [stdout]   |
[INFO] [stdout] 3 | use log::error;
[INFO] [stdout]   |     ^^^^^^^^^^
[INFO] [stdout] 
[INFO] [stdout] 
[INFO] [stderr]    Compiling futures-util v0.3.31
[INFO] [stderr]    Compiling chrono v0.4.41
[INFO] [stderr]    Compiling parking_lot v0.12.3
[INFO] [stderr]    Compiling scc v2.3.4
[INFO] [stderr]    Compiling regex-automata v0.4.9
[INFO] [stderr]    Compiling futures-executor v0.3.31
[INFO] [stderr]    Compiling futures v0.3.31
[INFO] [stderr]    Compiling serial_test v3.2.0
[INFO] [stderr]    Compiling regex v1.11.1
[INFO] [stderr]    Compiling bstr v1.12.0
[INFO] [stderr]    Compiling predicates v3.1.3
[INFO] [stderr]    Compiling sinowealth-kb-tool v1.0.1 (/opt/rustwide/workdir)
[INFO] [stdout] warning: unused import: `log::error`
[INFO] [stdout]   --> src/main.rs:14:5
[INFO] [stdout]    |
[INFO] [stdout] 14 | use log::error;
[INFO] [stdout]    |     ^^^^^^^^^^
[INFO] [stdout]    |
[INFO] [stdout]    = note: `#[warn(unused_imports)]` (part of `#[warn(unused)]`) on by default
[INFO] [stdout] 
[INFO] [stdout] 
[INFO] [stdout] warning: unused import: `log::error`
[INFO] [stdout]  --> src/util.rs:3:5
[INFO] [stdout]   |
[INFO] [stdout] 3 | use log::error;
[INFO] [stdout]   |     ^^^^^^^^^^
[INFO] [stdout] 
[INFO] [stdout] 
[INFO] [stderr]     Finished `release` profile [optimized] target(s) in 27.19s
[INFO] running `Command { std: "docker" "inspect" "a189bd40b396ea44a928ffc17883d278ac384f82e6a5e30170c594c5fb0d3a7b", kill_on_drop: false }`
[INFO] running `Command { std: "docker" "exec" "-e" "SOURCE_DIR=/opt/rustwide/workdir" "-e" "CARGO_HOME=/opt/rustwide/cargo-home" "-e" "RUSTUP_HOME=/opt/rustwide/rustup-home" "-e" "CARGO_TARGET_DIR=/opt/rustwide/target" "-e" "CARGO_INCREMENTAL=0" "-e" "RUST_BACKTRACE=full" "-e" "RUSTFLAGS=--cap-lints=warn" "-e" "RUSTDOCFLAGS=--cap-lints=warn" "-w" "/opt/rustwide/workdir" "--user" "0:0" "a189bd40b396ea44a928ffc17883d278ac384f82e6a5e30170c594c5fb0d3a7b" "/opt/rustwide/cargo-home/bin/cargo" "+1.100.0-beta.1" "test" "--frozen" "--release", kill_on_drop: false }`
[INFO] [stderr] warning: unused import: `log::error`
[INFO] [stderr]   --> src/main.rs:14:5
[INFO] [stderr]    |
[INFO] [stderr] 14 | use log::error;
[INFO] [stderr]    |     ^^^^^^^^^^
[INFO] [stderr]    |
[INFO] [stderr]    = note: `#[warn(unused_imports)]` (part of `#[warn(unused)]`) on by default
[INFO] [stderr] 
[INFO] [stderr] warning: unused import: `log::error`
[INFO] [stderr]  --> src/util.rs:3:5
[INFO] [stderr]   |
[INFO] [stderr] 3 | use log::error;
[INFO] [stderr]   |     ^^^^^^^^^^
[INFO] [stderr] 
[INFO] [stderr] warning: `sinowealth-kb-tool` (bin "sinowealth-kb-tool") generated 2 warnings (run `cargo fix --bin "sinowealth-kb-tool" -p sinowealth-kb-tool` to apply 2 suggestions)
[INFO] [stderr] warning: `sinowealth-kb-tool` (bin "sinowealth-kb-tool" test) generated 2 warnings (2 duplicates)
[INFO] [stderr]     Finished `release` profile [optimized] target(s) in 0.11s
[INFO] [stderr]      Running unittests src/main.rs (/opt/rustwide/target/release/build/sinowealth-kb-tool/137aabeaff7c4c1d/out/sinowealth_kb_tool-137aabeaff7c4c1d)
[INFO] [stdout] 
[INFO] [stdout] running 11 tests
[INFO] [stdout] test ihex::test_from_ihex ... ok
[INFO] [stdout] test ihex::test_from_ihex_address_start_at_0x0001 ... ok
[INFO] [stdout] test util::test_convert_to_isp_payload ... ok
[INFO] [stdout] test util::test_verify_success ... ok
[INFO] [stdout] test device_spec::test_device_num_pages ... ok
[INFO] [stdout] test util::test_convert_to_jtag_payload ... ok
[INFO] [stdout] test util::test_verify_error_length_mismatch ... ok
[INFO] [stdout] test ihex::test_from_ihex_err_address_too_high ... ok
[INFO] [stdout] test util::test_verify_error_byte_mismatch ... ok
[INFO] [stdout] test device_spec::test_device_total_flash_size ... ok
[INFO] [stdout] test ihex::test_from_ihex_err_checksum_mismatch ... ok
[INFO] [stdout] 
[INFO] [stdout] test result: ok. 11 passed; 0 failed; 0 ignored; 0 measured; 0 filtered out; finished in 0.01s
[INFO] [stdout] 
[INFO] [stderr]      Running tests/convert_test.rs (/opt/rustwide/target/release/build/sinowealth-kb-tool/5afe8e385940c028/out/convert_test-5afe8e385940c028)
[INFO] [stdout] 
[INFO] [stdout] running 3 tests
[INFO] [stdout] test test_convert_to_isp ... ok
[INFO] [stdout] test test_convert_to_jtag_bin ... ok
[INFO] [stdout] test test_convert_to_jtag ... ok
[INFO] [stdout] 
[INFO] [stdout] test result: ok. 3 passed; 0 failed; 0 ignored; 0 measured; 0 filtered out; finished in 1.02s
[INFO] [stdout] 
[INFO] [stderr]      Running tests/list_test.rs (/opt/rustwide/target/release/build/sinowealth-kb-tool/a1e5800fdf1ed1a5/out/list_test-a1e5800fdf1ed1a5)
[INFO] [stdout] 
[INFO] [stdout] running 4 tests
[INFO] [stdout] test test_list_devices ... FAILED
[INFO] [stdout] test test_list_with_vid_filter ... FAILED
[INFO] [stdout] test test_list_with_pid_filter ... FAILED
[INFO] [stderr] error: test failed, to rerun pass `--test list_test`
[INFO] [stdout] test test_list_with_vid_and_pid_filter ... FAILED
[INFO] [stdout] 
[INFO] [stdout] failures:
[INFO] [stdout] 
[INFO] [stdout] ---- test_list_devices stdout ----
[INFO] [stdout] 
[INFO] [stdout] thread 'test_list_devices' (1789) panicked at /rustc/e3feeb59cd1bdd011a2bfcc0747b55125d9b8527/library/core/src/ops/function.rs:250:5:
[INFO] [stdout] Unexpected stdout, failed var.is_match(ID 05ac:024f manufacturer="contact@carlossless.io" product="SMK Keyboard"
[INFO] [stdout]     path=".+" interface_number=0
[INFO] [stdout]     report_descriptor=\[05 01 09 06 A1 01 05 07 19 E0 29 E7 15 00 25 01 75 01 95 08 81 02 75 08 95 01 81 01 05 07 19 00 29 FF 15 00 26 FF 00 75 08 95 06 81 00 05 08 19 01 29 05 15 00 25 01 75 01 95 05 91 02 75 03 95 01 91 01 C0\]
[INFO] [stdout]     feature_report_ids=\[\]
[INFO] [stdout]     path=".+" interface_number=1
[INFO] [stdout]     report_descriptor=\[05 01 09 80 A1 01 85 01 19 81 29 83 15 00 25 01 75 01 95 03 81 02 95 05 81 01 C0 05 0C 09 01 A1 01 85 02 19 00 2A 3C 02 15 00 26 3C 02 75 10 95 01 81 00 C0 06 00 FF 09 01 A1 01 85 05 19 01 29 02 15 00 26 FF 00 75 08 95 05 B1 02 C0 05 01 09 06 A1 01 85 06 05 07 19 E0 29 E7 15 00 25 01 75 01 95 08 81 02 05 07 19 00 29 9F 15 00 25 01 75 01 95 A0 81 02 C0\]
[INFO] [stdout]     feature_report_ids=\[5\]
[INFO] [stdout] )
[INFO] [stdout] ├── var: 
[INFO] [stdout] └── var as str: 
[INFO] [stdout] 
[INFO] [stdout] command=`"/opt/rustwide/target/release/sinowealth-kb-tool" "list"`
[INFO] [stdout] code=0
[INFO] [stdout] stdout="\n"
[INFO] [stdout] stderr=""
[INFO] [stdout] 
[INFO] [stdout] stack backtrace:
[INFO] [stdout]    0:     0x60623c3f20f1 - <<std[617be2ca0a6fd877]::sys::backtrace::BacktraceLock>::print::DisplayBacktrace as core[a373ad73a504971]::fmt::Display>::fmt
[INFO] [stdout]    1:     0x60623c4094ca - core[a373ad73a504971]::fmt::write
[INFO] [stdout]    2:     0x60623c3f771c - <alloc[2e1b2a31b91974c5]::vec::Vec<u8> as core[a373ad73a504971]::io::write::Write>::write_fmt
[INFO] [stdout]    3:     0x60623c3cd976 - std[617be2ca0a6fd877]::panicking::default_hook::{closure#0}
[INFO] [stdout]    4:     0x60623c3ea579 - std[617be2ca0a6fd877]::panicking::default_hook
[INFO] [stdout]    5:     0x60623c2a3210 - test[aada8e7e76ba119b]::test_main_inner::{closure#0}
[INFO] [stdout]    6:     0x60623c3ea732 - std[617be2ca0a6fd877]::panicking::panic_with_hook
[INFO] [stdout]    7:     0x60623c3cda22 - std[617be2ca0a6fd877]::panicking::panic_handler::{closure#0}
[INFO] [stdout]    8:     0x60623c3c6739 - std[617be2ca0a6fd877]::sys::backtrace::__rust_end_short_backtrace::<std[617be2ca0a6fd877]::panicking::panic_handler::{closure#0}, !>
[INFO] [stdout]    9:     0x60623c3ce62d - __rustc[ea4f61d10b84890b]::rust_begin_unwind
[INFO] [stdout]   10:     0x60623c409cac - core[a373ad73a504971]::panicking::panic_fmt
[INFO] [stdout]   11:     0x60623c294f93 - <assert_cmd[4a32cfdc47dabc8c]::assert::AssertError>::panic::<assert_cmd[4a32cfdc47dabc8c]::assert::Assert>
[INFO] [stdout]   12:     0x60623c29447b - <list_test[aa322ee0b85d13b2]::test_list_devices::{closure#0} as core[a373ad73a504971]::ops::function::FnOnce<()>>::call_once
[INFO] [stdout]   13:     0x60623c2d7ab7 - serial_test[3da206edff4c9901]::serial_code_lock::local_serial_core
[INFO] [stdout]   14:     0x60623c29403d - <list_test[aa322ee0b85d13b2]::test_list_devices::{closure#0} as core[a373ad73a504971]::ops::function::FnOnce<()>>::call_once
[INFO] [stdout]   15:     0x60623c29665b - test[aada8e7e76ba119b]::__rust_begin_short_backtrace::<core[a373ad73a504971]::result::Result<(), alloc[2e1b2a31b91974c5]::string::String>, fn() -> core[a373ad73a504971]::result::Result<(), alloc[2e1b2a31b91974c5]::string::String>>
[INFO] [stdout]   16:     0x60623c2a3835 - test[aada8e7e76ba119b]::run_test::{closure#0}
[INFO] [stdout]   17:     0x60623c29d124 - std[617be2ca0a6fd877]::sys::backtrace::__rust_begin_short_backtrace::<test[aada8e7e76ba119b]::run_test::{closure#1}, ()>
[INFO] [stdout]   18:     0x60623c2a68c2 - <std[617be2ca0a6fd877]::thread::lifecycle::spawn_unchecked<test[aada8e7e76ba119b]::run_test::{closure#1}, ()>::{closure#1} as core[a373ad73a504971]::ops::function::FnOnce<()>>::call_once::{shim:vtable#0}
[INFO] [stdout]   19:     0x60623c3f189f - <std[617be2ca0a6fd877]::sys::thread::unix::Thread>::new::thread_start
[INFO] [stdout]   20:     0x77dbada61dfa - <unknown>
[INFO] [stdout]   21:     0x77dbadaf53d4 - clone
[INFO] [stdout]   22:                0x0 - <unknown>
[INFO] [stdout] 
[INFO] [stdout] ---- test_list_with_vid_filter stdout ----
[INFO] [stdout] 
[INFO] [stdout] thread 'test_list_with_vid_filter' (1792) panicked at /rustc/e3feeb59cd1bdd011a2bfcc0747b55125d9b8527/library/core/src/ops/function.rs:250:5:
[INFO] [stdout] Unexpected stdout, failed var.is_match(ID 05ac:024f manufacturer="contact@carlossless.io" product="SMK Keyboard"
[INFO] [stdout]     path=".+" interface_number=0
[INFO] [stdout]     report_descriptor=\[05 01 09 06 A1 01 05 07 19 E0 29 E7 15 00 25 01 75 01 95 08 81 02 75 08 95 01 81 01 05 07 19 00 29 FF 15 00 26 FF 00 75 08 95 06 81 00 05 08 19 01 29 05 15 00 25 01 75 01 95 05 91 02 75 03 95 01 91 01 C0\]
[INFO] [stdout]     feature_report_ids=\[\]
[INFO] [stdout]     path=".+" interface_number=1
[INFO] [stdout]     report_descriptor=\[05 01 09 80 A1 01 85 01 19 81 29 83 15 00 25 01 75 01 95 03 81 02 95 05 81 01 C0 05 0C 09 01 A1 01 85 02 19 00 2A 3C 02 15 00 26 3C 02 75 10 95 01 81 00 C0 06 00 FF 09 01 A1 01 85 05 19 01 29 02 15 00 26 FF 00 75 08 95 05 B1 02 C0 05 01 09 06 A1 01 85 06 05 07 19 E0 29 E7 15 00 25 01 75 01 95 08 81 02 05 07 19 00 29 9F 15 00 25 01 75 01 95 A0 81 02 C0\]
[INFO] [stdout]     feature_report_ids=\[5\]
[INFO] [stdout] )
[INFO] [stdout] ├── var: 
[INFO] [stdout] └── var as str: 
[INFO] [stdout] 
[INFO] [stdout] command=`"/opt/rustwide/target/release/sinowealth-kb-tool" "list" "--vendor_id" "0x05ac"`
[INFO] [stdout] code=0
[INFO] [stdout] stdout="\n"
[INFO] [stdout] stderr=""
[INFO] [stdout] 
[INFO] [stdout] stack backtrace:
[INFO] [stdout]    0:     0x60623c3f20f1 - <<std[617be2ca0a6fd877]::sys::backtrace::BacktraceLock>::print::DisplayBacktrace as core[a373ad73a504971]::fmt::Display>::fmt
[INFO] [stdout]    1:     0x60623c4094ca - core[a373ad73a504971]::fmt::write
[INFO] [stdout]    2:     0x60623c3f771c - <alloc[2e1b2a31b91974c5]::vec::Vec<u8> as core[a373ad73a504971]::io::write::Write>::write_fmt
[INFO] [stdout]    3:     0x60623c3cd976 - std[617be2ca0a6fd877]::panicking::default_hook::{closure#0}
[INFO] [stdout]    4:     0x60623c3ea579 - std[617be2ca0a6fd877]::panicking::default_hook
[INFO] [stdout]    5:     0x60623c2a3210 - test[aada8e7e76ba119b]::test_main_inner::{closure#0}
[INFO] [stdout]    6:     0x60623c3ea732 - std[617be2ca0a6fd877]::panicking::panic_with_hook
[INFO] [stdout]    7:     0x60623c3cda22 - std[617be2ca0a6fd877]::panicking::panic_handler::{closure#0}
[INFO] [stdout]    8:     0x60623c3c6739 - std[617be2ca0a6fd877]::sys::backtrace::__rust_end_short_backtrace::<std[617be2ca0a6fd877]::panicking::panic_handler::{closure#0}, !>
[INFO] [stdout]    9:     0x60623c3ce62d - __rustc[ea4f61d10b84890b]::rust_begin_unwind
[INFO] [stdout]   10:     0x60623c409cac - core[a373ad73a504971]::panicking::panic_fmt
[INFO] [stdout]   11:     0x60623c294f93 - <assert_cmd[4a32cfdc47dabc8c]::assert::AssertError>::panic::<assert_cmd[4a32cfdc47dabc8c]::assert::Assert>
[INFO] [stdout]   12:     0x60623c294b1f - <list_test[aa322ee0b85d13b2]::test_list_with_vid_filter::{closure#0} as core[a373ad73a504971]::ops::function::FnOnce<()>>::call_once
[INFO] [stdout]   13:     0x60623c2d7ab7 - serial_test[3da206edff4c9901]::serial_code_lock::local_serial_core
[INFO] [stdout]   14:     0x60623c29413d - <list_test[aa322ee0b85d13b2]::test_list_with_vid_filter::{closure#0} as core[a373ad73a504971]::ops::function::FnOnce<()>>::call_once
[INFO] [stdout]   15:     0x60623c29665b - test[aada8e7e76ba119b]::__rust_begin_short_backtrace::<core[a373ad73a504971]::result::Result<(), alloc[2e1b2a31b91974c5]::string::String>, fn() -> core[a373ad73a504971]::result::Result<(), alloc[2e1b2a31b91974c5]::string::String>>
[INFO] [stdout]   16:     0x60623c2a3835 - test[aada8e7e76ba119b]::run_test::{closure#0}
[INFO] [stdout]   17:     0x60623c29d124 - std[617be2ca0a6fd877]::sys::backtrace::__rust_begin_short_backtrace::<test[aada8e7e76ba119b]::run_test::{closure#1}, ()>
[INFO] [stdout]   18:     0x60623c2a68c2 - <std[617be2ca0a6fd877]::thread::lifecycle::spawn_unchecked<test[aada8e7e76ba119b]::run_test::{closure#1}, ()>::{closure#1} as core[a373ad73a504971]::ops::function::FnOnce<()>>::call_once::{shim:vtable#0}
[INFO] [stdout]   19:     0x60623c3f189f - <std[617be2ca0a6fd877]::sys::thread::unix::Thread>::new::thread_start
[INFO] [stdout]   20:     0x77dbada61dfa - <unknown>
[INFO] [stdout]   21:     0x77dbadaf53d4 - clone
[INFO] [stdout]   22:                0x0 - <unknown>
[INFO] [stdout] 
[INFO] [stdout] ---- test_list_with_pid_filter stdout ----
[INFO] [stdout] 
[INFO] [stdout] thread 'test_list_with_pid_filter' (1790) panicked at /rustc/e3feeb59cd1bdd011a2bfcc0747b55125d9b8527/library/core/src/ops/function.rs:250:5:
[INFO] [stdout] Unexpected stdout, failed var.is_match(ID 05ac:024f manufacturer="contact@carlossless.io" product="SMK Keyboard"
[INFO] [stdout]     path=".+" interface_number=0
[INFO] [stdout]     report_descriptor=\[05 01 09 06 A1 01 05 07 19 E0 29 E7 15 00 25 01 75 01 95 08 81 02 75 08 95 01 81 01 05 07 19 00 29 FF 15 00 26 FF 00 75 08 95 06 81 00 05 08 19 01 29 05 15 00 25 01 75 01 95 05 91 02 75 03 95 01 91 01 C0\]
[INFO] [stdout]     feature_report_ids=\[\]
[INFO] [stdout]     path=".+" interface_number=1
[INFO] [stdout]     report_descriptor=\[05 01 09 80 A1 01 85 01 19 81 29 83 15 00 25 01 75 01 95 03 81 02 95 05 81 01 C0 05 0C 09 01 A1 01 85 02 19 00 2A 3C 02 15 00 26 3C 02 75 10 95 01 81 00 C0 06 00 FF 09 01 A1 01 85 05 19 01 29 02 15 00 26 FF 00 75 08 95 05 B1 02 C0 05 01 09 06 A1 01 85 06 05 07 19 E0 29 E7 15 00 25 01 75 01 95 08 81 02 05 07 19 00 29 9F 15 00 25 01 75 01 95 A0 81 02 C0\]
[INFO] [stdout]     feature_report_ids=\[5\]
[INFO] [stdout] )
[INFO] [stdout] ├── var: 
[INFO] [stdout] └── var as str: 
[INFO] [stdout] 
[INFO] [stdout] command=`"/opt/rustwide/target/release/sinowealth-kb-tool" "list" "--product_id" "0x024f"`
[INFO] [stdout] code=0
[INFO] [stdout] stdout="\n"
[INFO] [stdout] stderr=""
[INFO] [stdout] 
[INFO] [stdout] stack backtrace:
[INFO] [stdout]    0:     0x60623c3f20f1 - <<std[617be2ca0a6fd877]::sys::backtrace::BacktraceLock>::print::DisplayBacktrace as core[a373ad73a504971]::fmt::Display>::fmt
[INFO] [stdout]    1:     0x60623c4094ca - core[a373ad73a504971]::fmt::write
[INFO] [stdout]    2:     0x60623c3f771c - <alloc[2e1b2a31b91974c5]::vec::Vec<u8> as core[a373ad73a504971]::io::write::Write>::write_fmt
[INFO] [stdout]    3:     0x60623c3cd976 - std[617be2ca0a6fd877]::panicking::default_hook::{closure#0}
[INFO] [stdout]    4:     0x60623c3ea579 - std[617be2ca0a6fd877]::panicking::default_hook
[INFO] [stdout]    5:     0x60623c2a3210 - test[aada8e7e76ba119b]::test_main_inner::{closure#0}
[INFO] [stdout]    6:     0x60623c3ea732 - std[617be2ca0a6fd877]::panicking::panic_with_hook
[INFO] [stdout]    7:     0x60623c3cda22 - std[617be2ca0a6fd877]::panicking::panic_handler::{closure#0}
[INFO] [stdout]    8:     0x60623c3c6739 - std[617be2ca0a6fd877]::sys::backtrace::__rust_end_short_backtrace::<std[617be2ca0a6fd877]::panicking::panic_handler::{closure#0}, !>
[INFO] [stdout]    9:     0x60623c3ce62d - __rustc[ea4f61d10b84890b]::rust_begin_unwind
[INFO] [stdout]   10:     0x60623c409cac - core[a373ad73a504971]::panicking::panic_fmt
[INFO] [stdout]   11:     0x60623c294f93 - <assert_cmd[4a32cfdc47dabc8c]::assert::AssertError>::panic::<assert_cmd[4a32cfdc47dabc8c]::assert::Assert>
[INFO] [stdout]   12:     0x60623c2947cf - <list_test[aa322ee0b85d13b2]::test_list_with_pid_filter::{closure#0} as core[a373ad73a504971]::ops::function::FnOnce<()>>::call_once
[INFO] [stdout]   13:     0x60623c2d7ab7 - serial_test[3da206edff4c9901]::serial_code_lock::local_serial_core
[INFO] [stdout]   14:     0x60623c2940bd - <list_test[aa322ee0b85d13b2]::test_list_with_pid_filter::{closure#0} as core[a373ad73a504971]::ops::function::FnOnce<()>>::call_once
[INFO] [stdout]   15:     0x60623c29665b - test[aada8e7e76ba119b]::__rust_begin_short_backtrace::<core[a373ad73a504971]::result::Result<(), alloc[2e1b2a31b91974c5]::string::String>, fn() -> core[a373ad73a504971]::result::Result<(), alloc[2e1b2a31b91974c5]::string::String>>
[INFO] [stdout]   16:     0x60623c2a3835 - test[aada8e7e76ba119b]::run_test::{closure#0}
[INFO] [stdout]   17:     0x60623c29d124 - std[617be2ca0a6fd877]::sys::backtrace::__rust_begin_short_backtrace::<test[aada8e7e76ba119b]::run_test::{closure#1}, ()>
[INFO] [stdout]   18:     0x60623c2a68c2 - <std[617be2ca0a6fd877]::thread::lifecycle::spawn_unchecked<test[aada8e7e76ba119b]::run_test::{closure#1}, ()>::{closure#1} as core[a373ad73a504971]::ops::function::FnOnce<()>>::call_once::{shim:vtable#0}
[INFO] [stdout]   19:     0x60623c3f189f - <std[617be2ca0a6fd877]::sys::thread::unix::Thread>::new::thread_start
[INFO] [stdout]   20:     0x77dbada61dfa - <unknown>
[INFO] [stdout]   21:     0x77dbadaf53d4 - clone
[INFO] [stdout]   22:                0x0 - <unknown>
[INFO] [stdout] 
[INFO] [stdout] ---- test_list_with_vid_and_pid_filter stdout ----
[INFO] [stdout] 
[INFO] [stdout] thread 'test_list_with_vid_and_pid_filter' (1791) panicked at /rustc/e3feeb59cd1bdd011a2bfcc0747b55125d9b8527/library/core/src/ops/function.rs:250:5:
[INFO] [stdout] Unexpected stdout, failed var.is_match(ID 05ac:024f manufacturer="contact@carlossless.io" product="SMK Keyboard"
[INFO] [stdout]     path=".+" interface_number=0
[INFO] [stdout]     report_descriptor=\[05 01 09 06 A1 01 05 07 19 E0 29 E7 15 00 25 01 75 01 95 08 81 02 75 08 95 01 81 01 05 07 19 00 29 FF 15 00 26 FF 00 75 08 95 06 81 00 05 08 19 01 29 05 15 00 25 01 75 01 95 05 91 02 75 03 95 01 91 01 C0\]
[INFO] [stdout]     feature_report_ids=\[\]
[INFO] [stdout]     path=".+" interface_number=1
[INFO] [stdout]     report_descriptor=\[05 01 09 80 A1 01 85 01 19 81 29 83 15 00 25 01 75 01 95 03 81 02 95 05 81 01 C0 05 0C 09 01 A1 01 85 02 19 00 2A 3C 02 15 00 26 3C 02 75 10 95 01 81 00 C0 06 00 FF 09 01 A1 01 85 05 19 01 29 02 15 00 26 FF 00 75 08 95 05 B1 02 C0 05 01 09 06 A1 01 85 06 05 07 19 E0 29 E7 15 00 25 01 75 01 95 08 81 02 05 07 19 00 29 9F 15 00 25 01 75 01 95 A0 81 02 C0\]
[INFO] [stdout]     feature_report_ids=\[5\]
[INFO] [stdout] )
[INFO] [stdout] ├── var: 
[INFO] [stdout] └── var as str: 
[INFO] [stdout] 
[INFO] [stdout] command=`"/opt/rustwide/target/release/sinowealth-kb-tool" "list" "--vendor_id" "0x05ac" "--product_id" "0x024f"`
[INFO] [stdout] code=0
[INFO] [stdout] stdout="\n"
[INFO] [stdout] stderr=""
[INFO] [stdout] 
[INFO] [stdout] stack backtrace:
[INFO] [stdout]    0:     0x60623c3f20f1 - <<std[617be2ca0a6fd877]::sys::backtrace::BacktraceLock>::print::DisplayBacktrace as core[a373ad73a504971]::fmt::Display>::fmt
[INFO] [stdout]    1:     0x60623c4094ca - core[a373ad73a504971]::fmt::write
[INFO] [stdout]    2:     0x60623c3f771c - <alloc[2e1b2a31b91974c5]::vec::Vec<u8> as core[a373ad73a504971]::io::write::Write>::write_fmt
[INFO] [stdout]    3:     0x60623c3cd976 - std[617be2ca0a6fd877]::panicking::default_hook::{closure#0}
[INFO] [stdout]    4:     0x60623c3ea579 - std[617be2ca0a6fd877]::panicking::default_hook
[INFO] [stdout]    5:     0x60623c2a3210 - test[aada8e7e76ba119b]::test_main_inner::{closure#0}
[INFO] [stdout]    6:     0x60623c3ea732 - std[617be2ca0a6fd877]::panicking::panic_with_hook
[INFO] [stdout]    7:     0x60623c3cda22 - std[617be2ca0a6fd877]::panicking::panic_handler::{closure#0}
[INFO] [stdout]    8:     0x60623c3c6739 - std[617be2ca0a6fd877]::sys::backtrace::__rust_end_short_backtrace::<std[617be2ca0a6fd877]::panicking::panic_handler::{closure#0}, !>
[INFO] [stdout]    9:     0x60623c3ce62d - __rustc[ea4f61d10b84890b]::rust_begin_unwind
[INFO] [stdout]   10:     0x60623c409cac - core[a373ad73a504971]::panicking::panic_fmt
[INFO] [stdout]   11:     0x60623c294f93 - <assert_cmd[4a32cfdc47dabc8c]::assert::AssertError>::panic::<assert_cmd[4a32cfdc47dabc8c]::assert::Assert>
[INFO] [stdout]   12:     0x60623c294ea3 - <list_test[aa322ee0b85d13b2]::test_list_with_vid_and_pid_filter::{closure#0} as core[a373ad73a504971]::ops::function::FnOnce<()>>::call_once
[INFO] [stdout]   13:     0x60623c2d7ab7 - serial_test[3da206edff4c9901]::serial_code_lock::local_serial_core
[INFO] [stdout]   14:     0x60623c2941bd - <list_test[aa322ee0b85d13b2]::test_list_with_vid_and_pid_filter::{closure#0} as core[a373ad73a504971]::ops::function::FnOnce<()>>::call_once
[INFO] [stdout]   15:     0x60623c29665b - test[aada8e7e76ba119b]::__rust_begin_short_backtrace::<core[a373ad73a504971]::result::Result<(), alloc[2e1b2a31b91974c5]::string::String>, fn() -> core[a373ad73a504971]::result::Result<(), alloc[2e1b2a31b91974c5]::string::String>>
[INFO] [stdout]   16:     0x60623c2a3835 - test[aada8e7e76ba119b]::run_test::{closure#0}
[INFO] [stdout]   17:     0x60623c29d124 - std[617be2ca0a6fd877]::sys::backtrace::__rust_begin_short_backtrace::<test[aada8e7e76ba119b]::run_test::{closure#1}, ()>
[INFO] [stdout]   18:     0x60623c2a68c2 - <std[617be2ca0a6fd877]::thread::lifecycle::spawn_unchecked<test[aada8e7e76ba119b]::run_test::{closure#1}, ()>::{closure#1} as core[a373ad73a504971]::ops::function::FnOnce<()>>::call_once::{shim:vtable#0}
[INFO] [stdout]   19:     0x60623c3f189f - <std[617be2ca0a6fd877]::sys::thread::unix::Thread>::new::thread_start
[INFO] [stdout]   20:     0x77dbada61dfa - <unknown>
[INFO] [stdout]   21:     0x77dbadaf53d4 - clone
[INFO] [stdout]   22:                0x0 - <unknown>
[INFO] [stdout] 
[INFO] [stdout] 
[INFO] [stdout] failures:
[INFO] [stdout]     test_list_devices
[INFO] [stdout]     test_list_with_pid_filter
[INFO] [stdout]     test_list_with_vid_and_pid_filter
[INFO] [stdout]     test_list_with_vid_filter
[INFO] [stdout] 
[INFO] [stdout] test result: FAILED. 0 passed; 4 failed; 0 ignored; 0 measured; 0 filtered out; finished in 0.21s
[INFO] [stdout] 
[INFO] running `Command { std: "docker" "inspect" "a189bd40b396ea44a928ffc17883d278ac384f82e6a5e30170c594c5fb0d3a7b", kill_on_drop: false }`
[INFO] running `Command { std: "docker" "rm" "-f" "a189bd40b396ea44a928ffc17883d278ac384f82e6a5e30170c594c5fb0d3a7b", kill_on_drop: false }`
[INFO] [stdout] a189bd40b396ea44a928ffc17883d278ac384f82e6a5e30170c594c5fb0d3a7b
