[INFO] fetching crate sinix 0.1.0...
[INFO] testing sinix-0.1.0 against 1.100.0-beta.1+cargoflags=--release for beta-release-1.100-2
[INFO] extracting crate sinix 0.1.0 into /workspace/builds/worker-1-tc2/source
[INFO] started tweaking crates.io crate sinix 0.1.0
[INFO] finished tweaking crates.io crate sinix 0.1.0
[INFO] tweaked toml for crates.io crate sinix 0.1.0 written to /workspace/builds/worker-1-tc2/source/Cargo.toml
[INFO] validating manifest of crates.io crate sinix 0.1.0 on toolchain 1.100.0-beta.1
[INFO] running `Command { std: CARGO_HOME="/workspace/cargo-home" RUSTUP_HOME="/workspace/rustup-home" "/workspace/cargo-home/bin/cargo" "+1.100.0-beta.1" "metadata" "--manifest-path" "Cargo.toml" "--no-deps", kill_on_drop: false }`
[INFO] crate crates.io crate sinix 0.1.0 already has a lockfile, it will not be regenerated
[INFO] running `Command { std: CARGO_HOME="/workspace/cargo-home" RUSTUP_HOME="/workspace/rustup-home" "/workspace/cargo-home/bin/cargo" "+1.100.0-beta.1" "fetch" "--manifest-path" "Cargo.toml", kill_on_drop: false }`
[INFO] running `Command { std: "docker" "create" "-v" "/var/lib/crater-agent-workspace/builds/worker-1-tc2/source:/opt/rustwide/workdir:ro,Z" "-v" "/var/lib/crater-agent-workspace/builds/worker-1-tc2/target:/opt/rustwide/target:rw,Z" "-v" "/var/lib/crater-agent-workspace/cargo-home:/opt/rustwide/cargo-home:ro,Z" "-v" "/var/lib/crater-agent-workspace/rustup-home:/opt/rustwide/rustup-home:ro,Z" "-m" "1610612736" "--network" "none" "ghcr.io/rust-lang/crates-build-env/linux@sha256:77db811e55d90add9212f6832c23229e3de5f1c1f9905e8cb07319ea15df73ac" "sleep" "infinity", kill_on_drop: false }`
[INFO] [stdout] b3d86412fd741cb66faa97550f7263cb7caa6d6fea5e418ab7e1219a43b3fef3
[INFO] running `Command { std: "docker" "start" "b3d86412fd741cb66faa97550f7263cb7caa6d6fea5e418ab7e1219a43b3fef3", kill_on_drop: false }`
[INFO] running `Command { std: "docker" "inspect" "b3d86412fd741cb66faa97550f7263cb7caa6d6fea5e418ab7e1219a43b3fef3", kill_on_drop: false }`
[INFO] running `Command { std: "docker" "exec" "-e" "SOURCE_DIR=/opt/rustwide/workdir" "-e" "CARGO_HOME=/opt/rustwide/cargo-home" "-e" "RUSTUP_HOME=/opt/rustwide/rustup-home" "-e" "CARGO_TARGET_DIR=/opt/rustwide/target" "-w" "/opt/rustwide/workdir" "--user" "0:0" "b3d86412fd741cb66faa97550f7263cb7caa6d6fea5e418ab7e1219a43b3fef3" "/opt/rustwide/cargo-home/bin/cargo" "+1.100.0-beta.1" "metadata" "--no-deps" "--format-version=1", kill_on_drop: false }`
[INFO] running `Command { std: "docker" "inspect" "b3d86412fd741cb66faa97550f7263cb7caa6d6fea5e418ab7e1219a43b3fef3", kill_on_drop: false }`
[INFO] running `Command { std: "docker" "exec" "-e" "SOURCE_DIR=/opt/rustwide/workdir" "-e" "CARGO_HOME=/opt/rustwide/cargo-home" "-e" "RUSTUP_HOME=/opt/rustwide/rustup-home" "-e" "CARGO_TARGET_DIR=/opt/rustwide/target" "-e" "CARGO_INCREMENTAL=0" "-e" "RUST_BACKTRACE=full" "-e" "RUSTFLAGS=--cap-lints=warn" "-e" "RUSTDOCFLAGS=--cap-lints=warn" "-w" "/opt/rustwide/workdir" "--user" "0:0" "b3d86412fd741cb66faa97550f7263cb7caa6d6fea5e418ab7e1219a43b3fef3" "/opt/rustwide/cargo-home/bin/cargo" "+1.100.0-beta.1" "build" "--frozen" "--message-format=json" "--release", kill_on_drop: false }`
[INFO] [stderr]    Compiling proc-macro2 v1.0.19
[INFO] [stderr]    Compiling unicode-xid v0.2.1
[INFO] [stderr]    Compiling syn v1.0.38
[INFO] [stderr]    Compiling serde_derive v1.0.115
[INFO] [stderr]    Compiling serde v1.0.115
[INFO] [stderr]    Compiling ryu v1.0.5
[INFO] [stderr]    Compiling serde_json v1.0.57
[INFO] [stderr]    Compiling yaml-rust v0.4.4
[INFO] [stderr]    Compiling half v1.6.0
[INFO] [stderr]    Compiling itoa v0.4.6
[INFO] [stderr]    Compiling dtoa v0.4.6
[INFO] [stderr]    Compiling quote v1.0.7
[INFO] [stderr]    Compiling serde_yaml v0.8.13
[INFO] [stderr]    Compiling bincode v1.3.1
[INFO] [stderr]    Compiling serde_cbor v0.11.1
[INFO] [stderr]    Compiling pickledb v0.4.1
[INFO] [stderr]    Compiling sinix v0.1.0 (/opt/rustwide/workdir)
[INFO] [stderr]     Finished `release` profile [optimized] target(s) in 27.46s
[INFO] running `Command { std: "docker" "inspect" "b3d86412fd741cb66faa97550f7263cb7caa6d6fea5e418ab7e1219a43b3fef3", kill_on_drop: false }`
[INFO] running `Command { std: "docker" "exec" "-e" "SOURCE_DIR=/opt/rustwide/workdir" "-e" "CARGO_HOME=/opt/rustwide/cargo-home" "-e" "RUSTUP_HOME=/opt/rustwide/rustup-home" "-e" "CARGO_TARGET_DIR=/opt/rustwide/target" "-e" "CARGO_INCREMENTAL=0" "-e" "RUST_BACKTRACE=full" "-e" "RUSTFLAGS=--cap-lints=warn" "-e" "RUSTDOCFLAGS=--cap-lints=warn" "-w" "/opt/rustwide/workdir" "--user" "0:0" "b3d86412fd741cb66faa97550f7263cb7caa6d6fea5e418ab7e1219a43b3fef3" "/opt/rustwide/cargo-home/bin/cargo" "+1.100.0-beta.1" "test" "--frozen" "--no-run" "--message-format=json" "--release", kill_on_drop: false }`
[INFO] [stderr]    Compiling sinix v0.1.0 (/opt/rustwide/workdir)
[INFO] [stderr]     Finished `release` profile [optimized] target(s) in 1.09s
[INFO] running `Command { std: "docker" "inspect" "b3d86412fd741cb66faa97550f7263cb7caa6d6fea5e418ab7e1219a43b3fef3", kill_on_drop: false }`
[INFO] running `Command { std: "docker" "exec" "-e" "SOURCE_DIR=/opt/rustwide/workdir" "-e" "CARGO_HOME=/opt/rustwide/cargo-home" "-e" "RUSTUP_HOME=/opt/rustwide/rustup-home" "-e" "CARGO_TARGET_DIR=/opt/rustwide/target" "-e" "CARGO_INCREMENTAL=0" "-e" "RUST_BACKTRACE=full" "-e" "RUSTFLAGS=--cap-lints=warn" "-e" "RUSTDOCFLAGS=--cap-lints=warn" "-w" "/opt/rustwide/workdir" "--user" "0:0" "b3d86412fd741cb66faa97550f7263cb7caa6d6fea5e418ab7e1219a43b3fef3" "/opt/rustwide/cargo-home/bin/cargo" "+1.100.0-beta.1" "test" "--frozen" "--release", kill_on_drop: false }`
[INFO] [stderr]     Finished `release` profile [optimized] target(s) in 0.06s
[INFO] [stderr]      Running unittests src/lib.rs (/opt/rustwide/target/release/build/sinix/ca73258e5931e641/out/sinix-ca73258e5931e641)
[INFO] [stdout] 
[INFO] [stdout] running 1 test
[INFO] [stderr] error: test failed, to rerun pass `--lib`
[INFO] [stdout] test tests::it_works ... FAILED
[INFO] [stdout] 
[INFO] [stdout] failures:
[INFO] [stdout] 
[INFO] [stdout] ---- tests::it_works stdout ----
[INFO] [stdout] 
[INFO] [stdout] thread 'tests::it_works' (560) panicked at src/lib.rs:8:42:
[INFO] [stdout] called `Result::unwrap()` on an `Err` value: Error { msg: Read-only file system (os error 30) }
[INFO] [stdout] stack backtrace:
[INFO] [stdout]    0:     0x640465a96851 - <<std[617be2ca0a6fd877]::sys::backtrace::BacktraceLock>::print::DisplayBacktrace as core[a373ad73a504971]::fmt::Display>::fmt
[INFO] [stdout]    1:     0x640465aaaf1a - core[a373ad73a504971]::fmt::write
[INFO] [stdout]    2:     0x640465a9aa6c - <alloc[2e1b2a31b91974c5]::vec::Vec<u8> as core[a373ad73a504971]::io::write::Write>::write_fmt
[INFO] [stdout]    3:     0x640465a72846 - std[617be2ca0a6fd877]::panicking::default_hook::{closure#0}
[INFO] [stdout]    4:     0x640465a8eba9 - std[617be2ca0a6fd877]::panicking::default_hook
[INFO] [stdout]    5:     0x640465a1f630 - test[aada8e7e76ba119b]::test_main_inner::{closure#0}
[INFO] [stdout]    6:     0x640465a8ed62 - std[617be2ca0a6fd877]::panicking::panic_with_hook
[INFO] [stdout]    7:     0x640465a728f2 - std[617be2ca0a6fd877]::panicking::panic_handler::{closure#0}
[INFO] [stdout]    8:     0x640465a6b4f9 - std[617be2ca0a6fd877]::sys::backtrace::__rust_end_short_backtrace::<std[617be2ca0a6fd877]::panicking::panic_handler::{closure#0}, !>
[INFO] [stdout]    9:     0x640465a735ed - __rustc[ea4f61d10b84890b]::rust_begin_unwind
[INFO] [stdout]   10:     0x640465aab64c - core[a373ad73a504971]::panicking::panic_fmt
[INFO] [stdout]   11:     0x640465aab422 - core[a373ad73a504971]::result::unwrap_failed
[INFO] [stdout]   12:     0x640465a114ad - <sinix[99e3e8917c63375a]::tests::it_works::{closure#0} as core[a373ad73a504971]::ops::function::FnOnce<()>>::call_once
[INFO] [stdout]   13:     0x640465a12a7b - test[aada8e7e76ba119b]::__rust_begin_short_backtrace::<core[a373ad73a504971]::result::Result<(), alloc[2e1b2a31b91974c5]::string::String>, fn() -> core[a373ad73a504971]::result::Result<(), alloc[2e1b2a31b91974c5]::string::String>>
[INFO] [stdout]   14:     0x640465a1fc55 - test[aada8e7e76ba119b]::run_test::{closure#0}
[INFO] [stdout]   15:     0x640465a19544 - std[617be2ca0a6fd877]::sys::backtrace::__rust_begin_short_backtrace::<test[aada8e7e76ba119b]::run_test::{closure#1}, ()>
[INFO] [stdout]   16:     0x640465a22ce2 - <std[617be2ca0a6fd877]::thread::lifecycle::spawn_unchecked<test[aada8e7e76ba119b]::run_test::{closure#1}, ()>::{closure#1} as core[a373ad73a504971]::ops::function::FnOnce<()>>::call_once::{shim:vtable#0}
[INFO] [stdout]   17:     0x640465a95ecf - <std[617be2ca0a6fd877]::sys::thread::unix::Thread>::new::thread_start
[INFO] [stdout]   18:     0x7b9feda61dfa - <unknown>
[INFO] [stdout]   19:     0x7b9fedaf53d4 - clone
[INFO] [stdout]   20:                0x0 - <unknown>
[INFO] [stdout] 
[INFO] [stdout] 
[INFO] [stdout] failures:
[INFO] [stdout]     tests::it_works
[INFO] [stdout] 
[INFO] [stdout] test result: FAILED. 0 passed; 1 failed; 0 ignored; 0 measured; 0 filtered out; finished in 0.00s
[INFO] [stdout] 
[INFO] running `Command { std: "docker" "inspect" "b3d86412fd741cb66faa97550f7263cb7caa6d6fea5e418ab7e1219a43b3fef3", kill_on_drop: false }`
[INFO] running `Command { std: "docker" "rm" "-f" "b3d86412fd741cb66faa97550f7263cb7caa6d6fea5e418ab7e1219a43b3fef3", kill_on_drop: false }`
[INFO] [stdout] b3d86412fd741cb66faa97550f7263cb7caa6d6fea5e418ab7e1219a43b3fef3
