[INFO] fetching crate sing_macros 0.1.3...
[INFO] testing sing_macros-0.1.3 against 1.99.0-beta.8+cargoflags=--release for beta-release-1.100-2
[INFO] extracting crate sing_macros 0.1.3 into /workspace/builds/worker-0-tc1/source
[INFO] started tweaking crates.io crate sing_macros 0.1.3
[INFO] finished tweaking crates.io crate sing_macros 0.1.3
[INFO] tweaked toml for crates.io crate sing_macros 0.1.3 written to /workspace/builds/worker-0-tc1/source/Cargo.toml
[INFO] validating manifest of crates.io crate sing_macros 0.1.3 on toolchain 1.99.0-beta.8
[INFO] running `Command { std: CARGO_HOME="/workspace/cargo-home" RUSTUP_HOME="/workspace/rustup-home" "/workspace/cargo-home/bin/cargo" "+1.99.0-beta.8" "metadata" "--manifest-path" "Cargo.toml" "--no-deps", kill_on_drop: false }`
[INFO] running `Command { std: CARGO_HOME="/workspace/cargo-home" RUSTUP_HOME="/workspace/rustup-home" "/workspace/cargo-home/bin/cargo" "+1.99.0-beta.8" "generate-lockfile" "--manifest-path" "Cargo.toml", kill_on_drop: false }`
[INFO] [stderr]     Updating crates.io index
[INFO] [stderr]      Locking 78 packages to highest compatible versions
[INFO] [stderr]       Adding rand v0.7.3 (available: v0.10.3)
[INFO] [stderr]       Adding ron v0.7.1 (available: v0.12.2)
[INFO] [stderr]       Adding syn v1.0.109 (available: v3.0.9)
[INFO] running `Command { std: CARGO_HOME="/workspace/cargo-home" RUSTUP_HOME="/workspace/rustup-home" "/workspace/cargo-home/bin/cargo" "+1.99.0-beta.8" "fetch" "--manifest-path" "Cargo.toml", kill_on_drop: false }`
[INFO] [stderr]  Downloading crates ...
[INFO] [stderr]   Downloaded sing_util v0.1.3
[INFO] [stderr]   Downloaded sing_parse v0.1.3
[INFO] [stderr]   Downloaded ena v0.14.4
[INFO] [stderr]   Downloaded lalrpop-util v0.19.12
[INFO] [stderr]   Downloaded lalrpop v0.19.12
[INFO] running `Command { std: "docker" "create" "-v" "/var/lib/crater-agent-workspace/builds/worker-0-tc1/source:/opt/rustwide/workdir:ro,Z" "-v" "/var/lib/crater-agent-workspace/builds/worker-0-tc1/target:/opt/rustwide/target:rw,Z" "-v" "/var/lib/crater-agent-workspace/cargo-home:/opt/rustwide/cargo-home:ro,Z" "-v" "/var/lib/crater-agent-workspace/rustup-home:/opt/rustwide/rustup-home:ro,Z" "-m" "1610612736" "--network" "none" "ghcr.io/rust-lang/crates-build-env/linux@sha256:77db811e55d90add9212f6832c23229e3de5f1c1f9905e8cb07319ea15df73ac" "sleep" "infinity", kill_on_drop: false }`
[INFO] [stdout] c229d30e690340f2dbd9d02af175716175e1eb2fb27d7a26594257cdd96fd94d
[INFO] running `Command { std: "docker" "start" "c229d30e690340f2dbd9d02af175716175e1eb2fb27d7a26594257cdd96fd94d", kill_on_drop: false }`
[INFO] running `Command { std: "docker" "inspect" "c229d30e690340f2dbd9d02af175716175e1eb2fb27d7a26594257cdd96fd94d", kill_on_drop: false }`
[INFO] running `Command { std: "docker" "exec" "-e" "SOURCE_DIR=/opt/rustwide/workdir" "-e" "CARGO_HOME=/opt/rustwide/cargo-home" "-e" "RUSTUP_HOME=/opt/rustwide/rustup-home" "-e" "CARGO_TARGET_DIR=/opt/rustwide/target" "-w" "/opt/rustwide/workdir" "--user" "0:0" "c229d30e690340f2dbd9d02af175716175e1eb2fb27d7a26594257cdd96fd94d" "/opt/rustwide/cargo-home/bin/cargo" "+1.99.0-beta.8" "metadata" "--no-deps" "--format-version=1", kill_on_drop: false }`
[INFO] running `Command { std: "docker" "inspect" "c229d30e690340f2dbd9d02af175716175e1eb2fb27d7a26594257cdd96fd94d", kill_on_drop: false }`
[INFO] running `Command { std: "docker" "exec" "-e" "SOURCE_DIR=/opt/rustwide/workdir" "-e" "CARGO_HOME=/opt/rustwide/cargo-home" "-e" "RUSTUP_HOME=/opt/rustwide/rustup-home" "-e" "CARGO_TARGET_DIR=/opt/rustwide/target" "-e" "CARGO_INCREMENTAL=0" "-e" "RUST_BACKTRACE=full" "-e" "RUSTFLAGS=--cap-lints=warn" "-e" "RUSTDOCFLAGS=--cap-lints=warn" "-w" "/opt/rustwide/workdir" "--user" "0:0" "c229d30e690340f2dbd9d02af175716175e1eb2fb27d7a26594257cdd96fd94d" "/opt/rustwide/cargo-home/bin/cargo" "+1.99.0-beta.8" "build" "--frozen" "--message-format=json" "--release", kill_on_drop: false }`
[INFO] [stderr]    Compiling dirs-sys-next v0.1.2
[INFO] [stderr]    Compiling smallvec v1.16.3
[INFO] [stderr]    Compiling tiny-keccak v2.0.2
[INFO] [stderr]    Compiling phf_shared v0.11.3
[INFO] [stderr]    Compiling precomputed-hash v0.1.1
[INFO] [stderr]    Compiling fixedbitset v0.4.2
[INFO] [stderr]    Compiling either v1.19.0
[INFO] [stderr]    Compiling bit-vec v0.6.3
[INFO] [stderr]    Compiling new_debug_unreachable v1.0.6
[INFO] [stderr]    Compiling ena v0.14.4
[INFO] [stderr]    Compiling regex v1.13.1
[INFO] [stderr]    Compiling syn v3.0.9
[INFO] [stderr]    Compiling getrandom v0.1.16
[INFO] [stderr]    Compiling zerocopy v0.8.63
[INFO] [stderr]    Compiling is-terminal v0.4.17
[INFO] [stderr]    Compiling regex-syntax v0.6.29
[INFO] [stderr]    Compiling diff v0.1.13
[INFO] [stderr]    Compiling unicode-xid v0.2.6
[INFO] [stderr]    Compiling syn v1.0.109
[INFO] [stderr]    Compiling base64 v0.13.1
[INFO] [stderr]    Compiling petgraph v0.6.5
[INFO] [stderr]    Compiling dirs-next v2.0.0
[INFO] [stderr]    Compiling parking_lot_core v0.9.12
[INFO] [stderr]    Compiling rand_core v0.5.1
[INFO] [stderr]    Compiling term v0.7.0
[INFO] [stderr]    Compiling itertools v0.10.5
[INFO] [stderr]    Compiling bit-set v0.5.3
[INFO] [stderr]    Compiling parking_lot v0.12.5
[INFO] [stderr]    Compiling lalrpop-util v0.19.12
[INFO] [stderr]    Compiling ascii-canvas v3.0.0
[INFO] [stderr]    Compiling string_cache v0.8.9
[INFO] [stderr]    Compiling serde_derive v1.0.229
[INFO] [stderr]    Compiling lalrpop v0.19.12
[INFO] [stderr]    Compiling serde v1.0.229
[INFO] [stderr]    Compiling ppv-lite86 v0.2.21
[INFO] [stderr]    Compiling sing_util v0.1.3
[INFO] [stderr]    Compiling ron v0.7.1
[INFO] [stderr]    Compiling rand_chacha v0.2.2
[INFO] [stderr]    Compiling rand v0.7.3
[INFO] [stderr]    Compiling sing_parse v0.1.3
[INFO] [stderr]    Compiling sing_macros v0.1.3 (/opt/rustwide/workdir)
[INFO] [stdout] warning: field `0` is never read
[INFO] [stdout]    --> src/lib.rs:503:11
[INFO] [stdout]     |
[INFO] [stdout] 503 |     Equal(keyword::equal),
[INFO] [stdout]     |     ----- ^^^^^^^^^^^^^^
[INFO] [stdout]     |     |
[INFO] [stdout]     |     field in this variant
[INFO] [stdout]     |
[INFO] [stdout]     = note: `#[warn(dead_code)]` (part of `#[warn(unused)]`) on by default
[INFO] [stdout] help: consider changing the field to be of unit type to suppress this warning while preserving the field numbering, or remove the field
[INFO] [stdout]     |
[INFO] [stdout] 503 -     Equal(keyword::equal),
[INFO] [stdout] 503 +     Equal(()),
[INFO] [stdout]     |
[INFO] [stdout] 
[INFO] [stdout] 
[INFO] [stdout] warning: field `0` is never read
[INFO] [stdout]    --> src/lib.rs:504:10
[INFO] [stdout]     |
[INFO] [stdout] 504 |     Diff(keyword::different),
[INFO] [stdout]     |     ---- ^^^^^^^^^^^^^^^^^^
[INFO] [stdout]     |     |
[INFO] [stdout]     |     field in this variant
[INFO] [stdout]     |
[INFO] [stdout] help: consider changing the field to be of unit type to suppress this warning while preserving the field numbering, or remove the field
[INFO] [stdout]     |
[INFO] [stdout] 504 -     Diff(keyword::different),
[INFO] [stdout] 504 +     Diff(()),
[INFO] [stdout]     |
[INFO] [stdout] 
[INFO] [stdout] 
[INFO] [stderr]     Finished `release` profile [optimized] target(s) in 17.66s
[INFO] running `Command { std: "docker" "inspect" "c229d30e690340f2dbd9d02af175716175e1eb2fb27d7a26594257cdd96fd94d", kill_on_drop: false }`
[INFO] running `Command { std: "docker" "exec" "-e" "SOURCE_DIR=/opt/rustwide/workdir" "-e" "CARGO_HOME=/opt/rustwide/cargo-home" "-e" "RUSTUP_HOME=/opt/rustwide/rustup-home" "-e" "CARGO_TARGET_DIR=/opt/rustwide/target" "-e" "CARGO_INCREMENTAL=0" "-e" "RUST_BACKTRACE=full" "-e" "RUSTFLAGS=--cap-lints=warn" "-e" "RUSTDOCFLAGS=--cap-lints=warn" "-w" "/opt/rustwide/workdir" "--user" "0:0" "c229d30e690340f2dbd9d02af175716175e1eb2fb27d7a26594257cdd96fd94d" "/opt/rustwide/cargo-home/bin/cargo" "+1.99.0-beta.8" "test" "--frozen" "--no-run" "--message-format=json" "--release", kill_on_drop: false }`
[INFO] [stderr]    Compiling sing_macros v0.1.3 (/opt/rustwide/workdir)
[INFO] [stdout] warning: field `0` is never read
[INFO] [stdout]    --> src/lib.rs:503:11
[INFO] [stdout]     |
[INFO] [stdout] 503 |     Equal(keyword::equal),
[INFO] [stdout]     |     ----- ^^^^^^^^^^^^^^
[INFO] [stdout]     |     |
[INFO] [stdout]     |     field in this variant
[INFO] [stdout]     |
[INFO] [stdout]     = note: `#[warn(dead_code)]` (part of `#[warn(unused)]`) on by default
[INFO] [stdout] help: consider changing the field to be of unit type to suppress this warning while preserving the field numbering, or remove the field
[INFO] [stdout]     |
[INFO] [stdout] 503 -     Equal(keyword::equal),
[INFO] [stdout] 503 +     Equal(()),
[INFO] [stdout]     |
[INFO] [stdout] 
[INFO] [stdout] 
[INFO] [stdout] warning: field `0` is never read
[INFO] [stdout]    --> src/lib.rs:504:10
[INFO] [stdout]     |
[INFO] [stdout] 504 |     Diff(keyword::different),
[INFO] [stdout]     |     ---- ^^^^^^^^^^^^^^^^^^
[INFO] [stdout]     |     |
[INFO] [stdout]     |     field in this variant
[INFO] [stdout]     |
[INFO] [stdout] help: consider changing the field to be of unit type to suppress this warning while preserving the field numbering, or remove the field
[INFO] [stdout]     |
[INFO] [stdout] 504 -     Diff(keyword::different),
[INFO] [stdout] 504 +     Diff(()),
[INFO] [stdout]     |
[INFO] [stdout] 
[INFO] [stdout] 
[INFO] [stdout] warning: field `0` is never read
[INFO] [stdout]    --> src/lib.rs:503:11
[INFO] [stdout]     |
[INFO] [stdout] 503 |     Equal(keyword::equal),
[INFO] [stdout]     |     ----- ^^^^^^^^^^^^^^
[INFO] [stdout]     |     |
[INFO] [stdout]     |     field in this variant
[INFO] [stdout]     |
[INFO] [stdout]     = note: `#[warn(dead_code)]` (part of `#[warn(unused)]`) on by default
[INFO] [stdout] help: consider changing the field to be of unit type to suppress this warning while preserving the field numbering, or remove the field
[INFO] [stdout]     |
[INFO] [stdout] 503 -     Equal(keyword::equal),
[INFO] [stdout] 503 +     Equal(()),
[INFO] [stdout]     |
[INFO] [stdout] 
[INFO] [stdout] 
[INFO] [stdout] warning: field `0` is never read
[INFO] [stdout]    --> src/lib.rs:504:10
[INFO] [stdout]     |
[INFO] [stdout] 504 |     Diff(keyword::different),
[INFO] [stdout]     |     ---- ^^^^^^^^^^^^^^^^^^
[INFO] [stdout]     |     |
[INFO] [stdout]     |     field in this variant
[INFO] [stdout]     |
[INFO] [stdout] help: consider changing the field to be of unit type to suppress this warning while preserving the field numbering, or remove the field
[INFO] [stdout]     |
[INFO] [stdout] 504 -     Diff(keyword::different),
[INFO] [stdout] 504 +     Diff(()),
[INFO] [stdout]     |
[INFO] [stdout] 
[INFO] [stdout] 
[INFO] [stderr]     Finished `release` profile [optimized] target(s) in 3.66s
[INFO] running `Command { std: "docker" "inspect" "c229d30e690340f2dbd9d02af175716175e1eb2fb27d7a26594257cdd96fd94d", kill_on_drop: false }`
[INFO] running `Command { std: "docker" "exec" "-e" "SOURCE_DIR=/opt/rustwide/workdir" "-e" "CARGO_HOME=/opt/rustwide/cargo-home" "-e" "RUSTUP_HOME=/opt/rustwide/rustup-home" "-e" "CARGO_TARGET_DIR=/opt/rustwide/target" "-e" "CARGO_INCREMENTAL=0" "-e" "RUST_BACKTRACE=full" "-e" "RUSTFLAGS=--cap-lints=warn" "-e" "RUSTDOCFLAGS=--cap-lints=warn" "-w" "/opt/rustwide/workdir" "--user" "0:0" "c229d30e690340f2dbd9d02af175716175e1eb2fb27d7a26594257cdd96fd94d" "/opt/rustwide/cargo-home/bin/cargo" "+1.99.0-beta.8" "test" "--frozen" "--release", kill_on_drop: false }`
[INFO] [stderr] warning: field `0` is never read
[INFO] [stderr]    --> src/lib.rs:503:11
[INFO] [stderr]     |
[INFO] [stderr] 503 |     Equal(keyword::equal),
[INFO] [stderr]     |     ----- ^^^^^^^^^^^^^^
[INFO] [stderr]     |     |
[INFO] [stderr]     |     field in this variant
[INFO] [stderr]     |
[INFO] [stderr]     = note: `#[warn(dead_code)]` (part of `#[warn(unused)]`) on by default
[INFO] [stderr] help: consider changing the field to be of unit type to suppress this warning while preserving the field numbering, or remove the field
[INFO] [stderr]     |
[INFO] [stderr] 503 -     Equal(keyword::equal),
[INFO] [stderr] 503 +     Equal(()),
[INFO] [stderr]     |
[INFO] [stderr] 
[INFO] [stderr] warning: field `0` is never read
[INFO] [stderr]    --> src/lib.rs:504:10
[INFO] [stderr]     |
[INFO] [stderr] 504 |     Diff(keyword::different),
[INFO] [stderr]     |     ---- ^^^^^^^^^^^^^^^^^^
[INFO] [stderr]     |     |
[INFO] [stderr]     |     field in this variant
[INFO] [stderr]     |
[INFO] [stderr] help: consider changing the field to be of unit type to suppress this warning while preserving the field numbering, or remove the field
[INFO] [stderr]     |
[INFO] [stderr] 504 -     Diff(keyword::different),
[INFO] [stderr] 504 +     Diff(()),
[INFO] [stderr]     |
[INFO] [stderr] 
[INFO] [stderr] warning: `sing_macros` (lib) generated 2 warnings
[INFO] [stderr] warning: `sing_macros` (lib test) generated 2 warnings (2 duplicates)
[INFO] [stderr]     Finished `release` profile [optimized] target(s) in 0.10s
[INFO] [stderr]      Running unittests src/lib.rs (/opt/rustwide/target/release/deps/sing_macros-3387943056e6d0cc)
[INFO] [stdout] 
[INFO] [stdout] running 3 tests
[INFO] [stdout] test tests::trait_call ... ok
[INFO] [stdout] test tests::save_tokenstream ... ok
[INFO] [stdout] test tests::non_trait_call - should panic ... ok
[INFO] [stdout] 
[INFO] [stdout] test result: ok. 3 passed; 0 failed; 0 ignored; 0 measured; 0 filtered out; finished in 0.04s
[INFO] [stdout] 
[INFO] [stderr]    Doc-tests sing_macros
[INFO] [stdout] 
[INFO] [stdout] running 2 tests
[INFO] [stdout] test src/lib.rs - sing_loop (line 175) ... FAILED
[INFO] [stdout] test src/lib.rs - sing_add_trait (line 48) ... FAILED
[INFO] [stdout] 
[INFO] [stdout] failures:
[INFO] [stdout] 
[INFO] [stdout] ---- src/lib.rs - sing_loop (line 175) stdout ----
[INFO] [stdout] error: cannot find macro `sing_loop` in this scope
[INFO] [stdout]    --> src/lib.rs:178:4
[INFO] [stdout]     |
[INFO] [stdout] 178 |    sing_loop!(tree, [different, ron::to_string, ron::from_str],);
[INFO] [stdout]     |    ^^^^^^^^^
[INFO] [stdout] 
[INFO] [stdout] error[E0422]: cannot find struct, variant or union type `BananaTree` in this scope
[INFO] [stdout]    --> src/lib.rs:176:12
[INFO] [stdout]     |
[INFO] [stdout] 176 | let tree = BananaTree {};
[INFO] [stdout]     |            ^^^^^^^^^^ not found in this scope
[INFO] [stdout] 
[INFO] [stdout] error: aborting due to 2 previous errors
[INFO] [stdout] 
[INFO] [stdout] For more information about this error, try `rustc --explain E0422`.
[INFO] [stdout] Couldn't compile the test.
[INFO] [stdout] ---- src/lib.rs - sing_add_trait (line 48) stdout ----
[INFO] [stdout] error: cannot find attribute `sing_add_trait` in this scope
[INFO] [stdout]   --> src/lib.rs:60:3
[INFO] [stdout]    |
[INFO] [stdout] 60 | #[sing_add_trait()]
[INFO] [stdout]    |   ^^^^^^^^^^^^^^
[INFO] [stdout] 
[INFO] [stdout] error: cannot find derive macro `Serialize` in this scope
[INFO] [stdout]   --> src/lib.rs:53:17
[INFO] [stdout]    |
[INFO] [stdout] 53 | #[derive(Debug, Serialize, Deserialize)]
[INFO] [stdout]    |                 ^^^^^^^^^
[INFO] [stdout] 
[INFO] [stdout] error: cannot find derive macro `Deserialize` in this scope
[INFO] [stdout]   --> src/lib.rs:53:28
[INFO] [stdout]    |
[INFO] [stdout] 53 | #[derive(Debug, Serialize, Deserialize)]
[INFO] [stdout]    |                            ^^^^^^^^^^^
[INFO] [stdout] 
[INFO] [stdout] error: aborting due to 3 previous errors
[INFO] [stdout] 
[INFO] [stdout] Couldn't compile the test.
[INFO] [stdout] 
[INFO] [stdout] failures:
[INFO] [stdout]     src/lib.rs - sing_add_trait (line 48)
[INFO] [stdout]     src/lib.rs - sing_loop (line 175)
[INFO] [stdout] 
[INFO] [stdout] test result: FAILED. 0 passed; 2 failed; 0 ignored; 0 measured; 0 filtered out; finished in 0.13s
[INFO] [stdout] 
[INFO] [stderr] error: doctest failed, to rerun pass `--doc`
[INFO] running `Command { std: "docker" "inspect" "c229d30e690340f2dbd9d02af175716175e1eb2fb27d7a26594257cdd96fd94d", kill_on_drop: false }`
[INFO] running `Command { std: "docker" "rm" "-f" "c229d30e690340f2dbd9d02af175716175e1eb2fb27d7a26594257cdd96fd94d", kill_on_drop: false }`
[INFO] [stdout] c229d30e690340f2dbd9d02af175716175e1eb2fb27d7a26594257cdd96fd94d
