[INFO] fetching crate sindri 0.3.1...
[INFO] testing sindri-0.3.1 against 1.99.0-beta.8+cargoflags=--release for beta-release-1.100-2
[INFO] extracting crate sindri 0.3.1 into /workspace/builds/worker-0-tc1/source
[INFO] started tweaking crates.io crate sindri 0.3.1
[INFO] removed 0 missing tests
[INFO] finished tweaking crates.io crate sindri 0.3.1
[INFO] tweaked toml for crates.io crate sindri 0.3.1 written to /workspace/builds/worker-0-tc1/source/Cargo.toml
[INFO] validating manifest of crates.io crate sindri 0.3.1 on toolchain 1.99.0-beta.8
[INFO] running `Command { std: CARGO_HOME="/workspace/cargo-home" RUSTUP_HOME="/workspace/rustup-home" "/workspace/cargo-home/bin/cargo" "+1.99.0-beta.8" "metadata" "--manifest-path" "Cargo.toml" "--no-deps", kill_on_drop: false }`
[INFO] crate crates.io crate sindri 0.3.1 already has a lockfile, it will not be regenerated
[INFO] running `Command { std: CARGO_HOME="/workspace/cargo-home" RUSTUP_HOME="/workspace/rustup-home" "/workspace/cargo-home/bin/cargo" "+1.99.0-beta.8" "fetch" "--manifest-path" "Cargo.toml", kill_on_drop: false }`
[INFO] [stderr]     Updating crates.io index
[INFO] [stderr]  Downloading crates ...
[INFO] [stderr]   Downloaded wiremock v0.6.3
[INFO] [stderr]   Downloaded deadpool v0.10.0
[INFO] [stderr]   Downloaded temp-env v0.3.6
[INFO] [stderr]   Downloaded twirp-rs v0.13.0-succinct
[INFO] [stderr]   Downloaded sp1-sdk v5.0.4
[INFO] [stderr]   Downloaded rustls-webpki v0.103.0
[INFO] [stderr]   Downloaded async-compression v0.4.21
[INFO] [stderr]   Downloaded quinn-udp v0.5.10
[INFO] [stderr]   Downloaded sp1-stark v5.0.0
[INFO] [stderr]   Downloaded p3-mds v0.2.3-succinct
[INFO] [stderr]   Downloaded p3-symmetric v0.2.3-succinct
[INFO] [stderr]   Downloaded p3-util v0.2.3-succinct
[INFO] [stderr]   Downloaded p3-poseidon2 v0.2.3-succinct
[INFO] [stderr]   Downloaded sp1-primitives v5.0.0
[INFO] [stderr]   Downloaded p3-field v0.2.3-succinct
[INFO] [stderr]   Downloaded addchain v0.2.0
[INFO] [stderr]   Downloaded sp1-recursion-derive v5.0.0
[INFO] [stderr]   Downloaded p3-commit v0.2.3-succinct
[INFO] [stderr]   Downloaded p3-merkle-tree v0.2.3-succinct
[INFO] [stderr]   Downloaded p3-air v0.2.3-succinct
[INFO] [stderr]   Downloaded p3-fri v0.2.3-succinct
[INFO] [stderr]   Downloaded zkhash v0.2.0
[INFO] [stderr]   Downloaded p3-dft v0.2.3-succinct
[INFO] [stderr]   Downloaded p3-baby-bear v0.2.3-succinct
[INFO] [stderr]   Downloaded p3-matrix v0.2.3-succinct
[INFO] [stderr]   Downloaded sp1-derive v5.0.0
[INFO] [stderr]   Downloaded p3-interpolation v0.2.3-succinct
[INFO] [stderr]   Downloaded rayon-scan v0.1.1
[INFO] [stderr]   Downloaded time-macros v0.2.21
[INFO] [stderr]   Downloaded p3-maybe-rayon v0.2.3-succinct
[INFO] [stderr]   Downloaded p3-challenger v0.2.3-succinct
[INFO] [stderr]   Downloaded jubjub v0.9.0
[INFO] [stderr]   Downloaded p3-uni-stark v0.2.3-succinct
[INFO] [stderr]   Downloaded sp1-recursion-gnark-ffi v5.0.0
[INFO] [stderr]   Downloaded ff_derive v0.13.1
[INFO] [stderr]   Downloaded pairing v0.22.0
[INFO] [stderr]   Downloaded halo2 v0.1.0-beta.2
[INFO] [stderr]   Downloaded halo2_proofs v0.1.0
[INFO] [stderr]   Downloaded sp1-recursion-compiler v5.0.0
[INFO] [stderr]   Downloaded pasta_curves v0.4.1
[INFO] [stderr]   Downloaded sp1-curves v5.0.0
[INFO] [stderr]   Downloaded sp1-recursion-core v5.0.0
[INFO] [stderr]   Downloaded tracing-forest v0.1.6
[INFO] [stderr]   Downloaded snowbridge-amcl v1.0.2
[INFO] [stderr]   Downloaded parity-scale-codec v3.7.4
[INFO] [stderr]   Downloaded parity-scale-codec-derive v3.7.4
[INFO] [stderr]   Downloaded sp1-core-machine v5.0.0
[INFO] [stderr]   Downloaded bls12_381 v0.7.1
[INFO] [stderr]   Downloaded sp1-prover v5.0.1
[INFO] [stderr]   Downloaded winnow v0.7.4
[INFO] [stderr]   Downloaded generic-array v1.1.0
[INFO] [stderr]   Downloaded gen_ops v0.4.0
[INFO] [stderr]   Downloaded sp1-core-executor v5.0.0
[INFO] [stderr]   Downloaded subenum v1.1.2
[INFO] [stderr]   Downloaded rrs-succinct v0.1.0
[INFO] [stderr]   Downloaded range-set-blaze v0.1.16
[INFO] [stderr]   Downloaded elf v0.7.4
[INFO] [stderr]   Downloaded serial_test v3.2.0
[INFO] [stderr]   Downloaded ctrlc v3.4.5
[INFO] [stderr]   Downloaded sp1-build v5.0.0
[INFO] [stderr]   Downloaded reqwest-middleware v0.3.3
[INFO] [stderr]   Downloaded size v0.4.1
[INFO] [stderr]   Downloaded p3-keccak-air v0.2.3-succinct
[INFO] [stderr]   Downloaded cbindgen v0.27.0
[INFO] [stderr]   Downloaded toml v0.8.20
[INFO] [stderr]   Downloaded p3-bn254-fr v0.2.3-succinct
[INFO] [stderr]   Downloaded prettyplease v0.2.31
[INFO] [stderr]   Downloaded sp1-recursion-circuit v5.0.0
[INFO] [stderr]   Downloaded serial_test_derive v3.2.0
[INFO] [stderr]   Downloaded scc v2.3.3
[INFO] [stderr]   Downloaded sdd v3.0.8
[INFO] [stderr]   Downloaded downloader v0.2.8
[INFO] [stderr]   Downloaded sp1-cuda v5.0.0
[INFO] [stderr]   Downloaded cargo_metadata v0.18.1
[INFO] [stderr]   Downloaded camino v1.1.9
[INFO] [stderr]   Downloaded auto_impl v1.2.1
[INFO] [stderr]   Downloaded alloy-primitives v1.2.0
[INFO] [stderr]   Downloaded ruint v1.15.0
[INFO] [stderr]   Downloaded pest v2.7.15
[INFO] [stderr]   Downloaded const-hex v1.14.0
[INFO] [stderr]   Downloaded alloy-rlp v0.3.11
[INFO] [stderr]   Downloaded sp1-sdk v3.4.0
[INFO] [stderr]   Downloaded git2 v0.19.0
[INFO] [stderr]   Downloaded sp1-primitives v3.4.0
[INFO] [stderr]   Downloaded sp1-stark v3.4.0
[INFO] [stderr]   Downloaded p3-symmetric v0.1.4-succinct
[INFO] [stderr]   Downloaded p3-commit v0.1.4-succinct
[INFO] [stderr]   Downloaded p3-bn254-fr v0.1.4-succinct
[INFO] [stderr]   Downloaded p3-field v0.1.4-succinct
[INFO] [stderr]   Downloaded p3-util v0.1.4-succinct
[INFO] [stderr]   Downloaded p3-poseidon2 v0.1.4-succinct
[INFO] [stderr]   Downloaded p3-mds v0.1.4-succinct
[INFO] [stderr]   Downloaded p3-matrix v0.1.4-succinct
[INFO] [stderr]   Downloaded p3-maybe-rayon v0.1.4-succinct
[INFO] [stderr]   Downloaded p3-uni-stark v0.1.4-succinct
[INFO] [stderr]   Downloaded subtle-encoding v0.5.1
[INFO] [stderr]   Downloaded sp1-recursion-compiler v3.4.0
[INFO] [stderr]   Downloaded sp1-core-machine v3.4.0
[INFO] [stderr]   Downloaded sp1-derive v3.4.0
[INFO] [stderr]   Downloaded p3-challenger v0.1.4-succinct
[INFO] [stderr]   Downloaded sp1-recursion-gnark-ffi v3.4.0
[INFO] [stderr]   Downloaded ethers v2.0.14
[INFO] [stderr]   Downloaded p3-air v0.1.4-succinct
[INFO] [stderr]   Downloaded p3-fri v0.1.4-succinct
[INFO] [stderr]   Downloaded sp1-curves v3.4.0
[INFO] [stderr]   Downloaded p3-blake3 v0.1.4-succinct
[INFO] [stderr]   Downloaded ethers-signers v2.0.14
[INFO] [stderr]   Downloaded p3-baby-bear v0.1.4-succinct
[INFO] [stderr]   Downloaded sp1-recursion-derive v3.4.0
[INFO] [stderr]   Downloaded p3-merkle-tree v0.1.4-succinct
[INFO] [stderr]   Downloaded sp1-recursion-core v3.4.0
[INFO] [stderr]   Downloaded p3-interpolation v0.1.4-succinct
[INFO] [stderr]   Downloaded sp1-core-executor v3.4.0
[INFO] [stderr]   Downloaded p3-keccak-air v0.1.4-succinct
[INFO] [stderr]   Downloaded eth-keystore v0.5.0
[INFO] [stderr]   Downloaded coins-bip32 v0.8.7
[INFO] [stderr]   Downloaded p3-dft v0.1.4-succinct
[INFO] [stderr]   Downloaded sp1-recursion-circuit v3.4.0
[INFO] [stderr]   Downloaded coins-bip39 v0.8.7
[INFO] [stderr]   Downloaded coins-core v0.8.7
[INFO] [stderr]   Downloaded ethers-providers v2.0.14
[INFO] [stderr]   Downloaded ws_stream_wasm v0.7.4
[INFO] [stderr]   Downloaded jsonwebtoken v8.3.0
[INFO] [stderr]   Downloaded libgit2-sys v0.17.0+1.8.1
[INFO] [stderr]   Downloaded enr v0.10.0
[INFO] [stderr]   Downloaded alloy-sol-types v0.7.7
[INFO] [stderr]   Downloaded keccak-asm v0.1.4
[INFO] [stderr]   Downloaded ethers-middleware v2.0.14
[INFO] [stderr]   Downloaded alloy-sol-macro v0.7.7
[INFO] [stderr]   Downloaded ethers-addressbook v2.0.14
[INFO] [stderr]   Downloaded futures-locks v0.7.1
[INFO] [stderr]   Downloaded ethers-contract v2.0.14
[INFO] [stderr]   Downloaded ethers-contract-derive v2.0.14
[INFO] [stderr]   Downloaded ethers-contract-abigen v2.0.14
[INFO] [stderr]   Downloaded alloy-sol-macro-input v0.7.7
[INFO] [stderr]   Downloaded hex-literal v0.4.1
[INFO] [stderr]   Downloaded syn-solidity v0.7.7
[INFO] [stderr]   Downloaded sindri-openapi v0.3.1
[INFO] [stderr]   Downloaded alloy-sol-macro-expander v0.7.7
[INFO] [stderr]   Downloaded alloy-primitives v0.7.7
[INFO] [stderr]   Downloaded sha3-asm v0.1.4
[INFO] [stderr]   Downloaded reqwest-retry v0.7.0
[INFO] [stderr]   Downloaded wasm-timer v0.2.5
[INFO] [stderr]   Downloaded retry-policies v0.4.0
[INFO] [stderr]   Downloaded globset v0.4.16
[INFO] [stderr]   Downloaded ignore v0.4.23
[INFO] [stderr]   Downloaded sp1-prover v3.4.0
[INFO] running `Command { std: "docker" "create" "-v" "/var/lib/crater-agent-workspace/builds/worker-0-tc1/source:/opt/rustwide/workdir:ro,Z" "-v" "/var/lib/crater-agent-workspace/builds/worker-0-tc1/target:/opt/rustwide/target:rw,Z" "-v" "/var/lib/crater-agent-workspace/cargo-home:/opt/rustwide/cargo-home:ro,Z" "-v" "/var/lib/crater-agent-workspace/rustup-home:/opt/rustwide/rustup-home:ro,Z" "-m" "1610612736" "--network" "none" "ghcr.io/rust-lang/crates-build-env/linux@sha256:77db811e55d90add9212f6832c23229e3de5f1c1f9905e8cb07319ea15df73ac" "sleep" "infinity", kill_on_drop: false }`
[INFO] [stdout] e542ee2b28b4fc58e66efe66e7ca5ec8bcc46786426741219f9b633dd1708858
[INFO] running `Command { std: "docker" "start" "e542ee2b28b4fc58e66efe66e7ca5ec8bcc46786426741219f9b633dd1708858", kill_on_drop: false }`
[INFO] running `Command { std: "docker" "inspect" "e542ee2b28b4fc58e66efe66e7ca5ec8bcc46786426741219f9b633dd1708858", kill_on_drop: false }`
[INFO] running `Command { std: "docker" "exec" "-e" "SOURCE_DIR=/opt/rustwide/workdir" "-e" "CARGO_HOME=/opt/rustwide/cargo-home" "-e" "RUSTUP_HOME=/opt/rustwide/rustup-home" "-e" "CARGO_TARGET_DIR=/opt/rustwide/target" "-w" "/opt/rustwide/workdir" "--user" "0:0" "e542ee2b28b4fc58e66efe66e7ca5ec8bcc46786426741219f9b633dd1708858" "/opt/rustwide/cargo-home/bin/cargo" "+1.99.0-beta.8" "metadata" "--no-deps" "--format-version=1", kill_on_drop: false }`
[INFO] running `Command { std: "docker" "inspect" "e542ee2b28b4fc58e66efe66e7ca5ec8bcc46786426741219f9b633dd1708858", kill_on_drop: false }`
[INFO] running `Command { std: "docker" "exec" "-e" "SOURCE_DIR=/opt/rustwide/workdir" "-e" "CARGO_HOME=/opt/rustwide/cargo-home" "-e" "RUSTUP_HOME=/opt/rustwide/rustup-home" "-e" "CARGO_TARGET_DIR=/opt/rustwide/target" "-e" "CARGO_INCREMENTAL=0" "-e" "RUST_BACKTRACE=full" "-e" "RUSTFLAGS=--cap-lints=warn" "-e" "RUSTDOCFLAGS=--cap-lints=warn" "-w" "/opt/rustwide/workdir" "--user" "0:0" "e542ee2b28b4fc58e66efe66e7ca5ec8bcc46786426741219f9b633dd1708858" "/opt/rustwide/cargo-home/bin/cargo" "+1.99.0-beta.8" "build" "--frozen" "--message-format=json" "--release", kill_on_drop: false }`
[INFO] [stderr]    Compiling proc-macro2 v1.0.94
[INFO] [stderr]    Compiling libc v0.2.171
[INFO] [stderr]    Compiling smallvec v1.14.0
[INFO] [stderr]    Compiling stable_deref_trait v1.2.0
[INFO] [stderr]    Compiling bytes v1.10.1
[INFO] [stderr]    Compiling once_cell v1.21.1
[INFO] [stderr]    Compiling slab v0.4.9
[INFO] [stderr]    Compiling writeable v0.5.5
[INFO] [stderr]    Compiling litemap v0.7.5
[INFO] [stderr]    Compiling log v0.4.26
[INFO] [stderr]    Compiling bitflags v2.9.0
[INFO] [stderr]    Compiling icu_locid_transform_data v1.5.0
[INFO] [stderr]    Compiling serde v1.0.219
[INFO] [stderr]    Compiling hashbrown v0.15.2
[INFO] [stderr]    Compiling icu_properties_data v1.5.0
[INFO] [stderr]    Compiling openssl v0.10.71
[INFO] [stderr]    Compiling zerocopy v0.8.24
[INFO] [stderr]    Compiling icu_normalizer_data v1.5.0
[INFO] [stderr]    Compiling zstd-safe v7.2.4
[INFO] [stderr]    Compiling write16 v1.0.0
[INFO] [stderr]    Compiling utf16_iter v1.0.5
[INFO] [stderr]    Compiling tracing-core v0.1.33
[INFO] [stderr]    Compiling getrandom v0.3.2
[INFO] [stderr]    Compiling mime_guess v2.0.5
[INFO] [stderr]    Compiling serde_json v1.0.140
[INFO] [stderr]    Compiling rustls-pki-types v1.11.0
[INFO] [stderr]    Compiling anyhow v1.0.97
[INFO] [stderr]    Compiling encoding_rs v0.8.35
[INFO] [stderr]    Compiling aho-corasick v1.1.3
[INFO] [stderr]    Compiling rustix v1.0.3
[INFO] [stderr]    Compiling quote v1.0.40
[INFO] [stderr]    Compiling rustls-pemfile v2.2.0
[INFO] [stderr]    Compiling indexmap v2.8.0
[INFO] [stderr]    Compiling http v1.3.1
[INFO] [stderr]    Compiling linux-raw-sys v0.9.3
[INFO] [stderr]    Compiling syn v2.0.100
[INFO] [stderr]    Compiling bstr v1.11.3
[INFO] [stderr]    Compiling parking_lot_core v0.9.10
[INFO] [stderr]    Compiling signal-hook-registry v1.4.2
[INFO] [stderr]    Compiling mio v1.0.3
[INFO] [stderr]    Compiling socket2 v0.5.8
[INFO] [stderr]    Compiling parking_lot v0.12.3
[INFO] [stderr]    Compiling getrandom v0.2.15
[INFO] [stderr]    Compiling rand_core v0.6.4
[INFO] [stderr]    Compiling jobserver v0.1.32
[INFO] [stderr]    Compiling overload v0.1.1
[INFO] [stderr]    Compiling miniz_oxide v0.8.5
[INFO] [stderr]    Compiling nu-ansi-term v0.46.0
[INFO] [stderr]    Compiling ppv-lite86 v0.2.21
[INFO] [stderr]    Compiling rand_core v0.9.3
[INFO] [stderr]    Compiling http-body v1.0.1
[INFO] [stderr]    Compiling filetime v0.2.25
[INFO] [stderr]    Compiling crossbeam-deque v0.8.6
[INFO] [stderr]    Compiling cc v1.2.17
[INFO] [stderr]    Compiling http-body-util v0.1.3
[INFO] [stderr]    Compiling regex-automata v0.4.9
[INFO] [stderr]    Compiling tracing-log v0.2.0
[INFO] [stderr]    Compiling thread_local v1.1.8
[INFO] [stderr]    Compiling crc32fast v1.4.2
[INFO] [stderr]    Compiling flate2 v1.1.0
[INFO] [stderr]    Compiling rand_chacha v0.3.1
[INFO] [stderr]    Compiling rand_chacha v0.9.0
[INFO] [stderr]    Compiling tracing-subscriber v0.3.19
[INFO] [stderr]    Compiling rand v0.9.0
[INFO] [stderr]    Compiling rand v0.8.5
[INFO] [stderr]    Compiling xattr v1.5.0
[INFO] [stderr]    Compiling retry-policies v0.4.0
[INFO] [stderr]    Compiling openssl-sys v0.9.106
[INFO] [stderr]    Compiling zstd-sys v2.0.15+zstd.1.5.7
[INFO] [stderr]    Compiling tar v0.4.44
[INFO] [stderr]    Compiling synstructure v0.13.1
[INFO] [stderr]    Compiling native-tls v0.2.14
[INFO] [stderr]    Compiling darling_core v0.20.10
[INFO] [stderr]    Compiling zerofrom-derive v0.1.6
[INFO] [stderr]    Compiling yoke-derive v0.7.5
[INFO] [stderr]    Compiling zerovec-derive v0.10.3
[INFO] [stderr]    Compiling displaydoc v0.2.5
[INFO] [stderr]    Compiling zerofrom v0.1.6
[INFO] [stderr]    Compiling tokio-macros v2.5.0
[INFO] [stderr]    Compiling futures-macro v0.3.31
[INFO] [stderr]    Compiling yoke v0.7.5
[INFO] [stderr]    Compiling icu_provider_macros v1.5.0
[INFO] [stderr]    Compiling tracing-attributes v0.1.28
[INFO] [stderr]    Compiling serde_derive v1.0.219
[INFO] [stderr]    Compiling tokio v1.45.1
[INFO] [stderr]    Compiling zerovec v0.10.4
[INFO] [stderr]    Compiling openssl-macros v0.1.1
[INFO] [stderr]    Compiling futures-util v0.3.31
[INFO] [stderr]    Compiling darling_macro v0.20.10
[INFO] [stderr]    Compiling thiserror-impl v1.0.69
[INFO] [stderr]    Compiling darling v0.20.10
[INFO] [stderr]    Compiling tracing v0.1.41
[INFO] [stderr]    Compiling async-trait v0.1.88
[INFO] [stderr]    Compiling tinystr v0.7.6
[INFO] [stderr]    Compiling icu_locid v1.5.0
[INFO] [stderr]    Compiling icu_collections v1.5.0
[INFO] [stderr]    Compiling thiserror v1.0.69
[INFO] [stderr]    Compiling serde_with_macros v3.12.0
[INFO] [stderr]    Compiling globset v0.4.16
[INFO] [stderr]    Compiling serde_repr v0.1.20
[INFO] [stderr]    Compiling regex v1.11.1
[INFO] [stderr]    Compiling ignore v0.4.23
[INFO] [stderr]    Compiling icu_provider v1.5.0
[INFO] [stderr]    Compiling icu_locid_transform v1.5.0
[INFO] [stderr]    Compiling icu_properties v1.5.1
[INFO] [stderr]    Compiling futures-executor v0.3.31
[INFO] [stderr]    Compiling futures v0.3.31
[INFO] [stderr]    Compiling serde_urlencoded v0.7.1
[INFO] [stderr]    Compiling serde_with v3.12.0
[INFO] [stderr]    Compiling uuid v1.16.0
[INFO] [stderr]    Compiling icu_normalizer v1.5.0
[INFO] [stderr]    Compiling idna_adapter v1.2.0
[INFO] [stderr]    Compiling idna v1.0.3
[INFO] [stderr]    Compiling tokio-util v0.7.14
[INFO] [stderr]    Compiling tokio-native-tls v0.3.1
[INFO] [stderr]    Compiling tower v0.5.2
[INFO] [stderr]    Compiling url v2.5.4
[INFO] [stderr]    Compiling h2 v0.4.8
[INFO] [stderr]    Compiling hyper v1.6.0
[INFO] [stderr]    Compiling hyper-util v0.1.10
[INFO] [stderr]    Compiling hyper-tls v0.6.0
[INFO] [stderr]    Compiling zstd v0.13.3
[INFO] [stderr]    Compiling async-compression v0.4.21
[INFO] [stderr]    Compiling reqwest v0.12.15
[INFO] [stderr]    Compiling reqwest-middleware v0.4.1
[INFO] [stderr]    Compiling sindri-openapi v0.3.1
[INFO] [stderr]    Compiling reqwest-retry v0.7.0
[INFO] [stderr]    Compiling sindri v0.3.1 (/opt/rustwide/workdir)
[INFO] [stderr]     Finished `release` profile [optimized] target(s) in 2m 29s
[INFO] running `Command { std: "docker" "inspect" "e542ee2b28b4fc58e66efe66e7ca5ec8bcc46786426741219f9b633dd1708858", kill_on_drop: false }`
[INFO] running `Command { std: "docker" "exec" "-e" "SOURCE_DIR=/opt/rustwide/workdir" "-e" "CARGO_HOME=/opt/rustwide/cargo-home" "-e" "RUSTUP_HOME=/opt/rustwide/rustup-home" "-e" "CARGO_TARGET_DIR=/opt/rustwide/target" "-e" "CARGO_INCREMENTAL=0" "-e" "RUST_BACKTRACE=full" "-e" "RUSTFLAGS=--cap-lints=warn" "-e" "RUSTDOCFLAGS=--cap-lints=warn" "-w" "/opt/rustwide/workdir" "--user" "0:0" "e542ee2b28b4fc58e66efe66e7ca5ec8bcc46786426741219f9b633dd1708858" "/opt/rustwide/cargo-home/bin/cargo" "+1.99.0-beta.8" "test" "--frozen" "--no-run" "--message-format=json" "--release", kill_on_drop: false }`
[INFO] [stderr]    Compiling tokio v1.45.1
[INFO] [stderr]    Compiling rustix v1.0.3
[INFO] [stderr]    Compiling regex-syntax v0.6.29
[INFO] [stderr]    Compiling num_cpus v1.16.0
[INFO] [stderr]    Compiling async-stream-impl v0.3.6
[INFO] [stderr]    Compiling deadpool-runtime v0.1.4
[INFO] [stderr]    Compiling assert-json-diff v2.0.2
[INFO] [stderr]    Compiling tracing-test-macro v0.2.5
[INFO] [stderr]    Compiling temp-env v0.3.6
[INFO] [stderr]    Compiling async-stream v0.3.6
[INFO] [stderr]    Compiling xattr v1.5.0
[INFO] [stderr]    Compiling tempfile v3.19.1
[INFO] [stderr]    Compiling regex-automata v0.1.10
[INFO] [stderr]    Compiling tar v0.4.44
[INFO] [stderr]    Compiling matchers v0.1.0
[INFO] [stderr]    Compiling tracing-subscriber v0.3.19
[INFO] [stderr]    Compiling tokio-util v0.7.14
[INFO] [stderr]    Compiling tokio-native-tls v0.3.1
[INFO] [stderr]    Compiling async-compression v0.4.21
[INFO] [stderr]    Compiling tower v0.5.2
[INFO] [stderr]    Compiling tokio-stream v0.1.17
[INFO] [stderr]    Compiling deadpool v0.10.0
[INFO] [stderr]    Compiling tracing-test v0.2.5
[INFO] [stderr]    Compiling h2 v0.4.8
[INFO] [stderr]    Compiling tokio-test v0.4.4
[INFO] [stderr]    Compiling hyper v1.6.0
[INFO] [stderr]    Compiling hyper-util v0.1.10
[INFO] [stderr]    Compiling hyper-tls v0.6.0
[INFO] [stderr]    Compiling wiremock v0.6.3
[INFO] [stderr]    Compiling reqwest v0.12.15
[INFO] [stderr]    Compiling reqwest-middleware v0.4.1
[INFO] [stderr]    Compiling sindri-openapi v0.3.1
[INFO] [stderr]    Compiling reqwest-retry v0.7.0
[INFO] [stderr]    Compiling sindri v0.3.1 (/opt/rustwide/workdir)
[INFO] [stderr]     Finished `release` profile [optimized] target(s) in 2m 29s
[INFO] running `Command { std: "docker" "inspect" "e542ee2b28b4fc58e66efe66e7ca5ec8bcc46786426741219f9b633dd1708858", kill_on_drop: false }`
[INFO] running `Command { std: "docker" "exec" "-e" "SOURCE_DIR=/opt/rustwide/workdir" "-e" "CARGO_HOME=/opt/rustwide/cargo-home" "-e" "RUSTUP_HOME=/opt/rustwide/rustup-home" "-e" "CARGO_TARGET_DIR=/opt/rustwide/target" "-e" "CARGO_INCREMENTAL=0" "-e" "RUST_BACKTRACE=full" "-e" "RUSTFLAGS=--cap-lints=warn" "-e" "RUSTDOCFLAGS=--cap-lints=warn" "-w" "/opt/rustwide/workdir" "--user" "0:0" "e542ee2b28b4fc58e66efe66e7ca5ec8bcc46786426741219f9b633dd1708858" "/opt/rustwide/cargo-home/bin/cargo" "+1.99.0-beta.8" "test" "--frozen" "--release", kill_on_drop: false }`
[INFO] [stderr]     Finished `release` profile [optimized] target(s) in 0.35s
[INFO] [stderr]      Running unittests src/lib.rs (/opt/rustwide/target/release/deps/sindri-856408532ceb1552)
[INFO] [stdout] 
[INFO] [stdout] running 38 tests
[INFO] [stdout] test client::tests::test_new_client_config_defaults ... ok
[INFO] [stdout] test job_create::tests::test_request_build ... ok
[INFO] [stdout] test custom_middleware::tests::test_retry_policy_on_400 ... ok
[INFO] [stdout] test client::tests::test_auth_options_override_env_vars ... ok
[INFO] [stdout] test client::tests::test_with_no_timeout ... ok
[INFO] [stdout] test client::tests::test_builder_methods ... ok
[INFO] [stdout] test client::tests::test_new_client_with_options ... ok
[INFO] [stdout] test types::tests::test_extract_single_value ... ok
[INFO] [stdout] test types::tests::test_circuit_info_getters ... ok
[INFO] [stdout] test custom_middleware::tests::test_header_deduplicator ... ok
[INFO] [stdout] test types::tests::test_proof_input_from_str ... ok
[INFO] [stdout] test custom_middleware::tests::test_zstd_request_compression ... ok
[INFO] [stdout] test types::tests::test_proof_input_from_string ... ok
[INFO] [stdout] test types::tests::test_proof_input_roundtrip ... ok
[INFO] [stdout] test types::tests::test_proof_into_json_none ... ok
[INFO] [stdout] test types::tests::test_proof_into_json_success ... ok
[INFO] [stdout] test types::tests::test_proof_input_from_json ... ok
[INFO] [stdout] test utils::tests::test_hidden_files_ignored ... ok
[INFO] [stdout] test utils::tests::test_invalid_json_manifest ... ok
[INFO] [stdout] test utils::tests::test_max_project_size_exceeded ... ok
[INFO] [stdout] test utils::tests::test_missing_manifest ... ok
[INFO] [stdout] test utils::tests::test_project_nesting ... ok
[INFO] [stdout] test utils::tests::test_sindriignore_respected ... ok
[INFO] [stdout] test utils::tests::test_successful_compression ... ok
[INFO] [stdout] test job_create::tests::test_request_proof ... ok
[INFO] [stdout] test client::tests::test_polling_options_custom ... ok
[INFO] [stdout] test client::tests::test_post_client_init_polling_tweaks ... ok
[INFO] [stdout] test client::tests::test_circuit_create_tag_validation ... ok
[INFO] [stdout] test client::tests::test_client_default_header ... ok
[INFO] [stdout] test client::tests::test_verbose_logging ... ok
[INFO] [stdout] test jwt::tests::test_jwt_token_generate ... ok
[INFO] [stdout] test jwt::tests::test_api_key_select_team ... ok
[INFO] [stdout] test utils::tests::test_create_circuit_invalid_file ... ok
[INFO] [stdout] test utils::tests::test_create_circuit_nonexistent_path ... ok
[INFO] [stdout] test jwt::tests::test_teams_jwt_auth ... ok
[INFO] [stdout] test client::tests::test_new_client_auth_defaults ... ok
[INFO] [stdout] test client::tests::test_new_client_with_env_vars ... ok
[INFO] [stdout] test custom_middleware::tests::test_retry_policy_on_500 ... ok
[INFO] [stdout] 
[INFO] [stdout] test result: ok. 38 passed; 0 failed; 0 ignored; 0 measured; 0 filtered out; finished in 15.77s
[INFO] [stdout] 
[INFO] [stderr]      Running tests/offline.rs (/opt/rustwide/target/release/deps/offline-8e6175fff314ba1b)
[INFO] [stdout] 
[INFO] [stdout] running 1 test
[INFO] [stdout] test end_to_end ... FAILED
[INFO] [stdout] 
[INFO] [stdout] failures:
[INFO] [stdout] 
[INFO] [stdout] ---- end_to_end stdout ----
[INFO] [stdout] 
[INFO] [stdout] thread 'end_to_end' (3676) panicked at tests/offline.rs:22:5:
[INFO] [stdout] assertion failed: result.is_ok()
[INFO] [stdout] stack backtrace:
[INFO] [stdout]    0:     0x60c286fe55d1 - <<std[70759c8f55707aa4]::sys::backtrace::BacktraceLock>::print::DisplayBacktrace as core[df12db4294e9bfd3]::fmt::Display>::fmt
[INFO] [stdout]    1:     0x60c286ffc92a - core[df12db4294e9bfd3]::fmt::write
[INFO] [stdout]    2:     0x60c286feaa3c - <alloc[2182bb758b4b3781]::vec::Vec<u8> as core[df12db4294e9bfd3]::io::write::Write>::write_fmt
[INFO] [stdout]    3:     0x60c286fbf546 - std[70759c8f55707aa4]::panicking::default_hook::{closure#0}
[INFO] [stdout]    4:     0x60c286fdcdf9 - std[70759c8f55707aa4]::panicking::default_hook
[INFO] [stdout]    5:     0x60c286c6ff60 - test[9d35eded1c95d3be]::test_main_inner::<test[9d35eded1c95d3be]::test_main_static::{closure#0}>::{closure#0}
[INFO] [stdout]    6:     0x60c286fdd122 - std[70759c8f55707aa4]::panicking::panic_with_hook
[INFO] [stdout]    7:     0x60c286fbf624 - std[70759c8f55707aa4]::panicking::panic_handler::{closure#0}
[INFO] [stdout]    8:     0x60c286fb7ad9 - std[70759c8f55707aa4]::sys::backtrace::__rust_end_short_backtrace::<std[70759c8f55707aa4]::panicking::panic_handler::{closure#0}, !>
[INFO] [stdout]    9:     0x60c286fc04ed - __rustc[8fa7c3cbc660c2b3]::rust_begin_unwind
[INFO] [stdout]   10:     0x60c286ffd10c - core[df12db4294e9bfd3]::panicking::panic_fmt
[INFO] [stdout]   11:     0x60c286ffd0d2 - core[df12db4294e9bfd3]::panicking::panic
[INFO] [stdout]   12:     0x60c286c0df39 - offline[786b0a1ca244b7bf]::end_to_end::{closure#0}
[INFO] [stdout]   13:     0x60c286c38913 - <tokio[2b5ed1f5fa98e25c]::runtime::scheduler::current_thread::Context>::enter::<core[df12db4294e9bfd3]::task::poll::Poll<()>, <tokio[2b5ed1f5fa98e25c]::runtime::scheduler::current_thread::CoreGuard>::block_on<core[df12db4294e9bfd3]::pin::Pin<&mut core[df12db4294e9bfd3]::pin::Pin<&mut dyn core[df12db4294e9bfd3]::future::future::Future<Output = ()>>>>::{closure#0}::{closure#0}>
[INFO] [stdout]   14:     0x60c286c43edc - <tokio[2b5ed1f5fa98e25c]::runtime::context::scoped::Scoped<tokio[2b5ed1f5fa98e25c]::runtime::scheduler::Context>>::set::<<tokio[2b5ed1f5fa98e25c]::runtime::scheduler::current_thread::CoreGuard>::enter<<tokio[2b5ed1f5fa98e25c]::runtime::scheduler::current_thread::CoreGuard>::block_on<core[df12db4294e9bfd3]::pin::Pin<&mut core[df12db4294e9bfd3]::pin::Pin<&mut dyn core[df12db4294e9bfd3]::future::future::Future<Output = ()>>>>::{closure#0}, core[df12db4294e9bfd3]::option::Option<()>>::{closure#0}, (alloc[2182bb758b4b3781]::boxed::Box<tokio[2b5ed1f5fa98e25c]::runtime::scheduler::current_thread::Core>, core[df12db4294e9bfd3]::option::Option<()>)>
[INFO] [stdout]   15:     0x60c286c38c67 - <tokio[2b5ed1f5fa98e25c]::runtime::scheduler::current_thread::CoreGuard>::block_on::<core[df12db4294e9bfd3]::pin::Pin<&mut core[df12db4294e9bfd3]::pin::Pin<&mut dyn core[df12db4294e9bfd3]::future::future::Future<Output = ()>>>>
[INFO] [stdout]   16:     0x60c286c59977 - tokio[2b5ed1f5fa98e25c]::runtime::context::runtime::enter_runtime::<<tokio[2b5ed1f5fa98e25c]::runtime::scheduler::current_thread::CurrentThread>::block_on<core[df12db4294e9bfd3]::pin::Pin<&mut dyn core[df12db4294e9bfd3]::future::future::Future<Output = ()>>>::{closure#0}, ()>
[INFO] [stdout]   17:     0x60c286c5601a - <tokio[2b5ed1f5fa98e25c]::runtime::runtime::Runtime>::block_on::<core[df12db4294e9bfd3]::pin::Pin<&mut dyn core[df12db4294e9bfd3]::future::future::Future<Output = ()>>>
[INFO] [stdout]   18:     0x60c286c1efde - <offline[786b0a1ca244b7bf]::end_to_end::{closure#0} as core[df12db4294e9bfd3]::ops::function::FnOnce<()>>::call_once
[INFO] [stdout]   19:     0x60c286c6324b - test[9d35eded1c95d3be]::__rust_begin_short_backtrace::<core[df12db4294e9bfd3]::result::Result<(), alloc[2182bb758b4b3781]::string::String>, fn() -> core[df12db4294e9bfd3]::result::Result<(), alloc[2182bb758b4b3781]::string::String>>
[INFO] [stdout]   20:     0x60c286c708b5 - test[9d35eded1c95d3be]::run_test::{closure#0}
[INFO] [stdout]   21:     0x60c286c6a174 - std[70759c8f55707aa4]::sys::backtrace::__rust_begin_short_backtrace::<test[9d35eded1c95d3be]::run_test::{closure#1}, ()>
[INFO] [stdout]   22:     0x60c286c73a12 - <std[70759c8f55707aa4]::thread::lifecycle::spawn_unchecked<test[9d35eded1c95d3be]::run_test::{closure#1}, ()>::{closure#1} as core[df12db4294e9bfd3]::ops::function::FnOnce<()>>::call_once::{shim:vtable#0}
[INFO] [stdout]   23:     0x60c286fe47d9 - <std[70759c8f55707aa4]::sys::thread::unix::Thread>::new::thread_start
[INFO] [stdout]   24:     0x71f89a5cbdfa - <unknown>
[INFO] [stdout]   25:     0x71f89a65f3d4 - clone
[INFO] [stdout]   26:                0x0 - <unknown>
[INFO] [stdout] 
[INFO] [stdout] 
[INFO] [stdout] failures:
[INFO] [stdout]     end_to_end
[INFO] [stdout] 
[INFO] [stdout] test result: FAILED. 0 passed; 1 failed; 0 ignored; 0 measured; 0 filtered out; finished in 0.08s
[INFO] [stdout] 
[INFO] [stderr] error: test failed, to rerun pass `--test offline`
[INFO] running `Command { std: "docker" "inspect" "e542ee2b28b4fc58e66efe66e7ca5ec8bcc46786426741219f9b633dd1708858", kill_on_drop: false }`
[INFO] running `Command { std: "docker" "rm" "-f" "e542ee2b28b4fc58e66efe66e7ca5ec8bcc46786426741219f9b633dd1708858", kill_on_drop: false }`
[INFO] [stdout] e542ee2b28b4fc58e66efe66e7ca5ec8bcc46786426741219f9b633dd1708858
