[INFO] fetching crate sindri-cli 0.3.1...
[INFO] testing sindri-cli-0.3.1 against 1.99.0-beta.8+cargoflags=--release for beta-release-1.100-2
[INFO] extracting crate sindri-cli 0.3.1 into /workspace/builds/worker-0-tc1/source
[INFO] started tweaking crates.io crate sindri-cli 0.3.1
[INFO] removed 0 missing tests
[INFO] finished tweaking crates.io crate sindri-cli 0.3.1
[INFO] tweaked toml for crates.io crate sindri-cli 0.3.1 written to /workspace/builds/worker-0-tc1/source/Cargo.toml
[INFO] validating manifest of crates.io crate sindri-cli 0.3.1 on toolchain 1.99.0-beta.8
[INFO] running `Command { std: CARGO_HOME="/workspace/cargo-home" RUSTUP_HOME="/workspace/rustup-home" "/workspace/cargo-home/bin/cargo" "+1.99.0-beta.8" "metadata" "--manifest-path" "Cargo.toml" "--no-deps", kill_on_drop: false }`
[INFO] crate crates.io crate sindri-cli 0.3.1 already has a lockfile, it will not be regenerated
[INFO] running `Command { std: CARGO_HOME="/workspace/cargo-home" RUSTUP_HOME="/workspace/rustup-home" "/workspace/cargo-home/bin/cargo" "+1.99.0-beta.8" "fetch" "--manifest-path" "Cargo.toml", kill_on_drop: false }`
[INFO] [stderr]     Blocking waiting for file lock on package cache
[INFO] [stderr]     Updating crates.io index
[INFO] [stderr]  Downloading crates ...
[INFO] [stderr]   Downloaded litemap v0.7.5
[INFO] [stderr]   Downloaded xattr v1.5.0
[INFO] [stderr]   Downloaded filetime v0.2.25
[INFO] [stderr]   Downloaded indexmap v2.8.0
[INFO] [stderr]   Downloaded wiremock v0.6.3
[INFO] [stderr]   Downloaded miniz_oxide v0.8.5
[INFO] [stderr]   Downloaded once_cell v1.21.1
[INFO] [stderr]   Downloaded tokio-util v0.7.14
[INFO] [stderr]   Downloaded tokio v1.45.1
[INFO] [stderr]   Downloaded uuid v1.16.0
[INFO] [stderr]   Downloaded darling_core v0.20.10
[INFO] [stderr]   Downloaded reqwest-middleware v0.4.1
[INFO] [stderr]   Downloaded getrandom v0.3.2
[INFO] [stderr]   Downloaded tar v0.4.44
[INFO] [stderr]   Downloaded sindri v0.3.1
[INFO] [stderr]   Downloaded darling_macro v0.20.10
[INFO] [stderr]   Downloaded darling v0.20.10
[INFO] [stderr]   Downloaded time-macros v0.2.21
[INFO] [stderr]   Downloaded openssl-sys v0.9.106
[INFO] [stderr]   Downloaded deranged v0.4.0
[INFO] [stderr]   Downloaded async-compression v0.4.21
[INFO] [stderr]   Downloaded serde_with_macros v3.12.0
[INFO] [stderr]   Downloaded windows-result v0.3.2
[INFO] [stderr]   Downloaded reqwest-retry v0.7.0
[INFO] [stderr]   Downloaded anyhow v1.0.97
[INFO] [stderr]   Downloaded openssl v0.10.71
[INFO] [stderr]   Downloaded thread_local v1.1.8
[INFO] [stderr]   Downloaded flate2 v1.1.0
[INFO] [stderr]   Downloaded cc v1.2.17
[INFO] [stderr]   Downloaded rustls-pki-types v1.11.0
[INFO] [stderr]   Downloaded time v0.3.40
[INFO] [stderr]   Downloaded rustls-webpki v0.103.0
[INFO] [stderr]   Downloaded wasm-timer v0.2.5
[INFO] [stderr]   Downloaded predicates v3.1.3
[INFO] [stderr]   Downloaded clap_derive v4.5.32
[INFO] [stderr]   Downloaded doc-comment v0.3.3
[INFO] [stderr]   Downloaded zerocopy v0.8.24
[INFO] [stderr]   Downloaded ignore v0.4.23
[INFO] [stderr]   Downloaded dialoguer v0.11.0
[INFO] [stderr]   Downloaded rustls v0.23.25
[INFO] [stderr]   Downloaded clap_builder v4.5.32
[INFO] [stderr]   Downloaded predicates-tree v1.0.12
[INFO] [stderr]   Downloaded bstr v1.11.3
[INFO] [stderr]   Downloaded anstyle-wincon v3.0.7
[INFO] [stderr]   Downloaded h2 v0.4.8
[INFO] [stderr]   Downloaded rustix v1.0.3
[INFO] [stderr]   Downloaded serde_with v3.12.0
[INFO] [stderr]   Downloaded globset v0.4.16
[INFO] [stderr]   Downloaded clap v4.5.32
[INFO] [stderr]   Downloaded shell-words v1.1.0
[INFO] [stderr]   Downloaded predicates-core v1.0.9
[INFO] [stderr]   Downloaded assert_cmd v2.0.16
[INFO] [stderr]   Downloaded time-core v0.1.4
[INFO] [stderr]   Downloaded portable-atomic v1.11.0
[INFO] [stderr]   Downloaded zerocopy-derive v0.8.24
[INFO] [stderr]   Downloaded retry-policies v0.4.0
[INFO] [stderr]   Downloaded anstream v0.6.18
[INFO] [stderr]   Downloaded linux-raw-sys v0.9.3
[INFO] [stderr]   Downloaded clap_lex v0.7.4
[INFO] [stderr]   Downloaded sindri-openapi v0.3.1
[INFO] running `Command { std: "docker" "create" "-v" "/var/lib/crater-agent-workspace/builds/worker-0-tc1/source:/opt/rustwide/workdir:ro,Z" "-v" "/var/lib/crater-agent-workspace/builds/worker-0-tc1/target:/opt/rustwide/target:rw,Z" "-v" "/var/lib/crater-agent-workspace/cargo-home:/opt/rustwide/cargo-home:ro,Z" "-v" "/var/lib/crater-agent-workspace/rustup-home:/opt/rustwide/rustup-home:ro,Z" "-m" "1610612736" "--network" "none" "ghcr.io/rust-lang/crates-build-env/linux@sha256:77db811e55d90add9212f6832c23229e3de5f1c1f9905e8cb07319ea15df73ac" "sleep" "infinity", kill_on_drop: false }`
[INFO] [stdout] 0aa355ae6a1e79d5cebe2c69f9af6b62154e8d239815eeebfab84818105c8e4d
[INFO] running `Command { std: "docker" "start" "0aa355ae6a1e79d5cebe2c69f9af6b62154e8d239815eeebfab84818105c8e4d", kill_on_drop: false }`
[INFO] running `Command { std: "docker" "inspect" "0aa355ae6a1e79d5cebe2c69f9af6b62154e8d239815eeebfab84818105c8e4d", kill_on_drop: false }`
[INFO] running `Command { std: "docker" "exec" "-e" "SOURCE_DIR=/opt/rustwide/workdir" "-e" "CARGO_HOME=/opt/rustwide/cargo-home" "-e" "RUSTUP_HOME=/opt/rustwide/rustup-home" "-e" "CARGO_TARGET_DIR=/opt/rustwide/target" "-w" "/opt/rustwide/workdir" "--user" "0:0" "0aa355ae6a1e79d5cebe2c69f9af6b62154e8d239815eeebfab84818105c8e4d" "/opt/rustwide/cargo-home/bin/cargo" "+1.99.0-beta.8" "metadata" "--no-deps" "--format-version=1", kill_on_drop: false }`
[INFO] running `Command { std: "docker" "inspect" "0aa355ae6a1e79d5cebe2c69f9af6b62154e8d239815eeebfab84818105c8e4d", kill_on_drop: false }`
[INFO] running `Command { std: "docker" "exec" "-e" "SOURCE_DIR=/opt/rustwide/workdir" "-e" "CARGO_HOME=/opt/rustwide/cargo-home" "-e" "RUSTUP_HOME=/opt/rustwide/rustup-home" "-e" "CARGO_TARGET_DIR=/opt/rustwide/target" "-e" "CARGO_INCREMENTAL=0" "-e" "RUST_BACKTRACE=full" "-e" "RUSTFLAGS=--cap-lints=warn" "-e" "RUSTDOCFLAGS=--cap-lints=warn" "-w" "/opt/rustwide/workdir" "--user" "0:0" "0aa355ae6a1e79d5cebe2c69f9af6b62154e8d239815eeebfab84818105c8e4d" "/opt/rustwide/cargo-home/bin/cargo" "+1.99.0-beta.8" "build" "--frozen" "--message-format=json" "--release", kill_on_drop: false }`
[INFO] [stderr]    Compiling proc-macro2 v1.0.94
[INFO] [stderr]    Compiling unicode-ident v1.0.18
[INFO] [stderr]    Compiling libc v0.2.171
[INFO] [stderr]    Compiling autocfg v1.4.0
[INFO] [stderr]    Compiling shlex v1.3.0
[INFO] [stderr]    Compiling smallvec v1.14.0
[INFO] [stderr]    Compiling once_cell v1.21.1
[INFO] [stderr]    Compiling pkg-config v0.3.32
[INFO] [stderr]    Compiling memchr v2.7.4
[INFO] [stderr]    Compiling futures-core v0.3.31
[INFO] [stderr]    Compiling stable_deref_trait v1.2.0
[INFO] [stderr]    Compiling bytes v1.10.1
[INFO] [stderr]    Compiling parking_lot_core v0.9.10
[INFO] [stderr]    Compiling scopeguard v1.2.0
[INFO] [stderr]    Compiling futures-sink v0.3.31
[INFO] [stderr]    Compiling bitflags v2.9.0
[INFO] [stderr]    Compiling writeable v0.5.5
[INFO] [stderr]    Compiling litemap v0.7.5
[INFO] [stderr]    Compiling futures-task v0.3.31
[INFO] [stderr]    Compiling log v0.4.26
[INFO] [stderr]    Compiling futures-io v0.3.31
[INFO] [stderr]    Compiling futures-channel v0.3.31
[INFO] [stderr]    Compiling pin-utils v0.1.0
[INFO] [stderr]    Compiling icu_locid_transform_data v1.5.0
[INFO] [stderr]    Compiling serde v1.0.219
[INFO] [stderr]    Compiling tracing-core v0.1.33
[INFO] [stderr]    Compiling hashbrown v0.15.2
[INFO] [stderr]    Compiling httparse v1.10.1
[INFO] [stderr]    Compiling lock_api v0.4.12
[INFO] [stderr]    Compiling slab v0.4.9
[INFO] [stderr]    Compiling openssl v0.10.71
[INFO] [stderr]    Compiling icu_properties_data v1.5.0
[INFO] [stderr]    Compiling getrandom v0.3.2
[INFO] [stderr]    Compiling zerocopy v0.8.24
[INFO] [stderr]    Compiling atomic-waker v1.1.2
[INFO] [stderr]    Compiling utf16_iter v1.0.5
[INFO] [stderr]    Compiling try-lock v0.2.5
[INFO] [stderr]    Compiling icu_normalizer_data v1.5.0
[INFO] [stderr]    Compiling quote v1.0.40
[INFO] [stderr]    Compiling write16 v1.0.0
[INFO] [stderr]    Compiling native-tls v0.2.14
[INFO] [stderr]    Compiling utf8_iter v1.0.4
[INFO] [stderr]    Compiling syn v2.0.100
[INFO] [stderr]    Compiling zstd-safe v7.2.4
[INFO] [stderr]    Compiling want v0.3.1
[INFO] [stderr]    Compiling unicase v2.8.1
[INFO] [stderr]    Compiling tower-service v0.3.3
[INFO] [stderr]    Compiling openssl-probe v0.1.6
[INFO] [stderr]    Compiling percent-encoding v2.3.1
[INFO] [stderr]    Compiling rustix v1.0.3
[INFO] [stderr]    Compiling serde_json v1.0.140
[INFO] [stderr]    Compiling sync_wrapper v1.0.2
[INFO] [stderr]    Compiling anyhow v1.0.97
[INFO] [stderr]    Compiling http v1.3.1
[INFO] [stderr]    Compiling mime_guess v2.0.5
[INFO] [stderr]    Compiling form_urlencoded v1.2.1
[INFO] [stderr]    Compiling jobserver v0.1.32
[INFO] [stderr]    Compiling crossbeam-utils v0.8.21
[INFO] [stderr]    Compiling tower-layer v0.3.3
[INFO] [stderr]    Compiling mime v0.3.17
[INFO] [stderr]    Compiling rustls-pki-types v1.11.0
[INFO] [stderr]    Compiling linux-raw-sys v0.9.3
[INFO] [stderr]    Compiling aho-corasick v1.1.3
[INFO] [stderr]    Compiling encoding_rs v0.8.35
[INFO] [stderr]    Compiling cc v1.2.17
[INFO] [stderr]    Compiling ipnet v2.11.0
[INFO] [stderr]    Compiling regex-syntax v0.8.5
[INFO] [stderr]    Compiling socket2 v0.5.8
[INFO] [stderr]    Compiling signal-hook-registry v1.4.2
[INFO] [stderr]    Compiling mio v1.0.3
[INFO] [stderr]    Compiling indexmap v2.8.0
[INFO] [stderr]    Compiling parking_lot v0.12.3
[INFO] [stderr]    Compiling http-body v1.0.1
[INFO] [stderr]    Compiling http-body-util v0.1.3
[INFO] [stderr]    Compiling getrandom v0.2.15
[INFO] [stderr]    Compiling rustls-pemfile v2.2.0
[INFO] [stderr]    Compiling rand_core v0.6.4
[INFO] [stderr]    Compiling portable-atomic v1.11.0
[INFO] [stderr]    Compiling openssl-sys v0.9.106
[INFO] [stderr]    Compiling zstd-sys v2.0.15+zstd.1.5.7
[INFO] [stderr]    Compiling unicode-width v0.2.0
[INFO] [stderr]    Compiling anstyle-parse v0.2.6
[INFO] [stderr]    Compiling rand_core v0.9.3
[INFO] [stderr]    Compiling bstr v1.11.3
[INFO] [stderr]    Compiling colorchoice v1.0.3
[INFO] [stderr]    Compiling ppv-lite86 v0.2.21
[INFO] [stderr]    Compiling anstyle-query v1.1.2
[INFO] [stderr]    Compiling console v0.15.11
[INFO] [stderr]    Compiling adler2 v2.0.0
[INFO] [stderr]    Compiling overload v0.1.1
[INFO] [stderr]    Compiling is_terminal_polyfill v1.70.1
[INFO] [stderr]    Compiling anstyle v1.0.10
[INFO] [stderr]    Compiling miniz_oxide v0.8.5
[INFO] [stderr]    Compiling nu-ansi-term v0.46.0
[INFO] [stderr]    Compiling anstream v0.6.18
[INFO] [stderr]    Compiling filetime v0.2.25
[INFO] [stderr]    Compiling crossbeam-epoch v0.9.18
[INFO] [stderr]    Compiling tracing-log v0.2.0
[INFO] [stderr]    Compiling rand_chacha v0.3.1
[INFO] [stderr]    Compiling rand_chacha v0.9.0
[INFO] [stderr]    Compiling thread_local v1.1.8
[INFO] [stderr]    Compiling rand v0.8.5
[INFO] [stderr]    Compiling crossbeam-deque v0.8.6
[INFO] [stderr]    Compiling crc32fast v1.4.2
[INFO] [stderr]    Compiling strsim v0.11.1
[INFO] [stderr]    Compiling number_prefix v0.4.0
[INFO] [stderr]    Compiling fastrand v2.3.0
[INFO] [stderr]    Compiling clap_lex v0.7.4
[INFO] [stderr]    Compiling indicatif v0.17.11
[INFO] [stderr]    Compiling flate2 v1.1.0
[INFO] [stderr]    Compiling tracing-subscriber v0.3.19
[INFO] [stderr]    Compiling rand v0.9.0
[INFO] [stderr]    Compiling regex-automata v0.4.9
[INFO] [stderr]    Compiling clap_builder v4.5.32
[INFO] [stderr]    Compiling zeroize v1.8.1
[INFO] [stderr]    Compiling xattr v1.5.0
[INFO] [stderr]    Compiling tempfile v3.19.1
[INFO] [stderr]    Compiling tar v0.4.44
[INFO] [stderr]    Compiling shell-words v1.1.0
[INFO] [stderr]    Compiling retry-policies v0.4.0
[INFO] [stderr]    Compiling synstructure v0.13.1
[INFO] [stderr]    Compiling darling_core v0.20.10
[INFO] [stderr]    Compiling zerofrom-derive v0.1.6
[INFO] [stderr]    Compiling yoke-derive v0.7.5
[INFO] [stderr]    Compiling zerovec-derive v0.10.3
[INFO] [stderr]    Compiling displaydoc v0.2.5
[INFO] [stderr]    Compiling tokio-macros v2.5.0
[INFO] [stderr]    Compiling futures-macro v0.3.31
[INFO] [stderr]    Compiling icu_provider_macros v1.5.0
[INFO] [stderr]    Compiling serde_derive v1.0.219
[INFO] [stderr]    Compiling tracing-attributes v0.1.28
[INFO] [stderr]    Compiling openssl-macros v0.1.1
[INFO] [stderr]    Compiling thiserror-impl v1.0.69
[INFO] [stderr]    Compiling async-trait v0.1.88
[INFO] [stderr]    Compiling globset v0.4.16
[INFO] [stderr]    Compiling tokio v1.45.1
[INFO] [stderr]    Compiling serde_repr v0.1.20
[INFO] [stderr]    Compiling regex v1.11.1
[INFO] [stderr]    Compiling futures-util v0.3.31
[INFO] [stderr]    Compiling zerofrom v0.1.6
[INFO] [stderr]    Compiling clap_derive v4.5.32
[INFO] [stderr]    Compiling yoke v0.7.5
[INFO] [stderr]    Compiling zerovec v0.10.4
[INFO] [stderr]    Compiling thiserror v1.0.69
[INFO] [stderr]    Compiling ignore v0.4.23
[INFO] [stderr]    Compiling dialoguer v0.11.0
[INFO] [stderr]    Compiling tracing v0.1.41
[INFO] [stderr]    Compiling darling_macro v0.20.10
[INFO] [stderr]    Compiling darling v0.20.10
[INFO] [stderr]    Compiling serde_with_macros v3.12.0
[INFO] [stderr]    Compiling tinystr v0.7.6
[INFO] [stderr]    Compiling icu_collections v1.5.0
[INFO] [stderr]    Compiling icu_locid v1.5.0
[INFO] [stderr]    Compiling clap v4.5.32
[INFO] [stderr]    Compiling icu_provider v1.5.0
[INFO] [stderr]    Compiling icu_locid_transform v1.5.0
[INFO] [stderr]    Compiling futures-executor v0.3.31
[INFO] [stderr]    Compiling futures v0.3.31
[INFO] [stderr]    Compiling icu_properties v1.5.1
[INFO] [stderr]    Compiling tokio-util v0.7.14
[INFO] [stderr]    Compiling tokio-native-tls v0.3.1
[INFO] [stderr]    Compiling tower v0.5.2
[INFO] [stderr]    Compiling h2 v0.4.8
[INFO] [stderr]    Compiling serde_urlencoded v0.7.1
[INFO] [stderr]    Compiling uuid v1.16.0
[INFO] [stderr]    Compiling serde_with v3.12.0
[INFO] [stderr]    Compiling icu_normalizer v1.5.0
[INFO] [stderr]    Compiling idna_adapter v1.2.0
[INFO] [stderr]    Compiling idna v1.0.3
[INFO] [stderr]    Compiling url v2.5.4
[INFO] [stderr]    Compiling hyper v1.6.0
[INFO] [stderr]    Compiling hyper-util v0.1.10
[INFO] [stderr]    Compiling hyper-tls v0.6.0
[INFO] [stderr]    Compiling zstd v0.13.3
[INFO] [stderr]    Compiling async-compression v0.4.21
[INFO] [stderr]    Compiling reqwest v0.12.15
[INFO] [stderr]    Compiling reqwest-middleware v0.4.1
[INFO] [stderr]    Compiling reqwest-retry v0.7.0
[INFO] [stderr]    Compiling sindri-openapi v0.3.1
[INFO] [stderr]    Compiling sindri v0.3.1
[INFO] [stderr]    Compiling sindri-cli v0.3.1 (/opt/rustwide/workdir)
[INFO] [stdout] warning: unused import: `command`
[INFO] [stdout]  --> src/bin/cargo-sindri.rs:1:12
[INFO] [stdout]   |
[INFO] [stdout] 1 | use clap::{command, Parser, Subcommand};
[INFO] [stdout]   |            ^^^^^^^
[INFO] [stdout]   |
[INFO] [stdout]   = note: `#[warn(unused_imports)]` (part of `#[warn(unused)]`) on by default
[INFO] [stdout] 
[INFO] [stdout] 
[INFO] [stderr]     Finished `release` profile [optimized] target(s) in 3m 03s
[INFO] running `Command { std: "docker" "inspect" "0aa355ae6a1e79d5cebe2c69f9af6b62154e8d239815eeebfab84818105c8e4d", kill_on_drop: false }`
[INFO] running `Command { std: "docker" "exec" "-e" "SOURCE_DIR=/opt/rustwide/workdir" "-e" "CARGO_HOME=/opt/rustwide/cargo-home" "-e" "RUSTUP_HOME=/opt/rustwide/rustup-home" "-e" "CARGO_TARGET_DIR=/opt/rustwide/target" "-e" "CARGO_INCREMENTAL=0" "-e" "RUST_BACKTRACE=full" "-e" "RUSTFLAGS=--cap-lints=warn" "-e" "RUSTDOCFLAGS=--cap-lints=warn" "-w" "/opt/rustwide/workdir" "--user" "0:0" "0aa355ae6a1e79d5cebe2c69f9af6b62154e8d239815eeebfab84818105c8e4d" "/opt/rustwide/cargo-home/bin/cargo" "+1.99.0-beta.8" "test" "--frozen" "--no-run" "--message-format=json" "--release", kill_on_drop: false }`
[INFO] [stderr]    Compiling httpdate v1.0.3
[INFO] [stderr]    Compiling regex-automata v0.4.9
[INFO] [stderr]    Compiling num-traits v0.2.19
[INFO] [stderr]    Compiling doc-comment v0.3.3
[INFO] [stderr]    Compiling predicates-core v1.0.9
[INFO] [stderr]    Compiling num_cpus v1.16.0
[INFO] [stderr]    Compiling difflib v0.4.0
[INFO] [stderr]    Compiling assert_cmd v2.0.16
[INFO] [stderr]    Compiling normalize-line-endings v0.3.0
[INFO] [stderr]    Compiling deadpool-runtime v0.1.4
[INFO] [stderr]    Compiling termtree v0.5.1
[INFO] [stderr]    Compiling assert-json-diff v2.0.2
[INFO] [stderr]    Compiling wait-timeout v0.2.1
[INFO] [stderr]    Compiling urlencoding v2.1.3
[INFO] [stderr]    Compiling predicates-tree v1.0.12
[INFO] [stderr]    Compiling hyper v1.6.0
[INFO] [stderr]    Compiling deadpool v0.10.0
[INFO] [stderr]    Compiling float-cmp v0.10.0
[INFO] [stderr]    Compiling hyper-util v0.1.10
[INFO] [stderr]    Compiling regex v1.11.1
[INFO] [stderr]    Compiling bstr v1.11.3
[INFO] [stderr]    Compiling hyper-tls v0.6.0
[INFO] [stderr]    Compiling predicates v3.1.3
[INFO] [stderr]    Compiling wiremock v0.6.3
[INFO] [stderr]    Compiling reqwest v0.12.15
[INFO] [stderr]    Compiling globset v0.4.16
[INFO] [stderr]    Compiling ignore v0.4.23
[INFO] [stderr]    Compiling reqwest-middleware v0.4.1
[INFO] [stderr]    Compiling sindri-openapi v0.3.1
[INFO] [stderr]    Compiling reqwest-retry v0.7.0
[INFO] [stderr]    Compiling sindri v0.3.1
[INFO] [stderr]    Compiling sindri-cli v0.3.1 (/opt/rustwide/workdir)
[INFO] [stdout] warning: unused import: `command`
[INFO] [stdout]  --> src/bin/cargo-sindri.rs:1:12
[INFO] [stdout]   |
[INFO] [stdout] 1 | use clap::{command, Parser, Subcommand};
[INFO] [stdout]   |            ^^^^^^^
[INFO] [stdout]   |
[INFO] [stdout]   = note: `#[warn(unused_imports)]` (part of `#[warn(unused)]`) on by default
[INFO] [stdout] 
[INFO] [stdout] 
[INFO] [stdout] warning: unused import: `command`
[INFO] [stdout]  --> src/bin/cargo-sindri.rs:1:12
[INFO] [stdout]   |
[INFO] [stdout] 1 | use clap::{command, Parser, Subcommand};
[INFO] [stdout]   |            ^^^^^^^
[INFO] [stdout]   |
[INFO] [stdout]   = note: `#[warn(unused_imports)]` (part of `#[warn(unused)]`) on by default
[INFO] [stdout] 
[INFO] [stdout] 
[INFO] [stderr]     Finished `release` profile [optimized] target(s) in 1m 15s
[INFO] running `Command { std: "docker" "inspect" "0aa355ae6a1e79d5cebe2c69f9af6b62154e8d239815eeebfab84818105c8e4d", kill_on_drop: false }`
[INFO] running `Command { std: "docker" "exec" "-e" "SOURCE_DIR=/opt/rustwide/workdir" "-e" "CARGO_HOME=/opt/rustwide/cargo-home" "-e" "RUSTUP_HOME=/opt/rustwide/rustup-home" "-e" "CARGO_TARGET_DIR=/opt/rustwide/target" "-e" "CARGO_INCREMENTAL=0" "-e" "RUST_BACKTRACE=full" "-e" "RUSTFLAGS=--cap-lints=warn" "-e" "RUSTDOCFLAGS=--cap-lints=warn" "-w" "/opt/rustwide/workdir" "--user" "0:0" "0aa355ae6a1e79d5cebe2c69f9af6b62154e8d239815eeebfab84818105c8e4d" "/opt/rustwide/cargo-home/bin/cargo" "+1.99.0-beta.8" "test" "--frozen" "--release", kill_on_drop: false }`
[INFO] [stderr] warning: unused import: `command`
[INFO] [stderr]  --> src/bin/cargo-sindri.rs:1:12
[INFO] [stderr]   |
[INFO] [stderr] 1 | use clap::{command, Parser, Subcommand};
[INFO] [stderr]   |            ^^^^^^^
[INFO] [stderr]   |
[INFO] [stderr]   = note: `#[warn(unused_imports)]` (part of `#[warn(unused)]`) on by default
[INFO] [stderr] 
[INFO] [stderr] warning: `sindri-cli` (bin "cargo-sindri" test) generated 1 warning (run `cargo fix --bin "cargo-sindri" -p sindri-cli --tests` to apply 1 suggestion)
[INFO] [stderr] warning: `sindri-cli` (bin "cargo-sindri") generated 1 warning (1 duplicate)
[INFO] [stderr]     Finished `release` profile [optimized] target(s) in 0.39s
[INFO] [stdout] 
[INFO] [stderr]      Running unittests src/lib.rs (/opt/rustwide/target/release/deps/sindri_cli-a887afac3f80d0eb)
[INFO] [stdout] running 0 tests
[INFO] [stderr]      Running unittests src/bin/cargo-sindri.rs (/opt/rustwide/target/release/deps/cargo_sindri-969ebf03c804c057)
[INFO] [stdout] 
[INFO] [stdout] test result: ok. 0 passed; 0 failed; 0 ignored; 0 measured; 0 filtered out; finished in 0.00s
[INFO] [stdout] 
[INFO] [stdout] 
[INFO] [stdout] running 5 tests
[INFO] [stdout] test tests::test_cli_login_keyname_too_long ... ok
[INFO] [stdout] test tests::test_cli_clone_circuit ... ok
[INFO] [stdout] test tests::test_cli_clone_bad_identifiers ... ok
[INFO] [stdout] test tests::test_cli_deploy_unauthorized has been running for over 60 seconds
[INFO] [stdout] test tests::test_cli_login_bad_credentials has been running for over 60 seconds
[INFO] [stdout] test tests::test_cli_deploy_unauthorized ... FAILED
[INFO] [stdout] test tests::test_cli_login_bad_credentials ... FAILED
[INFO] [stdout] 
[INFO] [stdout] failures:
[INFO] [stdout] 
[INFO] [stdout] ---- tests::test_cli_deploy_unauthorized stdout ----
[INFO] [stdout] 
[INFO] [stdout] thread 'tests::test_cli_deploy_unauthorized' (4407) panicked at /rustc/dfb0accb7f508ae8be965d8629557221c889dd98/library/core/src/ops/function.rs:250:5:
[INFO] [stdout] Unexpected stderr, failed var.contains(Unauthorized)
[INFO] [stdout] ├── var: Deploy failed ❌
[INFO] [stdout] │   error in reqwest-middleware: Request failed after 14 retries
[INFO] [stdout] └── var as str: Deploy failed ❌
[INFO] [stdout]     error in reqwest-middleware: Request failed after 14 retries
[INFO] [stdout] 
[INFO] [stdout] command=`SINDRI_API_KEY="invalid" "/opt/rustwide/target/release/cargo-sindri" "sindri" "deploy" "tests/factory/circuit.tar.gz" "--tags" "failure"`
[INFO] [stdout] code=1
[INFO] [stdout] stdout=```
[INFO] [stdout] Deploying...
[INFO] [stdout]   ✓ Valid metadata pairs specified: 0
[INFO] [stdout]   ✓ Valid tags specified: 1
[INFO] [stdout]   ✓ Detected compressed project file
[INFO] [stdout] Uploading circuit...
[INFO] [stdout] ```
[INFO] [stdout] 
[INFO] [stdout] stderr=```
[INFO] [stdout] Deploy failed ❌
[INFO] [stdout] error in reqwest-middleware: Request failed after 14 retries
[INFO] [stdout] ```
[INFO] [stdout] 
[INFO] [stdout] 
[INFO] [stdout] stack backtrace:
[INFO] [stdout]    0:     0x5e74b4996f71 - <<std[70759c8f55707aa4]::sys::backtrace::BacktraceLock>::print::DisplayBacktrace as core[df12db4294e9bfd3]::fmt::Display>::fmt
[INFO] [stdout]    1:     0x5e74b49af1ba - core[df12db4294e9bfd3]::fmt::write
[INFO] [stdout]    2:     0x5e74b499d08c - <alloc[2182bb758b4b3781]::vec::Vec<u8> as core[df12db4294e9bfd3]::io::write::Write>::write_fmt
[INFO] [stdout]    3:     0x5e74b4970386 - std[70759c8f55707aa4]::panicking::default_hook::{closure#0}
[INFO] [stdout]    4:     0x5e74b498e2e9 - std[70759c8f55707aa4]::panicking::default_hook
[INFO] [stdout]    5:     0x5e74b48254f0 - test[9d35eded1c95d3be]::test_main_inner::<test[9d35eded1c95d3be]::test_main_static::{closure#0}>::{closure#0}
[INFO] [stdout]    6:     0x5e74b498e612 - std[70759c8f55707aa4]::panicking::panic_with_hook
[INFO] [stdout]    7:     0x5e74b4970432 - std[70759c8f55707aa4]::panicking::panic_handler::{closure#0}
[INFO] [stdout]    8:     0x5e74b4968e29 - std[70759c8f55707aa4]::sys::backtrace::__rust_end_short_backtrace::<std[70759c8f55707aa4]::panicking::panic_handler::{closure#0}, !>
[INFO] [stdout]    9:     0x5e74b497121d - __rustc[8fa7c3cbc660c2b3]::rust_begin_unwind
[INFO] [stdout]   10:     0x5e74b49af99c - core[df12db4294e9bfd3]::panicking::panic_fmt
[INFO] [stdout]   11:     0x5e74b4813cf4 - <assert_cmd[4e0d11180568f637]::assert::AssertError>::panic::<assert_cmd[4e0d11180568f637]::assert::Assert>
[INFO] [stdout]   12:     0x5e74b4811158 - cargo_sindri[d7ffb89c85d67e2f]::tests::test_cli_deploy_unauthorized::{closure#0}
[INFO] [stdout]   13:     0x5e74b4817613 - <tokio[9cd436cdd062d684]::runtime::scheduler::current_thread::Context>::enter::<core[df12db4294e9bfd3]::task::poll::Poll<()>, <tokio[9cd436cdd062d684]::runtime::scheduler::current_thread::CoreGuard>::block_on<core[df12db4294e9bfd3]::pin::Pin<&mut core[df12db4294e9bfd3]::pin::Pin<&mut dyn core[df12db4294e9bfd3]::future::future::Future<Output = ()>>>>::{closure#0}::{closure#0}>
[INFO] [stdout]   14:     0x5e74b4812809 - <std[70759c8f55707aa4]::thread::local::LocalKey<tokio[9cd436cdd062d684]::runtime::context::Context>>::with::<tokio[9cd436cdd062d684]::runtime::context::set_scheduler<(alloc[2182bb758b4b3781]::boxed::Box<tokio[9cd436cdd062d684]::runtime::scheduler::current_thread::Core>, core[df12db4294e9bfd3]::option::Option<()>), <tokio[9cd436cdd062d684]::runtime::scheduler::current_thread::CoreGuard>::enter<<tokio[9cd436cdd062d684]::runtime::scheduler::current_thread::CoreGuard>::block_on<core[df12db4294e9bfd3]::pin::Pin<&mut core[df12db4294e9bfd3]::pin::Pin<&mut dyn core[df12db4294e9bfd3]::future::future::Future<Output = ()>>>>::{closure#0}, core[df12db4294e9bfd3]::option::Option<()>>::{closure#0}>::{closure#0}, (alloc[2182bb758b4b3781]::boxed::Box<tokio[9cd436cdd062d684]::runtime::scheduler::current_thread::Core>, core[df12db4294e9bfd3]::option::Option<()>)>
[INFO] [stdout]   15:     0x5e74b4817947 - <tokio[9cd436cdd062d684]::runtime::scheduler::current_thread::CoreGuard>::block_on::<core[df12db4294e9bfd3]::pin::Pin<&mut core[df12db4294e9bfd3]::pin::Pin<&mut dyn core[df12db4294e9bfd3]::future::future::Future<Output = ()>>>>
[INFO] [stdout]   16:     0x5e74b48155f0 - tokio[9cd436cdd062d684]::runtime::context::runtime::enter_runtime::<<tokio[9cd436cdd062d684]::runtime::scheduler::current_thread::CurrentThread>::block_on<core[df12db4294e9bfd3]::pin::Pin<&mut dyn core[df12db4294e9bfd3]::future::future::Future<Output = ()>>>::{closure#0}, ()>
[INFO] [stdout]   17:     0x5e74b48138ea - <tokio[9cd436cdd062d684]::runtime::runtime::Runtime>::block_on::<core[df12db4294e9bfd3]::pin::Pin<&mut dyn core[df12db4294e9bfd3]::future::future::Future<Output = ()>>>
[INFO] [stdout]   18:     0x5e74b48121c5 - cargo_sindri[d7ffb89c85d67e2f]::tests::test_cli_deploy_unauthorized
[INFO] [stdout]   19:     0x5e74b4817479 - <cargo_sindri[d7ffb89c85d67e2f]::tests::test_cli_deploy_unauthorized::{closure#0} as core[df12db4294e9bfd3]::ops::function::FnOnce<()>>::call_once
[INFO] [stdout]   20:     0x5e74b48187db - test[9d35eded1c95d3be]::__rust_begin_short_backtrace::<core[df12db4294e9bfd3]::result::Result<(), alloc[2182bb758b4b3781]::string::String>, fn() -> core[df12db4294e9bfd3]::result::Result<(), alloc[2182bb758b4b3781]::string::String>>
[INFO] [stdout]   21:     0x5e74b4825e45 - test[9d35eded1c95d3be]::run_test::{closure#0}
[INFO] [stdout]   22:     0x5e74b481f704 - std[70759c8f55707aa4]::sys::backtrace::__rust_begin_short_backtrace::<test[9d35eded1c95d3be]::run_test::{closure#1}, ()>
[INFO] [stdout]   23:     0x5e74b4828fa2 - <std[70759c8f55707aa4]::thread::lifecycle::spawn_unchecked<test[9d35eded1c95d3be]::run_test::{closure#1}, ()>::{closure#1} as core[df12db4294e9bfd3]::ops::function::FnOnce<()>>::call_once::{shim:vtable#0}
[INFO] [stdout]   24:     0x5e74b4995ea9 - <std[70759c8f55707aa4]::sys::thread::unix::Thread>::new::thread_start
[INFO] [stdout]   25:     0x7127db83fdfa - <unknown>
[INFO] [stdout]   26:     0x7127db8d33d4 - clone
[INFO] [stdout]   27:                0x0 - <unknown>
[INFO] [stdout] 
[INFO] [stdout] ---- tests::test_cli_login_bad_credentials stdout ----
[INFO] [stdout] 
[INFO] [stdout] thread 'tests::test_cli_login_bad_credentials' (4408) panicked at /rustc/dfb0accb7f508ae8be965d8629557221c889dd98/library/core/src/ops/function.rs:250:5:
[INFO] [stdout] Unexpected stderr, failed var.contains(401 Unauthorized)
[INFO] [stdout] ├── var: Login failed ❌
[INFO] [stdout] │   error in reqwest-middleware: Request failed after 19 retries
[INFO] [stdout] └── var as str: Login failed ❌
[INFO] [stdout]     error in reqwest-middleware: Request failed after 19 retries
[INFO] [stdout] 
[INFO] [stdout] command=`"/opt/rustwide/target/release/cargo-sindri" "sindri" "login" "--username" "mockuser" "--password" "ಠ_ಠ" "--keyname" "my-new-key" "--teamname" "does-not-matter"`
[INFO] [stdout] code=1
[INFO] [stdout] stdout="Logging in...\n"
[INFO] [stdout] stderr=```
[INFO] [stdout] Login failed ❌
[INFO] [stdout] error in reqwest-middleware: Request failed after 19 retries
[INFO] [stdout] ```
[INFO] [stdout] 
[INFO] [stdout] 
[INFO] [stdout] stack backtrace:
[INFO] [stdout]    0:     0x5e74b4996f71 - <<std[70759c8f55707aa4]::sys::backtrace::BacktraceLock>::print::DisplayBacktrace as core[df12db4294e9bfd3]::fmt::Display>::fmt
[INFO] [stdout]    1:     0x5e74b49af1ba - core[df12db4294e9bfd3]::fmt::write
[INFO] [stdout]    2:     0x5e74b499d08c - <alloc[2182bb758b4b3781]::vec::Vec<u8> as core[df12db4294e9bfd3]::io::write::Write>::write_fmt
[INFO] [stdout]    3:     0x5e74b4970386 - std[70759c8f55707aa4]::panicking::default_hook::{closure#0}
[INFO] [stdout]    4:     0x5e74b498e2e9 - std[70759c8f55707aa4]::panicking::default_hook
[INFO] [stdout]    5:     0x5e74b48254f0 - test[9d35eded1c95d3be]::test_main_inner::<test[9d35eded1c95d3be]::test_main_static::{closure#0}>::{closure#0}
[INFO] [stdout]    6:     0x5e74b498e612 - std[70759c8f55707aa4]::panicking::panic_with_hook
[INFO] [stdout]    7:     0x5e74b4970432 - std[70759c8f55707aa4]::panicking::panic_handler::{closure#0}
[INFO] [stdout]    8:     0x5e74b4968e29 - std[70759c8f55707aa4]::sys::backtrace::__rust_end_short_backtrace::<std[70759c8f55707aa4]::panicking::panic_handler::{closure#0}, !>
[INFO] [stdout]    9:     0x5e74b497121d - __rustc[8fa7c3cbc660c2b3]::rust_begin_unwind
[INFO] [stdout]   10:     0x5e74b49af99c - core[df12db4294e9bfd3]::panicking::panic_fmt
[INFO] [stdout]   11:     0x5e74b4813cf4 - <assert_cmd[4e0d11180568f637]::assert::AssertError>::panic::<assert_cmd[4e0d11180568f637]::assert::Assert>
[INFO] [stdout]   12:     0x5e74b4811b67 - cargo_sindri[d7ffb89c85d67e2f]::tests::test_cli_login_bad_credentials::{closure#0}
[INFO] [stdout]   13:     0x5e74b4817613 - <tokio[9cd436cdd062d684]::runtime::scheduler::current_thread::Context>::enter::<core[df12db4294e9bfd3]::task::poll::Poll<()>, <tokio[9cd436cdd062d684]::runtime::scheduler::current_thread::CoreGuard>::block_on<core[df12db4294e9bfd3]::pin::Pin<&mut core[df12db4294e9bfd3]::pin::Pin<&mut dyn core[df12db4294e9bfd3]::future::future::Future<Output = ()>>>>::{closure#0}::{closure#0}>
[INFO] [stdout]   14:     0x5e74b4812809 - <std[70759c8f55707aa4]::thread::local::LocalKey<tokio[9cd436cdd062d684]::runtime::context::Context>>::with::<tokio[9cd436cdd062d684]::runtime::context::set_scheduler<(alloc[2182bb758b4b3781]::boxed::Box<tokio[9cd436cdd062d684]::runtime::scheduler::current_thread::Core>, core[df12db4294e9bfd3]::option::Option<()>), <tokio[9cd436cdd062d684]::runtime::scheduler::current_thread::CoreGuard>::enter<<tokio[9cd436cdd062d684]::runtime::scheduler::current_thread::CoreGuard>::block_on<core[df12db4294e9bfd3]::pin::Pin<&mut core[df12db4294e9bfd3]::pin::Pin<&mut dyn core[df12db4294e9bfd3]::future::future::Future<Output = ()>>>>::{closure#0}, core[df12db4294e9bfd3]::option::Option<()>>::{closure#0}>::{closure#0}, (alloc[2182bb758b4b3781]::boxed::Box<tokio[9cd436cdd062d684]::runtime::scheduler::current_thread::Core>, core[df12db4294e9bfd3]::option::Option<()>)>
[INFO] [stdout]   15:     0x5e74b4817947 - <tokio[9cd436cdd062d684]::runtime::scheduler::current_thread::CoreGuard>::block_on::<core[df12db4294e9bfd3]::pin::Pin<&mut core[df12db4294e9bfd3]::pin::Pin<&mut dyn core[df12db4294e9bfd3]::future::future::Future<Output = ()>>>>
[INFO] [stdout]   16:     0x5e74b48155f0 - tokio[9cd436cdd062d684]::runtime::context::runtime::enter_runtime::<<tokio[9cd436cdd062d684]::runtime::scheduler::current_thread::CurrentThread>::block_on<core[df12db4294e9bfd3]::pin::Pin<&mut dyn core[df12db4294e9bfd3]::future::future::Future<Output = ()>>>::{closure#0}, ()>
[INFO] [stdout]   17:     0x5e74b48138ea - <tokio[9cd436cdd062d684]::runtime::runtime::Runtime>::block_on::<core[df12db4294e9bfd3]::pin::Pin<&mut dyn core[df12db4294e9bfd3]::future::future::Future<Output = ()>>>
[INFO] [stdout]   18:     0x5e74b4812425 - cargo_sindri[d7ffb89c85d67e2f]::tests::test_cli_login_bad_credentials
[INFO] [stdout]   19:     0x5e74b48174b9 - <cargo_sindri[d7ffb89c85d67e2f]::tests::test_cli_login_bad_credentials::{closure#0} as core[df12db4294e9bfd3]::ops::function::FnOnce<()>>::call_once
[INFO] [stdout]   20:     0x5e74b48187db - test[9d35eded1c95d3be]::__rust_begin_short_backtrace::<core[df12db4294e9bfd3]::result::Result<(), alloc[2182bb758b4b3781]::string::String>, fn() -> core[df12db4294e9bfd3]::result::Result<(), alloc[2182bb758b4b3781]::string::String>>
[INFO] [stdout]   21:     0x5e74b4825e45 - test[9d35eded1c95d3be]::run_test::{closure#0}
[INFO] [stdout]   22:     0x5e74b481f704 - std[70759c8f55707aa4]::sys::backtrace::__rust_begin_short_backtrace::<test[9d35eded1c95d3be]::run_test::{closure#1}, ()>
[INFO] [stdout]   23:     0x5e74b4828fa2 - <std[70759c8f55707aa4]::thread::lifecycle::spawn_unchecked<test[9d35eded1c95d3be]::run_test::{closure#1}, ()>::{closure#1} as core[df12db4294e9bfd3]::ops::function::FnOnce<()>>::call_once::{shim:vtable#0}
[INFO] [stdout]   24:     0x5e74b4995ea9 - <std[70759c8f55707aa4]::sys::thread::unix::Thread>::new::thread_start
[INFO] [stdout]   25:     0x7127db83fdfa - <unknown>
[INFO] [stdout]   26:     0x7127db8d33d4 - clone
[INFO] [stdout]   27:                0x0 - <unknown>
[INFO] [stdout] 
[INFO] [stdout] 
[INFO] [stdout] failures:
[INFO] [stdout]     tests::test_cli_deploy_unauthorized
[INFO] [stdout]     tests::test_cli_login_bad_credentials
[INFO] [stdout] 
[INFO] [stdout] test result: FAILED. 3 passed; 2 failed; 0 ignored; 0 measured; 0 filtered out; finished in 64.11s
[INFO] [stdout] 
[INFO] [stderr] error: test failed, to rerun pass `--bin cargo-sindri`
[INFO] running `Command { std: "docker" "inspect" "0aa355ae6a1e79d5cebe2c69f9af6b62154e8d239815eeebfab84818105c8e4d", kill_on_drop: false }`
[INFO] running `Command { std: "docker" "rm" "-f" "0aa355ae6a1e79d5cebe2c69f9af6b62154e8d239815eeebfab84818105c8e4d", kill_on_drop: false }`
[INFO] [stdout] 0aa355ae6a1e79d5cebe2c69f9af6b62154e8d239815eeebfab84818105c8e4d
