[INFO] fetching crate simporter 0.1.0...
[INFO] testing simporter-0.1.0 against 1.100.0-beta.1+cargoflags=--release for beta-release-1.100-2
[INFO] extracting crate simporter 0.1.0 into /workspace/builds/worker-3-tc2/source
[INFO] started tweaking crates.io crate simporter 0.1.0
[INFO] removed 0 missing tests
[INFO] finished tweaking crates.io crate simporter 0.1.0
[INFO] tweaked toml for crates.io crate simporter 0.1.0 written to /workspace/builds/worker-3-tc2/source/Cargo.toml
[INFO] validating manifest of crates.io crate simporter 0.1.0 on toolchain 1.100.0-beta.1
[INFO] running `Command { std: CARGO_HOME="/workspace/cargo-home" RUSTUP_HOME="/workspace/rustup-home" "/workspace/cargo-home/bin/cargo" "+1.100.0-beta.1" "metadata" "--manifest-path" "Cargo.toml" "--no-deps", kill_on_drop: false }`
[INFO] crate crates.io crate simporter 0.1.0 already has a lockfile, it will not be regenerated
[INFO] running `Command { std: CARGO_HOME="/workspace/cargo-home" RUSTUP_HOME="/workspace/rustup-home" "/workspace/cargo-home/bin/cargo" "+1.100.0-beta.1" "fetch" "--manifest-path" "Cargo.toml", kill_on_drop: false }`
[INFO] [stderr] warning: `package.homepage` is redundant with `package.repository`
[INFO] [stderr]   --> Cargo.toml:67:12
[INFO] [stderr]    |
[INFO] [stderr] 67 | homepage = "https://github.com/tjzel/simporter"
[INFO] [stderr]    |            ^^^^^^^^^^^^^^^^^^^^^^^^^^^^^^^^^^^^
[INFO] [stderr] ...
[INFO] [stderr] 72 | repository = "https://github.com/tjzel/simporter"
[INFO] [stderr]    |              ------------------------------------
[INFO] [stderr]    |
[INFO] [stderr]    = note: `cargo::redundant_homepage` is set to `warn` by default
[INFO] [stderr] help: consider removing `package.homepage`
[INFO] [stderr] warning: `simporter` (manifest) generated 1 warning
[INFO] [stderr]     Blocking waiting for file lock on package cache
[INFO] running `Command { std: "docker" "create" "-v" "/var/lib/crater-agent-workspace/builds/worker-3-tc2/source:/opt/rustwide/workdir:ro,Z" "-v" "/var/lib/crater-agent-workspace/builds/worker-3-tc2/target:/opt/rustwide/target:rw,Z" "-v" "/var/lib/crater-agent-workspace/cargo-home:/opt/rustwide/cargo-home:ro,Z" "-v" "/var/lib/crater-agent-workspace/rustup-home:/opt/rustwide/rustup-home:ro,Z" "-m" "1610612736" "--network" "none" "ghcr.io/rust-lang/crates-build-env/linux@sha256:77db811e55d90add9212f6832c23229e3de5f1c1f9905e8cb07319ea15df73ac" "sleep" "infinity", kill_on_drop: false }`
[INFO] [stdout] 5d1de136e7d4f91a29818c3d24fc148b5f973827861959c4eab8c4ec67cae43e
[INFO] running `Command { std: "docker" "start" "5d1de136e7d4f91a29818c3d24fc148b5f973827861959c4eab8c4ec67cae43e", kill_on_drop: false }`
[INFO] running `Command { std: "docker" "inspect" "5d1de136e7d4f91a29818c3d24fc148b5f973827861959c4eab8c4ec67cae43e", kill_on_drop: false }`
[INFO] running `Command { std: "docker" "exec" "-e" "SOURCE_DIR=/opt/rustwide/workdir" "-e" "CARGO_HOME=/opt/rustwide/cargo-home" "-e" "RUSTUP_HOME=/opt/rustwide/rustup-home" "-e" "CARGO_TARGET_DIR=/opt/rustwide/target" "-w" "/opt/rustwide/workdir" "--user" "0:0" "5d1de136e7d4f91a29818c3d24fc148b5f973827861959c4eab8c4ec67cae43e" "/opt/rustwide/cargo-home/bin/cargo" "+1.100.0-beta.1" "metadata" "--no-deps" "--format-version=1", kill_on_drop: false }`
[INFO] running `Command { std: "docker" "inspect" "5d1de136e7d4f91a29818c3d24fc148b5f973827861959c4eab8c4ec67cae43e", kill_on_drop: false }`
[INFO] running `Command { std: "docker" "exec" "-e" "SOURCE_DIR=/opt/rustwide/workdir" "-e" "CARGO_HOME=/opt/rustwide/cargo-home" "-e" "RUSTUP_HOME=/opt/rustwide/rustup-home" "-e" "CARGO_TARGET_DIR=/opt/rustwide/target" "-e" "CARGO_INCREMENTAL=0" "-e" "RUST_BACKTRACE=full" "-e" "RUSTFLAGS=--cap-lints=warn" "-e" "RUSTDOCFLAGS=--cap-lints=warn" "-w" "/opt/rustwide/workdir" "--user" "0:0" "5d1de136e7d4f91a29818c3d24fc148b5f973827861959c4eab8c4ec67cae43e" "/opt/rustwide/cargo-home/bin/cargo" "+1.100.0-beta.1" "build" "--frozen" "--message-format=json" "--release", kill_on_drop: false }`
[INFO] [stderr] warning: `package.homepage` is redundant with `package.repository`
[INFO] [stderr]   --> Cargo.toml:67:12
[INFO] [stderr]    |
[INFO] [stderr] 67 | homepage = "https://github.com/tjzel/simporter"
[INFO] [stderr]    |            ^^^^^^^^^^^^^^^^^^^^^^^^^^^^^^^^^^^^
[INFO] [stderr] ...
[INFO] [stderr] 72 | repository = "https://github.com/tjzel/simporter"
[INFO] [stderr]    |              ------------------------------------
[INFO] [stderr]    |
[INFO] [stderr]    = note: `cargo::redundant_homepage` is set to `warn` by default
[INFO] [stderr] help: consider removing `package.homepage`
[INFO] [stderr] warning: `simporter` (manifest) generated 1 warning
[INFO] [stderr]    Compiling time v0.3.55
[INFO] [stderr]    Compiling dirs-sys v0.4.1
[INFO] [stderr]    Compiling clap_builder v4.6.6
[INFO] [stderr]    Compiling dirs v5.0.1
[INFO] [stderr]    Compiling clap v4.6.6
[INFO] [stderr]    Compiling simporter v0.1.0 (/opt/rustwide/workdir)
[INFO] [stderr]     Finished `release` profile [optimized] target(s) in 17.09s
[INFO] running `Command { std: "docker" "inspect" "5d1de136e7d4f91a29818c3d24fc148b5f973827861959c4eab8c4ec67cae43e", kill_on_drop: false }`
[INFO] running `Command { std: "docker" "exec" "-e" "SOURCE_DIR=/opt/rustwide/workdir" "-e" "CARGO_HOME=/opt/rustwide/cargo-home" "-e" "RUSTUP_HOME=/opt/rustwide/rustup-home" "-e" "CARGO_TARGET_DIR=/opt/rustwide/target" "-e" "CARGO_INCREMENTAL=0" "-e" "RUST_BACKTRACE=full" "-e" "RUSTFLAGS=--cap-lints=warn" "-e" "RUSTDOCFLAGS=--cap-lints=warn" "-w" "/opt/rustwide/workdir" "--user" "0:0" "5d1de136e7d4f91a29818c3d24fc148b5f973827861959c4eab8c4ec67cae43e" "/opt/rustwide/cargo-home/bin/cargo" "+1.100.0-beta.1" "test" "--frozen" "--no-run" "--message-format=json" "--release", kill_on_drop: false }`
[INFO] [stderr] warning: `package.homepage` is redundant with `package.repository`
[INFO] [stderr]   --> Cargo.toml:67:12
[INFO] [stderr]    |
[INFO] [stderr] 67 | homepage = "https://github.com/tjzel/simporter"
[INFO] [stderr]    |            ^^^^^^^^^^^^^^^^^^^^^^^^^^^^^^^^^^^^
[INFO] [stderr] ...
[INFO] [stderr] 72 | repository = "https://github.com/tjzel/simporter"
[INFO] [stderr]    |              ------------------------------------
[INFO] [stderr]    |
[INFO] [stderr]    = note: `cargo::redundant_homepage` is set to `warn` by default
[INFO] [stderr] help: consider removing `package.homepage`
[INFO] [stderr] warning: `simporter` (manifest) generated 1 warning
[INFO] [stderr]    Compiling simporter v0.1.0 (/opt/rustwide/workdir)
[INFO] [stderr]     Finished `release` profile [optimized] target(s) in 6.80s
[INFO] running `Command { std: "docker" "inspect" "5d1de136e7d4f91a29818c3d24fc148b5f973827861959c4eab8c4ec67cae43e", kill_on_drop: false }`
[INFO] running `Command { std: "docker" "exec" "-e" "SOURCE_DIR=/opt/rustwide/workdir" "-e" "CARGO_HOME=/opt/rustwide/cargo-home" "-e" "RUSTUP_HOME=/opt/rustwide/rustup-home" "-e" "CARGO_TARGET_DIR=/opt/rustwide/target" "-e" "CARGO_INCREMENTAL=0" "-e" "RUST_BACKTRACE=full" "-e" "RUSTFLAGS=--cap-lints=warn" "-e" "RUSTDOCFLAGS=--cap-lints=warn" "-w" "/opt/rustwide/workdir" "--user" "0:0" "5d1de136e7d4f91a29818c3d24fc148b5f973827861959c4eab8c4ec67cae43e" "/opt/rustwide/cargo-home/bin/cargo" "+1.100.0-beta.1" "test" "--frozen" "--release", kill_on_drop: false }`
[INFO] [stderr] warning: `package.homepage` is redundant with `package.repository`
[INFO] [stderr]   --> Cargo.toml:67:12
[INFO] [stderr]    |
[INFO] [stderr] 67 | homepage = "https://github.com/tjzel/simporter"
[INFO] [stderr]    |            ^^^^^^^^^^^^^^^^^^^^^^^^^^^^^^^^^^^^
[INFO] [stderr] ...
[INFO] [stderr] 72 | repository = "https://github.com/tjzel/simporter"
[INFO] [stderr]    |              ------------------------------------
[INFO] [stderr]    |
[INFO] [stderr]    = note: `cargo::redundant_homepage` is set to `warn` by default
[INFO] [stderr] help: consider removing `package.homepage`
[INFO] [stderr] warning: `simporter` (manifest) generated 1 warning
[INFO] [stderr]     Finished `release` profile [optimized] target(s) in 0.08s
[INFO] [stderr]      Running unittests src/main.rs (/opt/rustwide/target/release/build/simporter/693cc03a066d5fb4/out/simporter-693cc03a066d5fb4)
[INFO] [stdout] 
[INFO] [stdout] running 66 tests
[INFO] [stdout] test cli::tests::owners_are_trimmed ... ok
[INFO] [stdout] test cli::tests::a_blank_owner_falls_through_to_the_environment ... ok
[INFO] [stdout] test cli::tests::the_environment_is_the_fallback ... ok
[INFO] [stdout] test cli::tests::durations_accept_suffixes ... ok
[INFO] [stdout] test devices::ios::tests::runtime_list_parses_the_simctl_shape ... ok
[INFO] [stdout] test devices::ios::tests::version_key_orders_runtimes_numerically ... ok
[INFO] [stdout] test devices::tests::platform_round_trips_through_json ... ok
[INFO] [stdout] test devices::android::tests::native_abi_is_preferred ... ok
[INFO] [stdout] test clock::tests::rfc3339_formats_the_epoch ... ok
[INFO] [stdout] test devices::ios::tests::device_list_parses_the_simctl_shape ... ok
[INFO] [stdout] test clock::tests::durations_render_compactly ... ok
[INFO] [stdout] test clock::tests::now_is_after_the_year_2020 ... ok
[INFO] [stdout] test cli::tests::cli_parses_the_run_wrapper ... ok
[INFO] [stdout] test config::tests::empty_suffix_is_rejected ... ok
[INFO] [stdout] test devices::android::tests::google_apis_outranks_playstore_and_default ... ok
[INFO] [stdout] test config::tests::inverted_port_range_is_rejected ... ok
[INFO] [stdout] test config::tests::default_config_is_valid ... ok
[INFO] [stdout] test exit::tests::usage_problems_map_to_their_own_code ... ok
[INFO] [stdout] test exit::tests::port_exhaustion_maps_to_its_own_code ... ok
[INFO] [stdout] test lock::tests::pid_zero_is_not_treated_as_a_live_owner ... ok
[INFO] [stdout] test cli::tests::no_owner_anywhere_is_an_error ... ok
[INFO] [stdout] test cli::tests::explicit_owner_wins_over_the_environment ... ok
[INFO] [stdout] test devices::android::tests::api_key_orders_levels_numerically ... ok
[INFO] [stdout] test naming::tests::suffix_without_index_is_managed_as_index_zero ... ok
[INFO] [stdout] test exit::tests::lock_timeout_maps_to_its_own_code ... ok
[INFO] [stdout] test exit::tests::other_errors_map_to_generic_failure ... ok
[INFO] [stdout] test lock::tests::current_process_is_alive ... ok
[INFO] [stdout] test cli::tests::claim_defaults_to_ios ... ok
[INFO] [stdout] test ports::tests::a_port_held_by_a_live_listener_is_not_free ... ok
[INFO] [stdout] test ports::tests::allocation_fails_when_the_range_is_exhausted ... ok
[INFO] [stdout] test ports::tests::allocation_refuses_a_port_a_foreign_process_listens_on ... ok
[INFO] [stdout] test ports::tests::allocation_returns_distinct_ports_within_one_call ... ok
[INFO] [stdout] test ports::tests::a_loopback_only_listener_is_still_detected ... ok
[INFO] [stdout] test naming::tests::next_free_name_skips_taken_names ... ok
[INFO] [stdout] test naming::tests::next_free_name_starts_at_one ... ok
[INFO] [stdout] test rule::tests::a_block_is_appended_to_an_existing_file ... ok
[INFO] [stdout] test rule::tests::a_stale_block_is_replaced_in_place ... ok
[INFO] [stdout] test naming::tests::suffix_must_be_a_whole_token ... ok
[INFO] [stdout] test naming::tests::android_agent_name_is_managed ... ok
[INFO] [stdout] test naming::tests::android_separator_is_not_applied_to_ios ... ok
[INFO] [stdout] test naming::tests::human_owned_names_are_not_managed ... ok
[INFO] [stdout] test rule::tests::shared_instruction_files_are_managed_as_blocks ... ok
[INFO] [stdout] test lock::tests::lock_is_reacquirable_after_drop ... FAILED
[INFO] [stdout] test rule::tests::splicing_twice_changes_nothing ... ok
[INFO] [stdout] test devices::tests::run_capture_reports_a_failing_command ... ok
[INFO] [stdout] test naming::tests::ios_agent_name_is_managed ... ok
[INFO] [stdout] test lock::tests::second_acquire_in_same_process_blocks_until_timeout ... FAILED
[INFO] [stdout] test cli::tests::bad_durations_are_rejected ... ok
[INFO] [stdout] test rule::tests::an_empty_file_gets_the_block_without_leading_blanks ... ok
[INFO] [stdout] test rule::tests::the_rule_names_no_single_agent ... ok
[INFO] [stdout] test state::tests::a_chain_of_symlinks_resolves_to_the_final_target ... FAILED
[INFO] [stdout] test state::tests::claimed_ports_collects_every_claim ... ok
[INFO] [stdout] test ports::tests::allocation_skips_ports_already_in_the_registry ... ok
[INFO] [stdout] test ports::tests::duplicate_names_are_rejected ... ok
[INFO] [stdout] test ports::tests::env_keys_are_uppercase_and_underscored ... ok
[INFO] [stdout] test ports::tests::invalid_names_are_rejected ... ok
[INFO] [stdout] test ports::tests::names_are_split_and_counted ... ok
[INFO] [stdout] test state::tests::gc_drops_claims_whose_owner_process_is_gone ... ok
[INFO] [stdout] test runner::tests::exit_code_maps_a_signal_to_the_shell_convention ... ok
[INFO] [stdout] test runner::tests::exit_code_passes_the_child_status_through ... ok
[INFO] [stdout] test state::tests::gc_drops_expired_claims_and_keeps_live_ones ... ok
[INFO] [stdout] test state::tests::a_plain_path_is_returned_unchanged ... FAILED
[INFO] [stdout] test state::tests::gc_expires_stale_reservations ... ok
[INFO] [stdout] test state::tests::missing_state_file_loads_as_empty ... FAILED
[INFO] [stdout] test state::tests::round_trip_through_disk_preserves_claims ... FAILED
[INFO] [stdout] test state::tests::writing_through_a_symlink_keeps_the_link_and_updates_the_target ... FAILED
[INFO] [stdout] 
[INFO] [stdout] failures:
[INFO] [stdout] 
[INFO] [stdout] ---- lock::tests::lock_is_reacquirable_after_drop stdout ----
[INFO] [stdout] 
[INFO] [stdout] thread 'lock::tests::lock_is_reacquirable_after_drop' (380) panicked at src/testing.rs:12:36:
[INFO] [stdout] failed to create test directory: Os { code: 30, kind: ReadOnlyFilesystem, message: "Read-only file system" }
[INFO] [stdout] stack backtrace:
[INFO] [stdout]    0:     0x626bdc87a731 - <<std[617be2ca0a6fd877]::sys::backtrace::BacktraceLock>::print::DisplayBacktrace as core[a373ad73a504971]::fmt::Display>::fmt
[INFO] [stdout]    1:     0x626bdc890b0a - core[a373ad73a504971]::fmt::write
[INFO] [stdout]    2:     0x626bdc87f0cc - <alloc[2e1b2a31b91974c5]::vec::Vec<u8> as core[a373ad73a504971]::io::write::Write>::write_fmt
[INFO] [stdout]    3:     0x626bdc854006 - std[617be2ca0a6fd877]::panicking::default_hook::{closure#0}
[INFO] [stdout]    4:     0x626bdc871999 - std[617be2ca0a6fd877]::panicking::default_hook
[INFO] [stdout]    5:     0x626bdc7bf510 - test[aada8e7e76ba119b]::test_main_inner::{closure#0}
[INFO] [stdout]    6:     0x626bdc871b52 - std[617be2ca0a6fd877]::panicking::panic_with_hook
[INFO] [stdout]    7:     0x626bdc8540b2 - std[617be2ca0a6fd877]::panicking::panic_handler::{closure#0}
[INFO] [stdout]    8:     0x626bdc84c4c9 - std[617be2ca0a6fd877]::sys::backtrace::__rust_end_short_backtrace::<std[617be2ca0a6fd877]::panicking::panic_handler::{closure#0}, !>
[INFO] [stdout]    9:     0x626bdc854fad - __rustc[ea4f61d10b84890b]::rust_begin_unwind
[INFO] [stdout]   10:     0x626bdc89123c - core[a373ad73a504971]::panicking::panic_fmt
[INFO] [stdout]   11:     0x626bdc891012 - core[a373ad73a504971]::result::unwrap_failed
[INFO] [stdout]   12:     0x626bdc795a36 - simporter[8130267c4f40c19a]::testing::temp_dir
[INFO] [stdout]   13:     0x626bdc79fe95 - <simporter[8130267c4f40c19a]::lock::tests::lock_is_reacquirable_after_drop::{closure#0} as core[a373ad73a504971]::ops::function::FnOnce<()>>::call_once
[INFO] [stdout]   14:     0x626bdc7b295b - test[aada8e7e76ba119b]::__rust_begin_short_backtrace::<core[a373ad73a504971]::result::Result<(), alloc[2e1b2a31b91974c5]::string::String>, fn() -> core[a373ad73a504971]::result::Result<(), alloc[2e1b2a31b91974c5]::string::String>>
[INFO] [stdout]   15:     0x626bdc7bfb35 - test[aada8e7e76ba119b]::run_test::{closure#0}
[INFO] [stdout]   16:     0x626bdc7b9424 - std[617be2ca0a6fd877]::sys::backtrace::__rust_begin_short_backtrace::<test[aada8e7e76ba119b]::run_test::{closure#1}, ()>
[INFO] [stdout]   17:     0x626bdc7c2bc2 - <std[617be2ca0a6fd877]::thread::lifecycle::spawn_unchecked<test[aada8e7e76ba119b]::run_test::{closure#1}, ()>::{closure#1} as core[a373ad73a504971]::ops::function::FnOnce<()>>::call_once::{shim:vtable#0}
[INFO] [stdout]   18:     0x626bdc8797ff - <std[617be2ca0a6fd877]::sys::thread::unix::Thread>::new::thread_start
[INFO] [stdout]   19:     0x7188fd010dfa - <unknown>
[INFO] [stdout]   20:     0x7188fd0a43d4 - clone
[INFO] [stdout]   21:                0x0 - <unknown>
[INFO] [stdout] 
[INFO] [stdout] ---- lock::tests::second_acquire_in_same_process_blocks_until_timeout stdout ----
[INFO] [stdout] 
[INFO] [stdout] thread 'lock::tests::second_acquire_in_same_process_blocks_until_timeout' (382) panicked at src/testing.rs:12:36:
[INFO] [stdout] failed to create test directory: Os { code: 30, kind: ReadOnlyFilesystem, message: "Read-only file system" }
[INFO] [stdout] stack backtrace:
[INFO] [stdout]    0:     0x626bdc87a731 - <<std[617be2ca0a6fd877]::sys::backtrace::BacktraceLock>::print::DisplayBacktrace as core[a373ad73a504971]::fmt::Display>::fmt
[INFO] [stdout]    1:     0x626bdc890b0a - core[a373ad73a504971]::fmt::write
[INFO] [stdout]    2:     0x626bdc87f0cc - <alloc[2e1b2a31b91974c5]::vec::Vec<u8> as core[a373ad73a504971]::io::write::Write>::write_fmt
[INFO] [stdout]    3:     0x626bdc854006 - std[617be2ca0a6fd877]::panicking::default_hook::{closure#0}
[INFO] [stdout]    4:     0x626bdc871999 - std[617be2ca0a6fd877]::panicking::default_hook
[INFO] [stdout]    5:     0x626bdc7bf510 - test[aada8e7e76ba119b]::test_main_inner::{closure#0}
[INFO] [stdout]    6:     0x626bdc871b52 - std[617be2ca0a6fd877]::panicking::panic_with_hook
[INFO] [stdout]    7:     0x626bdc8540b2 - std[617be2ca0a6fd877]::panicking::panic_handler::{closure#0}
[INFO] [stdout]    8:     0x626bdc84c4c9 - std[617be2ca0a6fd877]::sys::backtrace::__rust_end_short_backtrace::<std[617be2ca0a6fd877]::panicking::panic_handler::{closure#0}, !>
[INFO] [stdout]    9:     0x626bdc854fad - __rustc[ea4f61d10b84890b]::rust_begin_unwind
[INFO] [stdout]   10:     0x626bdc89123c - core[a373ad73a504971]::panicking::panic_fmt
[INFO] [stdout]   11:     0x626bdc891012 - core[a373ad73a504971]::result::unwrap_failed
[INFO] [stdout]   12:     0x626bdc795a36 - simporter[8130267c4f40c19a]::testing::temp_dir
[INFO] [stdout]   13:     0x626bdc7a00b5 - <simporter[8130267c4f40c19a]::lock::tests::second_acquire_in_same_process_blocks_until_timeout::{closure#0} as core[a373ad73a504971]::ops::function::FnOnce<()>>::call_once
[INFO] [stdout]   14:     0x626bdc7b295b - test[aada8e7e76ba119b]::__rust_begin_short_backtrace::<core[a373ad73a504971]::result::Result<(), alloc[2e1b2a31b91974c5]::string::String>, fn() -> core[a373ad73a504971]::result::Result<(), alloc[2e1b2a31b91974c5]::string::String>>
[INFO] [stdout]   15:     0x626bdc7bfb35 - test[aada8e7e76ba119b]::run_test::{closure#0}
[INFO] [stdout]   16:     0x626bdc7b9424 - std[617be2ca0a6fd877]::sys::backtrace::__rust_begin_short_backtrace::<test[aada8e7e76ba119b]::run_test::{closure#1}, ()>
[INFO] [stdout]   17:     0x626bdc7c2bc2 - <std[617be2ca0a6fd877]::thread::lifecycle::spawn_unchecked<test[aada8e7e76ba119b]::run_test::{closure#1}, ()>::{closure#1} as core[a373ad73a504971]::ops::function::FnOnce<()>>::call_once::{shim:vtable#0}
[INFO] [stdout]   18:     0x626bdc8797ff - <std[617be2ca0a6fd877]::sys::thread::unix::Thread>::new::thread_start
[INFO] [stdout]   19:     0x7188fd010dfa - <unknown>
[INFO] [stdout]   20:     0x7188fd0a43d4 - clone
[INFO] [stdout]   21:                0x0 - <unknown>
[INFO] [stdout] 
[INFO] [stdout] ---- state::tests::a_chain_of_symlinks_resolves_to_the_final_target stdout ----
[INFO] [stdout] 
[INFO] [stdout] thread 'state::tests::a_chain_of_symlinks_resolves_to_the_final_target' (410) panicked at src/testing.rs:12:36:
[INFO] [stdout] failed to create test directory: Os { code: 30, kind: ReadOnlyFilesystem, message: "Read-only file system" }
[INFO] [stdout] stack backtrace:
[INFO] [stdout]    0:     0x626bdc87a731 - <<std[617be2ca0a6fd877]::sys::backtrace::BacktraceLock>::print::DisplayBacktrace as core[a373ad73a504971]::fmt::Display>::fmt
[INFO] [stdout]    1:     0x626bdc890b0a - core[a373ad73a504971]::fmt::write
[INFO] [stdout]    2:     0x626bdc87f0cc - <alloc[2e1b2a31b91974c5]::vec::Vec<u8> as core[a373ad73a504971]::io::write::Write>::write_fmt
[INFO] [stdout]    3:     0x626bdc854006 - std[617be2ca0a6fd877]::panicking::default_hook::{closure#0}
[INFO] [stdout]    4:     0x626bdc871999 - std[617be2ca0a6fd877]::panicking::default_hook
[INFO] [stdout]    5:     0x626bdc7bf510 - test[aada8e7e76ba119b]::test_main_inner::{closure#0}
[INFO] [stdout]    6:     0x626bdc871b52 - std[617be2ca0a6fd877]::panicking::panic_with_hook
[INFO] [stdout]    7:     0x626bdc8540b2 - std[617be2ca0a6fd877]::panicking::panic_handler::{closure#0}
[INFO] [stdout]    8:     0x626bdc84c4c9 - std[617be2ca0a6fd877]::sys::backtrace::__rust_end_short_backtrace::<std[617be2ca0a6fd877]::panicking::panic_handler::{closure#0}, !>
[INFO] [stdout]    9:     0x626bdc854fad - __rustc[ea4f61d10b84890b]::rust_begin_unwind
[INFO] [stdout]   10:     0x626bdc89123c - core[a373ad73a504971]::panicking::panic_fmt
[INFO] [stdout]   11:     0x626bdc891012 - core[a373ad73a504971]::result::unwrap_failed
[INFO] [stdout]   12:     0x626bdc795a36 - simporter[8130267c4f40c19a]::testing::temp_dir
[INFO] [stdout]   13:     0x626bdc77a78d - <simporter[8130267c4f40c19a]::state::tests::a_chain_of_symlinks_resolves_to_the_final_target::{closure#0} as core[a373ad73a504971]::ops::function::FnOnce<()>>::call_once
[INFO] [stdout]   14:     0x626bdc7b295b - test[aada8e7e76ba119b]::__rust_begin_short_backtrace::<core[a373ad73a504971]::result::Result<(), alloc[2e1b2a31b91974c5]::string::String>, fn() -> core[a373ad73a504971]::result::Result<(), alloc[2e1b2a31b91974c5]::string::String>>
[INFO] [stdout]   15:     0x626bdc7bfb35 - test[aada8e7e76ba119b]::run_test::{closure#0}
[INFO] [stdout]   16:     0x626bdc7b9424 - std[617be2ca0a6fd877]::sys::backtrace::__rust_begin_short_backtrace::<test[aada8e7e76ba119b]::run_test::{closure#1}, ()>
[INFO] [stdout]   17:     0x626bdc7c2bc2 - <std[617be2ca0a6fd877]::thread::lifecycle::spawn_unchecked<test[aada8e7e76ba119b]::run_test::{closure#1}, ()>::{closure#1} as core[a373ad73a504971]::ops::function::FnOnce<()>>::call_once::{shim:vtable#0}
[INFO] [stdout]   18:     0x626bdc8797ff - <std[617be2ca0a6fd877]::sys::thread::unix::Thread>::new::thread_start
[INFO] [stdout]   19:     0x7188fd010dfa - <unknown>
[INFO] [stdout]   20:     0x7188fd0a43d4 - clone
[INFO] [stdout]   21:                0x0 - <unknown>
[INFO] [stdout] 
[INFO] [stdout] ---- state::tests::a_plain_path_is_returned_unchanged stdout ----
[INFO] [stdout] 
[INFO] [stdout] thread 'state::tests::a_plain_path_is_returned_unchanged' (411) panicked at src/testing.rs:12:36:
[INFO] [stdout] failed to create test directory: Os { code: 30, kind: ReadOnlyFilesystem, message: "Read-only file system" }
[INFO] [stdout] stack backtrace:
[INFO] [stdout]    0:     0x626bdc87a731 - <<std[617be2ca0a6fd877]::sys::backtrace::BacktraceLock>::print::DisplayBacktrace as core[a373ad73a504971]::fmt::Display>::fmt
[INFO] [stdout]    1:     0x626bdc890b0a - core[a373ad73a504971]::fmt::write
[INFO] [stdout]    2:     0x626bdc87f0cc - <alloc[2e1b2a31b91974c5]::vec::Vec<u8> as core[a373ad73a504971]::io::write::Write>::write_fmt
[INFO] [stdout]    3:     0x626bdc854006 - std[617be2ca0a6fd877]::panicking::default_hook::{closure#0}
[INFO] [stdout]    4:     0x626bdc871999 - std[617be2ca0a6fd877]::panicking::default_hook
[INFO] [stdout]    5:     0x626bdc7bf510 - test[aada8e7e76ba119b]::test_main_inner::{closure#0}
[INFO] [stdout]    6:     0x626bdc871b52 - std[617be2ca0a6fd877]::panicking::panic_with_hook
[INFO] [stdout]    7:     0x626bdc8540b2 - std[617be2ca0a6fd877]::panicking::panic_handler::{closure#0}
[INFO] [stdout]    8:     0x626bdc84c4c9 - std[617be2ca0a6fd877]::sys::backtrace::__rust_end_short_backtrace::<std[617be2ca0a6fd877]::panicking::panic_handler::{closure#0}, !>
[INFO] [stdout]    9:     0x626bdc854fad - __rustc[ea4f61d10b84890b]::rust_begin_unwind
[INFO] [stdout]   10:     0x626bdc89123c - core[a373ad73a504971]::panicking::panic_fmt
[INFO] [stdout]   11:     0x626bdc891012 - core[a373ad73a504971]::result::unwrap_failed
[INFO] [stdout]   12:     0x626bdc795a36 - simporter[8130267c4f40c19a]::testing::temp_dir
[INFO] [stdout]   13:     0x626bdc77939a - <simporter[8130267c4f40c19a]::state::tests::a_plain_path_is_returned_unchanged::{closure#0} as core[a373ad73a504971]::ops::function::FnOnce<()>>::call_once
[INFO] [stdout]   14:     0x626bdc7b295b - test[aada8e7e76ba119b]::__rust_begin_short_backtrace::<core[a373ad73a504971]::result::Result<(), alloc[2e1b2a31b91974c5]::string::String>, fn() -> core[a373ad73a504971]::result::Result<(), alloc[2e1b2a31b91974c5]::string::String>>
[INFO] [stdout]   15:     0x626bdc7bfb35 - test[aada8e7e76ba119b]::run_test::{closure#0}
[INFO] [stdout]   16:     0x626bdc7b9424 - std[617be2ca0a6fd877]::sys::backtrace::__rust_begin_short_backtrace::<test[aada8e7e76ba119b]::run_test::{closure#1}, ()>
[INFO] [stdout]   17:     0x626bdc7c2bc2 - <std[617be2ca0a6fd877]::thread::lifecycle::spawn_unchecked<test[aada8e7e76ba119b]::run_test::{closure#1}, ()>::{closure#1} as core[a373ad73a504971]::ops::function::FnOnce<()>>::call_once::{shim:vtable#0}
[INFO] [stdout]   18:     0x626bdc8797ff - <std[617be2ca0a6fd877]::sys::thread::unix::Thread>::new::thread_start
[INFO] [stdout]   19:     0x7188fd010dfa - <unknown>
[INFO] [stdout]   20:     0x7188fd0a43d4 - clone
[INFO] [stdout]   21:                0x0 - <unknown>
[INFO] [stdout] 
[INFO] [stdout] ---- state::tests::missing_state_file_loads_as_empty stdout ----
[INFO] [stdout] 
[INFO] [stdout] thread 'state::tests::missing_state_file_loads_as_empty' (417) panicked at src/testing.rs:12:36:
[INFO] [stdout] failed to create test directory: Os { code: 30, kind: ReadOnlyFilesystem, message: "Read-only file system" }
[INFO] [stdout] stack backtrace:
[INFO] [stdout]    0:     0x626bdc87a731 - <<std[617be2ca0a6fd877]::sys::backtrace::BacktraceLock>::print::DisplayBacktrace as core[a373ad73a504971]::fmt::Display>::fmt
[INFO] [stdout]    1:     0x626bdc890b0a - core[a373ad73a504971]::fmt::write
[INFO] [stdout]    2:     0x626bdc87f0cc - <alloc[2e1b2a31b91974c5]::vec::Vec<u8> as core[a373ad73a504971]::io::write::Write>::write_fmt
[INFO] [stdout]    3:     0x626bdc854006 - std[617be2ca0a6fd877]::panicking::default_hook::{closure#0}
[INFO] [stdout]    4:     0x626bdc871999 - std[617be2ca0a6fd877]::panicking::default_hook
[INFO] [stdout]    5:     0x626bdc7bf510 - test[aada8e7e76ba119b]::test_main_inner::{closure#0}
[INFO] [stdout]    6:     0x626bdc871b52 - std[617be2ca0a6fd877]::panicking::panic_with_hook
[INFO] [stdout]    7:     0x626bdc8540b2 - std[617be2ca0a6fd877]::panicking::panic_handler::{closure#0}
[INFO] [stdout]    8:     0x626bdc84c4c9 - std[617be2ca0a6fd877]::sys::backtrace::__rust_end_short_backtrace::<std[617be2ca0a6fd877]::panicking::panic_handler::{closure#0}, !>
[INFO] [stdout]    9:     0x626bdc854fad - __rustc[ea4f61d10b84890b]::rust_begin_unwind
[INFO] [stdout]   10:     0x626bdc89123c - core[a373ad73a504971]::panicking::panic_fmt
[INFO] [stdout]   11:     0x626bdc891012 - core[a373ad73a504971]::result::unwrap_failed
[INFO] [stdout]   12:     0x626bdc795a36 - simporter[8130267c4f40c19a]::testing::temp_dir
[INFO] [stdout]   13:     0x626bdc7791e3 - <simporter[8130267c4f40c19a]::state::tests::missing_state_file_loads_as_empty::{closure#0} as core[a373ad73a504971]::ops::function::FnOnce<()>>::call_once
[INFO] [stdout]   14:     0x626bdc7b295b - test[aada8e7e76ba119b]::__rust_begin_short_backtrace::<core[a373ad73a504971]::result::Result<(), alloc[2e1b2a31b91974c5]::string::String>, fn() -> core[a373ad73a504971]::result::Result<(), alloc[2e1b2a31b91974c5]::string::String>>
[INFO] [stdout]   15:     0x626bdc7bfb35 - test[aada8e7e76ba119b]::run_test::{closure#0}
[INFO] [stdout]   16:     0x626bdc7b9424 - std[617be2ca0a6fd877]::sys::backtrace::__rust_begin_short_backtrace::<test[aada8e7e76ba119b]::run_test::{closure#1}, ()>
[INFO] [stdout]   17:     0x626bdc7c2bc2 - <std[617be2ca0a6fd877]::thread::lifecycle::spawn_unchecked<test[aada8e7e76ba119b]::run_test::{closure#1}, ()>::{closure#1} as core[a373ad73a504971]::ops::function::FnOnce<()>>::call_once::{shim:vtable#0}
[INFO] [stdout]   18:     0x626bdc8797ff - <std[617be2ca0a6fd877]::sys::thread::unix::Thread>::new::thread_start
[INFO] [stdout]   19:     0x7188fd010dfa - <unknown>
[INFO] [stdout]   20:     0x7188fd0a43d4 - clone
[INFO] [stdout]   21:                0x0 - <unknown>
[INFO] [stdout] 
[INFO] [stdout] ---- state::tests::round_trip_through_disk_preserves_claims stdout ----
[INFO] [stdout] 
[INFO] [stdout] thread 'state::tests::round_trip_through_disk_preserves_claims' (418) panicked at src/testing.rs:12:36:
[INFO] [stdout] failed to create test directory: Os { code: 30, kind: ReadOnlyFilesystem, message: "Read-only file system" }
[INFO] [stdout] stack backtrace:
[INFO] [stdout]    0:     0x626bdc87a731 - <<std[617be2ca0a6fd877]::sys::backtrace::BacktraceLock>::print::DisplayBacktrace as core[a373ad73a504971]::fmt::Display>::fmt
[INFO] [stdout]    1:     0x626bdc890b0a - core[a373ad73a504971]::fmt::write
[INFO] [stdout]    2:     0x626bdc87f0cc - <alloc[2e1b2a31b91974c5]::vec::Vec<u8> as core[a373ad73a504971]::io::write::Write>::write_fmt
[INFO] [stdout]    3:     0x626bdc854006 - std[617be2ca0a6fd877]::panicking::default_hook::{closure#0}
[INFO] [stdout]    4:     0x626bdc871999 - std[617be2ca0a6fd877]::panicking::default_hook
[INFO] [stdout]    5:     0x626bdc7bf510 - test[aada8e7e76ba119b]::test_main_inner::{closure#0}
[INFO] [stdout]    6:     0x626bdc871b52 - std[617be2ca0a6fd877]::panicking::panic_with_hook
[INFO] [stdout]    7:     0x626bdc8540b2 - std[617be2ca0a6fd877]::panicking::panic_handler::{closure#0}
[INFO] [stdout]    8:     0x626bdc84c4c9 - std[617be2ca0a6fd877]::sys::backtrace::__rust_end_short_backtrace::<std[617be2ca0a6fd877]::panicking::panic_handler::{closure#0}, !>
[INFO] [stdout]    9:     0x626bdc854fad - __rustc[ea4f61d10b84890b]::rust_begin_unwind
[INFO] [stdout]   10:     0x626bdc89123c - core[a373ad73a504971]::panicking::panic_fmt
[INFO] [stdout]   11:     0x626bdc891012 - core[a373ad73a504971]::result::unwrap_failed
[INFO] [stdout]   12:     0x626bdc795a36 - simporter[8130267c4f40c19a]::testing::temp_dir
[INFO] [stdout]   13:     0x626bdc779c57 - <simporter[8130267c4f40c19a]::state::tests::round_trip_through_disk_preserves_claims::{closure#0} as core[a373ad73a504971]::ops::function::FnOnce<()>>::call_once
[INFO] [stdout]   14:     0x626bdc7b295b - test[aada8e7e76ba119b]::__rust_begin_short_backtrace::<core[a373ad73a504971]::result::Result<(), alloc[2e1b2a31b91974c5]::string::String>, fn() -> core[a373ad73a504971]::result::Result<(), alloc[2e1b2a31b91974c5]::string::String>>
[INFO] [stdout]   15:     0x626bdc7bfb35 - test[aada8e7e76ba119b]::run_test::{closure#0}
[INFO] [stdout]   16:     0x626bdc7b9424 - std[617be2ca0a6fd877]::sys::backtrace::__rust_begin_short_backtrace::<test[aada8e7e76ba119b]::run_test::{closure#1}, ()>
[INFO] [stdout]   17:     0x626bdc7c2bc2 - <std[617be2ca0a6fd877]::thread::lifecycle::spawn_unchecked<test[aada8e7e76ba119b]::run_test::{closure#1}, ()>::{closure#1} as core[a373ad73a504971]::ops::function::FnOnce<()>>::call_once::{shim:vtable#0}
[INFO] [stdout]   18:     0x626bdc8797ff - <std[617be2ca0a6fd877]::sys::thread::unix::Thread>::new::thread_start
[INFO] [stdout]   19:     0x7188fd010dfa - <unknown>
[INFO] [stdout]   20:     0x7188fd0a43d4 - clone
[INFO] [stdout]   21:                0x0 - <unknown>
[INFO] [stdout] 
[INFO] [stdout] ---- state::tests::writing_through_a_symlink_keeps_the_link_and_updates_the_target stdout ----
[INFO] [stdout] 
[INFO] [stdout] thread 'state::tests::writing_through_a_symlink_keeps_the_link_and_updates_the_target' (419) panicked at src/testing.rs:12:36:
[INFO] [stdout] failed to create test directory: Os { code: 30, kind: ReadOnlyFilesystem, message: "Read-only file system" }
[INFO] [stdout] stack backtrace:
[INFO] [stdout]    0:     0x626bdc87a731 - <<std[617be2ca0a6fd877]::sys::backtrace::BacktraceLock>::print::DisplayBacktrace as core[a373ad73a504971]::fmt::Display>::fmt
[INFO] [stdout]    1:     0x626bdc890b0a - core[a373ad73a504971]::fmt::write
[INFO] [stdout]    2:     0x626bdc87f0cc - <alloc[2e1b2a31b91974c5]::vec::Vec<u8> as core[a373ad73a504971]::io::write::Write>::write_fmt
[INFO] [stdout]    3:     0x626bdc854006 - std[617be2ca0a6fd877]::panicking::default_hook::{closure#0}
[INFO] [stdout]    4:     0x626bdc871999 - std[617be2ca0a6fd877]::panicking::default_hook
[INFO] [stdout]    5:     0x626bdc7bf510 - test[aada8e7e76ba119b]::test_main_inner::{closure#0}
[INFO] [stdout]    6:     0x626bdc871b52 - std[617be2ca0a6fd877]::panicking::panic_with_hook
[INFO] [stdout]    7:     0x626bdc8540b2 - std[617be2ca0a6fd877]::panicking::panic_handler::{closure#0}
[INFO] [stdout]    8:     0x626bdc84c4c9 - std[617be2ca0a6fd877]::sys::backtrace::__rust_end_short_backtrace::<std[617be2ca0a6fd877]::panicking::panic_handler::{closure#0}, !>
[INFO] [stdout]    9:     0x626bdc854fad - __rustc[ea4f61d10b84890b]::rust_begin_unwind
[INFO] [stdout]   10:     0x626bdc89123c - core[a373ad73a504971]::panicking::panic_fmt
[INFO] [stdout]   11:     0x626bdc891012 - core[a373ad73a504971]::result::unwrap_failed
[INFO] [stdout]   12:     0x626bdc795a36 - simporter[8130267c4f40c19a]::testing::temp_dir
[INFO] [stdout]   13:     0x626bdc77acba - <simporter[8130267c4f40c19a]::state::tests::writing_through_a_symlink_keeps_the_link_and_updates_the_target::{closure#0} as core[a373ad73a504971]::ops::function::FnOnce<()>>::call_once
[INFO] [stdout]   14:     0x626bdc7b295b - test[aada8e7e76ba119b]::__rust_begin_short_backtrace::<core[a373ad73a504971]::result::Result<(), alloc[2e1b2a31b91974c5]::string::String>, fn() -> core[a373ad73a504971]::result::Result<(), alloc[2e1b2a31b91974c5]::string::String>>
[INFO] [stdout]   15:     0x626bdc7bfb35 - test[aada8e7e76ba119b]::run_test::{closure#0}
[INFO] [stdout]   16:     0x626bdc7b9424 - std[617be2ca0a6fd877]::sys::backtrace::__rust_begin_short_backtrace::<test[aada8e7e76ba119b]::run_test::{closure#1}, ()>
[INFO] [stdout]   17:     0x626bdc7c2bc2 - <std[617be2ca0a6fd877]::thread::lifecycle::spawn_unchecked<test[aada8e7e76ba119b]::run_test::{closure#1}, ()>::{closure#1} as core[a373ad73a504971]::ops::function::FnOnce<()>>::call_once::{shim:vtable#0}
[INFO] [stdout]   18:     0x626bdc8797ff - <std[617be2ca0a6fd877]::sys::thread::unix::Thread>::new::thread_start
[INFO] [stdout]   19:     0x7188fd010dfa - <unknown>
[INFO] [stdout]   20:     0x7188fd0a43d4 - clone
[INFO] [stdout]   21:                0x0 - <unknown>
[INFO] [stdout] 
[INFO] [stdout] 
[INFO] [stdout] failures:
[INFO] [stdout]     lock::tests::lock_is_reacquirable_after_drop
[INFO] [stdout]     lock::tests::second_acquire_in_same_process_blocks_until_timeout
[INFO] [stdout]     state::tests::a_chain_of_symlinks_resolves_to_the_final_target
[INFO] [stdout]     state::tests::a_plain_path_is_returned_unchanged
[INFO] [stdout]     state::tests::missing_state_file_loads_as_empty
[INFO] [stdout]     state::tests::round_trip_through_disk_preserves_claims
[INFO] [stdout]     state::tests::writing_through_a_symlink_keeps_the_link_and_updates_the_target
[INFO] [stdout] 
[INFO] [stdout] test result: FAILED. 59 passed; 7 failed; 0 ignored; 0 measured; 0 filtered out; finished in 0.02s
[INFO] [stdout] 
[INFO] [stderr] error: test failed, to rerun pass `--bin simporter`
[INFO] running `Command { std: "docker" "inspect" "5d1de136e7d4f91a29818c3d24fc148b5f973827861959c4eab8c4ec67cae43e", kill_on_drop: false }`
[INFO] running `Command { std: "docker" "rm" "-f" "5d1de136e7d4f91a29818c3d24fc148b5f973827861959c4eab8c4ec67cae43e", kill_on_drop: false }`
[INFO] [stdout] 5d1de136e7d4f91a29818c3d24fc148b5f973827861959c4eab8c4ec67cae43e
