[INFO] fetching crate simploxide-api-types 0.12.0...
[INFO] testing simploxide-api-types-0.12.0 against 1.99.0-beta.8+cargoflags=--release for beta-release-1.100-2
[INFO] extracting crate simploxide-api-types 0.12.0 into /workspace/builds/worker-7-tc1/source
[INFO] started tweaking crates.io crate simploxide-api-types 0.12.0
[INFO] finished tweaking crates.io crate simploxide-api-types 0.12.0
[INFO] tweaked toml for crates.io crate simploxide-api-types 0.12.0 written to /workspace/builds/worker-7-tc1/source/Cargo.toml
[INFO] validating manifest of crates.io crate simploxide-api-types 0.12.0 on toolchain 1.99.0-beta.8
[INFO] running `Command { std: CARGO_HOME="/workspace/cargo-home" RUSTUP_HOME="/workspace/rustup-home" "/workspace/cargo-home/bin/cargo" "+1.99.0-beta.8" "metadata" "--manifest-path" "Cargo.toml" "--no-deps", kill_on_drop: false }`
[INFO] crate crates.io crate simploxide-api-types 0.12.0 already has a lockfile, it will not be regenerated
[INFO] running `Command { std: CARGO_HOME="/workspace/cargo-home" RUSTUP_HOME="/workspace/rustup-home" "/workspace/cargo-home/bin/cargo" "+1.99.0-beta.8" "fetch" "--manifest-path" "Cargo.toml", kill_on_drop: false }`
[INFO] [stderr]     Updating crates.io index
[INFO] [stderr]  Downloading crates ...
[INFO] [stderr]   Downloaded serde-aux v4.7.0
[INFO] [stderr]   Downloaded bon v3.7.2
[INFO] [stderr]   Downloaded bon-macros v3.7.2
[INFO] running `Command { std: "docker" "create" "-v" "/var/lib/crater-agent-workspace/builds/worker-7-tc1/source:/opt/rustwide/workdir:ro,Z" "-v" "/var/lib/crater-agent-workspace/builds/worker-7-tc1/target:/opt/rustwide/target:rw,Z" "-v" "/var/lib/crater-agent-workspace/cargo-home:/opt/rustwide/cargo-home:ro,Z" "-v" "/var/lib/crater-agent-workspace/rustup-home:/opt/rustwide/rustup-home:ro,Z" "-m" "1610612736" "--network" "none" "ghcr.io/rust-lang/crates-build-env/linux@sha256:77db811e55d90add9212f6832c23229e3de5f1c1f9905e8cb07319ea15df73ac" "sleep" "infinity", kill_on_drop: false }`
[INFO] [stdout] 114cb822379fe79173ebcdcb6c1d0c790520afa576cce5402171da4411155d2d
[INFO] running `Command { std: "docker" "start" "114cb822379fe79173ebcdcb6c1d0c790520afa576cce5402171da4411155d2d", kill_on_drop: false }`
[INFO] running `Command { std: "docker" "inspect" "114cb822379fe79173ebcdcb6c1d0c790520afa576cce5402171da4411155d2d", kill_on_drop: false }`
[INFO] running `Command { std: "docker" "exec" "-e" "SOURCE_DIR=/opt/rustwide/workdir" "-e" "CARGO_HOME=/opt/rustwide/cargo-home" "-e" "RUSTUP_HOME=/opt/rustwide/rustup-home" "-e" "CARGO_TARGET_DIR=/opt/rustwide/target" "-w" "/opt/rustwide/workdir" "--user" "0:0" "114cb822379fe79173ebcdcb6c1d0c790520afa576cce5402171da4411155d2d" "/opt/rustwide/cargo-home/bin/cargo" "+1.99.0-beta.8" "metadata" "--no-deps" "--format-version=1", kill_on_drop: false }`
[INFO] running `Command { std: "docker" "inspect" "114cb822379fe79173ebcdcb6c1d0c790520afa576cce5402171da4411155d2d", kill_on_drop: false }`
[INFO] running `Command { std: "docker" "exec" "-e" "SOURCE_DIR=/opt/rustwide/workdir" "-e" "CARGO_HOME=/opt/rustwide/cargo-home" "-e" "RUSTUP_HOME=/opt/rustwide/rustup-home" "-e" "CARGO_TARGET_DIR=/opt/rustwide/target" "-e" "CARGO_INCREMENTAL=0" "-e" "RUST_BACKTRACE=full" "-e" "RUSTFLAGS=--cap-lints=warn" "-e" "RUSTDOCFLAGS=--cap-lints=warn" "-w" "/opt/rustwide/workdir" "--user" "0:0" "114cb822379fe79173ebcdcb6c1d0c790520afa576cce5402171da4411155d2d" "/opt/rustwide/cargo-home/bin/cargo" "+1.99.0-beta.8" "build" "--frozen" "--message-format=json" "--release", kill_on_drop: false }`
[INFO] [stderr]    Compiling proc-macro2 v1.0.101
[INFO] [stderr]    Compiling serde_json v1.0.143
[INFO] [stderr]    Compiling num-traits v0.2.19
[INFO] [stderr]    Compiling quote v1.0.40
[INFO] [stderr]    Compiling syn v2.0.106
[INFO] [stderr]    Compiling ordered-float v2.10.1
[INFO] [stderr]    Compiling serde_derive v1.0.228
[INFO] [stderr]    Compiling serde v1.0.228
[INFO] [stderr]    Compiling serde-value v0.7.0
[INFO] [stderr]    Compiling serde-aux v4.7.0
[INFO] [stderr]    Compiling simploxide-api-types v0.12.0 (/opt/rustwide/workdir)
[INFO] [stderr]     Finished `release` profile [optimized] target(s) in 42.90s
[INFO] running `Command { std: "docker" "inspect" "114cb822379fe79173ebcdcb6c1d0c790520afa576cce5402171da4411155d2d", kill_on_drop: false }`
[INFO] running `Command { std: "docker" "exec" "-e" "SOURCE_DIR=/opt/rustwide/workdir" "-e" "CARGO_HOME=/opt/rustwide/cargo-home" "-e" "RUSTUP_HOME=/opt/rustwide/rustup-home" "-e" "CARGO_TARGET_DIR=/opt/rustwide/target" "-e" "CARGO_INCREMENTAL=0" "-e" "RUST_BACKTRACE=full" "-e" "RUSTFLAGS=--cap-lints=warn" "-e" "RUSTDOCFLAGS=--cap-lints=warn" "-w" "/opt/rustwide/workdir" "--user" "0:0" "114cb822379fe79173ebcdcb6c1d0c790520afa576cce5402171da4411155d2d" "/opt/rustwide/cargo-home/bin/cargo" "+1.99.0-beta.8" "test" "--frozen" "--no-run" "--message-format=json" "--release", kill_on_drop: false }`
[INFO] [stderr]    Compiling simploxide-api-types v0.12.0 (/opt/rustwide/workdir)
[INFO] [stderr]     Finished `release` profile [optimized] target(s) in 19.19s
[INFO] running `Command { std: "docker" "inspect" "114cb822379fe79173ebcdcb6c1d0c790520afa576cce5402171da4411155d2d", kill_on_drop: false }`
[INFO] running `Command { std: "docker" "exec" "-e" "SOURCE_DIR=/opt/rustwide/workdir" "-e" "CARGO_HOME=/opt/rustwide/cargo-home" "-e" "RUSTUP_HOME=/opt/rustwide/rustup-home" "-e" "CARGO_TARGET_DIR=/opt/rustwide/target" "-e" "CARGO_INCREMENTAL=0" "-e" "RUST_BACKTRACE=full" "-e" "RUSTFLAGS=--cap-lints=warn" "-e" "RUSTDOCFLAGS=--cap-lints=warn" "-w" "/opt/rustwide/workdir" "--user" "0:0" "114cb822379fe79173ebcdcb6c1d0c790520afa576cce5402171da4411155d2d" "/opt/rustwide/cargo-home/bin/cargo" "+1.99.0-beta.8" "test" "--frozen" "--release", kill_on_drop: false }`
[INFO] [stderr]     Finished `release` profile [optimized] target(s) in 0.09s
[INFO] [stderr]      Running unittests src/lib.rs (/opt/rustwide/target/release/deps/simploxide_api_types-d598925bcf50dc6e)
[INFO] [stderr]    Doc-tests simploxide_api_types
[INFO] [stdout] 
[INFO] [stdout] running 0 tests
[INFO] [stdout] 
[INFO] [stdout] test result: ok. 0 passed; 0 failed; 0 ignored; 0 measured; 0 filtered out; finished in 0.00s
[INFO] [stdout] 
[INFO] [stdout] 
[INFO] [stdout] running 111 tests
[INFO] [stdout] test src/client_api.rs - client_api::AllowUndocumentedResponses (line 1544) ... ignored
[INFO] [stdout] test src/client_api.rs - client_api::ClientApi::api_add_member (line 371) ... FAILED
[INFO] [stdout] test src/client_api.rs - client_api::ClientApi::api_accept_contact (line 970) ... FAILED
[INFO] [stdout] test src/client_api.rs - client_api::ClientApi::api_add_contact (line 870) ... FAILED
[INFO] [stdout] test src/client_api.rs - client_api::ClientApi::api_create_group_link (line 758) ... FAILED
[INFO] [stdout] test src/client_api.rs - client_api::ClientApi::api_chat_item_reaction (line 295) ... FAILED
[INFO] [stdout] test src/client_api.rs - client_api::ClientApi::api_connect_plan (line 895) ... FAILED
[INFO] [stdout] test src/client_api.rs - client_api::ClientApi::api_block_members_for_all (line 493) ... FAILED
[INFO] [stdout] test src/client_api.rs - client_api::ClientApi::api_connect (line 920) ... FAILED
[INFO] [stdout] test src/client_api.rs - client_api::ClientApi::api_accept_member (line 429) ... FAILED
[INFO] [stdout] test src/client_api.rs - client_api::ClientApi::api_allow_relay_group (line 702) ... FAILED
[INFO] [stdout] test src/client_api.rs - client_api::ClientApi::api_delete_chat (line 1099) ... FAILED
[INFO] [stdout] test src/client_api.rs - client_api::ClientApi::api_add_group_relays (line 672) ... FAILED
[INFO] [stdout] test src/client_api.rs - client_api::ClientApi::api_delete_group_link (line 818) ... FAILED
[INFO] [stdout] test src/client_api.rs - client_api::ClientApi::api_create_my_address (line 53) ... FAILED
[INFO] [stdout] test src/client_api.rs - client_api::ClientApi::api_delete_my_address (line 79) ... FAILED
[INFO] [stdout] test src/client_api.rs - client_api::ClientApi::api_delete_chat_item (line 233) ... FAILED
[INFO] [stdout] test src/client_api.rs - client_api::ClientApi::api_delete_member_chat_item (line 265) ... FAILED
[INFO] [stdout] test src/client_api.rs - client_api::ClientApi::api_get_chats (line 1074) ... FAILED
[INFO] [stdout] test src/client_api.rs - client_api::ClientApi::api_group_link_member_role (line 788) ... FAILED
[INFO] [stdout] test src/client_api.rs - client_api::ClientApi::api_delete_user (line 1305) ... FAILED
[INFO] [stdout] test src/client_api.rs - client_api::ClientApi::api_get_group_link (line 844) ... FAILED
[INFO] [stdout] test src/client_api.rs - client_api::ClientApi::api_get_group_relays (line 646) ... FAILED
[INFO] [stdout] test src/client_api.rs - client_api::ClientApi::api_join_group (line 403) ... FAILED
[INFO] [stdout] test src/client_api.rs - client_api::ClientApi::api_leave_group (line 544) ... FAILED
[INFO] [stdout] test src/client_api.rs - client_api::ClientApi::api_new_group (line 596) ... FAILED
[INFO] [stdout] test src/client_api.rs - client_api::ClientApi::api_list_members (line 570) ... FAILED
[INFO] [stdout] test src/client_api.rs - client_api::ClientApi::api_list_contacts (line 1023) ... FAILED
[INFO] [stdout] test src/client_api.rs - client_api::ClientApi::api_list_groups (line 1049) ... FAILED
[INFO] [stdout] test src/client_api.rs - client_api::ClientApi::api_new_public_group (line 621) ... FAILED
[INFO] [stdout] test src/client_api.rs - client_api::ClientApi::api_remove_members (line 519) ... FAILED
[INFO] [stdout] test src/client_api.rs - client_api::ClientApi::api_set_contact_prefs (line 1357) ... FAILED
[INFO] [stdout] test src/client_api.rs - client_api::ClientApi::api_set_group_custom_data (line 1129) ... FAILED
[INFO] [stdout] test src/client_api.rs - client_api::ClientApi::api_members_role (line 461) ... FAILED
[INFO] [stdout] test src/client_api.rs - client_api::ClientApi::api_reject_contact (line 997) ... FAILED
[INFO] [stdout] test src/client_api.rs - client_api::ClientApi::api_set_address_settings (line 156) ... FAILED
[INFO] [stdout] test src/client_api.rs - client_api::ClientApi::api_set_active_user (line 1280) ... FAILED
[INFO] [stdout] test src/client_api.rs - client_api::ClientApi::api_send_messages (line 183) ... FAILED
[INFO] [stdout] test src/client_api.rs - client_api::ClientApi::api_update_profile (line 1330) ... FAILED
[INFO] [stdout] test src/client_api.rs - client_api::ClientApi::api_stop_chat (line 1412) ... FAILED
[INFO] [stdout] test src/client_api.rs - client_api::ClientApi::api_set_contact_custom_data (line 1154) ... FAILED
[INFO] [stdout] test src/client_api.rs - client_api::ClientApi::api_set_profile_address (line 131) ... FAILED
[INFO] [stdout] test src/client_api.rs - client_api::ClientApi::api_show_my_address (line 105) ... FAILED
[INFO] [stdout] test src/client_api.rs - client_api::ClientApi::api_set_user_auto_accept_member_contacts (line 1179) ... FAILED
[INFO] [stdout] test src/client_api.rs - client_api::ClientApi::api_update_chat_item (line 208) ... FAILED
[INFO] [stdout] test src/client_api.rs - client_api::ClientApi::api_update_group_profile (line 728) ... FAILED
[INFO] [stdout] test src/client_api.rs - client_api::ClientApi::show_active_user (line 1204) ... FAILED
[INFO] [stdout] test src/client_api.rs - client_api::ClientApi::receive_file (line 320) ... FAILED
[INFO] [stdout] test src/client_api.rs - client_api::ClientApi::create_active_user (line 1229) ... FAILED
[INFO] [stdout] test src/commands.rs - commands::ApiAcceptMember (line 668) ... FAILED
[INFO] [stdout] test src/client_api.rs - client_api::ClientApi::cancel_file (line 345) ... FAILED
[INFO] [stdout] test src/commands.rs - commands::ApiAddMember (line 578) ... FAILED
[INFO] [stdout] test src/client_api.rs - client_api::ClientApi::list_users (line 1255) ... FAILED
[INFO] [stdout] test src/commands.rs - commands::ApiAddContact (line 1415) ... FAILED
[INFO] [stdout] test src/commands.rs - commands::ApiAcceptContact (line 1605) ... FAILED
[INFO] [stdout] test src/commands.rs - commands::ApiConnect (line 1514) ... FAILED
[INFO] [stdout] test src/client_api.rs - client_api::ClientApi::connect (line 945) ... FAILED
[INFO] [stdout] test src/commands.rs - commands::ApiBlockMembersForAll (line 795) ... FAILED
[INFO] [stdout] test src/client_api.rs - client_api::ClientApi::start_chat (line 1387) ... FAILED
[INFO] [stdout] test src/commands.rs - commands::ApiCreateGroupLink (line 1236) ... FAILED
[INFO] [stdout] test src/commands.rs - commands::ApiCreateMyAddress (line 16) ... FAILED
[INFO] [stdout] test src/commands.rs - commands::ApiChatItemReaction (line 416) ... FAILED
[INFO] [stdout] test src/commands.rs - commands::ApiDeleteMemberChatItem (line 373) ... FAILED
[INFO] [stdout] test src/commands.rs - commands::ApiConnectPlan (line 1461) ... FAILED
[INFO] [stdout] test src/commands.rs - commands::ApiAddGroupRelays (line 1125) ... FAILED
[INFO] [stdout] test src/commands.rs - commands::ApiDeleteUser (line 2124) ... FAILED
[INFO] [stdout] test src/commands.rs - commands::ApiAllowRelayGroup (line 1167) ... FAILED
[INFO] [stdout] test src/commands.rs - commands::ApiDeleteChat (line 1805) ... FAILED
[INFO] [stdout] test src/commands.rs - commands::ApiDeleteGroupLink (line 1351) ... FAILED
[INFO] [stdout] test src/commands.rs - commands::ApiDeleteMyAddress (line 46) ... FAILED
[INFO] [stdout] test src/commands.rs - commands::ApiDeleteChatItem (line 316) ... FAILED
[INFO] [stdout] test src/commands.rs - commands::ApiGetGroupLink (line 1383) ... FAILED
[INFO] [stdout] test src/commands.rs - commands::ApiGetGroupRelays (line 1093) ... FAILED
[INFO] [stdout] test src/commands.rs - commands::ApiGetChats (line 1747) ... FAILED
[INFO] [stdout] test src/commands.rs - commands::ApiGroupLinkMemberRole (line 1293) ... FAILED
[INFO] [stdout] test src/commands.rs - commands::ApiJoinGroup (line 637) ... FAILED
[INFO] [stdout] test src/commands.rs - commands::ApiListGroups (line 1695) ... FAILED
[INFO] [stdout] test src/commands.rs - commands::ApiLeaveGroup (line 913) ... FAILED
[INFO] [stdout] test src/commands.rs - commands::ApiListContacts (line 1665) ... FAILED
[INFO] [stdout] test src/commands.rs - commands::ApiMembersRole (line 728) ... FAILED
[INFO] [stdout] test src/commands.rs - commands::ApiRejectContact (line 1635) ... FAILED
[INFO] [stdout] test src/commands.rs - commands::ApiNewPublicGroup (line 1028) ... FAILED
[INFO] [stdout] test src/commands.rs - commands::ApiSetContactCustomData (line 1888) ... FAILED
[INFO] [stdout] test src/commands.rs - commands::ApiRemoveMembers (line 855) ... FAILED
[INFO] [stdout] test src/commands.rs - commands::ApiSetAddressSettings (line 153) ... FAILED
[INFO] [stdout] test src/commands.rs - commands::ApiSendMessages (line 189) ... FAILED
[INFO] [stdout] test src/commands.rs - commands::ApiSetActiveUser (line 2076) ... FAILED
[INFO] [stdout] test src/commands.rs - commands::ApiSetProfileAddress (line 106) ... FAILED
[INFO] [stdout] test src/commands.rs - commands::ApiListMembers (line 944) ... FAILED
[INFO] [stdout] test src/commands.rs - commands::ApiNewGroup (line 975) ... FAILED
[INFO] [stdout] test src/commands.rs - commands::ApiSetContactPrefs (line 2218) ... FAILED
[INFO] [stdout] test src/commands.rs - commands::ApiUpdateGroupProfile (line 1199) ... FAILED
[INFO] [stdout] test src/commands.rs - commands::ApiShowMyAddress (line 76) ... FAILED
[INFO] [stdout] test src/commands.rs - commands::ApiUpdateChatItem (line 257) ... FAILED
[INFO] [stdout] test src/commands.rs - commands::ApiStopChat (line 2296) ... FAILED
[INFO] [stdout] test src/commands.rs - commands::ApiSetUserAutoAcceptMemberContacts (line 1938) ... FAILED
[INFO] [stdout] test src/commands.rs - commands::ApiSetGroupCustomData (line 1838) ... FAILED
[INFO] [stdout] test src/commands.rs - commands::ShowActiveUser (line 1988) ... FAILED
[INFO] [stdout] test src/commands.rs - commands::ApiUpdateProfile (line 2182) ... FAILED
[INFO] [stdout] test src/commands.rs - commands::CreateActiveUser (line 2015) ... FAILED
[INFO] [stdout] test src/commands.rs - commands::Connect (line 1561) ... FAILED
[INFO] [stdout] test src/commands.rs - commands::CancelFile (line 548) ... FAILED
[INFO] [stdout] test src/commands.rs - commands::ListUsers (line 2049) ... FAILED
[INFO] [stdout] test src/commands.rs - commands::ReceiveFile (line 474) ... FAILED
[INFO] [stdout] test src/lib.rs - ChatRef (line 2865) ... FAILED
[INFO] [stdout] test src/lib.rs - ChatType (line 2954) ... FAILED
[INFO] [stdout] test src/commands.rs - commands::StartChat (line 2256) ... FAILED
[INFO] [stdout] test src/lib.rs - PaginationByTime (line 6793) ... FAILED
[INFO] [stdout] test src/lib.rs - GroupChatScope (line 4630) ... FAILED
[INFO] [stdout] test src/lib.rs - CreatedConnLink (line 3994) ... FAILED
[INFO] [stdout] test src/lib.rs - ChatDeleteMode (line 2476) ... FAILED
[INFO] [stdout] 
[INFO] [stdout] failures:
[INFO] [stdout] 
[INFO] [stdout] ---- src/client_api.rs - client_api::ClientApi::api_add_member (line 371) stdout ----
[INFO] [stdout] error: expected item, found `/`
[INFO] [stdout]    --> src/client_api.rs:372:1
[INFO] [stdout]     |
[INFO] [stdout] 372 | /_add #<groupId> <contactId> relay|observer|author|member|moderator|admin|owner
[INFO] [stdout]     | ^ expected item
[INFO] [stdout]     |
[INFO] [stdout]     = note: for a full list of items that can appear in modules, see <https://doc.rust-lang.org/reference/items.html>
[INFO] [stdout] 
[INFO] [stdout] error: aborting due to 1 previous error
[INFO] [stdout] 
[INFO] [stdout] Couldn't compile the test.
[INFO] [stdout] ---- src/client_api.rs - client_api::ClientApi::api_accept_contact (line 970) stdout ----
[INFO] [stdout] error: expected item, found `/`
[INFO] [stdout]    --> src/client_api.rs:971:1
[INFO] [stdout]     |
[INFO] [stdout] 971 | /_accept <contactReqId>
[INFO] [stdout]     | ^ expected item
[INFO] [stdout]     |
[INFO] [stdout]     = note: for a full list of items that can appear in modules, see <https://doc.rust-lang.org/reference/items.html>
[INFO] [stdout] 
[INFO] [stdout] error: aborting due to 1 previous error
[INFO] [stdout] 
[INFO] [stdout] Couldn't compile the test.
[INFO] [stdout] ---- src/client_api.rs - client_api::ClientApi::api_add_contact (line 870) stdout ----
[INFO] [stdout] error: expected item, found `/`
[INFO] [stdout]    --> src/client_api.rs:871:1
[INFO] [stdout]     |
[INFO] [stdout] 871 | /_connect <userId>[ incognito=on]
[INFO] [stdout]     | ^ expected item
[INFO] [stdout]     |
[INFO] [stdout]     = note: for a full list of items that can appear in modules, see <https://doc.rust-lang.org/reference/items.html>
[INFO] [stdout] 
[INFO] [stdout] error: aborting due to 1 previous error
[INFO] [stdout] 
[INFO] [stdout] Couldn't compile the test.
[INFO] [stdout] ---- src/client_api.rs - client_api::ClientApi::api_create_group_link (line 758) stdout ----
[INFO] [stdout] error: expected item, found `/`
[INFO] [stdout]    --> src/client_api.rs:759:1
[INFO] [stdout]     |
[INFO] [stdout] 759 | /_create link #<groupId> relay|observer|author|member|moderator|admin|owner
[INFO] [stdout]     | ^ expected item
[INFO] [stdout]     |
[INFO] [stdout]     = note: for a full list of items that can appear in modules, see <https://doc.rust-lang.org/reference/items.html>
[INFO] [stdout] 
[INFO] [stdout] error: aborting due to 1 previous error
[INFO] [stdout] 
[INFO] [stdout] Couldn't compile the test.
[INFO] [stdout] ---- src/client_api.rs - client_api::ClientApi::api_chat_item_reaction (line 295) stdout ----
[INFO] [stdout] error: expected item, found `/`
[INFO] [stdout]    --> src/client_api.rs:296:1
[INFO] [stdout]     |
[INFO] [stdout] 296 | /_reaction <str(chatRef)> <chatItemId> on|off <json(reaction)>
[INFO] [stdout]     | ^ expected item
[INFO] [stdout]     |
[INFO] [stdout]     = note: for a full list of items that can appear in modules, see <https://doc.rust-lang.org/reference/items.html>
[INFO] [stdout] 
[INFO] [stdout] error: aborting due to 1 previous error
[INFO] [stdout] 
[INFO] [stdout] Couldn't compile the test.
[INFO] [stdout] ---- src/client_api.rs - client_api::ClientApi::api_connect_plan (line 895) stdout ----
[INFO] [stdout] error: expected item, found `/`
[INFO] [stdout]    --> src/client_api.rs:896:1
[INFO] [stdout]     |
[INFO] [stdout] 896 | /_connect plan <userId> <connectTarget>
[INFO] [stdout]     | ^ expected item
[INFO] [stdout]     |
[INFO] [stdout]     = note: for a full list of items that can appear in modules, see <https://doc.rust-lang.org/reference/items.html>
[INFO] [stdout] 
[INFO] [stdout] error: aborting due to 1 previous error
[INFO] [stdout] 
[INFO] [stdout] Couldn't compile the test.
[INFO] [stdout] ---- src/client_api.rs - client_api::ClientApi::api_block_members_for_all (line 493) stdout ----
[INFO] [stdout] error: expected item, found `/`
[INFO] [stdout]    --> src/client_api.rs:494:1
[INFO] [stdout]     |
[INFO] [stdout] 494 | /_block #<groupId> <groupMemberIds[0]>[,<groupMemberIds[1]>...] blocked=on|off
[INFO] [stdout]     | ^ expected item
[INFO] [stdout]     |
[INFO] [stdout]     = note: for a full list of items that can appear in modules, see <https://doc.rust-lang.org/reference/items.html>
[INFO] [stdout] 
[INFO] [stdout] error: aborting due to 1 previous error
[INFO] [stdout] 
[INFO] [stdout] Couldn't compile the test.
[INFO] [stdout] ---- src/client_api.rs - client_api::ClientApi::api_connect (line 920) stdout ----
[INFO] [stdout] error: expected item, found `/`
[INFO] [stdout]    --> src/client_api.rs:921:1
[INFO] [stdout]     |
[INFO] [stdout] 921 | /_connect <userId>[ <str(preparedLink_)>]
[INFO] [stdout]     | ^ expected item
[INFO] [stdout]     |
[INFO] [stdout]     = note: for a full list of items that can appear in modules, see <https://doc.rust-lang.org/reference/items.html>
[INFO] [stdout] 
[INFO] [stdout] error: aborting due to 1 previous error
[INFO] [stdout] 
[INFO] [stdout] Couldn't compile the test.
[INFO] [stdout] ---- src/client_api.rs - client_api::ClientApi::api_accept_member (line 429) stdout ----
[INFO] [stdout] error: expected item, found `/`
[INFO] [stdout]    --> src/client_api.rs:430:1
[INFO] [stdout]     |
[INFO] [stdout] 430 | /_accept member #<groupId> <groupMemberId> relay|observer|author|member|moderator|admin|owner
[INFO] [stdout]     | ^ expected item
[INFO] [stdout]     |
[INFO] [stdout]     = note: for a full list of items that can appear in modules, see <https://doc.rust-lang.org/reference/items.html>
[INFO] [stdout] 
[INFO] [stdout] error: aborting due to 1 previous error
[INFO] [stdout] 
[INFO] [stdout] Couldn't compile the test.
[INFO] [stdout] ---- src/client_api.rs - client_api::ClientApi::api_allow_relay_group (line 702) stdout ----
[INFO] [stdout] error: expected item, found `/`
[INFO] [stdout]    --> src/client_api.rs:703:1
[INFO] [stdout]     |
[INFO] [stdout] 703 | /_relay allow #<groupId>
[INFO] [stdout]     | ^ expected item
[INFO] [stdout]     |
[INFO] [stdout]     = note: for a full list of items that can appear in modules, see <https://doc.rust-lang.org/reference/items.html>
[INFO] [stdout] 
[INFO] [stdout] error: aborting due to 1 previous error
[INFO] [stdout] 
[INFO] [stdout] Couldn't compile the test.
[INFO] [stdout] ---- src/client_api.rs - client_api::ClientApi::api_delete_chat (line 1099) stdout ----
[INFO] [stdout] error: expected item, found `/`
[INFO] [stdout]     --> src/client_api.rs:1100:1
[INFO] [stdout]      |
[INFO] [stdout] 1100 | /_delete <str(chatRef)> <str(chatDeleteMode)>
[INFO] [stdout]      | ^ expected item
[INFO] [stdout]      |
[INFO] [stdout]      = note: for a full list of items that can appear in modules, see <https://doc.rust-lang.org/reference/items.html>
[INFO] [stdout] 
[INFO] [stdout] error: aborting due to 1 previous error
[INFO] [stdout] 
[INFO] [stdout] Couldn't compile the test.
[INFO] [stdout] ---- src/client_api.rs - client_api::ClientApi::api_add_group_relays (line 672) stdout ----
[INFO] [stdout] error: expected item, found `/`
[INFO] [stdout]    --> src/client_api.rs:673:1
[INFO] [stdout]     |
[INFO] [stdout] 673 | /_add relays #<groupId> <relayIds[0]>[,<relayIds[1]>...]
[INFO] [stdout]     | ^ expected item
[INFO] [stdout]     |
[INFO] [stdout]     = note: for a full list of items that can appear in modules, see <https://doc.rust-lang.org/reference/items.html>
[INFO] [stdout] 
[INFO] [stdout] error: aborting due to 1 previous error
[INFO] [stdout] 
[INFO] [stdout] Couldn't compile the test.
[INFO] [stdout] ---- src/client_api.rs - client_api::ClientApi::api_delete_group_link (line 818) stdout ----
[INFO] [stdout] error: expected item, found `/`
[INFO] [stdout]    --> src/client_api.rs:819:1
[INFO] [stdout]     |
[INFO] [stdout] 819 | /_delete link #<groupId>
[INFO] [stdout]     | ^ expected item
[INFO] [stdout]     |
[INFO] [stdout]     = note: for a full list of items that can appear in modules, see <https://doc.rust-lang.org/reference/items.html>
[INFO] [stdout] 
[INFO] [stdout] error: aborting due to 1 previous error
[INFO] [stdout] 
[INFO] [stdout] Couldn't compile the test.
[INFO] [stdout] ---- src/client_api.rs - client_api::ClientApi::api_create_my_address (line 53) stdout ----
[INFO] [stdout] error: expected item, found `/`
[INFO] [stdout]   --> src/client_api.rs:54:1
[INFO] [stdout]    |
[INFO] [stdout] 54 | /_address <userId>
[INFO] [stdout]    | ^ expected item
[INFO] [stdout]    |
[INFO] [stdout]    = note: for a full list of items that can appear in modules, see <https://doc.rust-lang.org/reference/items.html>
[INFO] [stdout] 
[INFO] [stdout] error: aborting due to 1 previous error
[INFO] [stdout] 
[INFO] [stdout] Couldn't compile the test.
[INFO] [stdout] ---- src/client_api.rs - client_api::ClientApi::api_delete_my_address (line 79) stdout ----
[INFO] [stdout] error: expected item, found `/`
[INFO] [stdout]   --> src/client_api.rs:80:1
[INFO] [stdout]    |
[INFO] [stdout] 80 | /_delete_address <userId>
[INFO] [stdout]    | ^ expected item
[INFO] [stdout]    |
[INFO] [stdout]    = note: for a full list of items that can appear in modules, see <https://doc.rust-lang.org/reference/items.html>
[INFO] [stdout] 
[INFO] [stdout] error: aborting due to 1 previous error
[INFO] [stdout] 
[INFO] [stdout] Couldn't compile the test.
[INFO] [stdout] ---- src/client_api.rs - client_api::ClientApi::api_delete_chat_item (line 233) stdout ----
[INFO] [stdout] error: expected item, found `/`
[INFO] [stdout]    --> src/client_api.rs:234:1
[INFO] [stdout]     |
[INFO] [stdout] 234 | /_delete item <str(chatRef)> <chatItemIds[0]>[,<chatItemIds[1]>...] broadcast|internal|internalMark|history
[INFO] [stdout]     | ^ expected item
[INFO] [stdout]     |
[INFO] [stdout]     = note: for a full list of items that can appear in modules, see <https://doc.rust-lang.org/reference/items.html>
[INFO] [stdout] 
[INFO] [stdout] error: aborting due to 1 previous error
[INFO] [stdout] 
[INFO] [stdout] Couldn't compile the test.
[INFO] [stdout] ---- src/client_api.rs - client_api::ClientApi::api_delete_member_chat_item (line 265) stdout ----
[INFO] [stdout] error: expected item, found `/`
[INFO] [stdout]    --> src/client_api.rs:266:1
[INFO] [stdout]     |
[INFO] [stdout] 266 | /_delete member item #<groupId> <chatItemIds[0]>[,<chatItemIds[1]>...]
[INFO] [stdout]     | ^ expected item
[INFO] [stdout]     |
[INFO] [stdout]     = note: for a full list of items that can appear in modules, see <https://doc.rust-lang.org/reference/items.html>
[INFO] [stdout] 
[INFO] [stdout] error: aborting due to 1 previous error
[INFO] [stdout] 
[INFO] [stdout] Couldn't compile the test.
[INFO] [stdout] ---- src/client_api.rs - client_api::ClientApi::api_get_chats (line 1074) stdout ----
[INFO] [stdout] error: expected item, found `/`
[INFO] [stdout]     --> src/client_api.rs:1075:1
[INFO] [stdout]      |
[INFO] [stdout] 1075 | /_get chats <userId>[ pcc=on] <str(pagination)> <json(query)>
[INFO] [stdout]      | ^ expected item
[INFO] [stdout]      |
[INFO] [stdout]      = note: for a full list of items that can appear in modules, see <https://doc.rust-lang.org/reference/items.html>
[INFO] [stdout] 
[INFO] [stdout] error: aborting due to 1 previous error
[INFO] [stdout] 
[INFO] [stdout] Couldn't compile the test.
[INFO] [stdout] ---- src/client_api.rs - client_api::ClientApi::api_group_link_member_role (line 788) stdout ----
[INFO] [stdout] error: expected item, found `/`
[INFO] [stdout]    --> src/client_api.rs:789:1
[INFO] [stdout]     |
[INFO] [stdout] 789 | /_set link role #<groupId> relay|observer|author|member|moderator|admin|owner
[INFO] [stdout]     | ^ expected item
[INFO] [stdout]     |
[INFO] [stdout]     = note: for a full list of items that can appear in modules, see <https://doc.rust-lang.org/reference/items.html>
[INFO] [stdout] 
[INFO] [stdout] error: aborting due to 1 previous error
[INFO] [stdout] 
[INFO] [stdout] Couldn't compile the test.
[INFO] [stdout] ---- src/client_api.rs - client_api::ClientApi::api_delete_user (line 1305) stdout ----
[INFO] [stdout] error: expected item, found `/`
[INFO] [stdout]     --> src/client_api.rs:1306:1
[INFO] [stdout]      |
[INFO] [stdout] 1306 | /_delete user <userId> del_smp=on|off[ <json(viewPwd)>]
[INFO] [stdout]      | ^ expected item
[INFO] [stdout]      |
[INFO] [stdout]      = note: for a full list of items that can appear in modules, see <https://doc.rust-lang.org/reference/items.html>
[INFO] [stdout] 
[INFO] [stdout] error: aborting due to 1 previous error
[INFO] [stdout] 
[INFO] [stdout] Couldn't compile the test.
[INFO] [stdout] ---- src/client_api.rs - client_api::ClientApi::api_get_group_link (line 844) stdout ----
[INFO] [stdout] error: expected item, found `/`
[INFO] [stdout]    --> src/client_api.rs:845:1
[INFO] [stdout]     |
[INFO] [stdout] 845 | /_get link #<groupId>
[INFO] [stdout]     | ^ expected item
[INFO] [stdout]     |
[INFO] [stdout]     = note: for a full list of items that can appear in modules, see <https://doc.rust-lang.org/reference/items.html>
[INFO] [stdout] 
[INFO] [stdout] error: aborting due to 1 previous error
[INFO] [stdout] 
[INFO] [stdout] Couldn't compile the test.
[INFO] [stdout] ---- src/client_api.rs - client_api::ClientApi::api_get_group_relays (line 646) stdout ----
[INFO] [stdout] error: expected item, found `/`
[INFO] [stdout]    --> src/client_api.rs:647:1
[INFO] [stdout]     |
[INFO] [stdout] 647 | /_get relays #<groupId>
[INFO] [stdout]     | ^ expected item
[INFO] [stdout]     |
[INFO] [stdout]     = note: for a full list of items that can appear in modules, see <https://doc.rust-lang.org/reference/items.html>
[INFO] [stdout] 
[INFO] [stdout] error: aborting due to 1 previous error
[INFO] [stdout] 
[INFO] [stdout] Couldn't compile the test.
[INFO] [stdout] ---- src/client_api.rs - client_api::ClientApi::api_join_group (line 403) stdout ----
[INFO] [stdout] error: expected item, found `/`
[INFO] [stdout]    --> src/client_api.rs:404:1
[INFO] [stdout]     |
[INFO] [stdout] 404 | /_join #<groupId>
[INFO] [stdout]     | ^ expected item
[INFO] [stdout]     |
[INFO] [stdout]     = note: for a full list of items that can appear in modules, see <https://doc.rust-lang.org/reference/items.html>
[INFO] [stdout] 
[INFO] [stdout] error: aborting due to 1 previous error
[INFO] [stdout] 
[INFO] [stdout] Couldn't compile the test.
[INFO] [stdout] ---- src/client_api.rs - client_api::ClientApi::api_leave_group (line 544) stdout ----
[INFO] [stdout] error: expected item, found `/`
[INFO] [stdout]    --> src/client_api.rs:545:1
[INFO] [stdout]     |
[INFO] [stdout] 545 | /_leave #<groupId>
[INFO] [stdout]     | ^ expected item
[INFO] [stdout]     |
[INFO] [stdout]     = note: for a full list of items that can appear in modules, see <https://doc.rust-lang.org/reference/items.html>
[INFO] [stdout] 
[INFO] [stdout] error: aborting due to 1 previous error
[INFO] [stdout] 
[INFO] [stdout] Couldn't compile the test.
[INFO] [stdout] ---- src/client_api.rs - client_api::ClientApi::api_new_group (line 596) stdout ----
[INFO] [stdout] error: expected item, found `/`
[INFO] [stdout]    --> src/client_api.rs:597:1
[INFO] [stdout]     |
[INFO] [stdout] 597 | /_group <userId>[ incognito=on] <json(groupProfile)>
[INFO] [stdout]     | ^ expected item
[INFO] [stdout]     |
[INFO] [stdout]     = note: for a full list of items that can appear in modules, see <https://doc.rust-lang.org/reference/items.html>
[INFO] [stdout] 
[INFO] [stdout] error: aborting due to 1 previous error
[INFO] [stdout] 
[INFO] [stdout] Couldn't compile the test.
[INFO] [stdout] ---- src/client_api.rs - client_api::ClientApi::api_list_members (line 570) stdout ----
[INFO] [stdout] error: expected item, found `/`
[INFO] [stdout]    --> src/client_api.rs:571:1
[INFO] [stdout]     |
[INFO] [stdout] 571 | /_members #<groupId>
[INFO] [stdout]     | ^ expected item
[INFO] [stdout]     |
[INFO] [stdout]     = note: for a full list of items that can appear in modules, see <https://doc.rust-lang.org/reference/items.html>
[INFO] [stdout] 
[INFO] [stdout] error: aborting due to 1 previous error
[INFO] [stdout] 
[INFO] [stdout] Couldn't compile the test.
[INFO] [stdout] ---- src/client_api.rs - client_api::ClientApi::api_list_contacts (line 1023) stdout ----
[INFO] [stdout] error: expected item, found `/`
[INFO] [stdout]     --> src/client_api.rs:1024:1
[INFO] [stdout]      |
[INFO] [stdout] 1024 | /_contacts <userId>
[INFO] [stdout]      | ^ expected item
[INFO] [stdout]      |
[INFO] [stdout]      = note: for a full list of items that can appear in modules, see <https://doc.rust-lang.org/reference/items.html>
[INFO] [stdout] 
[INFO] [stdout] error: aborting due to 1 previous error
[INFO] [stdout] 
[INFO] [stdout] Couldn't compile the test.
[INFO] [stdout] ---- src/client_api.rs - client_api::ClientApi::api_list_groups (line 1049) stdout ----
[INFO] [stdout] error: expected item, found `/`
[INFO] [stdout]     --> src/client_api.rs:1050:1
[INFO] [stdout]      |
[INFO] [stdout] 1050 | /_groups <userId>[ @<contactId_>][ <search>]
[INFO] [stdout]      | ^ expected item
[INFO] [stdout]      |
[INFO] [stdout]      = note: for a full list of items that can appear in modules, see <https://doc.rust-lang.org/reference/items.html>
[INFO] [stdout] 
[INFO] [stdout] error: aborting due to 1 previous error
[INFO] [stdout] 
[INFO] [stdout] Couldn't compile the test.
[INFO] [stdout] ---- src/client_api.rs - client_api::ClientApi::api_new_public_group (line 621) stdout ----
[INFO] [stdout] error: expected item, found `/`
[INFO] [stdout]    --> src/client_api.rs:622:1
[INFO] [stdout]     |
[INFO] [stdout] 622 | /_public group <userId>[ incognito=on] <relayIds[0]>[,<relayIds[1]>...] <json(groupProfile)>
[INFO] [stdout]     | ^ expected item
[INFO] [stdout]     |
[INFO] [stdout]     = note: for a full list of items that can appear in modules, see <https://doc.rust-lang.org/reference/items.html>
[INFO] [stdout] 
[INFO] [stdout] error: aborting due to 1 previous error
[INFO] [stdout] 
[INFO] [stdout] Couldn't compile the test.
[INFO] [stdout] ---- src/client_api.rs - client_api::ClientApi::api_remove_members (line 519) stdout ----
[INFO] [stdout] error: expected item, found `/`
[INFO] [stdout]    --> src/client_api.rs:520:1
[INFO] [stdout]     |
[INFO] [stdout] 520 | /_remove #<groupId> <groupMemberIds[0]>[,<groupMemberIds[1]>...][ messages=on]
[INFO] [stdout]     | ^ expected item
[INFO] [stdout]     |
[INFO] [stdout]     = note: for a full list of items that can appear in modules, see <https://doc.rust-lang.org/reference/items.html>
[INFO] [stdout] 
[INFO] [stdout] error: aborting due to 1 previous error
[INFO] [stdout] 
[INFO] [stdout] Couldn't compile the test.
[INFO] [stdout] ---- src/client_api.rs - client_api::ClientApi::api_set_contact_prefs (line 1357) stdout ----
[INFO] [stdout] error: expected item, found `/`
[INFO] [stdout]     --> src/client_api.rs:1358:1
[INFO] [stdout]      |
[INFO] [stdout] 1358 | /_set prefs @<contactId> <json(preferences)>
[INFO] [stdout]      | ^ expected item
[INFO] [stdout]      |
[INFO] [stdout]      = note: for a full list of items that can appear in modules, see <https://doc.rust-lang.org/reference/items.html>
[INFO] [stdout] 
[INFO] [stdout] error: aborting due to 1 previous error
[INFO] [stdout] 
[INFO] [stdout] Couldn't compile the test.
[INFO] [stdout] ---- src/client_api.rs - client_api::ClientApi::api_set_group_custom_data (line 1129) stdout ----
[INFO] [stdout] error: expected item, found `/`
[INFO] [stdout]     --> src/client_api.rs:1130:1
[INFO] [stdout]      |
[INFO] [stdout] 1130 | /_set custom #<groupId>[ <json(customData)>]
[INFO] [stdout]      | ^ expected item
[INFO] [stdout]      |
[INFO] [stdout]      = note: for a full list of items that can appear in modules, see <https://doc.rust-lang.org/reference/items.html>
[INFO] [stdout] 
[INFO] [stdout] error: aborting due to 1 previous error
[INFO] [stdout] 
[INFO] [stdout] Couldn't compile the test.
[INFO] [stdout] ---- src/client_api.rs - client_api::ClientApi::api_members_role (line 461) stdout ----
[INFO] [stdout] error: expected item, found `/`
[INFO] [stdout]    --> src/client_api.rs:462:1
[INFO] [stdout]     |
[INFO] [stdout] 462 | /_member role #<groupId> <groupMemberIds[0]>[,<groupMemberIds[1]>...] relay|observer|author|member|moderator|admin|owner
[INFO] [stdout]     | ^ expected item
[INFO] [stdout]     |
[INFO] [stdout]     = note: for a full list of items that can appear in modules, see <https://doc.rust-lang.org/reference/items.html>
[INFO] [stdout] 
[INFO] [stdout] error: aborting due to 1 previous error
[INFO] [stdout] 
[INFO] [stdout] Couldn't compile the test.
[INFO] [stdout] ---- src/client_api.rs - client_api::ClientApi::api_reject_contact (line 997) stdout ----
[INFO] [stdout] error: expected item, found `/`
[INFO] [stdout]    --> src/client_api.rs:998:1
[INFO] [stdout]     |
[INFO] [stdout] 998 | /_reject <contactReqId>
[INFO] [stdout]     | ^ expected item
[INFO] [stdout]     |
[INFO] [stdout]     = note: for a full list of items that can appear in modules, see <https://doc.rust-lang.org/reference/items.html>
[INFO] [stdout] 
[INFO] [stdout] error: aborting due to 1 previous error
[INFO] [stdout] 
[INFO] [stdout] Couldn't compile the test.
[INFO] [stdout] ---- src/client_api.rs - client_api::ClientApi::api_set_address_settings (line 156) stdout ----
[INFO] [stdout] error: expected item, found `/`
[INFO] [stdout]    --> src/client_api.rs:157:1
[INFO] [stdout]     |
[INFO] [stdout] 157 | /_address_settings <userId> <json(settings)>
[INFO] [stdout]     | ^ expected item
[INFO] [stdout]     |
[INFO] [stdout]     = note: for a full list of items that can appear in modules, see <https://doc.rust-lang.org/reference/items.html>
[INFO] [stdout] 
[INFO] [stdout] error: aborting due to 1 previous error
[INFO] [stdout] 
[INFO] [stdout] Couldn't compile the test.
[INFO] [stdout] ---- src/client_api.rs - client_api::ClientApi::api_set_active_user (line 1280) stdout ----
[INFO] [stdout] error: expected item, found `/`
[INFO] [stdout]     --> src/client_api.rs:1281:1
[INFO] [stdout]      |
[INFO] [stdout] 1281 | /_user <userId>[ <json(viewPwd)>]
[INFO] [stdout]      | ^ expected item
[INFO] [stdout]      |
[INFO] [stdout]      = note: for a full list of items that can appear in modules, see <https://doc.rust-lang.org/reference/items.html>
[INFO] [stdout] 
[INFO] [stdout] error: aborting due to 1 previous error
[INFO] [stdout] 
[INFO] [stdout] Couldn't compile the test.
[INFO] [stdout] ---- src/client_api.rs - client_api::ClientApi::api_send_messages (line 183) stdout ----
[INFO] [stdout] error: expected item, found `/`
[INFO] [stdout]    --> src/client_api.rs:184:1
[INFO] [stdout]     |
[INFO] [stdout] 184 | /_send <str(sendRef)>[ live=on][ ttl=<ttl>][ sign=on] json <json(composedMessages)>
[INFO] [stdout]     | ^ expected item
[INFO] [stdout]     |
[INFO] [stdout]     = note: for a full list of items that can appear in modules, see <https://doc.rust-lang.org/reference/items.html>
[INFO] [stdout] 
[INFO] [stdout] error: aborting due to 1 previous error
[INFO] [stdout] 
[INFO] [stdout] Couldn't compile the test.
[INFO] [stdout] ---- src/client_api.rs - client_api::ClientApi::api_update_profile (line 1330) stdout ----
[INFO] [stdout] error: expected item, found `/`
[INFO] [stdout]     --> src/client_api.rs:1331:1
[INFO] [stdout]      |
[INFO] [stdout] 1331 | /_profile <userId> <json(profile)>
[INFO] [stdout]      | ^ expected item
[INFO] [stdout]      |
[INFO] [stdout]      = note: for a full list of items that can appear in modules, see <https://doc.rust-lang.org/reference/items.html>
[INFO] [stdout] 
[INFO] [stdout] error: aborting due to 1 previous error
[INFO] [stdout] 
[INFO] [stdout] Couldn't compile the test.
[INFO] [stdout] ---- src/client_api.rs - client_api::ClientApi::api_stop_chat (line 1412) stdout ----
[INFO] [stdout] error: expected item, found `/`
[INFO] [stdout]     --> src/client_api.rs:1413:1
[INFO] [stdout]      |
[INFO] [stdout] 1413 | /_stop
[INFO] [stdout]      | ^ expected item
[INFO] [stdout]      |
[INFO] [stdout]      = note: for a full list of items that can appear in modules, see <https://doc.rust-lang.org/reference/items.html>
[INFO] [stdout] 
[INFO] [stdout] error: aborting due to 1 previous error
[INFO] [stdout] 
[INFO] [stdout] Couldn't compile the test.
[INFO] [stdout] ---- src/client_api.rs - client_api::ClientApi::api_set_contact_custom_data (line 1154) stdout ----
[INFO] [stdout] error: expected item, found `/`
[INFO] [stdout]     --> src/client_api.rs:1155:1
[INFO] [stdout]      |
[INFO] [stdout] 1155 | /_set custom @<contactId>[ <json(customData)>]
[INFO] [stdout]      | ^ expected item
[INFO] [stdout]      |
[INFO] [stdout]      = note: for a full list of items that can appear in modules, see <https://doc.rust-lang.org/reference/items.html>
[INFO] [stdout] 
[INFO] [stdout] error: aborting due to 1 previous error
[INFO] [stdout] 
[INFO] [stdout] Couldn't compile the test.
[INFO] [stdout] ---- src/client_api.rs - client_api::ClientApi::api_set_profile_address (line 131) stdout ----
[INFO] [stdout] error: expected item, found `/`
[INFO] [stdout]    --> src/client_api.rs:132:1
[INFO] [stdout]     |
[INFO] [stdout] 132 | /_profile_address <userId> on|off
[INFO] [stdout]     | ^ expected item
[INFO] [stdout]     |
[INFO] [stdout]     = note: for a full list of items that can appear in modules, see <https://doc.rust-lang.org/reference/items.html>
[INFO] [stdout] 
[INFO] [stdout] error: aborting due to 1 previous error
[INFO] [stdout] 
[INFO] [stdout] Couldn't compile the test.
[INFO] [stdout] ---- src/client_api.rs - client_api::ClientApi::api_show_my_address (line 105) stdout ----
[INFO] [stdout] error: expected item, found `/`
[INFO] [stdout]    --> src/client_api.rs:106:1
[INFO] [stdout]     |
[INFO] [stdout] 106 | /_show_address <userId>
[INFO] [stdout]     | ^ expected item
[INFO] [stdout]     |
[INFO] [stdout]     = note: for a full list of items that can appear in modules, see <https://doc.rust-lang.org/reference/items.html>
[INFO] [stdout] 
[INFO] [stdout] error: aborting due to 1 previous error
[INFO] [stdout] 
[INFO] [stdout] Couldn't compile the test.
[INFO] [stdout] ---- src/client_api.rs - client_api::ClientApi::api_set_user_auto_accept_member_contacts (line 1179) stdout ----
[INFO] [stdout] error: expected item, found `/`
[INFO] [stdout]     --> src/client_api.rs:1180:1
[INFO] [stdout]      |
[INFO] [stdout] 1180 | /_set accept member contacts <userId> on|off
[INFO] [stdout]      | ^ expected item
[INFO] [stdout]      |
[INFO] [stdout]      = note: for a full list of items that can appear in modules, see <https://doc.rust-lang.org/reference/items.html>
[INFO] [stdout] 
[INFO] [stdout] error: aborting due to 1 previous error
[INFO] [stdout] 
[INFO] [stdout] Couldn't compile the test.
[INFO] [stdout] ---- src/client_api.rs - client_api::ClientApi::api_update_chat_item (line 208) stdout ----
[INFO] [stdout] error: expected item, found `/`
[INFO] [stdout]    --> src/client_api.rs:209:1
[INFO] [stdout]     |
[INFO] [stdout] 209 | /_update item <str(chatRef)> <chatItemId>[ live=on] json <json(updatedMessage)>
[INFO] [stdout]     | ^ expected item
[INFO] [stdout]     |
[INFO] [stdout]     = note: for a full list of items that can appear in modules, see <https://doc.rust-lang.org/reference/items.html>
[INFO] [stdout] 
[INFO] [stdout] error: aborting due to 1 previous error
[INFO] [stdout] 
[INFO] [stdout] Couldn't compile the test.
[INFO] [stdout] ---- src/client_api.rs - client_api::ClientApi::api_update_group_profile (line 728) stdout ----
[INFO] [stdout] error: expected item, found `/`
[INFO] [stdout]    --> src/client_api.rs:729:1
[INFO] [stdout]     |
[INFO] [stdout] 729 | /_group_profile #<groupId> <json(groupProfile)>
[INFO] [stdout]     | ^ expected item
[INFO] [stdout]     |
[INFO] [stdout]     = note: for a full list of items that can appear in modules, see <https://doc.rust-lang.org/reference/items.html>
[INFO] [stdout] 
[INFO] [stdout] error: aborting due to 1 previous error
[INFO] [stdout] 
[INFO] [stdout] Couldn't compile the test.
[INFO] [stdout] ---- src/client_api.rs - client_api::ClientApi::show_active_user (line 1204) stdout ----
[INFO] [stdout] error: expected item, found `/`
[INFO] [stdout]     --> src/client_api.rs:1205:1
[INFO] [stdout]      |
[INFO] [stdout] 1205 | /user
[INFO] [stdout]      | ^ expected item
[INFO] [stdout]      |
[INFO] [stdout]      = note: for a full list of items that can appear in modules, see <https://doc.rust-lang.org/reference/items.html>
[INFO] [stdout] 
[INFO] [stdout] error: aborting due to 1 previous error
[INFO] [stdout] 
[INFO] [stdout] Couldn't compile the test.
[INFO] [stdout] ---- src/client_api.rs - client_api::ClientApi::receive_file (line 320) stdout ----
[INFO] [stdout] error: expected item, found `/`
[INFO] [stdout]    --> src/client_api.rs:321:1
[INFO] [stdout]     |
[INFO] [stdout] 321 | /freceive <fileId>[ approved_relays=on][ encrypt=on|off][ inline=on|off][ <filePath>]
[INFO] [stdout]     | ^ expected item
[INFO] [stdout]     |
[INFO] [stdout]     = note: for a full list of items that can appear in modules, see <https://doc.rust-lang.org/reference/items.html>
[INFO] [stdout] 
[INFO] [stdout] error: aborting due to 1 previous error
[INFO] [stdout] 
[INFO] [stdout] Couldn't compile the test.
[INFO] [stdout] ---- src/client_api.rs - client_api::ClientApi::create_active_user (line 1229) stdout ----
[INFO] [stdout] error: expected item, found `/`
[INFO] [stdout]     --> src/client_api.rs:1230:1
[INFO] [stdout]      |
[INFO] [stdout] 1230 | /_create user <json(newUser)>
[INFO] [stdout]      | ^ expected item
[INFO] [stdout]      |
[INFO] [stdout]      = note: for a full list of items that can appear in modules, see <https://doc.rust-lang.org/reference/items.html>
[INFO] [stdout] 
[INFO] [stdout] error: aborting due to 1 previous error
[INFO] [stdout] 
[INFO] [stdout] Couldn't compile the test.
[INFO] [stdout] ---- src/commands.rs - commands::ApiAcceptMember (line 668) stdout ----
[INFO] [stdout] error: expected item, found `/`
[INFO] [stdout]    --> src/commands.rs:669:1
[INFO] [stdout]     |
[INFO] [stdout] 669 | /_accept member #<groupId> <groupMemberId> relay|observer|author|member|moderator|admin|owner
[INFO] [stdout]     | ^ expected item
[INFO] [stdout]     |
[INFO] [stdout]     = note: for a full list of items that can appear in modules, see <https://doc.rust-lang.org/reference/items.html>
[INFO] [stdout] 
[INFO] [stdout] error: aborting due to 1 previous error
[INFO] [stdout] 
[INFO] [stdout] Couldn't compile the test.
[INFO] [stdout] ---- src/client_api.rs - client_api::ClientApi::cancel_file (line 345) stdout ----
[INFO] [stdout] error: expected item, found `/`
[INFO] [stdout]    --> src/client_api.rs:346:1
[INFO] [stdout]     |
[INFO] [stdout] 346 | /fcancel <fileId>
[INFO] [stdout]     | ^ expected item
[INFO] [stdout]     |
[INFO] [stdout]     = note: for a full list of items that can appear in modules, see <https://doc.rust-lang.org/reference/items.html>
[INFO] [stdout] 
[INFO] [stdout] error: aborting due to 1 previous error
[INFO] [stdout] 
[INFO] [stdout] Couldn't compile the test.
[INFO] [stdout] ---- src/commands.rs - commands::ApiAddMember (line 578) stdout ----
[INFO] [stdout] error: expected item, found `/`
[INFO] [stdout]    --> src/commands.rs:579:1
[INFO] [stdout]     |
[INFO] [stdout] 579 | /_add #<groupId> <contactId> relay|observer|author|member|moderator|admin|owner
[INFO] [stdout]     | ^ expected item
[INFO] [stdout]     |
[INFO] [stdout]     = note: for a full list of items that can appear in modules, see <https://doc.rust-lang.org/reference/items.html>
[INFO] [stdout] 
[INFO] [stdout] error: aborting due to 1 previous error
[INFO] [stdout] 
[INFO] [stdout] Couldn't compile the test.
[INFO] [stdout] ---- src/client_api.rs - client_api::ClientApi::list_users (line 1255) stdout ----
[INFO] [stdout] error: expected item, found `/`
[INFO] [stdout]     --> src/client_api.rs:1256:1
[INFO] [stdout]      |
[INFO] [stdout] 1256 | /users
[INFO] [stdout]      | ^ expected item
[INFO] [stdout]      |
[INFO] [stdout]      = note: for a full list of items that can appear in modules, see <https://doc.rust-lang.org/reference/items.html>
[INFO] [stdout] 
[INFO] [stdout] error: aborting due to 1 previous error
[INFO] [stdout] 
[INFO] [stdout] Couldn't compile the test.
[INFO] [stdout] ---- src/commands.rs - commands::ApiAddContact (line 1415) stdout ----
[INFO] [stdout] error: expected item, found `/`
[INFO] [stdout]     --> src/commands.rs:1416:1
[INFO] [stdout]      |
[INFO] [stdout] 1416 | /_connect <userId>[ incognito=on]
[INFO] [stdout]      | ^ expected item
[INFO] [stdout]      |
[INFO] [stdout]      = note: for a full list of items that can appear in modules, see <https://doc.rust-lang.org/reference/items.html>
[INFO] [stdout] 
[INFO] [stdout] error: aborting due to 1 previous error
[INFO] [stdout] 
[INFO] [stdout] Couldn't compile the test.
[INFO] [stdout] ---- src/commands.rs - commands::ApiAcceptContact (line 1605) stdout ----
[INFO] [stdout] error: expected item, found `/`
[INFO] [stdout]     --> src/commands.rs:1606:1
[INFO] [stdout]      |
[INFO] [stdout] 1606 | /_accept <contactReqId>
[INFO] [stdout]      | ^ expected item
[INFO] [stdout]      |
[INFO] [stdout]      = note: for a full list of items that can appear in modules, see <https://doc.rust-lang.org/reference/items.html>
[INFO] [stdout] 
[INFO] [stdout] error: aborting due to 1 previous error
[INFO] [stdout] 
[INFO] [stdout] Couldn't compile the test.
[INFO] [stdout] ---- src/commands.rs - commands::ApiConnect (line 1514) stdout ----
[INFO] [stdout] error: expected item, found `/`
[INFO] [stdout]     --> src/commands.rs:1515:1
[INFO] [stdout]      |
[INFO] [stdout] 1515 | /_connect <userId>[ <str(preparedLink_)>]
[INFO] [stdout]      | ^ expected item
[INFO] [stdout]      |
[INFO] [stdout]      = note: for a full list of items that can appear in modules, see <https://doc.rust-lang.org/reference/items.html>
[INFO] [stdout] 
[INFO] [stdout] error: aborting due to 1 previous error
[INFO] [stdout] 
[INFO] [stdout] Couldn't compile the test.
[INFO] [stdout] ---- src/client_api.rs - client_api::ClientApi::connect (line 945) stdout ----
[INFO] [stdout] error: expected item, found `/`
[INFO] [stdout]    --> src/client_api.rs:946:1
[INFO] [stdout]     |
[INFO] [stdout] 946 | /connect[ <connTarget_>]
[INFO] [stdout]     | ^ expected item
[INFO] [stdout]     |
[INFO] [stdout]     = note: for a full list of items that can appear in modules, see <https://doc.rust-lang.org/reference/items.html>
[INFO] [stdout] 
[INFO] [stdout] error: aborting due to 1 previous error
[INFO] [stdout] 
[INFO] [stdout] Couldn't compile the test.
[INFO] [stdout] ---- src/commands.rs - commands::ApiBlockMembersForAll (line 795) stdout ----
[INFO] [stdout] error: expected item, found `/`
[INFO] [stdout]    --> src/commands.rs:796:1
[INFO] [stdout]     |
[INFO] [stdout] 796 | /_block #<groupId> <groupMemberIds[0]>[,<groupMemberIds[1]>...] blocked=on|off
[INFO] [stdout]     | ^ expected item
[INFO] [stdout]     |
[INFO] [stdout]     = note: for a full list of items that can appear in modules, see <https://doc.rust-lang.org/reference/items.html>
[INFO] [stdout] 
[INFO] [stdout] error: aborting due to 1 previous error
[INFO] [stdout] 
[INFO] [stdout] Couldn't compile the test.
[INFO] [stdout] ---- src/client_api.rs - client_api::ClientApi::start_chat (line 1387) stdout ----
[INFO] [stdout] error: expected item, found `/`
[INFO] [stdout]     --> src/client_api.rs:1388:1
[INFO] [stdout]      |
[INFO] [stdout] 1388 | /_start
[INFO] [stdout]      | ^ expected item
[INFO] [stdout]      |
[INFO] [stdout]      = note: for a full list of items that can appear in modules, see <https://doc.rust-lang.org/reference/items.html>
[INFO] [stdout] 
[INFO] [stdout] error: aborting due to 1 previous error
[INFO] [stdout] 
[INFO] [stdout] Couldn't compile the test.
[INFO] [stdout] ---- src/commands.rs - commands::ApiCreateGroupLink (line 1236) stdout ----
[INFO] [stdout] error: expected item, found `/`
[INFO] [stdout]     --> src/commands.rs:1237:1
[INFO] [stdout]      |
[INFO] [stdout] 1237 | /_create link #<groupId> relay|observer|author|member|moderator|admin|owner
[INFO] [stdout]      | ^ expected item
[INFO] [stdout]      |
[INFO] [stdout]      = note: for a full list of items that can appear in modules, see <https://doc.rust-lang.org/reference/items.html>
[INFO] [stdout] 
[INFO] [stdout] error: aborting due to 1 previous error
[INFO] [stdout] 
[INFO] [stdout] Couldn't compile the test.
[INFO] [stdout] ---- src/commands.rs - commands::ApiCreateMyAddress (line 16) stdout ----
[INFO] [stdout] error: expected item, found `/`
[INFO] [stdout]   --> src/commands.rs:17:1
[INFO] [stdout]    |
[INFO] [stdout] 17 | /_address <userId>
[INFO] [stdout]    | ^ expected item
[INFO] [stdout]    |
[INFO] [stdout]    = note: for a full list of items that can appear in modules, see <https://doc.rust-lang.org/reference/items.html>
[INFO] [stdout] 
[INFO] [stdout] error: aborting due to 1 previous error
[INFO] [stdout] 
[INFO] [stdout] Couldn't compile the test.
[INFO] [stdout] ---- src/commands.rs - commands::ApiChatItemReaction (line 416) stdout ----
[INFO] [stdout] error: expected item, found `/`
[INFO] [stdout]    --> src/commands.rs:417:1
[INFO] [stdout]     |
[INFO] [stdout] 417 | /_reaction <str(chatRef)> <chatItemId> on|off <json(reaction)>
[INFO] [stdout]     | ^ expected item
[INFO] [stdout]     |
[INFO] [stdout]     = note: for a full list of items that can appear in modules, see <https://doc.rust-lang.org/reference/items.html>
[INFO] [stdout] 
[INFO] [stdout] error: aborting due to 1 previous error
[INFO] [stdout] 
[INFO] [stdout] Couldn't compile the test.
[INFO] [stdout] ---- src/commands.rs - commands::ApiDeleteMemberChatItem (line 373) stdout ----
[INFO] [stdout] error: expected item, found `/`
[INFO] [stdout]    --> src/commands.rs:374:1
[INFO] [stdout]     |
[INFO] [stdout] 374 | /_delete member item #<groupId> <chatItemIds[0]>[,<chatItemIds[1]>...]
[INFO] [stdout]     | ^ expected item
[INFO] [stderr] error: doctest failed, to rerun pass `--doc`
[INFO] [stdout]     |
[INFO] [stdout]     = note: for a full list of items that can appear in modules, see <https://doc.rust-lang.org/reference/items.html>
[INFO] [stdout] 
[INFO] [stdout] error: aborting due to 1 previous error
[INFO] [stdout] 
[INFO] [stdout] Couldn't compile the test.
[INFO] [stdout] ---- src/commands.rs - commands::ApiConnectPlan (line 1461) stdout ----
[INFO] [stdout] error: expected item, found `/`
[INFO] [stdout]     --> src/commands.rs:1462:1
[INFO] [stdout]      |
[INFO] [stdout] 1462 | /_connect plan <userId> <connectTarget>
[INFO] [stdout]      | ^ expected item
[INFO] [stdout]      |
[INFO] [stdout]      = note: for a full list of items that can appear in modules, see <https://doc.rust-lang.org/reference/items.html>
[INFO] [stdout] 
[INFO] [stdout] error: aborting due to 1 previous error
[INFO] [stdout] 
[INFO] [stdout] Couldn't compile the test.
[INFO] [stdout] ---- src/commands.rs - commands::ApiAddGroupRelays (line 1125) stdout ----
[INFO] [stdout] error: expected item, found `/`
[INFO] [stdout]     --> src/commands.rs:1126:1
[INFO] [stdout]      |
[INFO] [stdout] 1126 | /_add relays #<groupId> <relayIds[0]>[,<relayIds[1]>...]
[INFO] [stdout]      | ^ expected item
[INFO] [stdout]      |
[INFO] [stdout]      = note: for a full list of items that can appear in modules, see <https://doc.rust-lang.org/reference/items.html>
[INFO] [stdout] 
[INFO] [stdout] error: aborting due to 1 previous error
[INFO] [stdout] 
[INFO] [stdout] Couldn't compile the test.
[INFO] [stdout] ---- src/commands.rs - commands::ApiDeleteUser (line 2124) stdout ----
[INFO] [stdout] error: expected item, found `/`
[INFO] [stdout]     --> src/commands.rs:2125:1
[INFO] [stdout]      |
[INFO] [stdout] 2125 | /_delete user <userId> del_smp=on|off[ <json(viewPwd)>]
[INFO] [stdout]      | ^ expected item
[INFO] [stdout]      |
[INFO] [stdout]      = note: for a full list of items that can appear in modules, see <https://doc.rust-lang.org/reference/items.html>
[INFO] [stdout] 
[INFO] [stdout] error: aborting due to 1 previous error
[INFO] [stdout] 
[INFO] [stdout] Couldn't compile the test.
[INFO] [stdout] ---- src/commands.rs - commands::ApiAllowRelayGroup (line 1167) stdout ----
[INFO] [stdout] error: expected item, found `/`
[INFO] [stdout]     --> src/commands.rs:1168:1
[INFO] [stdout]      |
[INFO] [stdout] 1168 | /_relay allow #<groupId>
[INFO] [stdout]      | ^ expected item
[INFO] [stdout]      |
[INFO] [stdout]      = note: for a full list of items that can appear in modules, see <https://doc.rust-lang.org/reference/items.html>
[INFO] [stdout] 
[INFO] [stdout] error: aborting due to 1 previous error
[INFO] [stdout] 
[INFO] [stdout] Couldn't compile the test.
[INFO] [stdout] ---- src/commands.rs - commands::ApiDeleteChat (line 1805) stdout ----
[INFO] [stdout] error: expected item, found `/`
[INFO] [stdout]     --> src/commands.rs:1806:1
[INFO] [stdout]      |
[INFO] [stdout] 1806 | /_delete <str(chatRef)> <str(chatDeleteMode)>
[INFO] [stdout]      | ^ expected item
[INFO] [stdout]      |
[INFO] [stdout]      = note: for a full list of items that can appear in modules, see <https://doc.rust-lang.org/reference/items.html>
[INFO] [stdout] 
[INFO] [stdout] error: aborting due to 1 previous error
[INFO] [stdout] 
[INFO] [stdout] Couldn't compile the test.
[INFO] [stdout] ---- src/commands.rs - commands::ApiDeleteGroupLink (line 1351) stdout ----
[INFO] [stdout] error: expected item, found `/`
[INFO] [stdout]     --> src/commands.rs:1352:1
[INFO] [stdout]      |
[INFO] [stdout] 1352 | /_delete link #<groupId>
[INFO] [stdout]      | ^ expected item
[INFO] [stdout]      |
[INFO] [stdout]      = note: for a full list of items that can appear in modules, see <https://doc.rust-lang.org/reference/items.html>
[INFO] [stdout] 
[INFO] [stdout] error: aborting due to 1 previous error
[INFO] [stdout] 
[INFO] [stdout] Couldn't compile the test.
[INFO] [stdout] ---- src/commands.rs - commands::ApiDeleteMyAddress (line 46) stdout ----
[INFO] [stdout] error: expected item, found `/`
[INFO] [stdout]   --> src/commands.rs:47:1
[INFO] [stdout]    |
[INFO] [stdout] 47 | /_delete_address <userId>
[INFO] [stdout]    | ^ expected item
[INFO] [stdout]    |
[INFO] [stdout]    = note: for a full list of items that can appear in modules, see <https://doc.rust-lang.org/reference/items.html>
[INFO] [stdout] 
[INFO] [stdout] error: aborting due to 1 previous error
[INFO] [stdout] 
[INFO] [stdout] Couldn't compile the test.
[INFO] [stdout] ---- src/commands.rs - commands::ApiDeleteChatItem (line 316) stdout ----
[INFO] [stdout] error: expected item, found `/`
[INFO] [stdout]    --> src/commands.rs:317:1
[INFO] [stdout]     |
[INFO] [stdout] 317 | /_delete item <str(chatRef)> <chatItemIds[0]>[,<chatItemIds[1]>...] broadcast|internal|internalMark|history
[INFO] [stdout]     | ^ expected item
[INFO] [stdout]     |
[INFO] [stdout]     = note: for a full list of items that can appear in modules, see <https://doc.rust-lang.org/reference/items.html>
[INFO] [stdout] 
[INFO] [stdout] error: aborting due to 1 previous error
[INFO] [stdout] 
[INFO] [stdout] Couldn't compile the test.
[INFO] [stdout] ---- src/commands.rs - commands::ApiGetGroupLink (line 1383) stdout ----
[INFO] [stdout] error: expected item, found `/`
[INFO] [stdout]     --> src/commands.rs:1384:1
[INFO] [stdout]      |
[INFO] [stdout] 1384 | /_get link #<groupId>
[INFO] [stdout]      | ^ expected item
[INFO] [stdout]      |
[INFO] [stdout]      = note: for a full list of items that can appear in modules, see <https://doc.rust-lang.org/reference/items.html>
[INFO] [stdout] 
[INFO] [stdout] error: aborting due to 1 previous error
[INFO] [stdout] 
[INFO] [stdout] Couldn't compile the test.
[INFO] [stdout] ---- src/commands.rs - commands::ApiGetGroupRelays (line 1093) stdout ----
[INFO] [stdout] error: expected item, found `/`
[INFO] [stdout]     --> src/commands.rs:1094:1
[INFO] [stdout]      |
[INFO] [stdout] 1094 | /_get relays #<groupId>
[INFO] [stdout]      | ^ expected item
[INFO] [stdout]      |
[INFO] [stdout]      = note: for a full list of items that can appear in modules, see <https://doc.rust-lang.org/reference/items.html>
[INFO] [stdout] 
[INFO] [stdout] error: aborting due to 1 previous error
[INFO] [stdout] 
[INFO] [stdout] Couldn't compile the test.
[INFO] [stdout] ---- src/commands.rs - commands::ApiGetChats (line 1747) stdout ----
[INFO] [stdout] error: expected item, found `/`
[INFO] [stdout]     --> src/commands.rs:1748:1
[INFO] [stdout]      |
[INFO] [stdout] 1748 | /_get chats <userId>[ pcc=on] <str(pagination)> <json(query)>
[INFO] [stdout]      | ^ expected item
[INFO] [stdout]      |
[INFO] [stdout]      = note: for a full list of items that can appear in modules, see <https://doc.rust-lang.org/reference/items.html>
[INFO] [stdout] 
[INFO] [stdout] error: aborting due to 1 previous error
[INFO] [stdout] 
[INFO] [stdout] Couldn't compile the test.
[INFO] [stdout] ---- src/commands.rs - commands::ApiGroupLinkMemberRole (line 1293) stdout ----
[INFO] [stdout] error: expected item, found `/`
[INFO] [stdout]     --> src/commands.rs:1294:1
[INFO] [stdout]      |
[INFO] [stdout] 1294 | /_set link role #<groupId> relay|observer|author|member|moderator|admin|owner
[INFO] [stdout]      | ^ expected item
[INFO] [stdout]      |
[INFO] [stdout]      = note: for a full list of items that can appear in modules, see <https://doc.rust-lang.org/reference/items.html>
[INFO] [stdout] 
[INFO] [stdout] error: aborting due to 1 previous error
[INFO] [stdout] 
[INFO] [stdout] Couldn't compile the test.
[INFO] [stdout] ---- src/commands.rs - commands::ApiJoinGroup (line 637) stdout ----
[INFO] [stdout] error: expected item, found `/`
[INFO] [stdout]    --> src/commands.rs:638:1
[INFO] [stdout]     |
[INFO] [stdout] 638 | /_join #<groupId>
[INFO] [stdout]     | ^ expected item
[INFO] [stdout]     |
[INFO] [stdout]     = note: for a full list of items that can appear in modules, see <https://doc.rust-lang.org/reference/items.html>
[INFO] [stdout] 
[INFO] [stdout] error: aborting due to 1 previous error
[INFO] [stdout] 
[INFO] [stdout] Couldn't compile the test.
[INFO] [stdout] ---- src/commands.rs - commands::ApiListGroups (line 1695) stdout ----
[INFO] [stdout] error: expected item, found `/`
[INFO] [stdout]     --> src/commands.rs:1696:1
[INFO] [stdout]      |
[INFO] [stdout] 1696 | /_groups <userId>[ @<contactId_>][ <search>]
[INFO] [stdout]      | ^ expected item
[INFO] [stdout]      |
[INFO] [stdout]      = note: for a full list of items that can appear in modules, see <https://doc.rust-lang.org/reference/items.html>
[INFO] [stdout] 
[INFO] [stdout] error: aborting due to 1 previous error
[INFO] [stdout] 
[INFO] [stdout] Couldn't compile the test.
[INFO] [stdout] ---- src/commands.rs - commands::ApiLeaveGroup (line 913) stdout ----
[INFO] [stdout] error: expected item, found `/`
[INFO] [stdout]    --> src/commands.rs:914:1
[INFO] [stdout]     |
[INFO] [stdout] 914 | /_leave #<groupId>
[INFO] [stdout]     | ^ expected item
[INFO] [stdout]     |
[INFO] [stdout]     = note: for a full list of items that can appear in modules, see <https://doc.rust-lang.org/reference/items.html>
[INFO] [stdout] 
[INFO] [stdout] error: aborting due to 1 previous error
[INFO] [stdout] 
[INFO] [stdout] Couldn't compile the test.
[INFO] [stdout] ---- src/commands.rs - commands::ApiListContacts (line 1665) stdout ----
[INFO] [stdout] error: expected item, found `/`
[INFO] [stdout]     --> src/commands.rs:1666:1
[INFO] [stdout]      |
[INFO] [stdout] 1666 | /_contacts <userId>
[INFO] [stdout]      | ^ expected item
[INFO] [stdout]      |
[INFO] [stdout]      = note: for a full list of items that can appear in modules, see <https://doc.rust-lang.org/reference/items.html>
[INFO] [stdout] 
[INFO] [stdout] error: aborting due to 1 previous error
[INFO] [stdout] 
[INFO] [stdout] Couldn't compile the test.
[INFO] [stdout] ---- src/commands.rs - commands::ApiMembersRole (line 728) stdout ----
[INFO] [stdout] error: expected item, found `/`
[INFO] [stdout]    --> src/commands.rs:729:1
[INFO] [stdout]     |
[INFO] [stdout] 729 | /_member role #<groupId> <groupMemberIds[0]>[,<groupMemberIds[1]>...] relay|observer|author|member|moderator|admin|owner
[INFO] [stdout]     | ^ expected item
[INFO] [stdout]     |
[INFO] [stdout]     = note: for a full list of items that can appear in modules, see <https://doc.rust-lang.org/reference/items.html>
[INFO] [stdout] 
[INFO] [stdout] error: aborting due to 1 previous error
[INFO] [stdout] 
[INFO] [stdout] Couldn't compile the test.
[INFO] [stdout] ---- src/commands.rs - commands::ApiRejectContact (line 1635) stdout ----
[INFO] [stdout] error: expected item, found `/`
[INFO] [stdout]     --> src/commands.rs:1636:1
[INFO] [stdout]      |
[INFO] [stdout] 1636 | /_reject <contactReqId>
[INFO] [stdout]      | ^ expected item
[INFO] [stdout]      |
[INFO] [stdout]      = note: for a full list of items that can appear in modules, see <https://doc.rust-lang.org/reference/items.html>
[INFO] [stdout] 
[INFO] [stdout] error: aborting due to 1 previous error
[INFO] [stdout] 
[INFO] [stdout] Couldn't compile the test.
[INFO] [stdout] ---- src/commands.rs - commands::ApiNewPublicGroup (line 1028) stdout ----
[INFO] [stdout] error: expected item, found `/`
[INFO] [stdout]     --> src/commands.rs:1029:1
[INFO] [stdout]      |
[INFO] [stdout] 1029 | /_public group <userId>[ incognito=on] <relayIds[0]>[,<relayIds[1]>...] <json(groupProfile)>
[INFO] [stdout]      | ^ expected item
[INFO] [stdout]      |
[INFO] [stdout]      = note: for a full list of items that can appear in modules, see <https://doc.rust-lang.org/reference/items.html>
[INFO] [stdout] 
[INFO] [stdout] error: aborting due to 1 previous error
[INFO] [stdout] 
[INFO] [stdout] Couldn't compile the test.
[INFO] [stdout] ---- src/commands.rs - commands::ApiSetContactCustomData (line 1888) stdout ----
[INFO] [stdout] error: expected item, found `/`
[INFO] [stdout]     --> src/commands.rs:1889:1
[INFO] [stdout]      |
[INFO] [stdout] 1889 | /_set custom @<contactId>[ <json(customData)>]
[INFO] [stdout]      | ^ expected item
[INFO] [stdout]      |
[INFO] [stdout]      = note: for a full list of items that can appear in modules, see <https://doc.rust-lang.org/reference/items.html>
[INFO] [stdout] 
[INFO] [stdout] error: aborting due to 1 previous error
[INFO] [stdout] 
[INFO] [stdout] Couldn't compile the test.
[INFO] [stdout] ---- src/commands.rs - commands::ApiRemoveMembers (line 855) stdout ----
[INFO] [stdout] error: expected item, found `/`
[INFO] [stdout]    --> src/commands.rs:856:1
[INFO] [stdout]     |
[INFO] [stdout] 856 | /_remove #<groupId> <groupMemberIds[0]>[,<groupMemberIds[1]>...][ messages=on]
[INFO] [stdout]     | ^ expected item
[INFO] [stdout]     |
[INFO] [stdout]     = note: for a full list of items that can appear in modules, see <https://doc.rust-lang.org/reference/items.html>
[INFO] [stdout] 
[INFO] [stdout] error: aborting due to 1 previous error
[INFO] [stdout] 
[INFO] [stdout] Couldn't compile the test.
[INFO] [stdout] ---- src/commands.rs - commands::ApiSetAddressSettings (line 153) stdout ----
[INFO] [stdout] error: expected item, found `/`
[INFO] [stdout]    --> src/commands.rs:154:1
[INFO] [stdout]     |
[INFO] [stdout] 154 | /_address_settings <userId> <json(settings)>
[INFO] [stdout]     | ^ expected item
[INFO] [stdout]     |
[INFO] [stdout]     = note: for a full list of items that can appear in modules, see <https://doc.rust-lang.org/reference/items.html>
[INFO] [stdout] 
[INFO] [stdout] error: aborting due to 1 previous error
[INFO] [stdout] 
[INFO] [stdout] Couldn't compile the test.
[INFO] [stdout] ---- src/commands.rs - commands::ApiSendMessages (line 189) stdout ----
[INFO] [stdout] error: expected item, found `/`
[INFO] [stdout]    --> src/commands.rs:190:1
[INFO] [stdout]     |
[INFO] [stdout] 190 | /_send <str(sendRef)>[ live=on][ ttl=<ttl>][ sign=on] json <json(composedMessages)>
[INFO] [stdout]     | ^ expected item
[INFO] [stdout]     |
[INFO] [stdout]     = note: for a full list of items that can appear in modules, see <https://doc.rust-lang.org/reference/items.html>
[INFO] [stdout] 
[INFO] [stdout] error: aborting due to 1 previous error
[INFO] [stdout] 
[INFO] [stdout] Couldn't compile the test.
[INFO] [stdout] ---- src/commands.rs - commands::ApiSetActiveUser (line 2076) stdout ----
[INFO] [stdout] error: expected item, found `/`
[INFO] [stdout]     --> src/commands.rs:2077:1
[INFO] [stdout]      |
[INFO] [stdout] 2077 | /_user <userId>[ <json(viewPwd)>]
[INFO] [stdout]      | ^ expected item
[INFO] [stdout]      |
[INFO] [stdout]      = note: for a full list of items that can appear in modules, see <https://doc.rust-lang.org/reference/items.html>
[INFO] [stdout] 
[INFO] [stdout] error: aborting due to 1 previous error
[INFO] [stdout] 
[INFO] [stdout] Couldn't compile the test.
[INFO] [stdout] ---- src/commands.rs - commands::ApiSetProfileAddress (line 106) stdout ----
[INFO] [stdout] error: expected item, found `/`
[INFO] [stdout]    --> src/commands.rs:107:1
[INFO] [stdout]     |
[INFO] [stdout] 107 | /_profile_address <userId> on|off
[INFO] [stdout]     | ^ expected item
[INFO] [stdout]     |
[INFO] [stdout]     = note: for a full list of items that can appear in modules, see <https://doc.rust-lang.org/reference/items.html>
[INFO] [stdout] 
[INFO] [stdout] error: aborting due to 1 previous error
[INFO] [stdout] 
[INFO] [stdout] Couldn't compile the test.
[INFO] [stdout] ---- src/commands.rs - commands::ApiListMembers (line 944) stdout ----
[INFO] [stdout] error: expected item, found `/`
[INFO] [stdout]    --> src/commands.rs:945:1
[INFO] [stdout]     |
[INFO] [stdout] 945 | /_members #<groupId>
[INFO] [stdout]     | ^ expected item
[INFO] [stdout]     |
[INFO] [stdout]     = note: for a full list of items that can appear in modules, see <https://doc.rust-lang.org/reference/items.html>
[INFO] [stdout] 
[INFO] [stdout] error: aborting due to 1 previous error
[INFO] [stdout] 
[INFO] [stdout] Couldn't compile the test.
[INFO] [stdout] ---- src/commands.rs - commands::ApiNewGroup (line 975) stdout ----
[INFO] [stdout] error: expected item, found `/`
[INFO] [stdout]    --> src/commands.rs:976:1
[INFO] [stdout]     |
[INFO] [stdout] 976 | /_group <userId>[ incognito=on] <json(groupProfile)>
[INFO] [stdout]     | ^ expected item
[INFO] [stdout]     |
[INFO] [stdout]     = note: for a full list of items that can appear in modules, see <https://doc.rust-lang.org/reference/items.html>
[INFO] [stdout] 
[INFO] [stdout] error: aborting due to 1 previous error
[INFO] [stdout] 
[INFO] [stdout] Couldn't compile the test.
[INFO] [stdout] ---- src/commands.rs - commands::ApiSetContactPrefs (line 2218) stdout ----
[INFO] [stdout] error: expected item, found `/`
[INFO] [stdout]     --> src/commands.rs:2219:1
[INFO] [stdout]      |
[INFO] [stdout] 2219 | /_set prefs @<contactId> <json(preferences)>
[INFO] [stdout]      | ^ expected item
[INFO] [stdout]      |
[INFO] [stdout]      = note: for a full list of items that can appear in modules, see <https://doc.rust-lang.org/reference/items.html>
[INFO] [stdout] 
[INFO] [stdout] error: aborting due to 1 previous error
[INFO] [stdout] 
[INFO] [stdout] Couldn't compile the test.
[INFO] [stdout] ---- src/commands.rs - commands::ApiUpdateGroupProfile (line 1199) stdout ----
[INFO] [stdout] error: expected item, found `/`
[INFO] [stdout]     --> src/commands.rs:1200:1
[INFO] [stdout]      |
[INFO] [stdout] 1200 | /_group_profile #<groupId> <json(groupProfile)>
[INFO] [stdout]      | ^ expected item
[INFO] [stdout]      |
[INFO] [stdout]      = note: for a full list of items that can appear in modules, see <https://doc.rust-lang.org/reference/items.html>
[INFO] [stdout] 
[INFO] [stdout] error: aborting due to 1 previous error
[INFO] [stdout] 
[INFO] [stdout] Couldn't compile the test.
[INFO] [stdout] ---- src/commands.rs - commands::ApiShowMyAddress (line 76) stdout ----
[INFO] [stdout] error: expected item, found `/`
[INFO] [stdout]   --> src/commands.rs:77:1
[INFO] [stdout]    |
[INFO] [stdout] 77 | /_show_address <userId>
[INFO] [stdout]    | ^ expected item
[INFO] [stdout]    |
[INFO] [stdout]    = note: for a full list of items that can appear in modules, see <https://doc.rust-lang.org/reference/items.html>
[INFO] [stdout] 
[INFO] [stdout] error: aborting due to 1 previous error
[INFO] [stdout] 
[INFO] [stdout] Couldn't compile the test.
[INFO] [stdout] ---- src/commands.rs - commands::ApiUpdateChatItem (line 257) stdout ----
[INFO] [stdout] error: expected item, found `/`
[INFO] [stdout]    --> src/commands.rs:258:1
[INFO] [stdout]     |
[INFO] [stdout] 258 | /_update item <str(chatRef)> <chatItemId>[ live=on] json <json(updatedMessage)>
[INFO] [stdout]     | ^ expected item
[INFO] [stdout]     |
[INFO] [stdout]     = note: for a full list of items that can appear in modules, see <https://doc.rust-lang.org/reference/items.html>
[INFO] [stdout] 
[INFO] [stdout] error: aborting due to 1 previous error
[INFO] [stdout] 
[INFO] [stdout] Couldn't compile the test.
[INFO] [stdout] ---- src/commands.rs - commands::ApiStopChat (line 2296) stdout ----
[INFO] [stdout] error: expected item, found `/`
[INFO] [stdout]     --> src/commands.rs:2297:1
[INFO] [stdout]      |
[INFO] [stdout] 2297 | /_stop
[INFO] [stdout]      | ^ expected item
[INFO] [stdout]      |
[INFO] [stdout]      = note: for a full list of items that can appear in modules, see <https://doc.rust-lang.org/reference/items.html>
[INFO] [stdout] 
[INFO] [stdout] error: aborting due to 1 previous error
[INFO] [stdout] 
[INFO] [stdout] Couldn't compile the test.
[INFO] [stdout] ---- src/commands.rs - commands::ApiSetUserAutoAcceptMemberContacts (line 1938) stdout ----
[INFO] [stdout] error: expected item, found `/`
[INFO] [stdout]     --> src/commands.rs:1939:1
[INFO] [stdout]      |
[INFO] [stdout] 1939 | /_set accept member contacts <userId> on|off
[INFO] [stdout]      | ^ expected item
[INFO] [stdout]      |
[INFO] [stdout]      = note: for a full list of items that can appear in modules, see <https://doc.rust-lang.org/reference/items.html>
[INFO] [stdout] 
[INFO] [stdout] error: aborting due to 1 previous error
[INFO] [stdout] 
[INFO] [stdout] Couldn't compile the test.
[INFO] [stdout] ---- src/commands.rs - commands::ApiSetGroupCustomData (line 1838) stdout ----
[INFO] [stdout] error: expected item, found `/`
[INFO] [stdout]     --> src/commands.rs:1839:1
[INFO] [stdout]      |
[INFO] [stdout] 1839 | /_set custom #<groupId>[ <json(customData)>]
[INFO] [stdout]      | ^ expected item
[INFO] [stdout]      |
[INFO] [stdout]      = note: for a full list of items that can appear in modules, see <https://doc.rust-lang.org/reference/items.html>
[INFO] [stdout] 
[INFO] [stdout] error: aborting due to 1 previous error
[INFO] [stdout] 
[INFO] [stdout] Couldn't compile the test.
[INFO] [stdout] ---- src/commands.rs - commands::ShowActiveUser (line 1988) stdout ----
[INFO] [stdout] error: expected item, found `/`
[INFO] [stdout]     --> src/commands.rs:1989:1
[INFO] [stdout]      |
[INFO] [stdout] 1989 | /user
[INFO] [stdout]      | ^ expected item
[INFO] [stdout]      |
[INFO] [stdout]      = note: for a full list of items that can appear in modules, see <https://doc.rust-lang.org/reference/items.html>
[INFO] [stdout] 
[INFO] [stdout] error: aborting due to 1 previous error
[INFO] [stdout] 
[INFO] [stdout] Couldn't compile the test.
[INFO] [stdout] ---- src/commands.rs - commands::ApiUpdateProfile (line 2182) stdout ----
[INFO] [stdout] error: expected item, found `/`
[INFO] [stdout]     --> src/commands.rs:2183:1
[INFO] [stdout]      |
[INFO] [stdout] 2183 | /_profile <userId> <json(profile)>
[INFO] [stdout]      | ^ expected item
[INFO] [stdout]      |
[INFO] [stdout]      = note: for a full list of items that can appear in modules, see <https://doc.rust-lang.org/reference/items.html>
[INFO] [stdout] 
[INFO] [stdout] error: aborting due to 1 previous error
[INFO] [stdout] 
[INFO] [stdout] Couldn't compile the test.
[INFO] [stdout] ---- src/commands.rs - commands::CreateActiveUser (line 2015) stdout ----
[INFO] [stdout] error: expected item, found `/`
[INFO] [stdout]     --> src/commands.rs:2016:1
[INFO] [stdout]      |
[INFO] [stdout] 2016 | /_create user <json(newUser)>
[INFO] [stdout]      | ^ expected item
[INFO] [stdout]      |
[INFO] [stdout]      = note: for a full list of items that can appear in modules, see <https://doc.rust-lang.org/reference/items.html>
[INFO] [stdout] 
[INFO] [stdout] error: aborting due to 1 previous error
[INFO] [stdout] 
[INFO] [stdout] Couldn't compile the test.
[INFO] [stdout] ---- src/commands.rs - commands::Connect (line 1561) stdout ----
[INFO] [stdout] error: expected item, found `/`
[INFO] [stdout]     --> src/commands.rs:1562:1
[INFO] [stdout]      |
[INFO] [stdout] 1562 | /connect[ <connTarget_>]
[INFO] [stdout]      | ^ expected item
[INFO] [stdout]      |
[INFO] [stdout]      = note: for a full list of items that can appear in modules, see <https://doc.rust-lang.org/reference/items.html>
[INFO] [stdout] 
[INFO] [stdout] error: aborting due to 1 previous error
[INFO] [stdout] 
[INFO] [stdout] Couldn't compile the test.
[INFO] [stdout] ---- src/commands.rs - commands::CancelFile (line 548) stdout ----
[INFO] [stdout] error: expected item, found `/`
[INFO] [stdout]    --> src/commands.rs:549:1
[INFO] [stdout]     |
[INFO] [stdout] 549 | /fcancel <fileId>
[INFO] [stdout]     | ^ expected item
[INFO] [stdout]     |
[INFO] [stdout]     = note: for a full list of items that can appear in modules, see <https://doc.rust-lang.org/reference/items.html>
[INFO] [stdout] 
[INFO] [stdout] error: aborting due to 1 previous error
[INFO] [stdout] 
[INFO] [stdout] Couldn't compile the test.
[INFO] [stdout] ---- src/commands.rs - commands::ListUsers (line 2049) stdout ----
[INFO] [stdout] error: expected item, found `/`
[INFO] [stdout]     --> src/commands.rs:2050:1
[INFO] [stdout]      |
[INFO] [stdout] 2050 | /users
[INFO] [stdout]      | ^ expected item
[INFO] [stdout]      |
[INFO] [stdout]      = note: for a full list of items that can appear in modules, see <https://doc.rust-lang.org/reference/items.html>
[INFO] [stdout] 
[INFO] [stdout] error: aborting due to 1 previous error
[INFO] [stdout] 
[INFO] [stdout] Couldn't compile the test.
[INFO] [stdout] ---- src/commands.rs - commands::ReceiveFile (line 474) stdout ----
[INFO] [stdout] error: expected item, found `/`
[INFO] [stdout]    --> src/commands.rs:475:1
[INFO] [stdout]     |
[INFO] [stdout] 475 | /freceive <fileId>[ approved_relays=on][ encrypt=on|off][ inline=on|off][ <filePath>]
[INFO] [stdout]     | ^ expected item
[INFO] [stdout]     |
[INFO] [stdout]     = note: for a full list of items that can appear in modules, see <https://doc.rust-lang.org/reference/items.html>
[INFO] [stdout] 
[INFO] [stdout] error: aborting due to 1 previous error
[INFO] [stdout] 
[INFO] [stdout] Couldn't compile the test.
[INFO] [stdout] ---- src/lib.rs - ChatRef (line 2865) stdout ----
[INFO] [stdout] error: expected identifier, found `<`
[INFO] [stdout]     --> src/lib.rs:2866:1
[INFO] [stdout]      |
[INFO] [stdout] 2866 | <str(chatType)><chatId>[<str(chatScope)>]
[INFO] [stdout]      | ^ expected identifier
[INFO] [stdout] 
[INFO] [stdout] error: aborting due to 1 previous error
[INFO] [stdout] 
[INFO] [stdout] Couldn't compile the test.
[INFO] [stdout] ---- src/lib.rs - ChatType (line 2954) stdout ----
[INFO] [stdout] error: expected item, found `@`
[INFO] [stdout]     --> src/lib.rs:2955:1
[INFO] [stdout]      |
[INFO] [stdout] 2955 | @|#|*|
[INFO] [stdout]      | ^ expected item
[INFO] [stdout]      |
[INFO] [stdout]      = note: for a full list of items that can appear in modules, see <https://doc.rust-lang.org/reference/items.html>
[INFO] [stdout] 
[INFO] [stdout] error: aborting due to 1 previous error
[INFO] [stdout] 
[INFO] [stdout] Couldn't compile the test.
[INFO] [stdout] ---- src/commands.rs - commands::StartChat (line 2256) stdout ----
[INFO] [stdout] error: expected item, found `/`
[INFO] [stdout]     --> src/commands.rs:2257:1
[INFO] [stdout]      |
[INFO] [stdout] 2257 | /_start
[INFO] [stdout]      | ^ expected item
[INFO] [stdout]      |
[INFO] [stdout]      = note: for a full list of items that can appear in modules, see <https://doc.rust-lang.org/reference/items.html>
[INFO] [stdout] 
[INFO] [stdout] error: aborting due to 1 previous error
[INFO] [stdout] 
[INFO] [stdout] Couldn't compile the test.
[INFO] [stdout] ---- src/lib.rs - PaginationByTime (line 6793) stdout ----
[INFO] [stdout] error: expected one of `!` or `::`, found `=`
[INFO] [stdout]     --> src/lib.rs:6794:6
[INFO] [stdout]      |
[INFO] [stdout] 6794 | count=<count>
[INFO] [stdout]      |      ^ expected one of `!` or `::`
[INFO] [stdout] 
[INFO] [stdout] error: aborting due to 1 previous error
[INFO] [stdout] 
[INFO] [stdout] Couldn't compile the test.
[INFO] [stdout] ---- src/lib.rs - GroupChatScope (line 4630) stdout ----
[INFO] [stdout] error: expected item, found `(`
[INFO] [stdout]     --> src/lib.rs:4631:1
[INFO] [stdout]      |
[INFO] [stdout] 4631 | (_support[:<groupMemberId_>])
[INFO] [stdout]      | ^ expected item
[INFO] [stdout]      |
[INFO] [stdout]      = note: for a full list of items that can appear in modules, see <https://doc.rust-lang.org/reference/items.html>
[INFO] [stdout] 
[INFO] [stdout] error: aborting due to 1 previous error
[INFO] [stdout] 
[INFO] [stdout] Couldn't compile the test.
[INFO] [stdout] ---- src/lib.rs - CreatedConnLink (line 3994) stdout ----
[INFO] [stdout] error: expected identifier, found `<`
[INFO] [stdout]     --> src/lib.rs:3995:1
[INFO] [stdout]      |
[INFO] [stdout] 3995 | <connFullLink>[ <connShortLink>]
[INFO] [stdout]      | ^ expected identifier
[INFO] [stdout] 
[INFO] [stdout] error: aborting due to 1 previous error
[INFO] [stdout] 
[INFO] [stdout] Couldn't compile the test.
[INFO] [stdout] ---- src/lib.rs - ChatDeleteMode (line 2476) stdout ----
[INFO] [stdout] error[E0425]: cannot find value `full` in this scope
[INFO] [stdout]     --> src/lib.rs:2477:1
[INFO] [stdout]      |
[INFO] [stdout] 2477 | full|entity|messages[ notify=off]
[INFO] [stdout]      | ^^^^ not found in this scope
[INFO] [stdout] 
[INFO] [stdout] error[E0425]: cannot find value `entity` in this scope
[INFO] [stdout]     --> src/lib.rs:2477:6
[INFO] [stdout]      |
[INFO] [stdout] 2477 | full|entity|messages[ notify=off]
[INFO] [stdout]      |      ^^^^^^ not found in this scope
[INFO] [stdout] 
[INFO] [stdout] error[E0425]: cannot find value `messages` in this scope
[INFO] [stdout]     --> src/lib.rs:2477:13
[INFO] [stdout]      |
[INFO] [stdout] 2477 | full|entity|messages[ notify=off]
[INFO] [stdout]      |             ^^^^^^^^ not found in this scope
[INFO] [stdout] 
[INFO] [stdout] error[E0425]: cannot find value `notify` in this scope
[INFO] [stdout]     --> src/lib.rs:2477:23
[INFO] [stdout]      |
[INFO] [stdout] 2477 | full|entity|messages[ notify=off]
[INFO] [stdout]      |                       ^^^^^^ not found in this scope
[INFO] [stdout] 
[INFO] [stdout] error[E0425]: cannot find value `off` in this scope
[INFO] [stdout]     --> src/lib.rs:2477:30
[INFO] [stdout]      |
[INFO] [stdout] 2477 | full|entity|messages[ notify=off]
[INFO] [stdout]      |                              ^^^ not found in this scope
[INFO] [stdout] 
[INFO] [stdout] error: aborting due to 5 previous errors
[INFO] [stdout] 
[INFO] [stdout] For more information about this error, try `rustc --explain E0425`.
[INFO] [stdout] Couldn't compile the test.
[INFO] [stdout] 
[INFO] [stdout] failures:
[INFO] [stdout]     src/client_api.rs - client_api::ClientApi::api_accept_contact (line 970)
[INFO] [stdout]     src/client_api.rs - client_api::ClientApi::api_accept_member (line 429)
[INFO] [stdout]     src/client_api.rs - client_api::ClientApi::api_add_contact (line 870)
[INFO] [stdout]     src/client_api.rs - client_api::ClientApi::api_add_group_relays (line 672)
[INFO] [stdout]     src/client_api.rs - client_api::ClientApi::api_add_member (line 371)
[INFO] [stdout]     src/client_api.rs - client_api::ClientApi::api_allow_relay_group (line 702)
[INFO] [stdout]     src/client_api.rs - client_api::ClientApi::api_block_members_for_all (line 493)
[INFO] [stdout]     src/client_api.rs - client_api::ClientApi::api_chat_item_reaction (line 295)
[INFO] [stdout]     src/client_api.rs - client_api::ClientApi::api_connect (line 920)
[INFO] [stdout]     src/client_api.rs - client_api::ClientApi::api_connect_plan (line 895)
[INFO] [stdout]     src/client_api.rs - client_api::ClientApi::api_create_group_link (line 758)
[INFO] [stdout]     src/client_api.rs - client_api::ClientApi::api_create_my_address (line 53)
[INFO] [stdout]     src/client_api.rs - client_api::ClientApi::api_delete_chat (line 1099)
[INFO] [stdout]     src/client_api.rs - client_api::ClientApi::api_delete_chat_item (line 233)
[INFO] [stdout]     src/client_api.rs - client_api::ClientApi::api_delete_group_link (line 818)
[INFO] [stdout]     src/client_api.rs - client_api::ClientApi::api_delete_member_chat_item (line 265)
[INFO] [stdout]     src/client_api.rs - client_api::ClientApi::api_delete_my_address (line 79)
[INFO] [stdout]     src/client_api.rs - client_api::ClientApi::api_delete_user (line 1305)
[INFO] [stdout]     src/client_api.rs - client_api::ClientApi::api_get_chats (line 1074)
[INFO] [stdout]     src/client_api.rs - client_api::ClientApi::api_get_group_link (line 844)
[INFO] [stdout]     src/client_api.rs - client_api::ClientApi::api_get_group_relays (line 646)
[INFO] [stdout]     src/client_api.rs - client_api::ClientApi::api_group_link_member_role (line 788)
[INFO] [stdout]     src/client_api.rs - client_api::ClientApi::api_join_group (line 403)
[INFO] [stdout]     src/client_api.rs - client_api::ClientApi::api_leave_group (line 544)
[INFO] [stdout]     src/client_api.rs - client_api::ClientApi::api_list_contacts (line 1023)
[INFO] [stdout]     src/client_api.rs - client_api::ClientApi::api_list_groups (line 1049)
[INFO] [stdout]     src/client_api.rs - client_api::ClientApi::api_list_members (line 570)
[INFO] [stdout]     src/client_api.rs - client_api::ClientApi::api_members_role (line 461)
[INFO] [stdout]     src/client_api.rs - client_api::ClientApi::api_new_group (line 596)
[INFO] [stdout]     src/client_api.rs - client_api::ClientApi::api_new_public_group (line 621)
[INFO] [stdout]     src/client_api.rs - client_api::ClientApi::api_reject_contact (line 997)
[INFO] [stdout]     src/client_api.rs - client_api::ClientApi::api_remove_members (line 519)
[INFO] [stdout]     src/client_api.rs - client_api::ClientApi::api_send_messages (line 183)
[INFO] [stdout]     src/client_api.rs - client_api::ClientApi::api_set_active_user (line 1280)
[INFO] [stdout]     src/client_api.rs - client_api::ClientApi::api_set_address_settings (line 156)
[INFO] [stdout]     src/client_api.rs - client_api::ClientApi::api_set_contact_custom_data (line 1154)
[INFO] [stdout]     src/client_api.rs - client_api::ClientApi::api_set_contact_prefs (line 1357)
[INFO] [stdout]     src/client_api.rs - client_api::ClientApi::api_set_group_custom_data (line 1129)
[INFO] [stdout]     src/client_api.rs - client_api::ClientApi::api_set_profile_address (line 131)
[INFO] [stdout]     src/client_api.rs - client_api::ClientApi::api_set_user_auto_accept_member_contacts (line 1179)
[INFO] [stdout]     src/client_api.rs - client_api::ClientApi::api_show_my_address (line 105)
[INFO] [stdout]     src/client_api.rs - client_api::ClientApi::api_stop_chat (line 1412)
[INFO] [stdout]     src/client_api.rs - client_api::ClientApi::api_update_chat_item (line 208)
[INFO] [stdout]     src/client_api.rs - client_api::ClientApi::api_update_group_profile (line 728)
[INFO] [stdout]     src/client_api.rs - client_api::ClientApi::api_update_profile (line 1330)
[INFO] [stdout]     src/client_api.rs - client_api::ClientApi::cancel_file (line 345)
[INFO] [stdout]     src/client_api.rs - client_api::ClientApi::connect (line 945)
[INFO] [stdout]     src/client_api.rs - client_api::ClientApi::create_active_user (line 1229)
[INFO] [stdout]     src/client_api.rs - client_api::ClientApi::list_users (line 1255)
[INFO] [stdout]     src/client_api.rs - client_api::ClientApi::receive_file (line 320)
[INFO] [stdout]     src/client_api.rs - client_api::ClientApi::show_active_user (line 1204)
[INFO] [stdout]     src/client_api.rs - client_api::ClientApi::start_chat (line 1387)
[INFO] [stdout]     src/commands.rs - commands::ApiAcceptContact (line 1605)
[INFO] [stdout]     src/commands.rs - commands::ApiAcceptMember (line 668)
[INFO] [stdout]     src/commands.rs - commands::ApiAddContact (line 1415)
[INFO] [stdout]     src/commands.rs - commands::ApiAddGroupRelays (line 1125)
[INFO] [stdout]     src/commands.rs - commands::ApiAddMember (line 578)
[INFO] [stdout]     src/commands.rs - commands::ApiAllowRelayGroup (line 1167)
[INFO] [stdout]     src/commands.rs - commands::ApiBlockMembersForAll (line 795)
[INFO] [stdout]     src/commands.rs - commands::ApiChatItemReaction (line 416)
[INFO] [stdout]     src/commands.rs - commands::ApiConnect (line 1514)
[INFO] [stdout]     src/commands.rs - commands::ApiConnectPlan (line 1461)
[INFO] [stdout]     src/commands.rs - commands::ApiCreateGroupLink (line 1236)
[INFO] [stdout]     src/commands.rs - commands::ApiCreateMyAddress (line 16)
[INFO] [stdout]     src/commands.rs - commands::ApiDeleteChat (line 1805)
[INFO] [stdout]     src/commands.rs - commands::ApiDeleteChatItem (line 316)
[INFO] [stdout]     src/commands.rs - commands::ApiDeleteGroupLink (line 1351)
[INFO] [stdout]     src/commands.rs - commands::ApiDeleteMemberChatItem (line 373)
[INFO] [stdout]     src/commands.rs - commands::ApiDeleteMyAddress (line 46)
[INFO] [stdout]     src/commands.rs - commands::ApiDeleteUser (line 2124)
[INFO] [stdout]     src/commands.rs - commands::ApiGetChats (line 1747)
[INFO] [stdout]     src/commands.rs - commands::ApiGetGroupLink (line 1383)
[INFO] [stdout]     src/commands.rs - commands::ApiGetGroupRelays (line 1093)
[INFO] [stdout]     src/commands.rs - commands::ApiGroupLinkMemberRole (line 1293)
[INFO] [stdout]     src/commands.rs - commands::ApiJoinGroup (line 637)
[INFO] [stdout]     src/commands.rs - commands::ApiLeaveGroup (line 913)
[INFO] [stdout]     src/commands.rs - commands::ApiListContacts (line 1665)
[INFO] [stdout]     src/commands.rs - commands::ApiListGroups (line 1695)
[INFO] [stdout]     src/commands.rs - commands::ApiListMembers (line 944)
[INFO] [stdout]     src/commands.rs - commands::ApiMembersRole (line 728)
[INFO] [stdout]     src/commands.rs - commands::ApiNewGroup (line 975)
[INFO] [stdout]     src/commands.rs - commands::ApiNewPublicGroup (line 1028)
[INFO] [stdout]     src/commands.rs - commands::ApiRejectContact (line 1635)
[INFO] [stdout]     src/commands.rs - commands::ApiRemoveMembers (line 855)
[INFO] [stdout]     src/commands.rs - commands::ApiSendMessages (line 189)
[INFO] [stdout]     src/commands.rs - commands::ApiSetActiveUser (line 2076)
[INFO] [stdout]     src/commands.rs - commands::ApiSetAddressSettings (line 153)
[INFO] [stdout]     src/commands.rs - commands::ApiSetContactCustomData (line 1888)
[INFO] [stdout]     src/commands.rs - commands::ApiSetContactPrefs (line 2218)
[INFO] [stdout]     src/commands.rs - commands::ApiSetGroupCustomData (line 1838)
[INFO] [stdout]     src/commands.rs - commands::ApiSetProfileAddress (line 106)
[INFO] [stdout]     src/commands.rs - commands::ApiSetUserAutoAcceptMemberContacts (line 1938)
[INFO] [stdout]     src/commands.rs - commands::ApiShowMyAddress (line 76)
[INFO] [stdout]     src/commands.rs - commands::ApiStopChat (line 2296)
[INFO] [stdout]     src/commands.rs - commands::ApiUpdateChatItem (line 257)
[INFO] [stdout]     src/commands.rs - commands::ApiUpdateGroupProfile (line 1199)
[INFO] [stdout]     src/commands.rs - commands::ApiUpdateProfile (line 2182)
[INFO] [stdout]     src/commands.rs - commands::CancelFile (line 548)
[INFO] [stdout]     src/commands.rs - commands::Connect (line 1561)
[INFO] [stdout]     src/commands.rs - commands::CreateActiveUser (line 2015)
[INFO] [stdout]     src/commands.rs - commands::ListUsers (line 2049)
[INFO] [stdout]     src/commands.rs - commands::ReceiveFile (line 474)
[INFO] [stdout]     src/commands.rs - commands::ShowActiveUser (line 1988)
[INFO] [stdout]     src/commands.rs - commands::StartChat (line 2256)
[INFO] [stdout]     src/lib.rs - ChatDeleteMode (line 2476)
[INFO] [stdout]     src/lib.rs - ChatRef (line 2865)
[INFO] [stdout]     src/lib.rs - ChatType (line 2954)
[INFO] [stdout]     src/lib.rs - CreatedConnLink (line 3994)
[INFO] [stdout]     src/lib.rs - GroupChatScope (line 4630)
[INFO] [stdout]     src/lib.rs - PaginationByTime (line 6793)
[INFO] [stdout] 
[INFO] [stdout] test result: FAILED. 0 passed; 110 failed; 1 ignored; 0 measured; 0 filtered out; finished in 2.90s
[INFO] [stdout] 
[INFO] [stdout] all doctests ran in 3.05s; merged doctests compilation took 0.14s
[INFO] running `Command { std: "docker" "inspect" "114cb822379fe79173ebcdcb6c1d0c790520afa576cce5402171da4411155d2d", kill_on_drop: false }`
[INFO] running `Command { std: "docker" "rm" "-f" "114cb822379fe79173ebcdcb6c1d0c790520afa576cce5402171da4411155d2d", kill_on_drop: false }`
[INFO] [stdout] 114cb822379fe79173ebcdcb6c1d0c790520afa576cce5402171da4411155d2d
