[INFO] fetching crate simpleshortener 0.2.1...
[INFO] testing simpleshortener-0.2.1 against 1.99.0-beta.8+cargoflags=--release for beta-release-1.100-2
[INFO] extracting crate simpleshortener 0.2.1 into /workspace/builds/worker-4-tc1/source
[INFO] started tweaking crates.io crate simpleshortener 0.2.1
[INFO] finished tweaking crates.io crate simpleshortener 0.2.1
[INFO] tweaked toml for crates.io crate simpleshortener 0.2.1 written to /workspace/builds/worker-4-tc1/source/Cargo.toml
[INFO] validating manifest of crates.io crate simpleshortener 0.2.1 on toolchain 1.99.0-beta.8
[INFO] running `Command { std: CARGO_HOME="/workspace/cargo-home" RUSTUP_HOME="/workspace/rustup-home" "/workspace/cargo-home/bin/cargo" "+1.99.0-beta.8" "metadata" "--manifest-path" "Cargo.toml" "--no-deps", kill_on_drop: false }`
[INFO] crate crates.io crate simpleshortener 0.2.1 already has a lockfile, it will not be regenerated
[INFO] running `Command { std: CARGO_HOME="/workspace/cargo-home" RUSTUP_HOME="/workspace/rustup-home" "/workspace/cargo-home/bin/cargo" "+1.99.0-beta.8" "fetch" "--manifest-path" "Cargo.toml", kill_on_drop: false }`
[INFO] [stderr]     Updating crates.io index
[INFO] [stderr]  Downloading crates ...
[INFO] [stderr]   Downloaded tracing-log v0.1.2
[INFO] [stderr]   Downloaded wasm-bindgen-shared v0.2.79
[INFO] [stderr]   Downloaded tracing v0.1.32
[INFO] [stderr]   Downloaded thread_local v1.1.4
[INFO] [stderr]   Downloaded tower-layer v0.3.1
[INFO] [stderr]   Downloaded block-buffer v0.10.2
[INFO] [stderr]   Downloaded cpufeatures v0.2.2
[INFO] [stderr]   Downloaded wasm-bindgen-macro v0.2.79
[INFO] [stderr]   Downloaded tokio-macros v1.7.0
[INFO] [stderr]   Downloaded crypto-common v0.1.3
[INFO] [stderr]   Downloaded bmp-monochrome v1.0.0
[INFO] [stderr]   Downloaded axum-core v0.1.2
[INFO] [stderr]   Downloaded http-range-header v0.3.0
[INFO] [stderr]   Downloaded sync_wrapper v0.1.1
[INFO] [stderr]   Downloaded sha2 v0.10.2
[INFO] [stderr]   Downloaded httparse v1.6.0
[INFO] [stderr]   Downloaded tokio-rustls v0.23.3
[INFO] [stderr]   Downloaded pin-project-internal v1.0.10
[INFO] [stderr]   Downloaded digest v0.10.3
[INFO] [stderr]   Downloaded generic-array v0.14.5
[INFO] [stderr]   Downloaded tokio-stream v0.1.8
[INFO] [stderr]   Downloaded quote v1.0.17
[INFO] [stderr]   Downloaded wasm-bindgen-macro-support v0.2.79
[INFO] [stderr]   Downloaded axum-server v0.3.3
[INFO] [stderr]   Downloaded wasm-bindgen-backend v0.2.79
[INFO] [stderr]   Downloaded matchit v0.4.6
[INFO] [stderr]   Downloaded dashmap v5.2.0
[INFO] [stderr]   Downloaded async-trait v0.1.53
[INFO] [stderr]   Downloaded tracing-core v0.1.24
[INFO] [stderr]   Downloaded serde_derive v1.0.136
[INFO] [stderr]   Downloaded sharded-slab v0.1.4
[INFO] [stderr]   Downloaded pin-project v1.0.10
[INFO] [stderr]   Downloaded toml v0.5.8
[INFO] [stderr]   Downloaded arc-swap v1.5.0
[INFO] [stderr]   Downloaded js-sys v0.3.56
[INFO] [stderr]   Downloaded tower-http v0.2.5
[INFO] [stderr]   Downloaded qr_code v1.1.0
[INFO] [stderr]   Downloaded axum v0.4.8
[INFO] [stderr]   Downloaded tower v0.4.12
[INFO] [stderr]   Downloaded syn v1.0.90
[INFO] [stderr]   Downloaded tracing-subscriber v0.3.10
[INFO] [stderr]   Downloaded wasm-bindgen v0.2.79
[INFO] [stderr]   Downloaded rustls v0.20.4
[INFO] [stderr]   Downloaded regex v1.5.5
[INFO] [stderr]   Downloaded libc v0.2.121
[INFO] [stderr]   Downloaded web-sys v0.3.56
[INFO] [stderr]   Downloaded axum_static_macro v1.0.8
[INFO] running `Command { std: "docker" "create" "-v" "/var/lib/crater-agent-workspace/builds/worker-4-tc1/source:/opt/rustwide/workdir:ro,Z" "-v" "/var/lib/crater-agent-workspace/builds/worker-4-tc1/target:/opt/rustwide/target:rw,Z" "-v" "/var/lib/crater-agent-workspace/cargo-home:/opt/rustwide/cargo-home:ro,Z" "-v" "/var/lib/crater-agent-workspace/rustup-home:/opt/rustwide/rustup-home:ro,Z" "-m" "1610612736" "--network" "none" "ghcr.io/rust-lang/crates-build-env/linux@sha256:77db811e55d90add9212f6832c23229e3de5f1c1f9905e8cb07319ea15df73ac" "sleep" "infinity", kill_on_drop: false }`
[INFO] [stdout] d8cb0927c35f0c3b0f55adfc30d59e08438a4558db8becc04abde62ce07a25cb
[INFO] running `Command { std: "docker" "start" "d8cb0927c35f0c3b0f55adfc30d59e08438a4558db8becc04abde62ce07a25cb", kill_on_drop: false }`
[INFO] running `Command { std: "docker" "inspect" "d8cb0927c35f0c3b0f55adfc30d59e08438a4558db8becc04abde62ce07a25cb", kill_on_drop: false }`
[INFO] running `Command { std: "docker" "exec" "-e" "SOURCE_DIR=/opt/rustwide/workdir" "-e" "CARGO_HOME=/opt/rustwide/cargo-home" "-e" "RUSTUP_HOME=/opt/rustwide/rustup-home" "-e" "CARGO_TARGET_DIR=/opt/rustwide/target" "-w" "/opt/rustwide/workdir" "--user" "0:0" "d8cb0927c35f0c3b0f55adfc30d59e08438a4558db8becc04abde62ce07a25cb" "/opt/rustwide/cargo-home/bin/cargo" "+1.99.0-beta.8" "metadata" "--no-deps" "--format-version=1", kill_on_drop: false }`
[INFO] running `Command { std: "docker" "inspect" "d8cb0927c35f0c3b0f55adfc30d59e08438a4558db8becc04abde62ce07a25cb", kill_on_drop: false }`
[INFO] running `Command { std: "docker" "exec" "-e" "SOURCE_DIR=/opt/rustwide/workdir" "-e" "CARGO_HOME=/opt/rustwide/cargo-home" "-e" "RUSTUP_HOME=/opt/rustwide/rustup-home" "-e" "CARGO_TARGET_DIR=/opt/rustwide/target" "-e" "CARGO_INCREMENTAL=0" "-e" "RUST_BACKTRACE=full" "-e" "RUSTFLAGS=--cap-lints=warn" "-e" "RUSTDOCFLAGS=--cap-lints=warn" "-w" "/opt/rustwide/workdir" "--user" "0:0" "d8cb0927c35f0c3b0f55adfc30d59e08438a4558db8becc04abde62ce07a25cb" "/opt/rustwide/cargo-home/bin/cargo" "+1.99.0-beta.8" "build" "--frozen" "--message-format=json" "--release", kill_on_drop: false }`
[INFO] [stderr]    Compiling proc-macro2 v1.0.36
[INFO] [stderr]    Compiling unicode-xid v0.2.2
[INFO] [stderr]    Compiling syn v1.0.90
[INFO] [stderr]    Compiling cfg-if v1.0.0
[INFO] [stderr]    Compiling libc v0.2.121
[INFO] [stderr]    Compiling log v0.4.16
[INFO] [stderr]    Compiling autocfg v1.1.0
[INFO] [stderr]    Compiling pin-project-lite v0.2.8
[INFO] [stderr]    Compiling smallvec v1.8.0
[INFO] [stderr]    Compiling futures-core v0.3.21
[INFO] [stderr]    Compiling parking_lot_core v0.9.2
[INFO] [stderr]    Compiling scopeguard v1.1.0
[INFO] [stderr]    Compiling bytes v1.1.0
[INFO] [stderr]    Compiling lazy_static v1.4.0
[INFO] [stderr]    Compiling once_cell v1.10.0
[INFO] [stderr]    Compiling lock_api v0.4.7
[INFO] [stderr]    Compiling memchr v2.4.1
[INFO] [stderr]    Compiling serde_derive v1.0.136
[INFO] [stderr]    Compiling futures-task v0.3.21
[INFO] [stderr]    Compiling itoa v1.0.1
[INFO] [stderr]    Compiling serde v1.0.136
[INFO] [stderr]    Compiling tracing-core v0.1.24
[INFO] [stderr]    Compiling futures-util v0.3.21
[INFO] [stderr]    Compiling version_check v0.9.4
[INFO] [stderr]    Compiling typenum v1.15.0
[INFO] [stderr]    Compiling quote v1.0.17
[INFO] [stderr]    Compiling num_cpus v1.13.1
[INFO] [stderr]    Compiling signal-hook-registry v1.4.0
[INFO] [stderr]    Compiling mio v0.8.2
[INFO] [stderr]    Compiling parking_lot v0.12.0
[INFO] [stderr]    Compiling socket2 v0.4.4
[INFO] [stderr]    Compiling generic-array v0.14.5
[INFO] [stderr]    Compiling fnv v1.0.7
[INFO] [stderr]    Compiling pin-utils v0.1.0
[INFO] [stderr]    Compiling http v0.2.6
[INFO] [stderr]    Compiling futures-sink v0.3.21
[INFO] [stderr]    Compiling regex-syntax v0.6.25
[INFO] [stderr]    Compiling tower-service v0.3.1
[INFO] [stderr]    Compiling futures-channel v0.3.21
[INFO] [stderr]    Compiling async-trait v0.1.53
[INFO] [stderr]    Compiling httparse v1.6.0
[INFO] [stderr]    Compiling serde_json v1.0.79
[INFO] [stderr]    Compiling ryu v1.0.9
[INFO] [stderr]    Compiling matches v0.1.9
[INFO] [stderr]    Compiling try-lock v0.2.3
[INFO] [stderr]    Compiling percent-encoding v2.1.0
[INFO] [stderr]    Compiling tower-layer v0.3.1
[INFO] [stderr]    Compiling want v0.3.0
[INFO] [stderr]    Compiling form_urlencoded v1.0.1
[INFO] [stderr]    Compiling bitflags v1.3.2
[INFO] [stderr]    Compiling http-range-header v0.3.0
[INFO] [stderr]    Compiling mime v0.3.16
[INFO] [stderr]    Compiling httpdate v1.0.2
[INFO] [stderr]    Compiling tracing-log v0.1.2
[INFO] [stderr]    Compiling thread_local v1.1.4
[INFO] [stderr]    Compiling sharded-slab v0.1.4
[INFO] [stderr]    Compiling bmp-monochrome v1.0.0
[INFO] [stderr]    Compiling cpufeatures v0.2.2
[INFO] [stderr]    Compiling sync_wrapper v0.1.1
[INFO] [stderr]    Compiling matchit v0.4.6
[INFO] [stderr]    Compiling block-buffer v0.10.2
[INFO] [stderr]    Compiling crypto-common v0.1.3
[INFO] [stderr]    Compiling ansi_term v0.12.1
[INFO] [stderr]    Compiling digest v0.10.3
[INFO] [stderr]    Compiling qr_code v1.1.0
[INFO] [stderr]    Compiling sha2 v0.10.2
[INFO] [stderr]    Compiling axum_static_macro v1.0.8
[INFO] [stderr]    Compiling http-body v0.4.4
[INFO] [stderr]    Compiling regex-automata v0.1.10
[INFO] [stderr]    Compiling regex v1.5.5
[INFO] [stderr]    Compiling matchers v0.1.0
[INFO] [stderr]    Compiling tokio-macros v1.7.0
[INFO] [stderr]    Compiling tracing-attributes v0.1.20
[INFO] [stderr]    Compiling pin-project-internal v1.0.10
[INFO] [stderr]    Compiling tokio v1.17.0
[INFO] [stderr]    Compiling axum-core v0.1.2
[INFO] [stderr]    Compiling tracing v0.1.32
[INFO] [stderr]    Compiling pin-project v1.0.10
[INFO] [stderr]    Compiling tracing-subscriber v0.3.10
[INFO] [stderr]    Compiling tokio-util v0.7.1
[INFO] [stderr]    Compiling hyper v0.14.18
[INFO] [stderr]    Compiling tokio-stream v0.1.8
[INFO] [stderr]    Compiling tower v0.4.12
[INFO] [stderr]    Compiling tower-http v0.2.5
[INFO] [stderr]    Compiling serde_urlencoded v0.7.1
[INFO] [stderr]    Compiling bincode v1.3.3
[INFO] [stderr]    Compiling toml v0.5.8
[INFO] [stderr]    Compiling dashmap v5.2.0
[INFO] [stderr]    Compiling axum v0.4.8
[INFO] [stderr]    Compiling simpleshortener v0.2.1 (/opt/rustwide/workdir)
[INFO] [stderr]     Finished `release` profile [optimized] target(s) in 1m 50s
[INFO] running `Command { std: "docker" "inspect" "d8cb0927c35f0c3b0f55adfc30d59e08438a4558db8becc04abde62ce07a25cb", kill_on_drop: false }`
[INFO] running `Command { std: "docker" "exec" "-e" "SOURCE_DIR=/opt/rustwide/workdir" "-e" "CARGO_HOME=/opt/rustwide/cargo-home" "-e" "RUSTUP_HOME=/opt/rustwide/rustup-home" "-e" "CARGO_TARGET_DIR=/opt/rustwide/target" "-e" "CARGO_INCREMENTAL=0" "-e" "RUST_BACKTRACE=full" "-e" "RUSTFLAGS=--cap-lints=warn" "-e" "RUSTDOCFLAGS=--cap-lints=warn" "-w" "/opt/rustwide/workdir" "--user" "0:0" "d8cb0927c35f0c3b0f55adfc30d59e08438a4558db8becc04abde62ce07a25cb" "/opt/rustwide/cargo-home/bin/cargo" "+1.99.0-beta.8" "test" "--frozen" "--no-run" "--message-format=json" "--release", kill_on_drop: false }`
[INFO] [stderr]    Compiling simpleshortener v0.2.1 (/opt/rustwide/workdir)
[INFO] [stderr]     Finished `release` profile [optimized] target(s) in 28.83s
[INFO] running `Command { std: "docker" "inspect" "d8cb0927c35f0c3b0f55adfc30d59e08438a4558db8becc04abde62ce07a25cb", kill_on_drop: false }`
[INFO] running `Command { std: "docker" "exec" "-e" "SOURCE_DIR=/opt/rustwide/workdir" "-e" "CARGO_HOME=/opt/rustwide/cargo-home" "-e" "RUSTUP_HOME=/opt/rustwide/rustup-home" "-e" "CARGO_TARGET_DIR=/opt/rustwide/target" "-e" "CARGO_INCREMENTAL=0" "-e" "RUST_BACKTRACE=full" "-e" "RUSTFLAGS=--cap-lints=warn" "-e" "RUSTDOCFLAGS=--cap-lints=warn" "-w" "/opt/rustwide/workdir" "--user" "0:0" "d8cb0927c35f0c3b0f55adfc30d59e08438a4558db8becc04abde62ce07a25cb" "/opt/rustwide/cargo-home/bin/cargo" "+1.99.0-beta.8" "test" "--frozen" "--release", kill_on_drop: false }`
[INFO] [stderr]     Finished `release` profile [optimized] target(s) in 0.20s
[INFO] [stderr]      Running unittests src/main.rs (/opt/rustwide/target/release/deps/simpleshortener-a14ad4c2848ed569)
[INFO] [stdout] 
[INFO] [stdout] running 2 tests
[INFO] [stdout] test tests::tests::root ... FAILED
[INFO] [stdout] test tests::tests::incorrect_auth ... FAILED
[INFO] [stdout] 
[INFO] [stdout] failures:
[INFO] [stdout] 
[INFO] [stdout] ---- tests::tests::root stdout ----
[INFO] [stdout] ignoring ``: invalid filter directive
[INFO] [stdout] 
[INFO] [stdout] thread 'tests::tests::root' (1269) panicked at /opt/rustwide/cargo-home/registry/src/index.crates.io-1949cf8c6b5b557f/tracing-subscriber-0.3.10/src/fmt/mod.rs:511:14:
[INFO] [stdout] Unable to install global subscriber: SetGlobalDefaultError { _no_construct: () }
[INFO] [stdout] stack backtrace:
[INFO] [stdout]    0:     0x64c231222297 - <<std[70759c8f55707aa4]::sys::backtrace::BacktraceLock>::print::DisplayBacktrace as core[df12db4294e9bfd3]::fmt::Display>::fmt
[INFO] [stdout]    1:     0x64c2311a9d1a - core[df12db4294e9bfd3]::fmt::write
[INFO] [stdout]    2:     0x64c23122184b - <alloc[2182bb758b4b3781]::vec::Vec<u8> as core[df12db4294e9bfd3]::io::write::Write>::write_fmt
[INFO] [stdout]    3:     0x64c23122132f - std[70759c8f55707aa4]::panicking::default_hook::{closure#0}
[INFO] [stdout]    4:     0x64c231220f5a - std[70759c8f55707aa4]::panicking::default_hook
[INFO] [stdout]    5:     0x64c231220a92 - std[70759c8f55707aa4]::panicking::panic_with_hook
[INFO] [stdout]    6:     0x64c231247eb1 - std[70759c8f55707aa4]::panicking::panic_handler::{closure#0}
[INFO] [stdout]    7:     0x64c231247e69 - std[70759c8f55707aa4]::sys::backtrace::__rust_end_short_backtrace::<std[70759c8f55707aa4]::panicking::panic_handler::{closure#0}, !>
[INFO] [stdout]    8:     0x64c23124837c - __rustc[8fa7c3cbc660c2b3]::rust_begin_unwind
[INFO] [stdout]    9:     0x64c2311a9bab - core[df12db4294e9bfd3]::panicking::panic_fmt
[INFO] [stdout]   10:     0x64c2311ad7d1 - core[df12db4294e9bfd3]::result::unwrap_failed
[INFO] [stdout]   11:     0x64c23118098c - simpleshortener[ae9949a5f4eef024]::init
[INFO] [stdout]   12:     0x64c23116a646 - simpleshortener[ae9949a5f4eef024]::tests::tests::root::{closure#0}
[INFO] [stdout]   13:     0x64c23119f9a1 - <simpleshortener[ae9949a5f4eef024]::tests::tests::root::{closure#0} as core[df12db4294e9bfd3]::ops::function::FnOnce<()>>::call_once
[INFO] [stdout]   14:     0x64c23126083b - test[9d35eded1c95d3be]::__rust_begin_short_backtrace::<core[df12db4294e9bfd3]::result::Result<(), alloc[2182bb758b4b3781]::string::String>, fn() -> core[df12db4294e9bfd3]::result::Result<(), alloc[2182bb758b4b3781]::string::String>>
[INFO] [stdout]   15:     0x64c23125be4f - test[9d35eded1c95d3be]::run_test::{closure#0}
[INFO] [stdout]   16:     0x64c23125b8cc - std[70759c8f55707aa4]::sys::backtrace::__rust_begin_short_backtrace::<test[9d35eded1c95d3be]::run_test::{closure#1}, ()>
[INFO] [stdout]   17:     0x64c23127809c - <std[70759c8f55707aa4]::thread::lifecycle::spawn_unchecked<test[9d35eded1c95d3be]::run_test::{closure#1}, ()>::{closure#1} as core[df12db4294e9bfd3]::ops::function::FnOnce<()>>::call_once::{shim:vtable#0}
[INFO] [stdout]   18:     0x64c231249962 - <std[70759c8f55707aa4]::sys::thread::unix::Thread>::new::thread_start
[INFO] [stdout]   19:     0x72f1010f2dfa - <unknown>
[INFO] [stdout]   20:     0x72f1011863d4 - clone
[INFO] [stdout]   21:                0x0 - <unknown>
[INFO] [stdout] 
[INFO] [stdout] ---- tests::tests::incorrect_auth stdout ----
[INFO] [stdout] ignoring ``: invalid filter directive
[INFO] [stdout] 
[INFO] [stdout] thread 'tests::tests::incorrect_auth' (1268) panicked at src/utils.rs:43:14:
[INFO] [stdout] failed to write to database file: check permissions: Os { code: 30, kind: ReadOnlyFilesystem, message: "Read-only file system" }
[INFO] [stdout] stack backtrace:
[INFO] [stdout]    0:     0x64c231222297 - <<std[70759c8f55707aa4]::sys::backtrace::BacktraceLock>::print::DisplayBacktrace as core[df12db4294e9bfd3]::fmt::Display>::fmt
[INFO] [stdout]    1:     0x64c2311a9d1a - core[df12db4294e9bfd3]::fmt::write
[INFO] [stdout]    2:     0x64c23122184b - <alloc[2182bb758b4b3781]::vec::Vec<u8> as core[df12db4294e9bfd3]::io::write::Write>::write_fmt
[INFO] [stdout]    3:     0x64c23122132f - std[70759c8f55707aa4]::panicking::default_hook::{closure#0}
[INFO] [stdout]    4:     0x64c231220f5a - std[70759c8f55707aa4]::panicking::default_hook
[INFO] [stdout]    5:     0x64c231220a92 - std[70759c8f55707aa4]::panicking::panic_with_hook
[INFO] [stderr] error: test failed, to rerun pass `--bin simpleshortener`
[INFO] [stdout]    6:     0x64c231247eb1 - std[70759c8f55707aa4]::panicking::panic_handler::{closure#0}
[INFO] [stdout]    7:     0x64c231247e69 - std[70759c8f55707aa4]::sys::backtrace::__rust_end_short_backtrace::<std[70759c8f55707aa4]::panicking::panic_handler::{closure#0}, !>
[INFO] [stdout]    8:     0x64c23124837c - __rustc[8fa7c3cbc660c2b3]::rust_begin_unwind
[INFO] [stdout]    9:     0x64c2311a9bab - core[df12db4294e9bfd3]::panicking::panic_fmt
[INFO] [stdout]   10:     0x64c2311ad7d1 - core[df12db4294e9bfd3]::result::unwrap_failed
[INFO] [stdout]   11:     0x64c231180558 - simpleshortener[ae9949a5f4eef024]::init
[INFO] [stdout]   12:     0x64c231169eab - simpleshortener[ae9949a5f4eef024]::tests::tests::incorrect_auth::{closure#0}
[INFO] [stdout]   13:     0x64c23119e441 - <simpleshortener[ae9949a5f4eef024]::tests::tests::incorrect_auth::{closure#0} as core[df12db4294e9bfd3]::ops::function::FnOnce<()>>::call_once
[INFO] [stdout]   14:     0x64c23126083b - test[9d35eded1c95d3be]::__rust_begin_short_backtrace::<core[df12db4294e9bfd3]::result::Result<(), alloc[2182bb758b4b3781]::string::String>, fn() -> core[df12db4294e9bfd3]::result::Result<(), alloc[2182bb758b4b3781]::string::String>>
[INFO] [stdout]   15:     0x64c23125be4f - test[9d35eded1c95d3be]::run_test::{closure#0}
[INFO] [stdout]   16:     0x64c23125b8cc - std[70759c8f55707aa4]::sys::backtrace::__rust_begin_short_backtrace::<test[9d35eded1c95d3be]::run_test::{closure#1}, ()>
[INFO] [stdout]   17:     0x64c23127809c - <std[70759c8f55707aa4]::thread::lifecycle::spawn_unchecked<test[9d35eded1c95d3be]::run_test::{closure#1}, ()>::{closure#1} as core[df12db4294e9bfd3]::ops::function::FnOnce<()>>::call_once::{shim:vtable#0}
[INFO] [stdout]   18:     0x64c231249962 - <std[70759c8f55707aa4]::sys::thread::unix::Thread>::new::thread_start
[INFO] [stdout]   19:     0x72f1010f2dfa - <unknown>
[INFO] [stdout]   20:     0x72f1011863d4 - clone
[INFO] [stdout]   21:                0x0 - <unknown>
[INFO] [stdout] 
[INFO] [stdout] 
[INFO] [stdout] failures:
[INFO] [stdout]     tests::tests::incorrect_auth
[INFO] [stdout]     tests::tests::root
[INFO] [stdout] 
[INFO] [stdout] test result: FAILED. 0 passed; 2 failed; 0 ignored; 0 measured; 0 filtered out; finished in 0.01s
[INFO] [stdout] 
[INFO] running `Command { std: "docker" "inspect" "d8cb0927c35f0c3b0f55adfc30d59e08438a4558db8becc04abde62ce07a25cb", kill_on_drop: false }`
[INFO] running `Command { std: "docker" "rm" "-f" "d8cb0927c35f0c3b0f55adfc30d59e08438a4558db8becc04abde62ce07a25cb", kill_on_drop: false }`
[INFO] [stdout] d8cb0927c35f0c3b0f55adfc30d59e08438a4558db8becc04abde62ce07a25cb
