[INFO] fetching crate simple_slack_gen 0.2.0...
[INFO] testing simple_slack_gen-0.2.0 against 1.99.0-beta.8+cargoflags=--release for beta-release-1.100-2
[INFO] extracting crate simple_slack_gen 0.2.0 into /workspace/builds/worker-3-tc1/source
[INFO] started tweaking crates.io crate simple_slack_gen 0.2.0
[INFO] removed 0 missing tests
[INFO] finished tweaking crates.io crate simple_slack_gen 0.2.0
[INFO] tweaked toml for crates.io crate simple_slack_gen 0.2.0 written to /workspace/builds/worker-3-tc1/source/Cargo.toml
[INFO] validating manifest of crates.io crate simple_slack_gen 0.2.0 on toolchain 1.99.0-beta.8
[INFO] running `Command { std: CARGO_HOME="/workspace/cargo-home" RUSTUP_HOME="/workspace/rustup-home" "/workspace/cargo-home/bin/cargo" "+1.99.0-beta.8" "metadata" "--manifest-path" "Cargo.toml" "--no-deps", kill_on_drop: false }`
[INFO] crate crates.io crate simple_slack_gen 0.2.0 already has a lockfile, it will not be regenerated
[INFO] running `Command { std: CARGO_HOME="/workspace/cargo-home" RUSTUP_HOME="/workspace/rustup-home" "/workspace/cargo-home/bin/cargo" "+1.99.0-beta.8" "fetch" "--manifest-path" "Cargo.toml", kill_on_drop: false }`
[INFO] [stderr]     Updating crates.io index
[INFO] [stderr]  Downloading crates ...
[INFO] [stderr]   Downloaded bytes v1.8.0
[INFO] [stderr]   Downloaded fastrand v2.2.0
[INFO] [stderr]   Downloaded wasm-bindgen-macro v0.2.95
[INFO] [stderr]   Downloaded wasm-bindgen-shared v0.2.95
[INFO] [stderr]   Downloaded wasm-bindgen-macro-support v0.2.95
[INFO] [stderr]   Downloaded clap_lex v0.7.3
[INFO] [stderr]   Downloaded clap-markdown v0.1.4
[INFO] [stderr]   Downloaded wasm-bindgen-futures v0.4.45
[INFO] [stderr]   Downloaded sdd v3.0.4
[INFO] [stderr]   Downloaded security-framework-sys v2.12.1
[INFO] [stderr]   Downloaded unicase v2.8.0
[INFO] [stderr]   Downloaded wasm-bindgen-backend v0.2.95
[INFO] [stderr]   Downloaded wasm-bindgen v0.2.95
[INFO] [stderr]   Downloaded clap_complete v4.5.38
[INFO] [stderr]   Downloaded js-sys v0.3.72
[INFO] [stderr]   Downloaded clap v4.5.21
[INFO] [stderr]   Downloaded rustls-pki-types v1.10.0
[INFO] [stderr]   Downloaded indexmap v2.6.0
[INFO] [stderr]   Downloaded cc v1.2.1
[INFO] [stderr]   Downloaded scc v2.2.5
[INFO] [stderr]   Downloaded hyper v1.5.1
[INFO] [stderr]   Downloaded clap_builder v4.5.21
[INFO] [stderr]   Downloaded reqwest v0.12.9
[INFO] [stderr]   Downloaded syn v2.0.89
[INFO] [stderr]   Downloaded object v0.36.5
[INFO] [stderr]   Downloaded rustix v0.38.41
[INFO] [stderr]   Downloaded rustls v0.23.18
[INFO] [stderr]   Downloaded web-sys v0.3.72
[INFO] [stderr]   Downloaded libc v0.2.164
[INFO] [stderr]   Downloaded tokio v1.41.1
[INFO] [stderr]   Downloaded openssl-src v300.4.1+3.4.0
[INFO] running `Command { std: "docker" "create" "-v" "/var/lib/crater-agent-workspace/builds/worker-3-tc1/source:/opt/rustwide/workdir:ro,Z" "-v" "/var/lib/crater-agent-workspace/builds/worker-3-tc1/target:/opt/rustwide/target:rw,Z" "-v" "/var/lib/crater-agent-workspace/cargo-home:/opt/rustwide/cargo-home:ro,Z" "-v" "/var/lib/crater-agent-workspace/rustup-home:/opt/rustwide/rustup-home:ro,Z" "-m" "1610612736" "--network" "none" "ghcr.io/rust-lang/crates-build-env/linux@sha256:77db811e55d90add9212f6832c23229e3de5f1c1f9905e8cb07319ea15df73ac" "sleep" "infinity", kill_on_drop: false }`
[INFO] [stdout] 37765d3d3bb7a1f0034f113ae394fbb2c10851cc334ac1311aeee895ed9fe15a
[INFO] running `Command { std: "docker" "start" "37765d3d3bb7a1f0034f113ae394fbb2c10851cc334ac1311aeee895ed9fe15a", kill_on_drop: false }`
[INFO] running `Command { std: "docker" "inspect" "37765d3d3bb7a1f0034f113ae394fbb2c10851cc334ac1311aeee895ed9fe15a", kill_on_drop: false }`
[INFO] running `Command { std: "docker" "exec" "-e" "SOURCE_DIR=/opt/rustwide/workdir" "-e" "CARGO_HOME=/opt/rustwide/cargo-home" "-e" "RUSTUP_HOME=/opt/rustwide/rustup-home" "-e" "CARGO_TARGET_DIR=/opt/rustwide/target" "-w" "/opt/rustwide/workdir" "--user" "0:0" "37765d3d3bb7a1f0034f113ae394fbb2c10851cc334ac1311aeee895ed9fe15a" "/opt/rustwide/cargo-home/bin/cargo" "+1.99.0-beta.8" "metadata" "--no-deps" "--format-version=1", kill_on_drop: false }`
[INFO] running `Command { std: "docker" "inspect" "37765d3d3bb7a1f0034f113ae394fbb2c10851cc334ac1311aeee895ed9fe15a", kill_on_drop: false }`
[INFO] running `Command { std: "docker" "exec" "-e" "SOURCE_DIR=/opt/rustwide/workdir" "-e" "CARGO_HOME=/opt/rustwide/cargo-home" "-e" "RUSTUP_HOME=/opt/rustwide/rustup-home" "-e" "CARGO_TARGET_DIR=/opt/rustwide/target" "-e" "CARGO_INCREMENTAL=0" "-e" "RUST_BACKTRACE=full" "-e" "RUSTFLAGS=--cap-lints=warn" "-e" "RUSTDOCFLAGS=--cap-lints=warn" "-w" "/opt/rustwide/workdir" "--user" "0:0" "37765d3d3bb7a1f0034f113ae394fbb2c10851cc334ac1311aeee895ed9fe15a" "/opt/rustwide/cargo-home/bin/cargo" "+1.99.0-beta.8" "build" "--frozen" "--message-format=json" "--release", kill_on_drop: false }`
[INFO] [stderr]    Compiling serde v1.0.215
[INFO] [stderr]    Compiling libc v0.2.164
[INFO] [stderr]    Compiling pin-project-lite v0.2.15
[INFO] [stderr]    Compiling pkg-config v0.3.31
[INFO] [stderr]    Compiling once_cell v1.20.2
[INFO] [stderr]    Compiling litemap v0.7.4
[INFO] [stderr]    Compiling writeable v0.5.5
[INFO] [stderr]    Compiling cc v1.2.1
[INFO] [stderr]    Compiling icu_locid_transform_data v1.5.0
[INFO] [stderr]    Compiling openssl v0.10.68
[INFO] [stderr]    Compiling syn v2.0.89
[INFO] [stderr]    Compiling icu_properties_data v1.5.0
[INFO] [stderr]    Compiling httparse v1.9.5
[INFO] [stderr]    Compiling indexmap v2.6.0
[INFO] [stderr]    Compiling native-tls v0.2.12
[INFO] [stderr]    Compiling icu_normalizer_data v1.5.0
[INFO] [stderr]    Compiling unicase v2.8.0
[INFO] [stderr]    Compiling futures-util v0.3.31
[INFO] [stderr]    Compiling serde_json v1.0.133
[INFO] [stderr]    Compiling ryu v1.0.18
[INFO] [stderr]    Compiling rustls-pki-types v1.10.0
[INFO] [stderr]    Compiling tracing-core v0.1.32
[INFO] [stderr]    Compiling encoding_rs v0.8.35
[INFO] [stderr]    Compiling mime_guess v2.0.5
[INFO] [stderr]    Compiling ipnet v2.10.1
[INFO] [stderr]    Compiling tracing v0.1.40
[INFO] [stderr]    Compiling rustls-pemfile v2.2.0
[INFO] [stderr]    Compiling socket2 v0.5.7
[INFO] [stderr]    Compiling mio v1.0.2
[INFO] [stderr]    Compiling openssl-sys v0.9.104
[INFO] [stderr]    Compiling synstructure v0.13.1
[INFO] [stderr]    Compiling serde_derive v1.0.215
[INFO] [stderr]    Compiling zerovec-derive v0.10.3
[INFO] [stderr]    Compiling displaydoc v0.2.5
[INFO] [stderr]    Compiling icu_provider_macros v1.5.0
[INFO] [stderr]    Compiling tokio-macros v2.4.0
[INFO] [stderr]    Compiling openssl-macros v0.1.1
[INFO] [stderr]    Compiling thiserror-impl v1.0.69
[INFO] [stderr]    Compiling zerofrom-derive v0.1.5
[INFO] [stderr]    Compiling yoke-derive v0.7.5
[INFO] [stderr]    Compiling thiserror v1.0.69
[INFO] [stderr]    Compiling zerofrom v0.1.5
[INFO] [stderr]    Compiling yoke v0.7.5
[INFO] [stderr]    Compiling zerovec v0.10.4
[INFO] [stderr]    Compiling tinystr v0.7.6
[INFO] [stderr]    Compiling icu_collections v1.5.0
[INFO] [stderr]    Compiling icu_locid v1.5.0
[INFO] [stderr]    Compiling icu_provider v1.5.0
[INFO] [stderr]    Compiling icu_locid_transform v1.5.0
[INFO] [stderr]    Compiling icu_properties v1.5.1
[INFO] [stderr]    Compiling bytes v1.8.0
[INFO] [stderr]    Compiling serde_urlencoded v0.7.1
[INFO] [stderr]    Compiling tokio v1.41.1
[INFO] [stderr]    Compiling http v1.1.0
[INFO] [stderr]    Compiling icu_normalizer v1.5.0
[INFO] [stderr]    Compiling idna_adapter v1.2.0
[INFO] [stderr]    Compiling idna v1.0.3
[INFO] [stderr]    Compiling http-body v1.0.1
[INFO] [stderr]    Compiling http-body-util v0.1.2
[INFO] [stderr]    Compiling url v2.5.4
[INFO] [stderr]    Compiling tokio-util v0.7.12
[INFO] [stderr]    Compiling tokio-native-tls v0.3.1
[INFO] [stderr]    Compiling h2 v0.4.7
[INFO] [stderr]    Compiling hyper v1.5.1
[INFO] [stderr]    Compiling hyper-util v0.1.10
[INFO] [stderr]    Compiling hyper-tls v0.6.0
[INFO] [stderr]    Compiling reqwest v0.12.9
[INFO] [stderr]    Compiling simple_slack_gen v0.2.0 (/opt/rustwide/workdir)
[INFO] [stderr]     Finished `release` profile [optimized] target(s) in 1m 10s
[INFO] running `Command { std: "docker" "inspect" "37765d3d3bb7a1f0034f113ae394fbb2c10851cc334ac1311aeee895ed9fe15a", kill_on_drop: false }`
[INFO] running `Command { std: "docker" "exec" "-e" "SOURCE_DIR=/opt/rustwide/workdir" "-e" "CARGO_HOME=/opt/rustwide/cargo-home" "-e" "RUSTUP_HOME=/opt/rustwide/rustup-home" "-e" "CARGO_TARGET_DIR=/opt/rustwide/target" "-e" "CARGO_INCREMENTAL=0" "-e" "RUST_BACKTRACE=full" "-e" "RUSTFLAGS=--cap-lints=warn" "-e" "RUSTDOCFLAGS=--cap-lints=warn" "-w" "/opt/rustwide/workdir" "--user" "0:0" "37765d3d3bb7a1f0034f113ae394fbb2c10851cc334ac1311aeee895ed9fe15a" "/opt/rustwide/cargo-home/bin/cargo" "+1.99.0-beta.8" "test" "--frozen" "--no-run" "--message-format=json" "--release", kill_on_drop: false }`
[INFO] [stderr]    Compiling futures-util v0.3.31
[INFO] [stderr]    Compiling parking_lot_core v0.9.10
[INFO] [stderr]    Compiling sdd v3.0.4
[INFO] [stderr]    Compiling serial_test_derive v3.2.0
[INFO] [stderr]    Compiling parking_lot v0.12.3
[INFO] [stderr]    Compiling scc v2.2.5
[INFO] [stderr]    Compiling hyper v1.5.1
[INFO] [stderr]    Compiling http-body-util v0.1.2
[INFO] [stderr]    Compiling futures-executor v0.3.31
[INFO] [stderr]    Compiling futures v0.3.31
[INFO] [stderr]    Compiling serial_test v3.2.0
[INFO] [stderr]    Compiling hyper-util v0.1.10
[INFO] [stderr]    Compiling hyper-tls v0.6.0
[INFO] [stderr]    Compiling reqwest v0.12.9
[INFO] [stderr]    Compiling simple_slack_gen v0.2.0 (/opt/rustwide/workdir)
[INFO] [stderr]     Finished `release` profile [optimized] target(s) in 28.42s
[INFO] running `Command { std: "docker" "inspect" "37765d3d3bb7a1f0034f113ae394fbb2c10851cc334ac1311aeee895ed9fe15a", kill_on_drop: false }`
[INFO] running `Command { std: "docker" "exec" "-e" "SOURCE_DIR=/opt/rustwide/workdir" "-e" "CARGO_HOME=/opt/rustwide/cargo-home" "-e" "RUSTUP_HOME=/opt/rustwide/rustup-home" "-e" "CARGO_TARGET_DIR=/opt/rustwide/target" "-e" "CARGO_INCREMENTAL=0" "-e" "RUST_BACKTRACE=full" "-e" "RUSTFLAGS=--cap-lints=warn" "-e" "RUSTDOCFLAGS=--cap-lints=warn" "-w" "/opt/rustwide/workdir" "--user" "0:0" "37765d3d3bb7a1f0034f113ae394fbb2c10851cc334ac1311aeee895ed9fe15a" "/opt/rustwide/cargo-home/bin/cargo" "+1.99.0-beta.8" "test" "--frozen" "--release", kill_on_drop: false }`
[INFO] [stderr]     Finished `release` profile [optimized] target(s) in 0.17s
[INFO] [stderr]      Running unittests src/lib.rs (/opt/rustwide/target/release/deps/simple_slack_gen-3764ca569f8e1111)
[INFO] [stdout] 
[INFO] [stdout] running 0 tests
[INFO] [stdout] 
[INFO] [stdout] test result: ok. 0 passed; 0 failed; 0 ignored; 0 measured; 0 filtered out; finished in 0.00s
[INFO] [stdout] 
[INFO] [stderr]      Running tests/test_chat_client.rs (/opt/rustwide/target/release/deps/test_chat_client-70c4a546d337c8fa)
[INFO] [stdout] 
[INFO] [stdout] running 1 test
[INFO] [stdout] test test_post_message_200_success_default ... FAILED
[INFO] [stdout] 
[INFO] [stdout] failures:
[INFO] [stdout] 
[INFO] [stdout] ---- test_post_message_200_success_default stdout ----
[INFO] [stdout] Err(Request(reqwest::Error { kind: Request, url: "https://api.sideko-staging.dev/v1/mock/demo/simple-slack/0.2.0/chat.postMessage", source: hyper_util::client::legacy::Error(Connect, ConnectError("dns error", Custom { kind: Uncategorized, error: "failed to lookup address information: Temporary failure in name resolution" })) }))
[INFO] [stdout] 
[INFO] [stdout] thread 'test_post_message_200_success_default' (1857) panicked at tests/test_chat_client.rs:30:5:
[INFO] [stdout] assertion failed: res.is_ok()
[INFO] [stdout] stack backtrace:
[INFO] [stdout]    0:     0x60d5f7bd0031 - <<std[70759c8f55707aa4]::sys::backtrace::BacktraceLock>::print::DisplayBacktrace as core[df12db4294e9bfd3]::fmt::Display>::fmt
[INFO] [stdout]    1:     0x60d5f7be614a - core[df12db4294e9bfd3]::fmt::write
[INFO] [stdout]    2:     0x60d5f7bd4b2c - <alloc[2182bb758b4b3781]::vec::Vec<u8> as core[df12db4294e9bfd3]::io::write::Write>::write_fmt
[INFO] [stdout]    3:     0x60d5f7bab146 - std[70759c8f55707aa4]::panicking::default_hook::{closure#0}
[INFO] [stdout]    4:     0x60d5f7bc7f69 - std[70759c8f55707aa4]::panicking::default_hook
[INFO] [stdout]    5:     0x60d5f7b332c0 - test[9d35eded1c95d3be]::test_main_inner::<test[9d35eded1c95d3be]::test_main_static::{closure#0}>::{closure#0}
[INFO] [stdout]    6:     0x60d5f7bc8292 - std[70759c8f55707aa4]::panicking::panic_with_hook
[INFO] [stdout]    7:     0x60d5f7bab224 - std[70759c8f55707aa4]::panicking::panic_handler::{closure#0}
[INFO] [stdout]    8:     0x60d5f7ba3c59 - std[70759c8f55707aa4]::sys::backtrace::__rust_end_short_backtrace::<std[70759c8f55707aa4]::panicking::panic_handler::{closure#0}, !>
[INFO] [stdout]    9:     0x60d5f7bac07d - __rustc[8fa7c3cbc660c2b3]::rust_begin_unwind
[INFO] [stdout]   10:     0x60d5f7be68ac - core[df12db4294e9bfd3]::panicking::panic_fmt
[INFO] [stdout]   11:     0x60d5f7be6872 - core[df12db4294e9bfd3]::panicking::panic
[INFO] [stdout]   12:     0x60d5f7a03553 - test_chat_client[398b1ec4fd801d1]::test_post_message_200_success_default::{closure#0}
[INFO] [stdout]   13:     0x60d5f79f1d13 - <tokio[986844dacc4c3c50]::runtime::scheduler::current_thread::Context>::enter::<core[df12db4294e9bfd3]::task::poll::Poll<()>, <tokio[986844dacc4c3c50]::runtime::scheduler::current_thread::CoreGuard>::block_on<core[df12db4294e9bfd3]::pin::Pin<&mut core[df12db4294e9bfd3]::pin::Pin<&mut dyn core[df12db4294e9bfd3]::future::future::Future<Output = ()>>>>::{closure#0}::{closure#0}>
[INFO] [stdout]   14:     0x60d5f79ef1e2 - <tokio[986844dacc4c3c50]::runtime::context::scoped::Scoped<tokio[986844dacc4c3c50]::runtime::scheduler::Context>>::set::<<tokio[986844dacc4c3c50]::runtime::scheduler::current_thread::CoreGuard>::enter<<tokio[986844dacc4c3c50]::runtime::scheduler::current_thread::CoreGuard>::block_on<core[df12db4294e9bfd3]::pin::Pin<&mut core[df12db4294e9bfd3]::pin::Pin<&mut dyn core[df12db4294e9bfd3]::future::future::Future<Output = ()>>>>::{closure#0}, core[df12db4294e9bfd3]::option::Option<()>>::{closure#0}, (alloc[2182bb758b4b3781]::boxed::Box<tokio[986844dacc4c3c50]::runtime::scheduler::current_thread::Core>, core[df12db4294e9bfd3]::option::Option<()>)>
[INFO] [stdout]   15:     0x60d5f79f20b7 - <tokio[986844dacc4c3c50]::runtime::scheduler::current_thread::CoreGuard>::block_on::<core[df12db4294e9bfd3]::pin::Pin<&mut core[df12db4294e9bfd3]::pin::Pin<&mut dyn core[df12db4294e9bfd3]::future::future::Future<Output = ()>>>>
[INFO] [stdout]   16:     0x60d5f79f0421 - tokio[986844dacc4c3c50]::runtime::context::runtime::enter_runtime::<<tokio[986844dacc4c3c50]::runtime::scheduler::current_thread::CurrentThread>::block_on<core[df12db4294e9bfd3]::pin::Pin<&mut dyn core[df12db4294e9bfd3]::future::future::Future<Output = ()>>>::{closure#0}, ()>
[INFO] [stdout]   17:     0x60d5f79f6695 - <tokio[986844dacc4c3c50]::runtime::runtime::Runtime>::block_on::<core[df12db4294e9bfd3]::pin::Pin<&mut dyn core[df12db4294e9bfd3]::future::future::Future<Output = ()>>>
[INFO] [stdout]   18:     0x60d5f7a0431e - <test_chat_client[398b1ec4fd801d1]::test_post_message_200_success_default::{closure#0} as core[df12db4294e9bfd3]::ops::function::FnOnce<()>>::call_once
[INFO] [stdout]   19:     0x60d5f7b265ab - test[9d35eded1c95d3be]::__rust_begin_short_backtrace::<core[df12db4294e9bfd3]::result::Result<(), alloc[2182bb758b4b3781]::string::String>, fn() -> core[df12db4294e9bfd3]::result::Result<(), alloc[2182bb758b4b3781]::string::String>>
[INFO] [stdout]   20:     0x60d5f7b33c15 - test[9d35eded1c95d3be]::run_test::{closure#0}
[INFO] [stdout]   21:     0x60d5f7b2d4d4 - std[70759c8f55707aa4]::sys::backtrace::__rust_begin_short_backtrace::<test[9d35eded1c95d3be]::run_test::{closure#1}, ()>
[INFO] [stdout]   22:     0x60d5f7b36d72 - <std[70759c8f55707aa4]::thread::lifecycle::spawn_unchecked<test[9d35eded1c95d3be]::run_test::{closure#1}, ()>::{closure#1} as core[df12db4294e9bfd3]::ops::function::FnOnce<()>>::call_once::{shim:vtable#0}
[INFO] [stdout]   23:     0x60d5f7bcf559 - <std[70759c8f55707aa4]::sys::thread::unix::Thread>::new::thread_start
[INFO] [stdout]   24:     0x70fb77982dfa - <unknown>
[INFO] [stdout]   25:     0x70fb77a163d4 - clone
[INFO] [stdout]   26:                0x0 - <unknown>
[INFO] [stdout] 
[INFO] [stdout] 
[INFO] [stdout] failures:
[INFO] [stdout]     test_post_message_200_success_default
[INFO] [stdout] 
[INFO] [stdout] test result: FAILED. 0 passed; 1 failed; 0 ignored; 0 measured; 0 filtered out; finished in 0.09s
[INFO] [stdout] 
[INFO] [stderr] error: test failed, to rerun pass `--test test_chat_client`
[INFO] running `Command { std: "docker" "inspect" "37765d3d3bb7a1f0034f113ae394fbb2c10851cc334ac1311aeee895ed9fe15a", kill_on_drop: false }`
[INFO] running `Command { std: "docker" "rm" "-f" "37765d3d3bb7a1f0034f113ae394fbb2c10851cc334ac1311aeee895ed9fe15a", kill_on_drop: false }`
[INFO] [stdout] 37765d3d3bb7a1f0034f113ae394fbb2c10851cc334ac1311aeee895ed9fe15a
