[INFO] fetching crate simple_nats_client 0.1.0...
[INFO] testing simple_nats_client-0.1.0 against 1.99.0-beta.8+cargoflags=--release for beta-release-1.100-2
[INFO] extracting crate simple_nats_client 0.1.0 into /workspace/builds/worker-2-tc1/source
[INFO] started tweaking crates.io crate simple_nats_client 0.1.0
[INFO] finished tweaking crates.io crate simple_nats_client 0.1.0
[INFO] tweaked toml for crates.io crate simple_nats_client 0.1.0 written to /workspace/builds/worker-2-tc1/source/Cargo.toml
[INFO] validating manifest of crates.io crate simple_nats_client 0.1.0 on toolchain 1.99.0-beta.8
[INFO] running `Command { std: CARGO_HOME="/workspace/cargo-home" RUSTUP_HOME="/workspace/rustup-home" "/workspace/cargo-home/bin/cargo" "+1.99.0-beta.8" "metadata" "--manifest-path" "Cargo.toml" "--no-deps", kill_on_drop: false }`
[INFO] running `Command { std: CARGO_HOME="/workspace/cargo-home" RUSTUP_HOME="/workspace/rustup-home" "/workspace/cargo-home/bin/cargo" "+1.99.0-beta.8" "generate-lockfile" "--manifest-path" "Cargo.toml", kill_on_drop: false }`
[INFO] [stderr]     Updating crates.io index
[INFO] [stderr]      Locking 25 packages to highest compatible versions
[INFO] [stderr]       Adding env_logger v0.3.5 (available: v0.11.11)
[INFO] [stderr]       Adding log v0.3.9 (available: v0.4.34)
[INFO] running `Command { std: CARGO_HOME="/workspace/cargo-home" RUSTUP_HOME="/workspace/rustup-home" "/workspace/cargo-home/bin/cargo" "+1.99.0-beta.8" "fetch" "--manifest-path" "Cargo.toml", kill_on_drop: false }`
[INFO] [stderr] warning: Cargo.toml: `package.edition` is unspecified, defaulting to `2015` while the latest is `2024`
[INFO] [stderr] warning: `simple_nats_client` (manifest) generated 1 warning
[INFO] running `Command { std: "docker" "create" "-v" "/var/lib/crater-agent-workspace/builds/worker-2-tc1/source:/opt/rustwide/workdir:ro,Z" "-v" "/var/lib/crater-agent-workspace/builds/worker-2-tc1/target:/opt/rustwide/target:rw,Z" "-v" "/var/lib/crater-agent-workspace/cargo-home:/opt/rustwide/cargo-home:ro,Z" "-v" "/var/lib/crater-agent-workspace/rustup-home:/opt/rustwide/rustup-home:ro,Z" "-m" "1610612736" "--network" "none" "ghcr.io/rust-lang/crates-build-env/linux@sha256:77db811e55d90add9212f6832c23229e3de5f1c1f9905e8cb07319ea15df73ac" "sleep" "infinity", kill_on_drop: false }`
[INFO] [stdout] 2df7a12a057c4ed56ef830c963eef343ff5cd1dcca8ce75775255a852fea5db7
[INFO] running `Command { std: "docker" "start" "2df7a12a057c4ed56ef830c963eef343ff5cd1dcca8ce75775255a852fea5db7", kill_on_drop: false }`
[INFO] running `Command { std: "docker" "inspect" "2df7a12a057c4ed56ef830c963eef343ff5cd1dcca8ce75775255a852fea5db7", kill_on_drop: false }`
[INFO] running `Command { std: "docker" "exec" "-e" "SOURCE_DIR=/opt/rustwide/workdir" "-e" "CARGO_HOME=/opt/rustwide/cargo-home" "-e" "RUSTUP_HOME=/opt/rustwide/rustup-home" "-e" "CARGO_TARGET_DIR=/opt/rustwide/target" "-w" "/opt/rustwide/workdir" "--user" "0:0" "2df7a12a057c4ed56ef830c963eef343ff5cd1dcca8ce75775255a852fea5db7" "/opt/rustwide/cargo-home/bin/cargo" "+1.99.0-beta.8" "metadata" "--no-deps" "--format-version=1", kill_on_drop: false }`
[INFO] running `Command { std: "docker" "inspect" "2df7a12a057c4ed56ef830c963eef343ff5cd1dcca8ce75775255a852fea5db7", kill_on_drop: false }`
[INFO] running `Command { std: "docker" "exec" "-e" "SOURCE_DIR=/opt/rustwide/workdir" "-e" "CARGO_HOME=/opt/rustwide/cargo-home" "-e" "RUSTUP_HOME=/opt/rustwide/rustup-home" "-e" "CARGO_TARGET_DIR=/opt/rustwide/target" "-e" "CARGO_INCREMENTAL=0" "-e" "RUST_BACKTRACE=full" "-e" "RUSTFLAGS=--cap-lints=warn" "-e" "RUSTDOCFLAGS=--cap-lints=warn" "-w" "/opt/rustwide/workdir" "--user" "0:0" "2df7a12a057c4ed56ef830c963eef343ff5cd1dcca8ce75775255a852fea5db7" "/opt/rustwide/cargo-home/bin/cargo" "+1.99.0-beta.8" "build" "--frozen" "--message-format=json" "--release", kill_on_drop: false }`
[INFO] [stderr] warning: Cargo.toml: `package.edition` is unspecified, defaulting to `2015` while the latest is `2024`
[INFO] [stderr] warning: `simple_nats_client` (manifest) generated 1 warning
[INFO] [stderr]    Compiling serde v1.0.229
[INFO] [stderr]    Compiling log v0.3.9
[INFO] [stderr]    Compiling serde_json v1.0.154
[INFO] [stderr]    Compiling simple_nats_client v0.1.0 (/opt/rustwide/workdir)
[INFO] [stdout] warning: trait objects without an explicit `dyn` are deprecated
[INFO] [stdout]    --> src/nats_client.rs:445:30
[INFO] [stdout]     |
[INFO] [stdout] 445 |     fn write_request(c: &mut Write, data: &[u8], from: &str) -> Result<usize> {
[INFO] [stdout]     |                              ^^^^^
[INFO] [stdout]     |
[INFO] [stdout]     = warning: this is accepted in the current edition (Rust 2015) but is a hard error in Rust 2021!
[INFO] [stdout]     = note: for more information, see <https://doc.rust-lang.org/edition-guide/rust-2021/warnings-promoted-to-error.html>
[INFO] [stdout]     = note: `#[warn(bare_trait_objects)]` (part of `#[warn(rust_2021_compatibility)]`) on by default
[INFO] [stdout] help: if this is a dyn-compatible trait, use `dyn`
[INFO] [stdout]     |
[INFO] [stdout] 445 |     fn write_request(c: &mut dyn Write, data: &[u8], from: &str) -> Result<usize> {
[INFO] [stdout]     |                              +++
[INFO] [stdout] 
[INFO] [stdout] 
[INFO] [stdout] warning: trait objects without an explicit `dyn` are deprecated
[INFO] [stdout]    --> src/nats_client.rs:451:29
[INFO] [stdout]     |
[INFO] [stdout] 451 |     fn read_request(c: &mut Read, buf: &mut [u8], from: &str) -> Result<usize> {
[INFO] [stdout]     |                             ^^^^
[INFO] [stdout]     |
[INFO] [stdout]     = warning: this is accepted in the current edition (Rust 2015) but is a hard error in Rust 2021!
[INFO] [stdout]     = note: for more information, see <https://doc.rust-lang.org/edition-guide/rust-2021/warnings-promoted-to-error.html>
[INFO] [stdout] help: if this is a dyn-compatible trait, use `dyn`
[INFO] [stdout]     |
[INFO] [stdout] 451 |     fn read_request(c: &mut dyn Read, buf: &mut [u8], from: &str) -> Result<usize> {
[INFO] [stdout]     |                             +++
[INFO] [stdout] 
[INFO] [stdout] 
[INFO] [stderr]     Finished `release` profile [optimized] target(s) in 3.28s
[INFO] running `Command { std: "docker" "inspect" "2df7a12a057c4ed56ef830c963eef343ff5cd1dcca8ce75775255a852fea5db7", kill_on_drop: false }`
[INFO] running `Command { std: "docker" "exec" "-e" "SOURCE_DIR=/opt/rustwide/workdir" "-e" "CARGO_HOME=/opt/rustwide/cargo-home" "-e" "RUSTUP_HOME=/opt/rustwide/rustup-home" "-e" "CARGO_TARGET_DIR=/opt/rustwide/target" "-e" "CARGO_INCREMENTAL=0" "-e" "RUST_BACKTRACE=full" "-e" "RUSTFLAGS=--cap-lints=warn" "-e" "RUSTDOCFLAGS=--cap-lints=warn" "-w" "/opt/rustwide/workdir" "--user" "0:0" "2df7a12a057c4ed56ef830c963eef343ff5cd1dcca8ce75775255a852fea5db7" "/opt/rustwide/cargo-home/bin/cargo" "+1.99.0-beta.8" "test" "--frozen" "--no-run" "--message-format=json" "--release", kill_on_drop: false }`
[INFO] [stderr] warning: Cargo.toml: `package.edition` is unspecified, defaulting to `2015` while the latest is `2024`
[INFO] [stderr] warning: `simple_nats_client` (manifest) generated 1 warning
[INFO] [stderr]    Compiling winapi-build v0.1.1
[INFO] [stderr]    Compiling winapi v0.2.8
[INFO] [stderr]    Compiling regex-syntax v0.3.9
[INFO] [stderr]    Compiling utf8-ranges v0.1.3
[INFO] [stderr]    Compiling memchr v0.1.11
[INFO] [stdout] warning: trait objects without an explicit `dyn` are deprecated
[INFO] [stdout]    --> src/nats_client.rs:445:30
[INFO] [stdout]     |
[INFO] [stdout] 445 |     fn write_request(c: &mut Write, data: &[u8], from: &str) -> Result<usize> {
[INFO] [stdout]     |                              ^^^^^
[INFO] [stdout]     |
[INFO] [stdout]     = warning: this is accepted in the current edition (Rust 2015) but is a hard error in Rust 2021!
[INFO] [stdout]     = note: for more information, see <https://doc.rust-lang.org/edition-guide/rust-2021/warnings-promoted-to-error.html>
[INFO] [stdout]     = note: `#[warn(bare_trait_objects)]` (part of `#[warn(rust_2021_compatibility)]`) on by default
[INFO] [stdout] help: if this is a dyn-compatible trait, use `dyn`
[INFO] [stdout]     |
[INFO] [stdout] 445 |     fn write_request(c: &mut dyn Write, data: &[u8], from: &str) -> Result<usize> {
[INFO] [stdout]     |                              +++
[INFO] [stdout] 
[INFO] [stdout] 
[INFO] [stdout] warning: trait objects without an explicit `dyn` are deprecated
[INFO] [stdout]    --> src/nats_client.rs:451:29
[INFO] [stdout]     |
[INFO] [stdout] 451 |     fn read_request(c: &mut Read, buf: &mut [u8], from: &str) -> Result<usize> {
[INFO] [stdout]     |                             ^^^^
[INFO] [stdout]     |
[INFO] [stdout]     = warning: this is accepted in the current edition (Rust 2015) but is a hard error in Rust 2021!
[INFO] [stdout]     = note: for more information, see <https://doc.rust-lang.org/edition-guide/rust-2021/warnings-promoted-to-error.html>
[INFO] [stdout] help: if this is a dyn-compatible trait, use `dyn`
[INFO] [stdout]     |
[INFO] [stdout] 451 |     fn read_request(c: &mut dyn Read, buf: &mut [u8], from: &str) -> Result<usize> {
[INFO] [stdout]     |                             +++
[INFO] [stdout] 
[INFO] [stdout] 
[INFO] [stderr]    Compiling aho-corasick v0.5.3
[INFO] [stderr]    Compiling kernel32-sys v0.2.2
[INFO] [stderr]    Compiling thread-id v2.0.0
[INFO] [stderr]    Compiling thread_local v0.2.7
[INFO] [stderr]    Compiling regex v0.1.80
[INFO] [stderr]    Compiling env_logger v0.3.5
[INFO] [stderr]    Compiling simple_nats_client v0.1.0 (/opt/rustwide/workdir)
[INFO] [stdout] warning: use of deprecated constant `std::sync::ONCE_INIT`: the `Once::new()` function is now preferred
[INFO] [stdout]   --> tests/test.rs:12:23
[INFO] [stdout]    |
[INFO] [stdout] 12 | use std::sync::{Once, ONCE_INIT};
[INFO] [stdout]    |                       ^^^^^^^^^
[INFO] [stdout]    |
[INFO] [stdout]    = note: `#[warn(deprecated)]` on by default
[INFO] [stdout] 
[INFO] [stdout] 
[INFO] [stdout] warning: use of deprecated constant `std::sync::ONCE_INIT`: the `Once::new()` function is now preferred
[INFO] [stdout]   --> tests/test.rs:14:21
[INFO] [stdout]    |
[INFO] [stdout] 14 | static INIT: Once = ONCE_INIT;
[INFO] [stdout]    |                     ^^^^^^^^^
[INFO] [stdout]    |
[INFO] [stdout] help: replace the use of the deprecated constant
[INFO] [stdout]    |
[INFO] [stdout] 14 - static INIT: Once = ONCE_INIT;
[INFO] [stdout] 14 + static INIT: Once = Once::new();
[INFO] [stdout]    |
[INFO] [stdout] 
[INFO] [stdout] 
[INFO] [stdout] warning: use of deprecated constant `std::sync::ONCE_INIT`: the `Once::new()` function is now preferred
[INFO] [stdout]   --> tests/multithread.rs:11:23
[INFO] [stdout]    |
[INFO] [stdout] 11 | use std::sync::{Once, ONCE_INIT};
[INFO] [stdout]    |                       ^^^^^^^^^
[INFO] [stdout]    |
[INFO] [stdout]    = note: `#[warn(deprecated)]` on by default
[INFO] [stdout] 
[INFO] [stdout] 
[INFO] [stdout] warning: use of deprecated constant `std::sync::ONCE_INIT`: the `Once::new()` function is now preferred
[INFO] [stdout]   --> tests/multithread.rs:13:21
[INFO] [stdout]    |
[INFO] [stdout] 13 | static INIT: Once = ONCE_INIT;
[INFO] [stdout]    |                     ^^^^^^^^^
[INFO] [stdout]    |
[INFO] [stdout] help: replace the use of the deprecated constant
[INFO] [stdout]    |
[INFO] [stdout] 13 - static INIT: Once = ONCE_INIT;
[INFO] [stdout] 13 + static INIT: Once = Once::new();
[INFO] [stdout]    |
[INFO] [stdout] 
[INFO] [stdout] 
[INFO] [stdout] warning: trait objects without an explicit `dyn` are deprecated
[INFO] [stdout]    --> src/nats_client.rs:445:30
[INFO] [stdout]     |
[INFO] [stdout] 445 |     fn write_request(c: &mut Write, data: &[u8], from: &str) -> Result<usize> {
[INFO] [stdout]     |                              ^^^^^
[INFO] [stdout]     |
[INFO] [stdout]     = warning: this is accepted in the current edition (Rust 2015) but is a hard error in Rust 2021!
[INFO] [stdout]     = note: for more information, see <https://doc.rust-lang.org/edition-guide/rust-2021/warnings-promoted-to-error.html>
[INFO] [stdout]     = note: `#[warn(bare_trait_objects)]` (part of `#[warn(rust_2021_compatibility)]`) on by default
[INFO] [stdout] help: if this is a dyn-compatible trait, use `dyn`
[INFO] [stdout]     |
[INFO] [stdout] 445 |     fn write_request(c: &mut dyn Write, data: &[u8], from: &str) -> Result<usize> {
[INFO] [stdout]     |                              +++
[INFO] [stdout] 
[INFO] [stdout] 
[INFO] [stdout] warning: trait objects without an explicit `dyn` are deprecated
[INFO] [stdout]    --> src/nats_client.rs:451:29
[INFO] [stdout]     |
[INFO] [stdout] 451 |     fn read_request(c: &mut Read, buf: &mut [u8], from: &str) -> Result<usize> {
[INFO] [stdout]     |                             ^^^^
[INFO] [stdout]     |
[INFO] [stdout]     = warning: this is accepted in the current edition (Rust 2015) but is a hard error in Rust 2021!
[INFO] [stdout]     = note: for more information, see <https://doc.rust-lang.org/edition-guide/rust-2021/warnings-promoted-to-error.html>
[INFO] [stdout] help: if this is a dyn-compatible trait, use `dyn`
[INFO] [stdout]     |
[INFO] [stdout] 451 |     fn read_request(c: &mut dyn Read, buf: &mut [u8], from: &str) -> Result<usize> {
[INFO] [stdout]     |                             +++
[INFO] [stdout] 
[INFO] [stdout] 
[INFO] [stderr]     Finished `release` profile [optimized] target(s) in 10.17s
[INFO] running `Command { std: "docker" "inspect" "2df7a12a057c4ed56ef830c963eef343ff5cd1dcca8ce75775255a852fea5db7", kill_on_drop: false }`
[INFO] running `Command { std: "docker" "exec" "-e" "SOURCE_DIR=/opt/rustwide/workdir" "-e" "CARGO_HOME=/opt/rustwide/cargo-home" "-e" "RUSTUP_HOME=/opt/rustwide/rustup-home" "-e" "CARGO_TARGET_DIR=/opt/rustwide/target" "-e" "CARGO_INCREMENTAL=0" "-e" "RUST_BACKTRACE=full" "-e" "RUSTFLAGS=--cap-lints=warn" "-e" "RUSTDOCFLAGS=--cap-lints=warn" "-w" "/opt/rustwide/workdir" "--user" "0:0" "2df7a12a057c4ed56ef830c963eef343ff5cd1dcca8ce75775255a852fea5db7" "/opt/rustwide/cargo-home/bin/cargo" "+1.99.0-beta.8" "test" "--frozen" "--release", kill_on_drop: false }`
[INFO] [stderr] warning: Cargo.toml: `package.edition` is unspecified, defaulting to `2015` while the latest is `2024`
[INFO] [stderr] warning: `simple_nats_client` (manifest) generated 1 warning
[INFO] [stderr] warning: trait objects without an explicit `dyn` are deprecated
[INFO] [stderr]    --> src/nats_client.rs:445:30
[INFO] [stderr]     |
[INFO] [stderr] 445 |     fn write_request(c: &mut Write, data: &[u8], from: &str) -> Result<usize> {
[INFO] [stderr]     |                              ^^^^^
[INFO] [stderr]     |
[INFO] [stderr]     = warning: this is accepted in the current edition (Rust 2015) but is a hard error in Rust 2021!
[INFO] [stderr]     = note: for more information, see <https://doc.rust-lang.org/edition-guide/rust-2021/warnings-promoted-to-error.html>
[INFO] [stderr]     = note: `#[warn(bare_trait_objects)]` (part of `#[warn(rust_2021_compatibility)]`) on by default
[INFO] [stderr] help: if this is a dyn-compatible trait, use `dyn`
[INFO] [stderr]     |
[INFO] [stderr] 445 |     fn write_request(c: &mut dyn Write, data: &[u8], from: &str) -> Result<usize> {
[INFO] [stderr]     |                              +++
[INFO] [stderr] 
[INFO] [stderr] warning: trait objects without an explicit `dyn` are deprecated
[INFO] [stderr]    --> src/nats_client.rs:451:29
[INFO] [stderr]     |
[INFO] [stderr] 451 |     fn read_request(c: &mut Read, buf: &mut [u8], from: &str) -> Result<usize> {
[INFO] [stderr]     |                             ^^^^
[INFO] [stderr]     |
[INFO] [stderr]     = warning: this is accepted in the current edition (Rust 2015) but is a hard error in Rust 2021!
[INFO] [stderr]     = note: for more information, see <https://doc.rust-lang.org/edition-guide/rust-2021/warnings-promoted-to-error.html>
[INFO] [stderr] help: if this is a dyn-compatible trait, use `dyn`
[INFO] [stderr]     |
[INFO] [stderr] 451 |     fn read_request(c: &mut dyn Read, buf: &mut [u8], from: &str) -> Result<usize> {
[INFO] [stderr]     |                             +++
[INFO] [stderr] 
[INFO] [stderr] warning: `simple_nats_client` (lib) generated 2 warnings (run `cargo fix --lib -p simple_nats_client` to apply 2 suggestions)
[INFO] [stderr] warning: use of deprecated constant `std::sync::ONCE_INIT`: the `Once::new()` function is now preferred
[INFO] [stderr]   --> tests/multithread.rs:11:23
[INFO] [stderr]    |
[INFO] [stderr] 11 | use std::sync::{Once, ONCE_INIT};
[INFO] [stderr]    |                       ^^^^^^^^^
[INFO] [stderr]    |
[INFO] [stderr]    = note: `#[warn(deprecated)]` on by default
[INFO] [stderr] 
[INFO] [stderr] warning: use of deprecated constant `std::sync::ONCE_INIT`: the `Once::new()` function is now preferred
[INFO] [stderr]   --> tests/multithread.rs:13:21
[INFO] [stderr]    |
[INFO] [stderr] 13 | static INIT: Once = ONCE_INIT;
[INFO] [stderr]    |                     ^^^^^^^^^
[INFO] [stderr]    |
[INFO] [stderr] help: replace the use of the deprecated constant
[INFO] [stderr]    |
[INFO] [stderr] 13 - static INIT: Once = ONCE_INIT;
[INFO] [stderr] 13 + static INIT: Once = Once::new();
[INFO] [stderr]    |
[INFO] [stderr] 
[INFO] [stderr] warning: use of deprecated constant `std::sync::ONCE_INIT`: the `Once::new()` function is now preferred
[INFO] [stderr]   --> tests/test.rs:12:23
[INFO] [stderr]    |
[INFO] [stderr] 12 | use std::sync::{Once, ONCE_INIT};
[INFO] [stderr]    |                       ^^^^^^^^^
[INFO] [stderr]    |
[INFO] [stderr]    = note: `#[warn(deprecated)]` on by default
[INFO] [stderr] 
[INFO] [stderr] warning: use of deprecated constant `std::sync::ONCE_INIT`: the `Once::new()` function is now preferred
[INFO] [stderr]   --> tests/test.rs:14:21
[INFO] [stderr]    |
[INFO] [stderr] 14 | static INIT: Once = ONCE_INIT;
[INFO] [stderr]    |                     ^^^^^^^^^
[INFO] [stderr]    |
[INFO] [stderr] help: replace the use of the deprecated constant
[INFO] [stderr]    |
[INFO] [stderr] 14 - static INIT: Once = ONCE_INIT;
[INFO] [stderr] 14 + static INIT: Once = Once::new();
[INFO] [stderr]    |
[INFO] [stderr] 
[INFO] [stderr] warning: `simple_nats_client` (test "multithread") generated 2 warnings (run `cargo fix --test "multithread" -p simple_nats_client` to apply 1 suggestion)
[INFO] [stderr] warning: `simple_nats_client` (test "test") generated 2 warnings (run `cargo fix --test "test" -p simple_nats_client` to apply 1 suggestion)
[INFO] [stderr] warning: `simple_nats_client` (lib test) generated 2 warnings (2 duplicates)
[INFO] [stderr]     Finished `release` profile [optimized] target(s) in 0.05s
[INFO] [stderr]      Running unittests src/lib.rs (/opt/rustwide/target/release/deps/simple_nats_client-9fd4fa75632a8576)
[INFO] [stdout] 
[INFO] [stdout] running 0 tests
[INFO] [stdout] 
[INFO] [stdout] test result: ok. 0 passed; 0 failed; 0 ignored; 0 measured; 0 filtered out; finished in 0.00s
[INFO] [stdout] 
[INFO] [stderr]      Running tests/multithread.rs (/opt/rustwide/target/release/deps/multithread-2a76c0a30db814c6)
[INFO] [stdout] 
[INFO] [stdout] running 2 tests
[INFO] [stdout] test test_i32_convert ... ok
[INFO] [stdout] test pub_sub_mt_test ... FAILED
[INFO] [stdout] 
[INFO] [stdout] failures:
[INFO] [stdout] 
[INFO] [stdout] ---- pub_sub_mt_test stdout ----
[INFO] [stdout] 
[INFO] [stdout] thread '<unnamed>' (487) panicked at tests/multithread.rs:51:102:
[INFO] [stdout] called `Result::unwrap()` on an `Err` value: ConnectionError(Os { code: 111, kind: ConnectionRefused, message: "Connection refused" }, "NatsClient::new")
[INFO] [stdout] stack backtrace:
[INFO] [stdout]    0:     0x6503ec79c811 - <<std[70759c8f55707aa4]::sys::backtrace::BacktraceLock>::print::DisplayBacktrace as core[df12db4294e9bfd3]::fmt::Display>::fmt
[INFO] [stdout]    1:     0x6503ec7b237a - core[df12db4294e9bfd3]::fmt::write
[INFO] [stdout]    2:     0x6503ec7a109c - <alloc[2182bb758b4b3781]::vec::Vec<u8> as core[df12db4294e9bfd3]::io::write::Write>::write_fmt
[INFO] [stdout]    3:     0x6503ec7784c6 - std[70759c8f55707aa4]::panicking::default_hook::{closure#0}
[INFO] [stdout]    4:     0x6503ec794a59 - std[70759c8f55707aa4]::panicking::default_hook
[INFO] [stdout]    5:     0x6503ec6e16a0 - test[9d35eded1c95d3be]::test_main_inner::<test[9d35eded1c95d3be]::test_main_static::{closure#0}>::{closure#0}
[INFO] [stdout]    6:     0x6503ec794c12 - std[70759c8f55707aa4]::panicking::panic_with_hook
[INFO] [stdout]    7:     0x6503ec778572 - std[70759c8f55707aa4]::panicking::panic_handler::{closure#0}
[INFO] [stdout]    8:     0x6503ec771219 - std[70759c8f55707aa4]::sys::backtrace::__rust_end_short_backtrace::<std[70759c8f55707aa4]::panicking::panic_handler::{closure#0}, !>
[INFO] [stdout]    9:     0x6503ec77935d - __rustc[8fa7c3cbc660c2b3]::rust_begin_unwind
[INFO] [stdout]   10:     0x6503ec7b2b2c - core[df12db4294e9bfd3]::panicking::panic_fmt
[INFO] [stdout]   11:     0x6503ec7b2902 - core[df12db4294e9bfd3]::result::unwrap_failed
[INFO] [stdout]   12:     0x6503ec6d26f4 - std[70759c8f55707aa4]::sys::backtrace::__rust_begin_short_backtrace::<multithread[dbe073cd4612aebf]::pub_sub_mt_test::{closure#0}, ()>
[INFO] [stdout]   13:     0x6503ec6ce580 - <std[70759c8f55707aa4]::thread::lifecycle::spawn_unchecked<multithread[dbe073cd4612aebf]::pub_sub_mt_test::{closure#0}, ()>::{closure#1} as core[df12db4294e9bfd3]::ops::function::FnOnce<()>>::call_once::{shim:vtable#0}
[INFO] [stdout]   14:     0x6503ec79bbc9 - <std[70759c8f55707aa4]::sys::thread::unix::Thread>::new::thread_start
[INFO] [stdout]   15:     0x773251491dfa - <unknown>
[INFO] [stdout]   16:     0x7732515253d4 - clone
[INFO] [stdout]   17:                0x0 - <unknown>
[INFO] [stdout] 
[INFO] [stdout] thread 'pub_sub_mt_test' (485) panicked at tests/multithread.rs:82:15:
[INFO] [stdout] called `Result::unwrap()` on an `Err` value: RecvError
[INFO] [stdout] stack backtrace:
[INFO] [stdout]    0:     0x6503ec79c811 - <<std[70759c8f55707aa4]::sys::backtrace::BacktraceLock>::print::DisplayBacktrace as core[df12db4294e9bfd3]::fmt::Display>::fmt
[INFO] [stdout]    1:     0x6503ec7b237a - core[df12db4294e9bfd3]::fmt::write
[INFO] [stdout]    2:     0x6503ec7a109c - <alloc[2182bb758b4b3781]::vec::Vec<u8> as core[df12db4294e9bfd3]::io::write::Write>::write_fmt
[INFO] [stdout]    3:     0x6503ec7784c6 - std[70759c8f55707aa4]::panicking::default_hook::{closure#0}
[INFO] [stdout]    4:     0x6503ec794a59 - std[70759c8f55707aa4]::panicking::default_hook
[INFO] [stdout]    5:     0x6503ec6e16a0 - test[9d35eded1c95d3be]::test_main_inner::<test[9d35eded1c95d3be]::test_main_static::{closure#0}>::{closure#0}
[INFO] [stdout]    6:     0x6503ec794c12 - std[70759c8f55707aa4]::panicking::panic_with_hook
[INFO] [stdout]    7:     0x6503ec778572 - std[70759c8f55707aa4]::panicking::panic_handler::{closure#0}
[INFO] [stdout]    8:     0x6503ec771219 - std[70759c8f55707aa4]::sys::backtrace::__rust_end_short_backtrace::<std[70759c8f55707aa4]::panicking::panic_handler::{closure#0}, !>
[INFO] [stdout]    9:     0x6503ec77935d - __rustc[8fa7c3cbc660c2b3]::rust_begin_unwind
[INFO] [stdout]   10:     0x6503ec7b2b2c - core[df12db4294e9bfd3]::panicking::panic_fmt
[INFO] [stdout]   11:     0x6503ec7b2902 - core[df12db4294e9bfd3]::result::unwrap_failed
[INFO] [stdout]   12:     0x6503ec6d3603 - <multithread[dbe073cd4612aebf]::pub_sub_mt_test::{closure#0} as core[df12db4294e9bfd3]::ops::function::FnOnce<()>>::call_once
[INFO] [stdout]   13:     0x6503ec6d498b - test[9d35eded1c95d3be]::__rust_begin_short_backtrace::<core[df12db4294e9bfd3]::result::Result<(), alloc[2182bb758b4b3781]::string::String>, fn() -> core[df12db4294e9bfd3]::result::Result<(), alloc[2182bb758b4b3781]::string::String>>
[INFO] [stdout]   14:     0x6503ec6e1ff5 - test[9d35eded1c95d3be]::run_test::{closure#0}
[INFO] [stdout]   15:     0x6503ec6db8b4 - std[70759c8f55707aa4]::sys::backtrace::__rust_begin_short_backtrace::<test[9d35eded1c95d3be]::run_test::{closure#1}, ()>
[INFO] [stdout]   16:     0x6503ec6e5152 - <std[70759c8f55707aa4]::thread::lifecycle::spawn_unchecked<test[9d35eded1c95d3be]::run_test::{closure#1}, ()>::{closure#1} as core[df12db4294e9bfd3]::ops::function::FnOnce<()>>::call_once::{shim:vtable#0}
[INFO] [stdout]   17:     0x6503ec79bbc9 - <std[70759c8f55707aa4]::sys::thread::unix::Thread>::new::thread_start
[INFO] [stdout]   18:     0x773251491dfa - <unknown>
[INFO] [stdout]   19:     0x7732515253d4 - clone
[INFO] [stdout]   20:                0x0 - <unknown>
[INFO] [stdout] 
[INFO] [stdout] 
[INFO] [stdout] failures:
[INFO] [stdout]     pub_sub_mt_test
[INFO] [stdout] 
[INFO] [stdout] test result: FAILED. 1 passed; 1 failed; 0 ignored; 0 measured; 0 filtered out; finished in 0.01s
[INFO] [stdout] 
[INFO] [stderr] error: test failed, to rerun pass `--test multithread`
[INFO] running `Command { std: "docker" "inspect" "2df7a12a057c4ed56ef830c963eef343ff5cd1dcca8ce75775255a852fea5db7", kill_on_drop: false }`
[INFO] running `Command { std: "docker" "rm" "-f" "2df7a12a057c4ed56ef830c963eef343ff5cd1dcca8ce75775255a852fea5db7", kill_on_drop: false }`
[INFO] [stdout] 2df7a12a057c4ed56ef830c963eef343ff5cd1dcca8ce75775255a852fea5db7
