[INFO] fetching crate simple_json 0.2.3...
[INFO] testing simple_json-0.2.3 against 1.100.0-beta.1+cargoflags=--release for beta-release-1.100-2
[INFO] extracting crate simple_json 0.2.3 into /workspace/builds/worker-0-tc2/source
[INFO] started tweaking crates.io crate simple_json 0.2.3
[INFO] finished tweaking crates.io crate simple_json 0.2.3
[INFO] tweaked toml for crates.io crate simple_json 0.2.3 written to /workspace/builds/worker-0-tc2/source/Cargo.toml
[INFO] validating manifest of crates.io crate simple_json 0.2.3 on toolchain 1.100.0-beta.1
[INFO] running `Command { std: CARGO_HOME="/workspace/cargo-home" RUSTUP_HOME="/workspace/rustup-home" "/workspace/cargo-home/bin/cargo" "+1.100.0-beta.1" "metadata" "--manifest-path" "Cargo.toml" "--no-deps", kill_on_drop: false }`
[INFO] running `Command { std: CARGO_HOME="/workspace/cargo-home" RUSTUP_HOME="/workspace/rustup-home" "/workspace/cargo-home/bin/cargo" "+1.100.0-beta.1" "generate-lockfile" "--manifest-path" "Cargo.toml", kill_on_drop: false }`
[INFO] running `Command { std: CARGO_HOME="/workspace/cargo-home" RUSTUP_HOME="/workspace/rustup-home" "/workspace/cargo-home/bin/cargo" "+1.100.0-beta.1" "fetch" "--manifest-path" "Cargo.toml", kill_on_drop: false }`
[INFO] [stderr] warning: Cargo.toml: `package.edition` is unspecified, defaulting to `2015` while the latest is `2024`
[INFO] [stderr] warning: `simple_json` (manifest) generated 1 warning
[INFO] running `Command { std: "docker" "create" "-v" "/var/lib/crater-agent-workspace/builds/worker-0-tc2/source:/opt/rustwide/workdir:ro,Z" "-v" "/var/lib/crater-agent-workspace/builds/worker-0-tc2/target:/opt/rustwide/target:rw,Z" "-v" "/var/lib/crater-agent-workspace/cargo-home:/opt/rustwide/cargo-home:ro,Z" "-v" "/var/lib/crater-agent-workspace/rustup-home:/opt/rustwide/rustup-home:ro,Z" "-m" "1610612736" "--network" "none" "ghcr.io/rust-lang/crates-build-env/linux@sha256:77db811e55d90add9212f6832c23229e3de5f1c1f9905e8cb07319ea15df73ac" "sleep" "infinity", kill_on_drop: false }`
[INFO] [stdout] 831dbf214355da40caab69cba5a45e5eff369faf7c79afe8c5da79dfdfbc78eb
[INFO] running `Command { std: "docker" "start" "831dbf214355da40caab69cba5a45e5eff369faf7c79afe8c5da79dfdfbc78eb", kill_on_drop: false }`
[INFO] running `Command { std: "docker" "inspect" "831dbf214355da40caab69cba5a45e5eff369faf7c79afe8c5da79dfdfbc78eb", kill_on_drop: false }`
[INFO] running `Command { std: "docker" "exec" "-e" "SOURCE_DIR=/opt/rustwide/workdir" "-e" "CARGO_HOME=/opt/rustwide/cargo-home" "-e" "RUSTUP_HOME=/opt/rustwide/rustup-home" "-e" "CARGO_TARGET_DIR=/opt/rustwide/target" "-w" "/opt/rustwide/workdir" "--user" "0:0" "831dbf214355da40caab69cba5a45e5eff369faf7c79afe8c5da79dfdfbc78eb" "/opt/rustwide/cargo-home/bin/cargo" "+1.100.0-beta.1" "metadata" "--no-deps" "--format-version=1", kill_on_drop: false }`
[INFO] running `Command { std: "docker" "inspect" "831dbf214355da40caab69cba5a45e5eff369faf7c79afe8c5da79dfdfbc78eb", kill_on_drop: false }`
[INFO] running `Command { std: "docker" "exec" "-e" "SOURCE_DIR=/opt/rustwide/workdir" "-e" "CARGO_HOME=/opt/rustwide/cargo-home" "-e" "RUSTUP_HOME=/opt/rustwide/rustup-home" "-e" "CARGO_TARGET_DIR=/opt/rustwide/target" "-e" "CARGO_INCREMENTAL=0" "-e" "RUST_BACKTRACE=full" "-e" "RUSTFLAGS=--cap-lints=warn" "-e" "RUSTDOCFLAGS=--cap-lints=warn" "-w" "/opt/rustwide/workdir" "--user" "0:0" "831dbf214355da40caab69cba5a45e5eff369faf7c79afe8c5da79dfdfbc78eb" "/opt/rustwide/cargo-home/bin/cargo" "+1.100.0-beta.1" "build" "--frozen" "--message-format=json" "--release", kill_on_drop: false }`
[INFO] [stderr] warning: Cargo.toml: `package.edition` is unspecified, defaulting to `2015` while the latest is `2024`
[INFO] [stderr] warning: `simple_json` (manifest) generated 1 warning
[INFO] [stderr]    Compiling simple_json v0.2.3 (/opt/rustwide/workdir)
[INFO] [stdout] warning: `...` range patterns are deprecated
[INFO] [stdout]   --> src/parser/node.rs:28:16
[INFO] [stdout]    |
[INFO] [stdout] 28 |             '0'...'9' | '-' => {
[INFO] [stdout]    |                ^^^ help: use `..=` for an inclusive range
[INFO] [stdout]    |
[INFO] [stdout]    = warning: this is accepted in the current edition (Rust 2015) but is a hard error in Rust 2021!
[INFO] [stdout]    = note: for more information, see <https://doc.rust-lang.org/edition-guide/rust-2021/warnings-promoted-to-error.html>
[INFO] [stdout]    = note: `#[warn(ellipsis_inclusive_range_patterns)]` (part of `#[warn(rust_2021_compatibility)]`) on by default
[INFO] [stdout] 
[INFO] [stdout] 
[INFO] [stdout] warning: `...` range patterns are deprecated
[INFO] [stdout]   --> src/parser/number.rs:40:20
[INFO] [stdout]    |
[INFO] [stdout] 40 |                 '1'...'9' => { stage = Stages::Integer;   token.push(current); slice.next(); },
[INFO] [stdout]    |                    ^^^ help: use `..=` for an inclusive range
[INFO] [stdout]    |
[INFO] [stdout]    = warning: this is accepted in the current edition (Rust 2015) but is a hard error in Rust 2021!
[INFO] [stdout]    = note: for more information, see <https://doc.rust-lang.org/edition-guide/rust-2021/warnings-promoted-to-error.html>
[INFO] [stdout] 
[INFO] [stdout] 
[INFO] [stdout] warning: `...` range patterns are deprecated
[INFO] [stdout]   --> src/parser/number.rs:49:20
[INFO] [stdout]    |
[INFO] [stdout] 49 |                 '1'...'9' => { stage = Stages::Integer;   token.push(current); slice.next(); },
[INFO] [stdout]    |                    ^^^ help: use `..=` for an inclusive range
[INFO] [stdout]    |
[INFO] [stdout]    = warning: this is accepted in the current edition (Rust 2015) but is a hard error in Rust 2021!
[INFO] [stdout]    = note: for more information, see <https://doc.rust-lang.org/edition-guide/rust-2021/warnings-promoted-to-error.html>
[INFO] [stdout] 
[INFO] [stdout] 
[INFO] [stdout] warning: `...` range patterns are deprecated
[INFO] [stdout]   --> src/parser/number.rs:64:20
[INFO] [stdout]    |
[INFO] [stdout] 64 |                 '0'...'9' => { stage = Stages::Integer;   token.push(current); slice.next(); },
[INFO] [stdout]    |                    ^^^ help: use `..=` for an inclusive range
[INFO] [stdout]    |
[INFO] [stdout]    = warning: this is accepted in the current edition (Rust 2015) but is a hard error in Rust 2021!
[INFO] [stdout]    = note: for more information, see <https://doc.rust-lang.org/edition-guide/rust-2021/warnings-promoted-to-error.html>
[INFO] [stdout] 
[INFO] [stdout] 
[INFO] [stdout] warning: `...` range patterns are deprecated
[INFO] [stdout]   --> src/parser/number.rs:70:20
[INFO] [stdout]    |
[INFO] [stdout] 70 |                 '0'...'9' => { stage = Stages::Fraction; token.push(current); slice.next(); },
[INFO] [stdout]    |                    ^^^ help: use `..=` for an inclusive range
[INFO] [stdout]    |
[INFO] [stdout]    = warning: this is accepted in the current edition (Rust 2015) but is a hard error in Rust 2021!
[INFO] [stdout]    = note: for more information, see <https://doc.rust-lang.org/edition-guide/rust-2021/warnings-promoted-to-error.html>
[INFO] [stdout] 
[INFO] [stdout] 
[INFO] [stdout] warning: `...` range patterns are deprecated
[INFO] [stdout]   --> src/parser/number.rs:79:20
[INFO] [stdout]    |
[INFO] [stdout] 79 |                 '0'...'9' => { stage = Stages::Fraction; token.push(current); slice.next(); },
[INFO] [stdout]    |                    ^^^ help: use `..=` for an inclusive range
[INFO] [stdout]    |
[INFO] [stdout]    = warning: this is accepted in the current edition (Rust 2015) but is a hard error in Rust 2021!
[INFO] [stdout]    = note: for more information, see <https://doc.rust-lang.org/edition-guide/rust-2021/warnings-promoted-to-error.html>
[INFO] [stdout] 
[INFO] [stdout] 
[INFO] [stdout] warning: `...` range patterns are deprecated
[INFO] [stdout]   --> src/parser/number.rs:86:20
[INFO] [stdout]    |
[INFO] [stdout] 86 |                 '1'...'9' => { stage = Stages::Exponent;     token.push(current); slice.next(); },
[INFO] [stdout]    |                    ^^^ help: use `..=` for an inclusive range
[INFO] [stdout]    |
[INFO] [stdout]    = warning: this is accepted in the current edition (Rust 2015) but is a hard error in Rust 2021!
[INFO] [stdout]    = note: for more information, see <https://doc.rust-lang.org/edition-guide/rust-2021/warnings-promoted-to-error.html>
[INFO] [stdout] 
[INFO] [stdout] 
[INFO] [stdout] warning: `...` range patterns are deprecated
[INFO] [stdout]   --> src/parser/number.rs:94:20
[INFO] [stdout]    |
[INFO] [stdout] 94 |                 '1'...'9' => { stage = Stages::Exponent; token.push(current); slice.next(); },
[INFO] [stdout]    |                    ^^^ help: use `..=` for an inclusive range
[INFO] [stdout]    |
[INFO] [stdout]    = warning: this is accepted in the current edition (Rust 2015) but is a hard error in Rust 2021!
[INFO] [stdout]    = note: for more information, see <https://doc.rust-lang.org/edition-guide/rust-2021/warnings-promoted-to-error.html>
[INFO] [stdout] 
[INFO] [stdout] 
[INFO] [stdout] warning: `...` range patterns are deprecated
[INFO] [stdout]    --> src/parser/number.rs:102:20
[INFO] [stdout]     |
[INFO] [stdout] 102 |                 '0'...'9' => { token.push(current); slice.next(); },
[INFO] [stdout]     |                    ^^^ help: use `..=` for an inclusive range
[INFO] [stdout]     |
[INFO] [stdout]     = warning: this is accepted in the current edition (Rust 2015) but is a hard error in Rust 2021!
[INFO] [stdout]     = note: for more information, see <https://doc.rust-lang.org/edition-guide/rust-2021/warnings-promoted-to-error.html>
[INFO] [stdout] 
[INFO] [stdout] 
[INFO] [stdout] warning: `...` range patterns are deprecated
[INFO] [stdout]   --> src/parser/string.rs:62:20
[INFO] [stdout]    |
[INFO] [stdout] 62 |                 '0'...'9' => { unicode.push(current); slice.next(); },
[INFO] [stdout]    |                    ^^^ help: use `..=` for an inclusive range
[INFO] [stdout]    |
[INFO] [stdout]    = warning: this is accepted in the current edition (Rust 2015) but is a hard error in Rust 2021!
[INFO] [stdout]    = note: for more information, see <https://doc.rust-lang.org/edition-guide/rust-2021/warnings-promoted-to-error.html>
[INFO] [stdout] 
[INFO] [stdout] 
[INFO] [stdout] warning: `...` range patterns are deprecated
[INFO] [stdout]   --> src/parser/string.rs:63:20
[INFO] [stdout]    |
[INFO] [stdout] 63 |                 'A'...'F' => { unicode.push(current); slice.next(); },
[INFO] [stdout]    |                    ^^^ help: use `..=` for an inclusive range
[INFO] [stdout]    |
[INFO] [stdout]    = warning: this is accepted in the current edition (Rust 2015) but is a hard error in Rust 2021!
[INFO] [stdout]    = note: for more information, see <https://doc.rust-lang.org/edition-guide/rust-2021/warnings-promoted-to-error.html>
[INFO] [stdout] 
[INFO] [stdout] 
[INFO] [stdout] warning: `...` range patterns are deprecated
[INFO] [stdout]   --> src/parser/string.rs:64:20
[INFO] [stdout]    |
[INFO] [stdout] 64 |                 'a'...'f' => { unicode.push(current); slice.next(); },
[INFO] [stdout]    |                    ^^^ help: use `..=` for an inclusive range
[INFO] [stdout]    |
[INFO] [stdout]    = warning: this is accepted in the current edition (Rust 2015) but is a hard error in Rust 2021!
[INFO] [stdout]    = note: for more information, see <https://doc.rust-lang.org/edition-guide/rust-2021/warnings-promoted-to-error.html>
[INFO] [stdout] 
[INFO] [stdout] 
[INFO] [stderr]     Finished `release` profile [optimized] target(s) in 0.66s
[INFO] running `Command { std: "docker" "inspect" "831dbf214355da40caab69cba5a45e5eff369faf7c79afe8c5da79dfdfbc78eb", kill_on_drop: false }`
[INFO] running `Command { std: "docker" "exec" "-e" "SOURCE_DIR=/opt/rustwide/workdir" "-e" "CARGO_HOME=/opt/rustwide/cargo-home" "-e" "RUSTUP_HOME=/opt/rustwide/rustup-home" "-e" "CARGO_TARGET_DIR=/opt/rustwide/target" "-e" "CARGO_INCREMENTAL=0" "-e" "RUST_BACKTRACE=full" "-e" "RUSTFLAGS=--cap-lints=warn" "-e" "RUSTDOCFLAGS=--cap-lints=warn" "-w" "/opt/rustwide/workdir" "--user" "0:0" "831dbf214355da40caab69cba5a45e5eff369faf7c79afe8c5da79dfdfbc78eb" "/opt/rustwide/cargo-home/bin/cargo" "+1.100.0-beta.1" "test" "--frozen" "--no-run" "--message-format=json" "--release", kill_on_drop: false }`
[INFO] [stderr] warning: Cargo.toml: `package.edition` is unspecified, defaulting to `2015` while the latest is `2024`
[INFO] [stderr] warning: `simple_json` (manifest) generated 1 warning
[INFO] [stdout] warning: `...` range patterns are deprecated
[INFO] [stdout]   --> src/parser/node.rs:28:16
[INFO] [stdout]    |
[INFO] [stdout] 28 |             '0'...'9' | '-' => {
[INFO] [stdout]    |                ^^^ help: use `..=` for an inclusive range
[INFO] [stdout]    |
[INFO] [stdout]    = warning: this is accepted in the current edition (Rust 2015) but is a hard error in Rust 2021!
[INFO] [stdout]    = note: for more information, see <https://doc.rust-lang.org/edition-guide/rust-2021/warnings-promoted-to-error.html>
[INFO] [stdout]    = note: `#[warn(ellipsis_inclusive_range_patterns)]` (part of `#[warn(rust_2021_compatibility)]`) on by default
[INFO] [stdout] 
[INFO] [stdout] 
[INFO] [stdout] warning: `...` range patterns are deprecated
[INFO] [stdout]   --> src/parser/number.rs:40:20
[INFO] [stdout]    |
[INFO] [stdout] 40 |                 '1'...'9' => { stage = Stages::Integer;   token.push(current); slice.next(); },
[INFO] [stdout]    |                    ^^^ help: use `..=` for an inclusive range
[INFO] [stdout]    |
[INFO] [stdout]    = warning: this is accepted in the current edition (Rust 2015) but is a hard error in Rust 2021!
[INFO] [stdout]    = note: for more information, see <https://doc.rust-lang.org/edition-guide/rust-2021/warnings-promoted-to-error.html>
[INFO] [stdout] 
[INFO] [stdout] 
[INFO] [stderr]    Compiling simple_json v0.2.3 (/opt/rustwide/workdir)
[INFO] [stdout] warning: `...` range patterns are deprecated
[INFO] [stdout]   --> src/parser/number.rs:49:20
[INFO] [stdout]    |
[INFO] [stdout] 49 |                 '1'...'9' => { stage = Stages::Integer;   token.push(current); slice.next(); },
[INFO] [stdout]    |                    ^^^ help: use `..=` for an inclusive range
[INFO] [stdout]    |
[INFO] [stdout]    = warning: this is accepted in the current edition (Rust 2015) but is a hard error in Rust 2021!
[INFO] [stdout]    = note: for more information, see <https://doc.rust-lang.org/edition-guide/rust-2021/warnings-promoted-to-error.html>
[INFO] [stdout] 
[INFO] [stdout] 
[INFO] [stdout] warning: `...` range patterns are deprecated
[INFO] [stdout]   --> src/parser/number.rs:64:20
[INFO] [stdout]    |
[INFO] [stdout] 64 |                 '0'...'9' => { stage = Stages::Integer;   token.push(current); slice.next(); },
[INFO] [stdout]    |                    ^^^ help: use `..=` for an inclusive range
[INFO] [stdout]    |
[INFO] [stdout]    = warning: this is accepted in the current edition (Rust 2015) but is a hard error in Rust 2021!
[INFO] [stdout]    = note: for more information, see <https://doc.rust-lang.org/edition-guide/rust-2021/warnings-promoted-to-error.html>
[INFO] [stdout] 
[INFO] [stdout] 
[INFO] [stdout] warning: `...` range patterns are deprecated
[INFO] [stdout]   --> src/parser/number.rs:70:20
[INFO] [stdout]    |
[INFO] [stdout] 70 |                 '0'...'9' => { stage = Stages::Fraction; token.push(current); slice.next(); },
[INFO] [stdout]    |                    ^^^ help: use `..=` for an inclusive range
[INFO] [stdout]    |
[INFO] [stdout]    = warning: this is accepted in the current edition (Rust 2015) but is a hard error in Rust 2021!
[INFO] [stdout]    = note: for more information, see <https://doc.rust-lang.org/edition-guide/rust-2021/warnings-promoted-to-error.html>
[INFO] [stdout] 
[INFO] [stdout] 
[INFO] [stdout] warning: `...` range patterns are deprecated
[INFO] [stdout]   --> src/parser/number.rs:79:20
[INFO] [stdout]    |
[INFO] [stdout] 79 |                 '0'...'9' => { stage = Stages::Fraction; token.push(current); slice.next(); },
[INFO] [stdout]    |                    ^^^ help: use `..=` for an inclusive range
[INFO] [stdout]    |
[INFO] [stdout]    = warning: this is accepted in the current edition (Rust 2015) but is a hard error in Rust 2021!
[INFO] [stdout]    = note: for more information, see <https://doc.rust-lang.org/edition-guide/rust-2021/warnings-promoted-to-error.html>
[INFO] [stdout] 
[INFO] [stdout] 
[INFO] [stdout] warning: `...` range patterns are deprecated
[INFO] [stdout]   --> src/parser/number.rs:86:20
[INFO] [stdout]    |
[INFO] [stdout] 86 |                 '1'...'9' => { stage = Stages::Exponent;     token.push(current); slice.next(); },
[INFO] [stdout]    |                    ^^^ help: use `..=` for an inclusive range
[INFO] [stdout]    |
[INFO] [stdout]    = warning: this is accepted in the current edition (Rust 2015) but is a hard error in Rust 2021!
[INFO] [stdout]    = note: for more information, see <https://doc.rust-lang.org/edition-guide/rust-2021/warnings-promoted-to-error.html>
[INFO] [stdout] 
[INFO] [stdout] 
[INFO] [stdout] warning: `...` range patterns are deprecated
[INFO] [stdout]   --> src/parser/number.rs:94:20
[INFO] [stdout]    |
[INFO] [stdout] 94 |                 '1'...'9' => { stage = Stages::Exponent; token.push(current); slice.next(); },
[INFO] [stdout]    |                    ^^^ help: use `..=` for an inclusive range
[INFO] [stdout]    |
[INFO] [stdout]    = warning: this is accepted in the current edition (Rust 2015) but is a hard error in Rust 2021!
[INFO] [stdout]    = note: for more information, see <https://doc.rust-lang.org/edition-guide/rust-2021/warnings-promoted-to-error.html>
[INFO] [stdout] 
[INFO] [stdout] 
[INFO] [stdout] warning: `...` range patterns are deprecated
[INFO] [stdout]    --> src/parser/number.rs:102:20
[INFO] [stdout]     |
[INFO] [stdout] 102 |                 '0'...'9' => { token.push(current); slice.next(); },
[INFO] [stdout]     |                    ^^^ help: use `..=` for an inclusive range
[INFO] [stdout]     |
[INFO] [stdout]     = warning: this is accepted in the current edition (Rust 2015) but is a hard error in Rust 2021!
[INFO] [stdout]     = note: for more information, see <https://doc.rust-lang.org/edition-guide/rust-2021/warnings-promoted-to-error.html>
[INFO] [stdout] 
[INFO] [stdout] 
[INFO] [stdout] warning: `...` range patterns are deprecated
[INFO] [stdout]   --> src/parser/string.rs:62:20
[INFO] [stdout]    |
[INFO] [stdout] 62 |                 '0'...'9' => { unicode.push(current); slice.next(); },
[INFO] [stdout]    |                    ^^^ help: use `..=` for an inclusive range
[INFO] [stdout]    |
[INFO] [stdout]    = warning: this is accepted in the current edition (Rust 2015) but is a hard error in Rust 2021!
[INFO] [stdout]    = note: for more information, see <https://doc.rust-lang.org/edition-guide/rust-2021/warnings-promoted-to-error.html>
[INFO] [stdout] 
[INFO] [stdout] 
[INFO] [stdout] warning: `...` range patterns are deprecated
[INFO] [stdout]   --> src/parser/string.rs:63:20
[INFO] [stdout]    |
[INFO] [stdout] 63 |                 'A'...'F' => { unicode.push(current); slice.next(); },
[INFO] [stdout]    |                    ^^^ help: use `..=` for an inclusive range
[INFO] [stdout]    |
[INFO] [stdout]    = warning: this is accepted in the current edition (Rust 2015) but is a hard error in Rust 2021!
[INFO] [stdout]    = note: for more information, see <https://doc.rust-lang.org/edition-guide/rust-2021/warnings-promoted-to-error.html>
[INFO] [stdout] 
[INFO] [stdout] 
[INFO] [stdout] warning: `...` range patterns are deprecated
[INFO] [stdout]   --> src/parser/string.rs:64:20
[INFO] [stdout]    |
[INFO] [stdout] 64 |                 'a'...'f' => { unicode.push(current); slice.next(); },
[INFO] [stdout]    |                    ^^^ help: use `..=` for an inclusive range
[INFO] [stdout]    |
[INFO] [stdout]    = warning: this is accepted in the current edition (Rust 2015) but is a hard error in Rust 2021!
[INFO] [stdout]    = note: for more information, see <https://doc.rust-lang.org/edition-guide/rust-2021/warnings-promoted-to-error.html>
[INFO] [stdout] 
[INFO] [stdout] 
[INFO] [stdout] warning: `...` range patterns are deprecated
[INFO] [stdout]   --> src/parser/node.rs:28:16
[INFO] [stdout]    |
[INFO] [stdout] 28 |             '0'...'9' | '-' => {
[INFO] [stdout]    |                ^^^ help: use `..=` for an inclusive range
[INFO] [stdout]    |
[INFO] [stdout]    = warning: this is accepted in the current edition (Rust 2015) but is a hard error in Rust 2021!
[INFO] [stdout]    = note: for more information, see <https://doc.rust-lang.org/edition-guide/rust-2021/warnings-promoted-to-error.html>
[INFO] [stdout]    = note: `#[warn(ellipsis_inclusive_range_patterns)]` (part of `#[warn(rust_2021_compatibility)]`) on by default
[INFO] [stdout] 
[INFO] [stdout] 
[INFO] [stdout] warning: `...` range patterns are deprecated
[INFO] [stdout]   --> src/parser/number.rs:40:20
[INFO] [stdout]    |
[INFO] [stdout] 40 |                 '1'...'9' => { stage = Stages::Integer;   token.push(current); slice.next(); },
[INFO] [stdout]    |                    ^^^ help: use `..=` for an inclusive range
[INFO] [stdout]    |
[INFO] [stdout]    = warning: this is accepted in the current edition (Rust 2015) but is a hard error in Rust 2021!
[INFO] [stdout]    = note: for more information, see <https://doc.rust-lang.org/edition-guide/rust-2021/warnings-promoted-to-error.html>
[INFO] [stdout] 
[INFO] [stdout] 
[INFO] [stdout] warning: `...` range patterns are deprecated
[INFO] [stdout]   --> src/parser/number.rs:49:20
[INFO] [stdout]    |
[INFO] [stdout] 49 |                 '1'...'9' => { stage = Stages::Integer;   token.push(current); slice.next(); },
[INFO] [stdout]    |                    ^^^ help: use `..=` for an inclusive range
[INFO] [stdout]    |
[INFO] [stdout]    = warning: this is accepted in the current edition (Rust 2015) but is a hard error in Rust 2021!
[INFO] [stdout]    = note: for more information, see <https://doc.rust-lang.org/edition-guide/rust-2021/warnings-promoted-to-error.html>
[INFO] [stdout] 
[INFO] [stdout] 
[INFO] [stdout] warning: `...` range patterns are deprecated
[INFO] [stdout]   --> src/parser/number.rs:64:20
[INFO] [stdout]    |
[INFO] [stdout] 64 |                 '0'...'9' => { stage = Stages::Integer;   token.push(current); slice.next(); },
[INFO] [stdout]    |                    ^^^ help: use `..=` for an inclusive range
[INFO] [stdout]    |
[INFO] [stdout]    = warning: this is accepted in the current edition (Rust 2015) but is a hard error in Rust 2021!
[INFO] [stdout]    = note: for more information, see <https://doc.rust-lang.org/edition-guide/rust-2021/warnings-promoted-to-error.html>
[INFO] [stdout] 
[INFO] [stdout] 
[INFO] [stdout] warning: `...` range patterns are deprecated
[INFO] [stdout]   --> src/parser/number.rs:70:20
[INFO] [stdout]    |
[INFO] [stdout] 70 |                 '0'...'9' => { stage = Stages::Fraction; token.push(current); slice.next(); },
[INFO] [stdout]    |                    ^^^ help: use `..=` for an inclusive range
[INFO] [stdout]    |
[INFO] [stdout]    = warning: this is accepted in the current edition (Rust 2015) but is a hard error in Rust 2021!
[INFO] [stdout]    = note: for more information, see <https://doc.rust-lang.org/edition-guide/rust-2021/warnings-promoted-to-error.html>
[INFO] [stdout] 
[INFO] [stdout] 
[INFO] [stdout] warning: `...` range patterns are deprecated
[INFO] [stdout]   --> src/parser/number.rs:79:20
[INFO] [stdout]    |
[INFO] [stdout] 79 |                 '0'...'9' => { stage = Stages::Fraction; token.push(current); slice.next(); },
[INFO] [stdout]    |                    ^^^ help: use `..=` for an inclusive range
[INFO] [stdout]    |
[INFO] [stdout]    = warning: this is accepted in the current edition (Rust 2015) but is a hard error in Rust 2021!
[INFO] [stdout]    = note: for more information, see <https://doc.rust-lang.org/edition-guide/rust-2021/warnings-promoted-to-error.html>
[INFO] [stdout] 
[INFO] [stdout] 
[INFO] [stdout] warning: `...` range patterns are deprecated
[INFO] [stdout]   --> src/parser/number.rs:86:20
[INFO] [stdout]    |
[INFO] [stdout] 86 |                 '1'...'9' => { stage = Stages::Exponent;     token.push(current); slice.next(); },
[INFO] [stdout]    |                    ^^^ help: use `..=` for an inclusive range
[INFO] [stdout]    |
[INFO] [stdout]    = warning: this is accepted in the current edition (Rust 2015) but is a hard error in Rust 2021!
[INFO] [stdout]    = note: for more information, see <https://doc.rust-lang.org/edition-guide/rust-2021/warnings-promoted-to-error.html>
[INFO] [stdout] 
[INFO] [stdout] 
[INFO] [stdout] warning: `...` range patterns are deprecated
[INFO] [stdout]   --> src/parser/number.rs:94:20
[INFO] [stdout]    |
[INFO] [stdout] 94 |                 '1'...'9' => { stage = Stages::Exponent; token.push(current); slice.next(); },
[INFO] [stdout]    |                    ^^^ help: use `..=` for an inclusive range
[INFO] [stdout]    |
[INFO] [stdout]    = warning: this is accepted in the current edition (Rust 2015) but is a hard error in Rust 2021!
[INFO] [stdout]    = note: for more information, see <https://doc.rust-lang.org/edition-guide/rust-2021/warnings-promoted-to-error.html>
[INFO] [stdout] 
[INFO] [stdout] 
[INFO] [stdout] warning: `...` range patterns are deprecated
[INFO] [stdout]    --> src/parser/number.rs:102:20
[INFO] [stdout]     |
[INFO] [stdout] 102 |                 '0'...'9' => { token.push(current); slice.next(); },
[INFO] [stdout]     |                    ^^^ help: use `..=` for an inclusive range
[INFO] [stdout]     |
[INFO] [stdout]     = warning: this is accepted in the current edition (Rust 2015) but is a hard error in Rust 2021!
[INFO] [stdout]     = note: for more information, see <https://doc.rust-lang.org/edition-guide/rust-2021/warnings-promoted-to-error.html>
[INFO] [stdout] 
[INFO] [stdout] 
[INFO] [stdout] warning: `...` range patterns are deprecated
[INFO] [stdout]   --> src/parser/string.rs:62:20
[INFO] [stdout]    |
[INFO] [stdout] 62 |                 '0'...'9' => { unicode.push(current); slice.next(); },
[INFO] [stdout]    |                    ^^^ help: use `..=` for an inclusive range
[INFO] [stdout]    |
[INFO] [stdout]    = warning: this is accepted in the current edition (Rust 2015) but is a hard error in Rust 2021!
[INFO] [stdout]    = note: for more information, see <https://doc.rust-lang.org/edition-guide/rust-2021/warnings-promoted-to-error.html>
[INFO] [stdout] 
[INFO] [stdout] 
[INFO] [stdout] warning: `...` range patterns are deprecated
[INFO] [stdout]   --> src/parser/string.rs:63:20
[INFO] [stdout]    |
[INFO] [stdout] 63 |                 'A'...'F' => { unicode.push(current); slice.next(); },
[INFO] [stdout]    |                    ^^^ help: use `..=` for an inclusive range
[INFO] [stdout]    |
[INFO] [stdout]    = warning: this is accepted in the current edition (Rust 2015) but is a hard error in Rust 2021!
[INFO] [stdout]    = note: for more information, see <https://doc.rust-lang.org/edition-guide/rust-2021/warnings-promoted-to-error.html>
[INFO] [stdout] 
[INFO] [stdout] 
[INFO] [stdout] warning: `...` range patterns are deprecated
[INFO] [stdout]   --> src/parser/string.rs:64:20
[INFO] [stdout]    |
[INFO] [stdout] 64 |                 'a'...'f' => { unicode.push(current); slice.next(); },
[INFO] [stdout]    |                    ^^^ help: use `..=` for an inclusive range
[INFO] [stdout]    |
[INFO] [stdout]    = warning: this is accepted in the current edition (Rust 2015) but is a hard error in Rust 2021!
[INFO] [stdout]    = note: for more information, see <https://doc.rust-lang.org/edition-guide/rust-2021/warnings-promoted-to-error.html>
[INFO] [stdout] 
[INFO] [stdout] 
[INFO] [stdout] warning: unused import: `Number`
[INFO] [stdout]  --> tests/to_string.rs:4:26
[INFO] [stdout]   |
[INFO] [stdout] 4 | use simple_json::{ Json, Number };
[INFO] [stdout]   |                          ^^^^^^
[INFO] [stdout]   |
[INFO] [stdout]   = note: `#[warn(unused_imports)]` (part of `#[warn(unused)]`) on by default
[INFO] [stdout] 
[INFO] [stdout] 
[INFO] [stderr]     Finished `release` profile [optimized] target(s) in 1.19s
[INFO] running `Command { std: "docker" "inspect" "831dbf214355da40caab69cba5a45e5eff369faf7c79afe8c5da79dfdfbc78eb", kill_on_drop: false }`
[INFO] running `Command { std: "docker" "exec" "-e" "SOURCE_DIR=/opt/rustwide/workdir" "-e" "CARGO_HOME=/opt/rustwide/cargo-home" "-e" "RUSTUP_HOME=/opt/rustwide/rustup-home" "-e" "CARGO_TARGET_DIR=/opt/rustwide/target" "-e" "CARGO_INCREMENTAL=0" "-e" "RUST_BACKTRACE=full" "-e" "RUSTFLAGS=--cap-lints=warn" "-e" "RUSTDOCFLAGS=--cap-lints=warn" "-w" "/opt/rustwide/workdir" "--user" "0:0" "831dbf214355da40caab69cba5a45e5eff369faf7c79afe8c5da79dfdfbc78eb" "/opt/rustwide/cargo-home/bin/cargo" "+1.100.0-beta.1" "test" "--frozen" "--release", kill_on_drop: false }`
[INFO] [stderr] warning: Cargo.toml: `package.edition` is unspecified, defaulting to `2015` while the latest is `2024`
[INFO] [stderr] warning: `simple_json` (manifest) generated 1 warning
[INFO] [stderr] warning: `...` range patterns are deprecated
[INFO] [stderr]   --> src/parser/node.rs:28:16
[INFO] [stderr]    |
[INFO] [stderr] 28 |             '0'...'9' | '-' => {
[INFO] [stderr]    |                ^^^ help: use `..=` for an inclusive range
[INFO] [stderr]    |
[INFO] [stderr]    = warning: this is accepted in the current edition (Rust 2015) but is a hard error in Rust 2021!
[INFO] [stderr]    = note: for more information, see <https://doc.rust-lang.org/edition-guide/rust-2021/warnings-promoted-to-error.html>
[INFO] [stderr]    = note: `#[warn(ellipsis_inclusive_range_patterns)]` (part of `#[warn(rust_2021_compatibility)]`) on by default
[INFO] [stderr] 
[INFO] [stderr] warning: `...` range patterns are deprecated
[INFO] [stderr]   --> src/parser/number.rs:40:20
[INFO] [stderr]    |
[INFO] [stderr] 40 |                 '1'...'9' => { stage = Stages::Integer;   token.push(current); slice.next(); },
[INFO] [stderr]    |                    ^^^ help: use `..=` for an inclusive range
[INFO] [stderr]    |
[INFO] [stderr]    = warning: this is accepted in the current edition (Rust 2015) but is a hard error in Rust 2021!
[INFO] [stderr]    = note: for more information, see <https://doc.rust-lang.org/edition-guide/rust-2021/warnings-promoted-to-error.html>
[INFO] [stderr] 
[INFO] [stderr] warning: `...` range patterns are deprecated
[INFO] [stderr]   --> src/parser/number.rs:49:20
[INFO] [stderr]    |
[INFO] [stderr] 49 |                 '1'...'9' => { stage = Stages::Integer;   token.push(current); slice.next(); },
[INFO] [stderr]    |                    ^^^ help: use `..=` for an inclusive range
[INFO] [stderr]    |
[INFO] [stderr]    = warning: this is accepted in the current edition (Rust 2015) but is a hard error in Rust 2021!
[INFO] [stderr]    = note: for more information, see <https://doc.rust-lang.org/edition-guide/rust-2021/warnings-promoted-to-error.html>
[INFO] [stderr] 
[INFO] [stderr] warning: `...` range patterns are deprecated
[INFO] [stderr]   --> src/parser/number.rs:64:20
[INFO] [stderr]    |
[INFO] [stderr] 64 |                 '0'...'9' => { stage = Stages::Integer;   token.push(current); slice.next(); },
[INFO] [stderr]    |                    ^^^ help: use `..=` for an inclusive range
[INFO] [stderr]    |
[INFO] [stderr]    = warning: this is accepted in the current edition (Rust 2015) but is a hard error in Rust 2021!
[INFO] [stderr]    = note: for more information, see <https://doc.rust-lang.org/edition-guide/rust-2021/warnings-promoted-to-error.html>
[INFO] [stderr] 
[INFO] [stderr] warning: `...` range patterns are deprecated
[INFO] [stderr]   --> src/parser/number.rs:70:20
[INFO] [stderr]    |
[INFO] [stderr] 70 |                 '0'...'9' => { stage = Stages::Fraction; token.push(current); slice.next(); },
[INFO] [stderr]    |                    ^^^ help: use `..=` for an inclusive range
[INFO] [stderr]    |
[INFO] [stderr]    = warning: this is accepted in the current edition (Rust 2015) but is a hard error in Rust 2021!
[INFO] [stderr]    = note: for more information, see <https://doc.rust-lang.org/edition-guide/rust-2021/warnings-promoted-to-error.html>
[INFO] [stderr] 
[INFO] [stderr] warning: `...` range patterns are deprecated
[INFO] [stderr]   --> src/parser/number.rs:79:20
[INFO] [stderr]    |
[INFO] [stderr] 79 |                 '0'...'9' => { stage = Stages::Fraction; token.push(current); slice.next(); },
[INFO] [stderr]    |                    ^^^ help: use `..=` for an inclusive range
[INFO] [stderr]    |
[INFO] [stderr]    = warning: this is accepted in the current edition (Rust 2015) but is a hard error in Rust 2021!
[INFO] [stderr]    = note: for more information, see <https://doc.rust-lang.org/edition-guide/rust-2021/warnings-promoted-to-error.html>
[INFO] [stderr] 
[INFO] [stderr] warning: `...` range patterns are deprecated
[INFO] [stderr]   --> src/parser/number.rs:86:20
[INFO] [stderr]    |
[INFO] [stderr] 86 |                 '1'...'9' => { stage = Stages::Exponent;     token.push(current); slice.next(); },
[INFO] [stderr]    |                    ^^^ help: use `..=` for an inclusive range
[INFO] [stderr]    |
[INFO] [stderr]    = warning: this is accepted in the current edition (Rust 2015) but is a hard error in Rust 2021!
[INFO] [stderr]    = note: for more information, see <https://doc.rust-lang.org/edition-guide/rust-2021/warnings-promoted-to-error.html>
[INFO] [stderr] 
[INFO] [stderr] warning: `...` range patterns are deprecated
[INFO] [stderr]   --> src/parser/number.rs:94:20
[INFO] [stderr]    |
[INFO] [stderr] 94 |                 '1'...'9' => { stage = Stages::Exponent; token.push(current); slice.next(); },
[INFO] [stderr]    |                    ^^^ help: use `..=` for an inclusive range
[INFO] [stderr]    |
[INFO] [stderr]    = warning: this is accepted in the current edition (Rust 2015) but is a hard error in Rust 2021!
[INFO] [stderr]    = note: for more information, see <https://doc.rust-lang.org/edition-guide/rust-2021/warnings-promoted-to-error.html>
[INFO] [stderr] 
[INFO] [stderr] warning: `...` range patterns are deprecated
[INFO] [stderr]    --> src/parser/number.rs:102:20
[INFO] [stderr]     |
[INFO] [stderr] 102 |                 '0'...'9' => { token.push(current); slice.next(); },
[INFO] [stderr]     |                    ^^^ help: use `..=` for an inclusive range
[INFO] [stderr]     |
[INFO] [stderr]     = warning: this is accepted in the current edition (Rust 2015) but is a hard error in Rust 2021!
[INFO] [stderr]     = note: for more information, see <https://doc.rust-lang.org/edition-guide/rust-2021/warnings-promoted-to-error.html>
[INFO] [stderr] 
[INFO] [stderr] warning: `...` range patterns are deprecated
[INFO] [stderr]   --> src/parser/string.rs:62:20
[INFO] [stderr]    |
[INFO] [stderr] 62 |                 '0'...'9' => { unicode.push(current); slice.next(); },
[INFO] [stderr]    |                    ^^^ help: use `..=` for an inclusive range
[INFO] [stderr]    |
[INFO] [stderr]    = warning: this is accepted in the current edition (Rust 2015) but is a hard error in Rust 2021!
[INFO] [stderr]    = note: for more information, see <https://doc.rust-lang.org/edition-guide/rust-2021/warnings-promoted-to-error.html>
[INFO] [stderr] 
[INFO] [stderr] warning: `...` range patterns are deprecated
[INFO] [stderr]   --> src/parser/string.rs:63:20
[INFO] [stderr]    |
[INFO] [stderr] 63 |                 'A'...'F' => { unicode.push(current); slice.next(); },
[INFO] [stderr]    |                    ^^^ help: use `..=` for an inclusive range
[INFO] [stderr]    |
[INFO] [stderr]    = warning: this is accepted in the current edition (Rust 2015) but is a hard error in Rust 2021!
[INFO] [stderr]    = note: for more information, see <https://doc.rust-lang.org/edition-guide/rust-2021/warnings-promoted-to-error.html>
[INFO] [stderr] 
[INFO] [stderr] warning: `...` range patterns are deprecated
[INFO] [stderr]   --> src/parser/string.rs:64:20
[INFO] [stderr]    |
[INFO] [stderr] 64 |                 'a'...'f' => { unicode.push(current); slice.next(); },
[INFO] [stderr]    |                    ^^^ help: use `..=` for an inclusive range
[INFO] [stderr]    |
[INFO] [stderr]    = warning: this is accepted in the current edition (Rust 2015) but is a hard error in Rust 2021!
[INFO] [stderr]    = note: for more information, see <https://doc.rust-lang.org/edition-guide/rust-2021/warnings-promoted-to-error.html>
[INFO] [stderr] 
[INFO] [stderr] warning: `simple_json` (lib) generated 12 warnings (run `cargo fix --lib -p simple_json` to apply 12 suggestions)
[INFO] [stderr] warning: unused import: `Number`
[INFO] [stderr]  --> tests/to_string.rs:4:26
[INFO] [stderr]   |
[INFO] [stderr] 4 | use simple_json::{ Json, Number };
[INFO] [stderr]   |                          ^^^^^^
[INFO] [stderr]   |
[INFO] [stderr]   = note: `#[warn(unused_imports)]` (part of `#[warn(unused)]`) on by default
[INFO] [stderr] 
[INFO] [stderr] warning: `simple_json` (test "to_string") generated 1 warning (run `cargo fix --test "to_string" -p simple_json` to apply 1 suggestion)
[INFO] [stderr] warning: `simple_json` (lib test) generated 12 warnings (12 duplicates)
[INFO] [stderr]     Finished `release` profile [optimized] target(s) in 0.04s
[INFO] [stderr]      Running unittests src/lib.rs (/opt/rustwide/target/release/build/simple_json/0c9e7597f6b1eb53/out/simple_json-0c9e7597f6b1eb53)
[INFO] [stderr]      Running tests/bugs.rs (/opt/rustwide/target/release/build/simple_json/a8e4215bb1925f22/out/bugs-a8e4215bb1925f22)
[INFO] [stdout] 
[INFO] [stdout] running 0 tests
[INFO] [stdout] 
[INFO] [stdout] test result: ok. 0 passed; 0 failed; 0 ignored; 0 measured; 0 filtered out; finished in 0.00s
[INFO] [stdout] 
[INFO] [stdout] 
[INFO] [stdout] running 1 test
[INFO] [stdout] test test_object_whitespaces ... ok
[INFO] [stdout] 
[INFO] [stdout] test result: ok. 1 passed; 0 failed; 0 ignored; 0 measured; 0 filtered out; finished in 0.00s
[INFO] [stdout] 
[INFO] [stderr]      Running tests/convert.rs (/opt/rustwide/target/release/build/simple_json/7fe6d6372b6a1e93/out/convert-7fe6d6372b6a1e93)
[INFO] [stdout] 
[INFO] [stdout] running 12 tests
[INFO] [stdout] test json_to_bool ... ok
[INFO] [stdout] test json_to_null ... ok
[INFO] [stdout] test null_to_json ... ok
[INFO] [stdout] test json_to_array ... ok
[INFO] [stdout] test json_to_object ... ok
[INFO] [stdout] test json_to_string ... ok
[INFO] [stdout] test array_to_json ... ok
[INFO] [stdout] test string_to_json ... ok
[INFO] [stdout] test json_to_number ... ok
[INFO] [stdout] test bool_to_json ... ok
[INFO] [stderr]      Running tests/example.rs (/opt/rustwide/target/release/build/simple_json/3c6fc66b31d18485/out/example-3c6fc66b31d18485)
[INFO] [stdout] test number_to_json ... ok
[INFO] [stdout] test object_to_json ... ok
[INFO] [stdout] 
[INFO] [stdout] test result: ok. 12 passed; 0 failed; 0 ignored; 0 measured; 0 filtered out; finished in 0.00s
[INFO] [stdout] 
[INFO] [stdout] 
[INFO] [stdout] running 1 test
[INFO] [stdout] test test_example ... ok
[INFO] [stdout] 
[INFO] [stdout] test result: ok. 1 passed; 0 failed; 0 ignored; 0 measured; 0 filtered out; finished in 0.00s
[INFO] [stdout] 
[INFO] [stderr]      Running tests/to_string.rs (/opt/rustwide/target/release/build/simple_json/20e42ff3fab4cbf4/out/to_string-20e42ff3fab4cbf4)
[INFO] [stdout] 
[INFO] [stdout] running 7 tests
[INFO] [stdout] test array_to_string ... ok
[INFO] [stdout] test map_to_object ... ok
[INFO] [stdout] test null_to_string ... ok
[INFO] [stdout] test integer_to_string ... ok
[INFO] [stdout] test bool_to_string ... ok
[INFO] [stdout] test float_to_string ... FAILED
[INFO] [stdout] test string_to_string ... ok
[INFO] [stdout] 
[INFO] [stdout] failures:
[INFO] [stdout] 
[INFO] [stdout] ---- float_to_string stdout ----
[INFO] [stdout] 
[INFO] [stdout] thread 'float_to_string' (311) panicked at tests/to_string.rs:48:5:
[INFO] [stdout] assertion `left == right` failed
[INFO] [stdout]   left: "-0"
[INFO] [stdout]  right: "0"
[INFO] [stdout] stack backtrace:
[INFO] [stdout]    0:     0x58872bc87b81 - <<std[617be2ca0a6fd877]::sys::backtrace::BacktraceLock>::print::DisplayBacktrace as core[a373ad73a504971]::fmt::Display>::fmt
[INFO] [stdout]    1:     0x58872bc9c8fa - core[a373ad73a504971]::fmt::write
[INFO] [stdout]    2:     0x58872bc8bd9c - <alloc[2e1b2a31b91974c5]::vec::Vec<u8> as core[a373ad73a504971]::io::write::Write>::write_fmt
[INFO] [stdout]    3:     0x58872bc63fe6 - std[617be2ca0a6fd877]::panicking::default_hook::{closure#0}
[INFO] [stdout]    4:     0x58872bc80219 - std[617be2ca0a6fd877]::panicking::default_hook
[INFO] [stdout]    5:     0x58872bc16500 - test[aada8e7e76ba119b]::test_main_inner::{closure#0}
[INFO] [stdout]    6:     0x58872bc803d2 - std[617be2ca0a6fd877]::panicking::panic_with_hook
[INFO] [stdout]    7:     0x58872bc64092 - std[617be2ca0a6fd877]::panicking::panic_handler::{closure#0}
[INFO] [stdout]    8:     0x58872bc5cda9 - std[617be2ca0a6fd877]::sys::backtrace::__rust_end_short_backtrace::<std[617be2ca0a6fd877]::panicking::panic_handler::{closure#0}, !>
[INFO] [stdout]    9:     0x58872bc64c9d - __rustc[ea4f61d10b84890b]::rust_begin_unwind
[INFO] [stdout]   10:     0x58872bc9d02c - core[a373ad73a504971]::panicking::panic_fmt
[INFO] [stdout]   11:     0x58872bc9cf43 - core[a373ad73a504971]::panicking::assert_failed_inner
[INFO] [stdout]   12:     0x58872bc08e91 - core[a373ad73a504971]::panicking::assert_failed::<alloc[2e1b2a31b91974c5]::string::String, &str>
[INFO] [stdout]   13:     0x58872bc08099 - <to_string[13e858aaf5a13478]::float_to_string::{closure#0} as core[a373ad73a504971]::ops::function::FnOnce<()>>::call_once
[INFO] [stdout]   14:     0x58872bc0994b - test[aada8e7e76ba119b]::__rust_begin_short_backtrace::<core[a373ad73a504971]::result::Result<(), alloc[2e1b2a31b91974c5]::string::String>, fn() -> core[a373ad73a504971]::result::Result<(), alloc[2e1b2a31b91974c5]::string::String>>
[INFO] [stdout]   15:     0x58872bc16b25 - test[aada8e7e76ba119b]::run_test::{closure#0}
[INFO] [stdout]   16:     0x58872bc10414 - std[617be2ca0a6fd877]::sys::backtrace::__rust_begin_short_backtrace::<test[aada8e7e76ba119b]::run_test::{closure#1}, ()>
[INFO] [stdout]   17:     0x58872bc19bb2 - <std[617be2ca0a6fd877]::thread::lifecycle::spawn_unchecked<test[aada8e7e76ba119b]::run_test::{closure#1}, ()>::{closure#1} as core[a373ad73a504971]::ops::function::FnOnce<()>>::call_once::{shim:vtable#0}
[INFO] [stdout]   18:     0x58872bc873df - <std[617be2ca0a6fd877]::sys::thread::unix::Thread>::new::thread_start
[INFO] [stdout]   19:     0x7d946af32dfa - <unknown>
[INFO] [stdout]   20:     0x7d946afc63d4 - clone
[INFO] [stdout]   21:                0x0 - <unknown>
[INFO] [stdout] 
[INFO] [stdout] 
[INFO] [stdout] failures:
[INFO] [stdout]     float_to_string
[INFO] [stdout] 
[INFO] [stdout] test result: FAILED. 6 passed; 1 failed; 0 ignored; 0 measured; 0 filtered out; finished in 0.00s
[INFO] [stdout] 
[INFO] [stderr] error: test failed, to rerun pass `--test to_string`
[INFO] running `Command { std: "docker" "inspect" "831dbf214355da40caab69cba5a45e5eff369faf7c79afe8c5da79dfdfbc78eb", kill_on_drop: false }`
[INFO] running `Command { std: "docker" "rm" "-f" "831dbf214355da40caab69cba5a45e5eff369faf7c79afe8c5da79dfdfbc78eb", kill_on_drop: false }`
[INFO] [stdout] 831dbf214355da40caab69cba5a45e5eff369faf7c79afe8c5da79dfdfbc78eb
