[INFO] fetching crate simple_gpui_core 0.3.1...
[INFO] testing simple_gpui_core-0.3.1 against 1.99.0-beta.8+cargoflags=--release for beta-release-1.100-2
[INFO] extracting crate simple_gpui_core 0.3.1 into /workspace/builds/worker-2-tc1/source
[INFO] started tweaking crates.io crate simple_gpui_core 0.3.1
[INFO] removed 0 missing tests
[INFO] finished tweaking crates.io crate simple_gpui_core 0.3.1
[INFO] tweaked toml for crates.io crate simple_gpui_core 0.3.1 written to /workspace/builds/worker-2-tc1/source/Cargo.toml
[INFO] validating manifest of crates.io crate simple_gpui_core 0.3.1 on toolchain 1.99.0-beta.8
[INFO] running `Command { std: CARGO_HOME="/workspace/cargo-home" RUSTUP_HOME="/workspace/rustup-home" "/workspace/cargo-home/bin/cargo" "+1.99.0-beta.8" "metadata" "--manifest-path" "Cargo.toml" "--no-deps", kill_on_drop: false }`
[INFO] crate crates.io crate simple_gpui_core 0.3.1 already has a lockfile, it will not be regenerated
[INFO] running `Command { std: CARGO_HOME="/workspace/cargo-home" RUSTUP_HOME="/workspace/rustup-home" "/workspace/cargo-home/bin/cargo" "+1.99.0-beta.8" "fetch" "--manifest-path" "Cargo.toml", kill_on_drop: false }`
[INFO] [stderr]  Downloading crates ...
[INFO] [stderr]   Downloaded case v1.0.0
[INFO] [stderr]   Downloaded toml v1.0.3+spec-1.1.0
[INFO] running `Command { std: "docker" "create" "-v" "/var/lib/crater-agent-workspace/builds/worker-2-tc1/source:/opt/rustwide/workdir:ro,Z" "-v" "/var/lib/crater-agent-workspace/builds/worker-2-tc1/target:/opt/rustwide/target:rw,Z" "-v" "/var/lib/crater-agent-workspace/cargo-home:/opt/rustwide/cargo-home:ro,Z" "-v" "/var/lib/crater-agent-workspace/rustup-home:/opt/rustwide/rustup-home:ro,Z" "-m" "1610612736" "--network" "none" "ghcr.io/rust-lang/crates-build-env/linux@sha256:77db811e55d90add9212f6832c23229e3de5f1c1f9905e8cb07319ea15df73ac" "sleep" "infinity", kill_on_drop: false }`
[INFO] [stdout] 4d131e36366406aeb63b01502c3647bbae179beb4644a72cb36084231f5ddbc3
[INFO] running `Command { std: "docker" "start" "4d131e36366406aeb63b01502c3647bbae179beb4644a72cb36084231f5ddbc3", kill_on_drop: false }`
[INFO] running `Command { std: "docker" "inspect" "4d131e36366406aeb63b01502c3647bbae179beb4644a72cb36084231f5ddbc3", kill_on_drop: false }`
[INFO] running `Command { std: "docker" "exec" "-e" "SOURCE_DIR=/opt/rustwide/workdir" "-e" "CARGO_HOME=/opt/rustwide/cargo-home" "-e" "RUSTUP_HOME=/opt/rustwide/rustup-home" "-e" "CARGO_TARGET_DIR=/opt/rustwide/target" "-w" "/opt/rustwide/workdir" "--user" "0:0" "4d131e36366406aeb63b01502c3647bbae179beb4644a72cb36084231f5ddbc3" "/opt/rustwide/cargo-home/bin/cargo" "+1.99.0-beta.8" "metadata" "--no-deps" "--format-version=1", kill_on_drop: false }`
[INFO] running `Command { std: "docker" "inspect" "4d131e36366406aeb63b01502c3647bbae179beb4644a72cb36084231f5ddbc3", kill_on_drop: false }`
[INFO] running `Command { std: "docker" "exec" "-e" "SOURCE_DIR=/opt/rustwide/workdir" "-e" "CARGO_HOME=/opt/rustwide/cargo-home" "-e" "RUSTUP_HOME=/opt/rustwide/rustup-home" "-e" "CARGO_TARGET_DIR=/opt/rustwide/target" "-e" "CARGO_INCREMENTAL=0" "-e" "RUST_BACKTRACE=full" "-e" "RUSTFLAGS=--cap-lints=warn" "-e" "RUSTDOCFLAGS=--cap-lints=warn" "-w" "/opt/rustwide/workdir" "--user" "0:0" "4d131e36366406aeb63b01502c3647bbae179beb4644a72cb36084231f5ddbc3" "/opt/rustwide/cargo-home/bin/cargo" "+1.99.0-beta.8" "build" "--frozen" "--message-format=json" "--release", kill_on_drop: false }`
[INFO] [stderr]    Compiling case v1.0.0
[INFO] [stderr]    Compiling proc-macro2 v1.0.106
[INFO] [stderr]    Compiling quote v1.0.44
[INFO] [stderr]    Compiling syn v2.0.117
[INFO] [stderr]    Compiling simple_gpui_core v0.3.1 (/opt/rustwide/workdir)
[INFO] [stderr]     Finished `release` profile [optimized] target(s) in 7.24s
[INFO] running `Command { std: "docker" "inspect" "4d131e36366406aeb63b01502c3647bbae179beb4644a72cb36084231f5ddbc3", kill_on_drop: false }`
[INFO] running `Command { std: "docker" "exec" "-e" "SOURCE_DIR=/opt/rustwide/workdir" "-e" "CARGO_HOME=/opt/rustwide/cargo-home" "-e" "RUSTUP_HOME=/opt/rustwide/rustup-home" "-e" "CARGO_TARGET_DIR=/opt/rustwide/target" "-e" "CARGO_INCREMENTAL=0" "-e" "RUST_BACKTRACE=full" "-e" "RUSTFLAGS=--cap-lints=warn" "-e" "RUSTDOCFLAGS=--cap-lints=warn" "-w" "/opt/rustwide/workdir" "--user" "0:0" "4d131e36366406aeb63b01502c3647bbae179beb4644a72cb36084231f5ddbc3" "/opt/rustwide/cargo-home/bin/cargo" "+1.99.0-beta.8" "test" "--frozen" "--no-run" "--message-format=json" "--release", kill_on_drop: false }`
[INFO] [stderr]    Compiling serde_core v1.0.228
[INFO] [stderr]    Compiling target-triple v1.0.0
[INFO] [stderr]    Compiling zmij v1.0.21
[INFO] [stderr]    Compiling winnow v0.7.14
[INFO] [stderr]    Compiling serde_json v1.0.149
[INFO] [stderr]    Compiling itoa v1.0.17
[INFO] [stderr]    Compiling toml_writer v1.0.6+spec-1.1.0
[INFO] [stderr]    Compiling unicode-ident v1.0.20
[INFO] [stderr]    Compiling serde v1.0.228
[INFO] [stderr]    Compiling quote v1.0.44
[INFO] [stderr]    Compiling serde_derive v1.0.228
[INFO] [stderr]    Compiling serde_spanned v1.0.4
[INFO] [stderr]    Compiling toml_datetime v1.0.0+spec-1.1.0
[INFO] [stderr]    Compiling termcolor v1.4.1
[INFO] [stderr]    Compiling simple_gpui_core v0.3.1 (/opt/rustwide/workdir)
[INFO] [stderr]    Compiling proc-macro2 v1.0.106
[INFO] [stderr]    Compiling glob v0.3.3
[INFO] [stderr]    Compiling case v1.0.0
[INFO] [stderr]    Compiling syn v2.0.117
[INFO] [stderr]    Compiling toml_parser v1.0.9+spec-1.1.0
[INFO] [stderr]    Compiling toml v1.0.3+spec-1.1.0
[INFO] [stderr]    Compiling trybuild v1.0.116
[INFO] [stderr]     Finished `release` profile [optimized] target(s) in 31.81s
[INFO] running `Command { std: "docker" "inspect" "4d131e36366406aeb63b01502c3647bbae179beb4644a72cb36084231f5ddbc3", kill_on_drop: false }`
[INFO] running `Command { std: "docker" "exec" "-e" "SOURCE_DIR=/opt/rustwide/workdir" "-e" "CARGO_HOME=/opt/rustwide/cargo-home" "-e" "RUSTUP_HOME=/opt/rustwide/rustup-home" "-e" "CARGO_TARGET_DIR=/opt/rustwide/target" "-e" "CARGO_INCREMENTAL=0" "-e" "RUST_BACKTRACE=full" "-e" "RUSTFLAGS=--cap-lints=warn" "-e" "RUSTDOCFLAGS=--cap-lints=warn" "-w" "/opt/rustwide/workdir" "--user" "0:0" "4d131e36366406aeb63b01502c3647bbae179beb4644a72cb36084231f5ddbc3" "/opt/rustwide/cargo-home/bin/cargo" "+1.99.0-beta.8" "test" "--frozen" "--release", kill_on_drop: false }`
[INFO] [stderr]     Finished `release` profile [optimized] target(s) in 0.04s
[INFO] [stderr]      Running unittests src/lib.rs (/opt/rustwide/target/release/deps/simple_gpui_core-4e18a763941751ef)
[INFO] [stdout] 
[INFO] [stdout] running 0 tests
[INFO] [stderr]      Running tests/trybuild.rs (/opt/rustwide/target/release/deps/trybuild-2b42d49a26300209)
[INFO] [stdout] 
[INFO] [stdout] test result: ok. 0 passed; 0 failed; 0 ignored; 0 measured; 0 filtered out; finished in 0.00s
[INFO] [stdout] 
[INFO] [stdout] 
[INFO] [stdout] running 1 test
[INFO] [stderr]    Compiling proc-macro2 v1.0.106
[INFO] [stderr]    Compiling quote v1.0.44
[INFO] [stderr]    Compiling unicode-ident v1.0.20
[INFO] [stderr]    Compiling case v1.0.0
[INFO] [stderr]    Compiling syn v2.0.117
[INFO] [stderr]    Compiling simple_gpui_core v0.3.1 (/opt/rustwide/workdir)
[INFO] [stderr]    Compiling simple_gpui_core-tests v0.0.0 (/opt/rustwide/target/tests/trybuild/simple_gpui_core)
[INFO] [stderr]     Finished `dev` profile [unoptimized + debuginfo] target(s) in 8.19s
[INFO] [stderr] 
[INFO] [stderr] 
[INFO] [stderr] test tests/fail/duplicate_property_definition.rs [should fail to compile] ... ok
[INFO] [stderr] test tests/fail/manual_subscriptions_prefix_definition.rs [should fail to compile] ... ok
[INFO] [stderr] test tests/fail/stateless_observe.rs [should fail to compile] ... ok
[INFO] [stderr] test tests/fail/stateless_subscribe.rs [should fail to compile] ... mismatch
[INFO] [stderr] 
[INFO] [stderr] EXPECTED:
[INFO] [stderr] ┈┈┈┈┈┈┈┈┈┈┈┈┈┈┈┈┈┈┈┈┈┈┈┈┈┈┈┈┈┈┈┈┈┈┈┈┈┈┈┈┈┈┈┈┈┈┈┈┈┈┈┈┈┈┈┈┈┈┈┈
[INFO] [stderr] error: subscribe! is not supported in #[component_stateless]. Please migrate this component to #[component] and then use subscribe!.
[INFO] [stderr]  --> tests/fail/stateless_subscribe.rs:5:5
[INFO] [stderr]   |
[INFO] [stderr] 5 |     subscribe!(state, |_, _, _, _| {});
[INFO] [stderr]   |     ^^^^^^^^^^^^^^^^^^^^^^^^^^^^^^^^^^^
[INFO] [stderr] ┈┈┈┈┈┈┈┈┈┈┈┈┈┈┈┈┈┈┈┈┈┈┈┈┈┈┈┈┈┈┈┈┈┈┈┈┈┈┈┈┈┈┈┈┈┈┈┈┈┈┈┈┈┈┈┈┈┈┈┈
[INFO] [stderr] 
[INFO] [stderr] ACTUAL OUTPUT:
[INFO] [stderr] ┈┈┈┈┈┈┈┈┈┈┈┈┈┈┈┈┈┈┈┈┈┈┈┈┈┈┈┈┈┈┈┈┈┈┈┈┈┈┈┈┈┈┈┈┈┈┈┈┈┈┈┈┈┈┈┈┈┈┈┈
[INFO] [stderr] error: subscribe! is not supported in #[component_stateless]. Please migrate this component to #[component] and then use subscribe!.
[INFO] [stderr]  --> tests/fail/stateless_subscribe.rs:5:5
[INFO] [stderr]   |
[INFO] [stderr] 5 |     subscribe!(state, |_, _, _, _, _| {});
[INFO] [stderr]   |     ^^^^^^^^^^^^^^^^^^^^^^^^^^^^^^^^^^^^^^
[INFO] [stderr] ┈┈┈┈┈┈┈┈┈┈┈┈┈┈┈┈┈┈┈┈┈┈┈┈┈┈┈┈┈┈┈┈┈┈┈┈┈┈┈┈┈┈┈┈┈┈┈┈┈┈┈┈┈┈┈┈┈┈┈┈
[INFO] [stderr] note: If the actual output is the correct output you can bless it by rerunning
[INFO] [stderr]       your test with the environment variable TRYBUILD=overwrite
[INFO] [stderr] 
[INFO] [stderr] test tests/success/component_minimal.rs [should pass] ... ok
[INFO] [stderr] test tests/success/component_with_property.rs [should pass] ... ok
[INFO] [stderr] test tests/success/component_with_required_property.rs [should pass] ... ok
[INFO] [stderr] 
[INFO] [stderr] 
[INFO] [stdout] test component_macro_compile_guards ... FAILED
[INFO] [stderr] error: test failed, to rerun pass `--test trybuild`
[INFO] [stdout] 
[INFO] [stdout] failures:
[INFO] [stdout] 
[INFO] [stdout] ---- component_macro_compile_guards stdout ----
[INFO] [stdout] 
[INFO] [stdout] thread 'component_macro_compile_guards' (761) panicked at /opt/rustwide/cargo-home/registry/src/index.crates.io-1949cf8c6b5b557f/trybuild-1.0.116/src/run.rs:102:13:
[INFO] [stdout] 1 of 7 tests failed
[INFO] [stdout] stack backtrace:
[INFO] [stdout]    0:     0x59b75bce5da1 - <<std[70759c8f55707aa4]::sys::backtrace::BacktraceLock>::print::DisplayBacktrace as core[df12db4294e9bfd3]::fmt::Display>::fmt
[INFO] [stdout]    1:     0x59b75bcfc42a - core[df12db4294e9bfd3]::fmt::write
[INFO] [stdout]    2:     0x59b75bcea86c - <alloc[2182bb758b4b3781]::vec::Vec<u8> as core[df12db4294e9bfd3]::io::write::Write>::write_fmt
[INFO] [stdout]    3:     0x59b75bcbf286 - std[70759c8f55707aa4]::panicking::default_hook::{closure#0}
[INFO] [stdout]    4:     0x59b75bcdd419 - std[70759c8f55707aa4]::panicking::default_hook
[INFO] [stdout]    5:     0x59b75bc766f0 - test[9d35eded1c95d3be]::test_main_inner::<test[9d35eded1c95d3be]::test_main_static::{closure#0}>::{closure#0}
[INFO] [stdout]    6:     0x59b75bcdd5d2 - std[70759c8f55707aa4]::panicking::panic_with_hook
[INFO] [stdout]    7:     0x59b75bcbf332 - std[70759c8f55707aa4]::panicking::panic_handler::{closure#0}
[INFO] [stdout]    8:     0x59b75bcb7bf9 - std[70759c8f55707aa4]::sys::backtrace::__rust_end_short_backtrace::<std[70759c8f55707aa4]::panicking::panic_handler::{closure#0}, !>
[INFO] [stdout]    9:     0x59b75bcbff2d - __rustc[8fa7c3cbc660c2b3]::rust_begin_unwind
[INFO] [stdout]   10:     0x59b75bcfcb9c - core[df12db4294e9bfd3]::panicking::panic_fmt
[INFO] [stdout]   11:     0x59b75bbc6418 - <trybuild[bde5b027e1560f0a]::Runner>::run
[INFO] [stdout]   12:     0x59b75bbc9f20 - <trybuild[bde5b027e1560f0a]::TestCases as core[df12db4294e9bfd3]::ops::drop::Drop>::drop
[INFO] [stdout]   13:     0x59b75bbc0f46 - trybuild[e12a2fabafc2881d]::component_macro_compile_guards
[INFO] [stdout]   14:     0x59b75bbc1179 - <trybuild[e12a2fabafc2881d]::component_macro_compile_guards::{closure#0} as core[df12db4294e9bfd3]::ops::function::FnOnce<()>>::call_once
[INFO] [stdout]   15:     0x59b75bc699db - test[9d35eded1c95d3be]::__rust_begin_short_backtrace::<core[df12db4294e9bfd3]::result::Result<(), alloc[2182bb758b4b3781]::string::String>, fn() -> core[df12db4294e9bfd3]::result::Result<(), alloc[2182bb758b4b3781]::string::String>>
[INFO] [stdout]   16:     0x59b75bc77045 - test[9d35eded1c95d3be]::run_test::{closure#0}
[INFO] [stdout]   17:     0x59b75bc70904 - std[70759c8f55707aa4]::sys::backtrace::__rust_begin_short_backtrace::<test[9d35eded1c95d3be]::run_test::{closure#1}, ()>
[INFO] [stdout]   18:     0x59b75bc7a1a2 - <std[70759c8f55707aa4]::thread::lifecycle::spawn_unchecked<test[9d35eded1c95d3be]::run_test::{closure#1}, ()>::{closure#1} as core[df12db4294e9bfd3]::ops::function::FnOnce<()>>::call_once::{shim:vtable#0}
[INFO] [stdout]   19:     0x59b75bce5059 - <std[70759c8f55707aa4]::sys::thread::unix::Thread>::new::thread_start
[INFO] [stdout]   20:     0x752592450dfa - <unknown>
[INFO] [stdout]   21:     0x7525924e43d4 - clone
[INFO] [stdout]   22:                0x0 - <unknown>
[INFO] [stdout] 
[INFO] [stdout] 
[INFO] [stdout] failures:
[INFO] [stdout]     component_macro_compile_guards
[INFO] [stdout] 
[INFO] [stdout] test result: FAILED. 0 passed; 1 failed; 0 ignored; 0 measured; 0 filtered out; finished in 14.73s
[INFO] [stdout] 
[INFO] running `Command { std: "docker" "inspect" "4d131e36366406aeb63b01502c3647bbae179beb4644a72cb36084231f5ddbc3", kill_on_drop: false }`
[INFO] running `Command { std: "docker" "rm" "-f" "4d131e36366406aeb63b01502c3647bbae179beb4644a72cb36084231f5ddbc3", kill_on_drop: false }`
[INFO] [stdout] 4d131e36366406aeb63b01502c3647bbae179beb4644a72cb36084231f5ddbc3
