[INFO] fetching crate simple_discord_snowflake 0.1.0...
[INFO] testing simple_discord_snowflake-0.1.0 against 1.99.0-beta.8+cargoflags=--release for beta-release-1.100-2
[INFO] extracting crate simple_discord_snowflake 0.1.0 into /workspace/builds/worker-1-tc1/source
[INFO] started tweaking crates.io crate simple_discord_snowflake 0.1.0
[INFO] finished tweaking crates.io crate simple_discord_snowflake 0.1.0
[INFO] tweaked toml for crates.io crate simple_discord_snowflake 0.1.0 written to /workspace/builds/worker-1-tc1/source/Cargo.toml
[INFO] validating manifest of crates.io crate simple_discord_snowflake 0.1.0 on toolchain 1.99.0-beta.8
[INFO] running `Command { std: CARGO_HOME="/workspace/cargo-home" RUSTUP_HOME="/workspace/rustup-home" "/workspace/cargo-home/bin/cargo" "+1.99.0-beta.8" "metadata" "--manifest-path" "Cargo.toml" "--no-deps", kill_on_drop: false }`
[INFO] crate crates.io crate simple_discord_snowflake 0.1.0 already has a lockfile, it will not be regenerated
[INFO] running `Command { std: CARGO_HOME="/workspace/cargo-home" RUSTUP_HOME="/workspace/rustup-home" "/workspace/cargo-home/bin/cargo" "+1.99.0-beta.8" "fetch" "--manifest-path" "Cargo.toml", kill_on_drop: false }`
[INFO] running `Command { std: "docker" "create" "-v" "/var/lib/crater-agent-workspace/builds/worker-1-tc1/source:/opt/rustwide/workdir:ro,Z" "-v" "/var/lib/crater-agent-workspace/builds/worker-1-tc1/target:/opt/rustwide/target:rw,Z" "-v" "/var/lib/crater-agent-workspace/cargo-home:/opt/rustwide/cargo-home:ro,Z" "-v" "/var/lib/crater-agent-workspace/rustup-home:/opt/rustwide/rustup-home:ro,Z" "-m" "1610612736" "--network" "none" "ghcr.io/rust-lang/crates-build-env/linux@sha256:77db811e55d90add9212f6832c23229e3de5f1c1f9905e8cb07319ea15df73ac" "sleep" "infinity", kill_on_drop: false }`
[INFO] [stdout] 4685f0f6eb6fc4eafe824fa01c3bfbd34c7efc21671402f1604136a899d2ac7a
[INFO] running `Command { std: "docker" "start" "4685f0f6eb6fc4eafe824fa01c3bfbd34c7efc21671402f1604136a899d2ac7a", kill_on_drop: false }`
[INFO] running `Command { std: "docker" "inspect" "4685f0f6eb6fc4eafe824fa01c3bfbd34c7efc21671402f1604136a899d2ac7a", kill_on_drop: false }`
[INFO] running `Command { std: "docker" "exec" "-e" "SOURCE_DIR=/opt/rustwide/workdir" "-e" "CARGO_HOME=/opt/rustwide/cargo-home" "-e" "RUSTUP_HOME=/opt/rustwide/rustup-home" "-e" "CARGO_TARGET_DIR=/opt/rustwide/target" "-w" "/opt/rustwide/workdir" "--user" "0:0" "4685f0f6eb6fc4eafe824fa01c3bfbd34c7efc21671402f1604136a899d2ac7a" "/opt/rustwide/cargo-home/bin/cargo" "+1.99.0-beta.8" "metadata" "--no-deps" "--format-version=1", kill_on_drop: false }`
[INFO] running `Command { std: "docker" "inspect" "4685f0f6eb6fc4eafe824fa01c3bfbd34c7efc21671402f1604136a899d2ac7a", kill_on_drop: false }`
[INFO] running `Command { std: "docker" "exec" "-e" "SOURCE_DIR=/opt/rustwide/workdir" "-e" "CARGO_HOME=/opt/rustwide/cargo-home" "-e" "RUSTUP_HOME=/opt/rustwide/rustup-home" "-e" "CARGO_TARGET_DIR=/opt/rustwide/target" "-e" "CARGO_INCREMENTAL=0" "-e" "RUST_BACKTRACE=full" "-e" "RUSTFLAGS=--cap-lints=warn" "-e" "RUSTDOCFLAGS=--cap-lints=warn" "-w" "/opt/rustwide/workdir" "--user" "0:0" "4685f0f6eb6fc4eafe824fa01c3bfbd34c7efc21671402f1604136a899d2ac7a" "/opt/rustwide/cargo-home/bin/cargo" "+1.99.0-beta.8" "build" "--frozen" "--message-format=json" "--release", kill_on_drop: false }`
[INFO] [stderr]    Compiling simple_discord_snowflake v0.1.0 (/opt/rustwide/workdir)
[INFO] [stderr]     Finished `release` profile [optimized] target(s) in 0.26s
[INFO] running `Command { std: "docker" "inspect" "4685f0f6eb6fc4eafe824fa01c3bfbd34c7efc21671402f1604136a899d2ac7a", kill_on_drop: false }`
[INFO] running `Command { std: "docker" "exec" "-e" "SOURCE_DIR=/opt/rustwide/workdir" "-e" "CARGO_HOME=/opt/rustwide/cargo-home" "-e" "RUSTUP_HOME=/opt/rustwide/rustup-home" "-e" "CARGO_TARGET_DIR=/opt/rustwide/target" "-e" "CARGO_INCREMENTAL=0" "-e" "RUST_BACKTRACE=full" "-e" "RUSTFLAGS=--cap-lints=warn" "-e" "RUSTDOCFLAGS=--cap-lints=warn" "-w" "/opt/rustwide/workdir" "--user" "0:0" "4685f0f6eb6fc4eafe824fa01c3bfbd34c7efc21671402f1604136a899d2ac7a" "/opt/rustwide/cargo-home/bin/cargo" "+1.99.0-beta.8" "test" "--frozen" "--no-run" "--message-format=json" "--release", kill_on_drop: false }`
[INFO] [stderr]    Compiling serde_json v1.0.151
[INFO] [stderr]    Compiling simple_discord_snowflake v0.1.0 (/opt/rustwide/workdir)
[INFO] [stderr]     Finished `release` profile [optimized] target(s) in 3.60s
[INFO] running `Command { std: "docker" "inspect" "4685f0f6eb6fc4eafe824fa01c3bfbd34c7efc21671402f1604136a899d2ac7a", kill_on_drop: false }`
[INFO] running `Command { std: "docker" "exec" "-e" "SOURCE_DIR=/opt/rustwide/workdir" "-e" "CARGO_HOME=/opt/rustwide/cargo-home" "-e" "RUSTUP_HOME=/opt/rustwide/rustup-home" "-e" "CARGO_TARGET_DIR=/opt/rustwide/target" "-e" "CARGO_INCREMENTAL=0" "-e" "RUST_BACKTRACE=full" "-e" "RUSTFLAGS=--cap-lints=warn" "-e" "RUSTDOCFLAGS=--cap-lints=warn" "-w" "/opt/rustwide/workdir" "--user" "0:0" "4685f0f6eb6fc4eafe824fa01c3bfbd34c7efc21671402f1604136a899d2ac7a" "/opt/rustwide/cargo-home/bin/cargo" "+1.99.0-beta.8" "test" "--frozen" "--release", kill_on_drop: false }`
[INFO] [stderr]     Finished `release` profile [optimized] target(s) in 0.02s
[INFO] [stderr]      Running unittests src/lib.rs (/opt/rustwide/target/release/deps/simple_discord_snowflake-44e2ab8cc5f309e8)
[INFO] [stdout] 
[INFO] [stdout] running 6 tests
[INFO] [stdout] test tests::try_from_accepts_bounds ... ok
[INFO] [stdout] test tests::serde_round_trips_integer ... ok
[INFO] [stdout] test tests::try_from_rejects_values_outside_bounds ... ok
[INFO] [stdout] test tests::parses_checked_string ... ok
[INFO] [stdout] test tests::serde_accepts_string_and_checks_bounds ... ok
[INFO] [stdout] test tests::decodes_timestamp ... ok
[INFO] [stdout] 
[INFO] [stdout] test result: ok. 6 passed; 0 failed; 0 ignored; 0 measured; 0 filtered out; finished in 0.00s
[INFO] [stdout] 
[INFO] [stderr]    Doc-tests simple_discord_snowflake
[INFO] [stdout] 
[INFO] [stdout] running 2 tests
[INFO] [stdout] test src/../README.md - (line 20) ... FAILED
[INFO] [stdout] test src/../README.md - (line 7) ... FAILED
[INFO] [stdout] 
[INFO] [stdout] failures:
[INFO] [stdout] 
[INFO] [stdout] ---- src/../README.md - (line 20) stdout ----
[INFO] [stdout] error[E0432]: unresolved import `discord_snowflake`
[INFO] [stdout]   --> src/../README.md:21:5
[INFO] [stdout]    |
[INFO] [stdout] 21 | use discord_snowflake::Snowflake;
[INFO] [stdout]    |     ^^^^^^^^^^^^^^^^^ use of unresolved module or unlinked crate `discord_snowflake`
[INFO] [stdout]    |
[INFO] [stdout]    = help: if you wanted to use a crate named `discord_snowflake`, use `cargo add discord_snowflake` to add it to your `Cargo.toml`
[INFO] [stdout] 
[INFO] [stdout] error: aborting due to 1 previous error
[INFO] [stdout] 
[INFO] [stdout] For more information about this error, try `rustc --explain E0432`.
[INFO] [stdout] Couldn't compile the test.
[INFO] [stdout] ---- src/../README.md - (line 7) stdout ----
[INFO] [stdout] error[E0432]: unresolved import `discord_snowflake`
[INFO] [stdout]  --> src/../README.md:8:5
[INFO] [stdout]   |
[INFO] [stdout] 8 | use discord_snowflake::Snowflake;
[INFO] [stdout]   |     ^^^^^^^^^^^^^^^^^ use of unresolved module or unlinked crate `discord_snowflake`
[INFO] [stdout]   |
[INFO] [stdout]   = help: if you wanted to use a crate named `discord_snowflake`, use `cargo add discord_snowflake` to add it to your `Cargo.toml`
[INFO] [stdout] 
[INFO] [stdout] error[E0433]: cannot find module or crate `discord_snowflake` in this scope
[INFO] [stdout]   --> src/../README.md:14:10
[INFO] [stdout]    |
[INFO] [stdout] 14 | Ok::<(), discord_snowflake::SnowflakeError>(())
[INFO] [stdout]    |          ^^^^^^^^^^^^^^^^^ use of unresolved module or unlinked crate `discord_snowflake`
[INFO] [stdout]    |
[INFO] [stdout]    = help: if you wanted to use a crate named `discord_snowflake`, use `cargo add discord_snowflake` to add it to your `Cargo.toml`
[INFO] [stdout] 
[INFO] [stdout] error: aborting due to 2 previous errors
[INFO] [stdout] 
[INFO] [stdout] Some errors have detailed explanations: E0432, E0433.
[INFO] [stdout] For more information about an error, try `rustc --explain E0432`.
[INFO] [stdout] Couldn't compile the test.
[INFO] [stdout] 
[INFO] [stdout] failures:
[INFO] [stdout]     src/../README.md - (line 20)
[INFO] [stdout]     src/../README.md - (line 7)
[INFO] [stdout] 
[INFO] [stdout] test result: FAILED. 0 passed; 2 failed; 0 ignored; 0 measured; 0 filtered out; finished in 0.17s
[INFO] [stdout] 
[INFO] [stdout] all doctests ran in 0.29s; merged doctests compilation took 0.13s
[INFO] [stderr] error: doctest failed, to rerun pass `--doc`
[INFO] running `Command { std: "docker" "inspect" "4685f0f6eb6fc4eafe824fa01c3bfbd34c7efc21671402f1604136a899d2ac7a", kill_on_drop: false }`
[INFO] running `Command { std: "docker" "rm" "-f" "4685f0f6eb6fc4eafe824fa01c3bfbd34c7efc21671402f1604136a899d2ac7a", kill_on_drop: false }`
[INFO] [stdout] 4685f0f6eb6fc4eafe824fa01c3bfbd34c7efc21671402f1604136a899d2ac7a
