[INFO] fetching crate simple-ntp 0.1.1...
[INFO] testing simple-ntp-0.1.1 against 1.100.0-beta.1+cargoflags=--release for beta-release-1.100-2
[INFO] extracting crate simple-ntp 0.1.1 into /workspace/builds/worker-6-tc2/source
[INFO] started tweaking crates.io crate simple-ntp 0.1.1
[INFO] finished tweaking crates.io crate simple-ntp 0.1.1
[INFO] tweaked toml for crates.io crate simple-ntp 0.1.1 written to /workspace/builds/worker-6-tc2/source/Cargo.toml
[INFO] validating manifest of crates.io crate simple-ntp 0.1.1 on toolchain 1.100.0-beta.1
[INFO] running `Command { std: CARGO_HOME="/workspace/cargo-home" RUSTUP_HOME="/workspace/rustup-home" "/workspace/cargo-home/bin/cargo" "+1.100.0-beta.1" "metadata" "--manifest-path" "Cargo.toml" "--no-deps", kill_on_drop: false }`
[INFO] running `Command { std: CARGO_HOME="/workspace/cargo-home" RUSTUP_HOME="/workspace/rustup-home" "/workspace/cargo-home/bin/cargo" "+1.100.0-beta.1" "generate-lockfile" "--manifest-path" "Cargo.toml", kill_on_drop: false }`
[INFO] running `Command { std: CARGO_HOME="/workspace/cargo-home" RUSTUP_HOME="/workspace/rustup-home" "/workspace/cargo-home/bin/cargo" "+1.100.0-beta.1" "fetch" "--manifest-path" "Cargo.toml", kill_on_drop: false }`
[INFO] running `Command { std: "docker" "create" "-v" "/var/lib/crater-agent-workspace/builds/worker-6-tc2/source:/opt/rustwide/workdir:ro,Z" "-v" "/var/lib/crater-agent-workspace/builds/worker-6-tc2/target:/opt/rustwide/target:rw,Z" "-v" "/var/lib/crater-agent-workspace/cargo-home:/opt/rustwide/cargo-home:ro,Z" "-v" "/var/lib/crater-agent-workspace/rustup-home:/opt/rustwide/rustup-home:ro,Z" "-m" "1610612736" "--network" "none" "ghcr.io/rust-lang/crates-build-env/linux@sha256:77db811e55d90add9212f6832c23229e3de5f1c1f9905e8cb07319ea15df73ac" "sleep" "infinity", kill_on_drop: false }`
[INFO] [stdout] 5918c61a440625e18b31b0ff1421053287dd1ecb55d0f1fd88bbebffe0eeb3a4
[INFO] running `Command { std: "docker" "start" "5918c61a440625e18b31b0ff1421053287dd1ecb55d0f1fd88bbebffe0eeb3a4", kill_on_drop: false }`
[INFO] running `Command { std: "docker" "inspect" "5918c61a440625e18b31b0ff1421053287dd1ecb55d0f1fd88bbebffe0eeb3a4", kill_on_drop: false }`
[INFO] running `Command { std: "docker" "exec" "-e" "SOURCE_DIR=/opt/rustwide/workdir" "-e" "CARGO_HOME=/opt/rustwide/cargo-home" "-e" "RUSTUP_HOME=/opt/rustwide/rustup-home" "-e" "CARGO_TARGET_DIR=/opt/rustwide/target" "-w" "/opt/rustwide/workdir" "--user" "0:0" "5918c61a440625e18b31b0ff1421053287dd1ecb55d0f1fd88bbebffe0eeb3a4" "/opt/rustwide/cargo-home/bin/cargo" "+1.100.0-beta.1" "metadata" "--no-deps" "--format-version=1", kill_on_drop: false }`
[INFO] running `Command { std: "docker" "inspect" "5918c61a440625e18b31b0ff1421053287dd1ecb55d0f1fd88bbebffe0eeb3a4", kill_on_drop: false }`
[INFO] running `Command { std: "docker" "exec" "-e" "SOURCE_DIR=/opt/rustwide/workdir" "-e" "CARGO_HOME=/opt/rustwide/cargo-home" "-e" "RUSTUP_HOME=/opt/rustwide/rustup-home" "-e" "CARGO_TARGET_DIR=/opt/rustwide/target" "-e" "CARGO_INCREMENTAL=0" "-e" "RUST_BACKTRACE=full" "-e" "RUSTFLAGS=--cap-lints=warn" "-e" "RUSTDOCFLAGS=--cap-lints=warn" "-w" "/opt/rustwide/workdir" "--user" "0:0" "5918c61a440625e18b31b0ff1421053287dd1ecb55d0f1fd88bbebffe0eeb3a4" "/opt/rustwide/cargo-home/bin/cargo" "+1.100.0-beta.1" "build" "--frozen" "--message-format=json" "--release", kill_on_drop: false }`
[INFO] [stderr]    Compiling simple-ntp v0.1.1 (/opt/rustwide/workdir)
[INFO] [stderr]     Finished `release` profile [optimized] target(s) in 0.38s
[INFO] running `Command { std: "docker" "inspect" "5918c61a440625e18b31b0ff1421053287dd1ecb55d0f1fd88bbebffe0eeb3a4", kill_on_drop: false }`
[INFO] running `Command { std: "docker" "exec" "-e" "SOURCE_DIR=/opt/rustwide/workdir" "-e" "CARGO_HOME=/opt/rustwide/cargo-home" "-e" "RUSTUP_HOME=/opt/rustwide/rustup-home" "-e" "CARGO_TARGET_DIR=/opt/rustwide/target" "-e" "CARGO_INCREMENTAL=0" "-e" "RUST_BACKTRACE=full" "-e" "RUSTFLAGS=--cap-lints=warn" "-e" "RUSTDOCFLAGS=--cap-lints=warn" "-w" "/opt/rustwide/workdir" "--user" "0:0" "5918c61a440625e18b31b0ff1421053287dd1ecb55d0f1fd88bbebffe0eeb3a4" "/opt/rustwide/cargo-home/bin/cargo" "+1.100.0-beta.1" "test" "--frozen" "--no-run" "--message-format=json" "--release", kill_on_drop: false }`
[INFO] [stderr]    Compiling simple-ntp v0.1.1 (/opt/rustwide/workdir)
[INFO] [stderr]     Finished `release` profile [optimized] target(s) in 0.50s
[INFO] running `Command { std: "docker" "inspect" "5918c61a440625e18b31b0ff1421053287dd1ecb55d0f1fd88bbebffe0eeb3a4", kill_on_drop: false }`
[INFO] running `Command { std: "docker" "exec" "-e" "SOURCE_DIR=/opt/rustwide/workdir" "-e" "CARGO_HOME=/opt/rustwide/cargo-home" "-e" "RUSTUP_HOME=/opt/rustwide/rustup-home" "-e" "CARGO_TARGET_DIR=/opt/rustwide/target" "-e" "CARGO_INCREMENTAL=0" "-e" "RUST_BACKTRACE=full" "-e" "RUSTFLAGS=--cap-lints=warn" "-e" "RUSTDOCFLAGS=--cap-lints=warn" "-w" "/opt/rustwide/workdir" "--user" "0:0" "5918c61a440625e18b31b0ff1421053287dd1ecb55d0f1fd88bbebffe0eeb3a4" "/opt/rustwide/cargo-home/bin/cargo" "+1.100.0-beta.1" "test" "--frozen" "--release", kill_on_drop: false }`
[INFO] [stderr]     Finished `release` profile [optimized] target(s) in 0.01s
[INFO] [stderr]      Running unittests src/lib.rs (/opt/rustwide/target/release/build/simple-ntp/4827d1838c0acc72/out/simple_ntp-4827d1838c0acc72)
[INFO] [stdout] 
[INFO] [stdout] running 3 tests
[INFO] [stdout] test sntp::tests::test_ntp ... ok
[INFO] [stdout] test sntp::tests::test_timestamp ... ok
[INFO] [stdout] test sntp::tests::test_delta ... ok
[INFO] [stdout] 
[INFO] [stdout] test result: ok. 3 passed; 0 failed; 0 ignored; 0 measured; 0 filtered out; finished in 0.01s
[INFO] [stdout] 
[INFO] [stderr]    Doc-tests simple_ntp
[INFO] [stdout] 
[INFO] [stdout] running 2 tests
[INFO] [stdout] test src/sntp.rs - sntp::unix_timestamp (line 25) ... FAILED
[INFO] [stdout] test src/sntp.rs - sntp::clock_offset_nanos (line 46) ... ok
[INFO] [stdout] 
[INFO] [stdout] failures:
[INFO] [stdout] 
[INFO] [stdout] ---- src/sntp.rs - sntp::unix_timestamp (line 25) stdout ----
[INFO] [stdout] error[E0425]: cannot find function `unix_timestamp` in this scope
[INFO] [stdout]   --> src/sntp.rs:30:11
[INFO] [stdout]    |
[INFO] [stdout] 30 |     match unix_timestamp("ntp.aliyun.com:123") {
[INFO] [stdout]    |           ^^^^^^^^^^^^^^ not found in this scope
[INFO] [stdout] 
[INFO] [stdout] error: aborting due to 1 previous error
[INFO] [stdout] 
[INFO] [stdout] For more information about this error, try `rustc --explain E0425`.
[INFO] [stdout] Couldn't compile the test.
[INFO] [stdout] 
[INFO] [stdout] failures:
[INFO] [stdout]     src/sntp.rs - sntp::unix_timestamp (line 25)
[INFO] [stdout] 
[INFO] [stdout] test result: FAILED. 1 passed; 1 failed; 0 ignored; 0 measured; 0 filtered out; finished in 0.22s
[INFO] [stdout] 
[INFO] [stderr] error: doctest failed, to rerun pass `--doc`
[INFO] running `Command { std: "docker" "inspect" "5918c61a440625e18b31b0ff1421053287dd1ecb55d0f1fd88bbebffe0eeb3a4", kill_on_drop: false }`
[INFO] running `Command { std: "docker" "rm" "-f" "5918c61a440625e18b31b0ff1421053287dd1ecb55d0f1fd88bbebffe0eeb3a4", kill_on_drop: false }`
[INFO] [stdout] 5918c61a440625e18b31b0ff1421053287dd1ecb55d0f1fd88bbebffe0eeb3a4
