[INFO] fetching crate simple-mdns 0.7.0...
[INFO] testing simple-mdns-0.7.0 against 1.100.0-beta.1+cargoflags=--release for beta-release-1.100-2
[INFO] extracting crate simple-mdns 0.7.0 into /workspace/builds/worker-2-tc2/source
[INFO] started tweaking crates.io crate simple-mdns 0.7.0
[INFO] removed 0 missing examples
[INFO] removed 0 missing tests
[INFO] finished tweaking crates.io crate simple-mdns 0.7.0
[INFO] tweaked toml for crates.io crate simple-mdns 0.7.0 written to /workspace/builds/worker-2-tc2/source/Cargo.toml
[INFO] validating manifest of crates.io crate simple-mdns 0.7.0 on toolchain 1.100.0-beta.1
[INFO] running `Command { std: CARGO_HOME="/workspace/cargo-home" RUSTUP_HOME="/workspace/rustup-home" "/workspace/cargo-home/bin/cargo" "+1.100.0-beta.1" "metadata" "--manifest-path" "Cargo.toml" "--no-deps", kill_on_drop: false }`
[INFO] crate crates.io crate simple-mdns 0.7.0 already has a lockfile, it will not be regenerated
[INFO] running `Command { std: CARGO_HOME="/workspace/cargo-home" RUSTUP_HOME="/workspace/rustup-home" "/workspace/cargo-home/bin/cargo" "+1.100.0-beta.1" "fetch" "--manifest-path" "Cargo.toml", kill_on_drop: false }`
[INFO] running `Command { std: "docker" "create" "-v" "/var/lib/crater-agent-workspace/builds/worker-2-tc2/source:/opt/rustwide/workdir:ro,Z" "-v" "/var/lib/crater-agent-workspace/builds/worker-2-tc2/target:/opt/rustwide/target:rw,Z" "-v" "/var/lib/crater-agent-workspace/cargo-home:/opt/rustwide/cargo-home:ro,Z" "-v" "/var/lib/crater-agent-workspace/rustup-home:/opt/rustwide/rustup-home:ro,Z" "-m" "1610612736" "--network" "none" "ghcr.io/rust-lang/crates-build-env/linux@sha256:77db811e55d90add9212f6832c23229e3de5f1c1f9905e8cb07319ea15df73ac" "sleep" "infinity", kill_on_drop: false }`
[INFO] [stdout] 08d08ff9353a89a4fef8a08a9eec81ca9d3f88c74c4a38d85e8767c898f5a123
[INFO] running `Command { std: "docker" "start" "08d08ff9353a89a4fef8a08a9eec81ca9d3f88c74c4a38d85e8767c898f5a123", kill_on_drop: false }`
[INFO] running `Command { std: "docker" "inspect" "08d08ff9353a89a4fef8a08a9eec81ca9d3f88c74c4a38d85e8767c898f5a123", kill_on_drop: false }`
[INFO] running `Command { std: "docker" "exec" "-e" "SOURCE_DIR=/opt/rustwide/workdir" "-e" "CARGO_HOME=/opt/rustwide/cargo-home" "-e" "RUSTUP_HOME=/opt/rustwide/rustup-home" "-e" "CARGO_TARGET_DIR=/opt/rustwide/target" "-w" "/opt/rustwide/workdir" "--user" "0:0" "08d08ff9353a89a4fef8a08a9eec81ca9d3f88c74c4a38d85e8767c898f5a123" "/opt/rustwide/cargo-home/bin/cargo" "+1.100.0-beta.1" "metadata" "--no-deps" "--format-version=1", kill_on_drop: false }`
[INFO] running `Command { std: "docker" "inspect" "08d08ff9353a89a4fef8a08a9eec81ca9d3f88c74c4a38d85e8767c898f5a123", kill_on_drop: false }`
[INFO] running `Command { std: "docker" "exec" "-e" "SOURCE_DIR=/opt/rustwide/workdir" "-e" "CARGO_HOME=/opt/rustwide/cargo-home" "-e" "RUSTUP_HOME=/opt/rustwide/rustup-home" "-e" "CARGO_TARGET_DIR=/opt/rustwide/target" "-e" "CARGO_INCREMENTAL=0" "-e" "RUST_BACKTRACE=full" "-e" "RUSTFLAGS=--cap-lints=warn" "-e" "RUSTDOCFLAGS=--cap-lints=warn" "-w" "/opt/rustwide/workdir" "--user" "0:0" "08d08ff9353a89a4fef8a08a9eec81ca9d3f88c74c4a38d85e8767c898f5a123" "/opt/rustwide/cargo-home/bin/cargo" "+1.100.0-beta.1" "build" "--frozen" "--message-format=json" "--release", kill_on_drop: false }`
[INFO] [stderr]    Compiling smallvec v1.15.1
[INFO] [stderr]    Compiling endian-type v0.2.0
[INFO] [stderr]    Compiling bitflags v2.11.1
[INFO] [stderr]    Compiling socket2 v0.6.3
[INFO] [stderr]    Compiling nibble_vec v0.1.0
[INFO] [stderr]    Compiling simple-dns v0.11.3
[INFO] [stderr]    Compiling radix_trie v0.3.0
[INFO] [stderr]    Compiling simple-mdns v0.7.0 (/opt/rustwide/workdir)
[INFO] [stderr] warning: unused dependency `log`
[INFO] [stderr]  --> Cargo.toml:1:15
[INFO] [stderr]   |
[INFO] [stderr] 1 | [dependencies.log]
[INFO] [stderr]   |               ^^^^
[INFO] [stderr]   |
[INFO] [stderr]   = note: `cargo::unused_dependencies` is set to `warn` by default
[INFO] [stderr] help: consider removing the dependency on `log`
[INFO] [stderr] warning: `simple-mdns` (manifest) generated 1 warning
[INFO] [stderr]     Finished `release` profile [optimized] target(s) in 4.48s
[INFO] running `Command { std: "docker" "inspect" "08d08ff9353a89a4fef8a08a9eec81ca9d3f88c74c4a38d85e8767c898f5a123", kill_on_drop: false }`
[INFO] running `Command { std: "docker" "exec" "-e" "SOURCE_DIR=/opt/rustwide/workdir" "-e" "CARGO_HOME=/opt/rustwide/cargo-home" "-e" "RUSTUP_HOME=/opt/rustwide/rustup-home" "-e" "CARGO_TARGET_DIR=/opt/rustwide/target" "-e" "CARGO_INCREMENTAL=0" "-e" "RUST_BACKTRACE=full" "-e" "RUSTFLAGS=--cap-lints=warn" "-e" "RUSTDOCFLAGS=--cap-lints=warn" "-w" "/opt/rustwide/workdir" "--user" "0:0" "08d08ff9353a89a4fef8a08a9eec81ca9d3f88c74c4a38d85e8767c898f5a123" "/opt/rustwide/cargo-home/bin/cargo" "+1.100.0-beta.1" "test" "--frozen" "--no-run" "--message-format=json" "--release", kill_on_drop: false }`
[INFO] [stderr]    Compiling num-traits v0.2.19
[INFO] [stderr]    Compiling log v0.4.29
[INFO] [stderr]    Compiling thread_local v1.1.9
[INFO] [stderr]    Compiling mio v1.2.0
[INFO] [stderr]    Compiling is-terminal v0.4.17
[INFO] [stderr]    Compiling termcolor v1.1.3
[INFO] [stderr]    Compiling parking_lot_core v0.9.12
[INFO] [stderr]    Compiling tokio-macros v2.7.0
[INFO] [stderr]    Compiling simple-mdns v0.7.0 (/opt/rustwide/workdir)
[INFO] [stderr]    Compiling parking_lot v0.12.5
[INFO] [stderr]    Compiling tokio v1.52.3
[INFO] [stderr]    Compiling chrono v0.4.44
[INFO] [stderr]    Compiling stderrlog v0.6.0
[INFO] [stderr] warning: unused dependency `log`
[INFO] [stderr]  --> Cargo.toml:1:15
[INFO] [stderr]   |
[INFO] [stderr] 1 | [dependencies.log]
[INFO] [stderr]   |               ^^^^
[INFO] [stderr]   |
[INFO] [stderr]   = note: `cargo::unused_dependencies` is set to `warn` by default
[INFO] [stderr] help: consider removing the dependency on `log`
[INFO] [stderr] warning: `simple-mdns` (manifest) generated 1 warning
[INFO] [stderr]     Finished `release` profile [optimized] target(s) in 18.34s
[INFO] running `Command { std: "docker" "inspect" "08d08ff9353a89a4fef8a08a9eec81ca9d3f88c74c4a38d85e8767c898f5a123", kill_on_drop: false }`
[INFO] running `Command { std: "docker" "exec" "-e" "SOURCE_DIR=/opt/rustwide/workdir" "-e" "CARGO_HOME=/opt/rustwide/cargo-home" "-e" "RUSTUP_HOME=/opt/rustwide/rustup-home" "-e" "CARGO_TARGET_DIR=/opt/rustwide/target" "-e" "CARGO_INCREMENTAL=0" "-e" "RUST_BACKTRACE=full" "-e" "RUSTFLAGS=--cap-lints=warn" "-e" "RUSTDOCFLAGS=--cap-lints=warn" "-w" "/opt/rustwide/workdir" "--user" "0:0" "08d08ff9353a89a4fef8a08a9eec81ca9d3f88c74c4a38d85e8767c898f5a123" "/opt/rustwide/cargo-home/bin/cargo" "+1.100.0-beta.1" "test" "--frozen" "--release", kill_on_drop: false }`
[INFO] [stderr] warning: unused dependency `log`
[INFO] [stderr]  --> Cargo.toml:1:15
[INFO] [stderr]   |
[INFO] [stderr] 1 | [dependencies.log]
[INFO] [stderr]   |               ^^^^
[INFO] [stderr]   |
[INFO] [stderr]   = note: `cargo::unused_dependencies` is set to `warn` by default
[INFO] [stderr] help: consider removing the dependency on `log`
[INFO] [stderr] warning: `simple-mdns` (manifest) generated 1 warning
[INFO] [stderr]     Finished `release` profile [optimized] target(s) in 0.07s
[INFO] [stderr]      Running unittests src/lib.rs (/opt/rustwide/target/release/build/simple-mdns/ec81378f7c28623d/out/simple_mdns-ec81378f7c28623d)
[INFO] [stdout] 
[INFO] [stdout] running 19 tests
[INFO] [stdout] test network_scope::tests::test_ipv4_multicast ... ok
[INFO] [stdout] test network_scope::tests::test_ipv6_multicast ... ok
[INFO] [stdout] test instance_information::tests::test_escaped_instance_name_with_multiple_dots ... ok
[INFO] [stdout] test instance_information::tests::test_escaped_instance_name_with_backslash ... ok
[INFO] [stdout] test instance_information::tests::test_escaped_instance_name_simple ... ok
[INFO] [stdout] test socket_helper::tests::test_can_bind_multicast ... FAILED
[INFO] [stdout] test instance_information::tests::test_unescaped_instance_name_with_multiple_slashes ... ok
[INFO] [stdout] test tests::test_build_reply_with_no_questions ... ok
[INFO] [stdout] test resource_record_manager::tests::test_remove_resources ... ok
[INFO] [stdout] test instance_information::tests::test_unescaped_instance_name_simple ... ok
[INFO] [stdout] test tests::test_build_reply_with_valid_answer ... ok
[INFO] [stdout] test resource_record_manager::tests::test_add_cached_resource_dont_override_authoritative ... ok
[INFO] [stdout] test tests::test_build_reply_for_meta_query ... ok
[INFO] [stdout] test tests::test_build_reply_without_valid_answers ... ok
[INFO] [stdout] test tests::test_build_reply_for_ptr_includes_additional_records ... ok
[INFO] [stdout] test resource_record_manager::tests::test_get_domain_resources ... ok
[INFO] [stdout] test resource_record_manager::tests::test_add_cached_resource ... ok
[INFO] [stdout] test tests::test_build_reply_for_srv ... ok
[INFO] [stdout] test resource_record_manager::tests::test_add_authoritative_resource ... ok
[INFO] [stdout] 
[INFO] [stdout] failures:
[INFO] [stdout] 
[INFO] [stdout] ---- socket_helper::tests::test_can_bind_multicast stdout ----
[INFO] [stdout] 
[INFO] [stdout] thread 'socket_helper::tests::test_can_bind_multicast' (654) panicked at src/socket_helper.rs:122:42:
[INFO] [stdout] Failed to join IPV4 multicast: Os { code: 19, kind: Uncategorized, message: "No such device" }
[INFO] [stdout] stack backtrace:
[INFO] [stdout]    0:     0x584e85eef741 - <<std[617be2ca0a6fd877]::sys::backtrace::BacktraceLock>::print::DisplayBacktrace as core[a373ad73a504971]::fmt::Display>::fmt
[INFO] [stdout]    1:     0x584e85f04d5a - core[a373ad73a504971]::fmt::write
[INFO] [stdout]    2:     0x584e85ef395c - <alloc[2e1b2a31b91974c5]::vec::Vec<u8> as core[a373ad73a504971]::io::write::Write>::write_fmt
[INFO] [stdout]    3:     0x584e85ecbba6 - std[617be2ca0a6fd877]::panicking::default_hook::{closure#0}
[INFO] [stdout]    4:     0x584e85ee7dd9 - std[617be2ca0a6fd877]::panicking::default_hook
[INFO] [stdout]    5:     0x584e85e7f710 - test[aada8e7e76ba119b]::test_main_inner::{closure#0}
[INFO] [stdout]    6:     0x584e85ee7f92 - std[617be2ca0a6fd877]::panicking::panic_with_hook
[INFO] [stdout]    7:     0x584e85ecbc52 - std[617be2ca0a6fd877]::panicking::panic_handler::{closure#0}
[INFO] [stdout]    8:     0x584e85ec4969 - std[617be2ca0a6fd877]::sys::backtrace::__rust_end_short_backtrace::<std[617be2ca0a6fd877]::panicking::panic_handler::{closure#0}, !>
[INFO] [stdout]    9:     0x584e85ecc85d - __rustc[ea4f61d10b84890b]::rust_begin_unwind
[INFO] [stdout]   10:     0x584e85f0548c - core[a373ad73a504971]::panicking::panic_fmt
[INFO] [stdout]   11:     0x584e85f05262 - core[a373ad73a504971]::result::unwrap_failed
[INFO] [stdout]   12:     0x584e85e56b14 - <simple_mdns[bf512e3ae052b4b4]::socket_helper::tests::test_can_bind_multicast::{closure#0} as core[a373ad73a504971]::ops::function::FnOnce<()>>::call_once
[INFO] [stdout]   13:     0x584e85e72b5b - test[aada8e7e76ba119b]::__rust_begin_short_backtrace::<core[a373ad73a504971]::result::Result<(), alloc[2e1b2a31b91974c5]::string::String>, fn() -> core[a373ad73a504971]::result::Result<(), alloc[2e1b2a31b91974c5]::string::String>>
[INFO] [stdout]   14:     0x584e85e7fd35 - test[aada8e7e76ba119b]::run_test::{closure#0}
[INFO] [stdout]   15:     0x584e85e79624 - std[617be2ca0a6fd877]::sys::backtrace::__rust_begin_short_backtrace::<test[aada8e7e76ba119b]::run_test::{closure#1}, ()>
[INFO] [stdout]   16:     0x584e85e82dc2 - <std[617be2ca0a6fd877]::thread::lifecycle::spawn_unchecked<test[aada8e7e76ba119b]::run_test::{closure#1}, ()>::{closure#1} as core[a373ad73a504971]::ops::function::FnOnce<()>>::call_once::{shim:vtable#0}
[INFO] [stdout]   17:     0x584e85eeef9f - <std[617be2ca0a6fd877]::sys::thread::unix::Thread>::new::thread_start
[INFO] [stdout]   18:     0x7d071133ddfa - <unknown>
[INFO] [stdout]   19:     0x7d07113d13d4 - clone
[INFO] [stdout]   20:                0x0 - <unknown>
[INFO] [stdout] 
[INFO] [stdout] 
[INFO] [stdout] failures:
[INFO] [stdout]     socket_helper::tests::test_can_bind_multicast
[INFO] [stdout] 
[INFO] [stdout] test result: FAILED. 18 passed; 1 failed; 0 ignored; 0 measured; 0 filtered out; finished in 0.01s
[INFO] [stdout] 
[INFO] [stderr] error: test failed, to rerun pass `--lib`
[INFO] running `Command { std: "docker" "inspect" "08d08ff9353a89a4fef8a08a9eec81ca9d3f88c74c4a38d85e8767c898f5a123", kill_on_drop: false }`
[INFO] running `Command { std: "docker" "rm" "-f" "08d08ff9353a89a4fef8a08a9eec81ca9d3f88c74c4a38d85e8767c898f5a123", kill_on_drop: false }`
[INFO] [stdout] 08d08ff9353a89a4fef8a08a9eec81ca9d3f88c74c4a38d85e8767c898f5a123
