[INFO] fetching crate simple-chatgpt 1.0.1...
[INFO] testing simple-chatgpt-1.0.1 against 1.99.0-beta.8+cargoflags=--release for beta-release-1.100-2
[INFO] extracting crate simple-chatgpt 1.0.1 into /workspace/builds/worker-4-tc1/source
[INFO] started tweaking crates.io crate simple-chatgpt 1.0.1
[INFO] finished tweaking crates.io crate simple-chatgpt 1.0.1
[INFO] tweaked toml for crates.io crate simple-chatgpt 1.0.1 written to /workspace/builds/worker-4-tc1/source/Cargo.toml
[INFO] validating manifest of crates.io crate simple-chatgpt 1.0.1 on toolchain 1.99.0-beta.8
[INFO] running `Command { std: CARGO_HOME="/workspace/cargo-home" RUSTUP_HOME="/workspace/rustup-home" "/workspace/cargo-home/bin/cargo" "+1.99.0-beta.8" "metadata" "--manifest-path" "Cargo.toml" "--no-deps", kill_on_drop: false }`
[INFO] crate crates.io crate simple-chatgpt 1.0.1 already has a lockfile, it will not be regenerated
[INFO] running `Command { std: CARGO_HOME="/workspace/cargo-home" RUSTUP_HOME="/workspace/rustup-home" "/workspace/cargo-home/bin/cargo" "+1.99.0-beta.8" "fetch" "--manifest-path" "Cargo.toml", kill_on_drop: false }`
[INFO] [stderr]     Updating crates.io index
[INFO] [stderr]  Downloading crates ...
[INFO] [stderr]   Downloaded quote v1.0.32
[INFO] [stderr]   Downloaded serde v1.0.178
[INFO] [stderr]   Downloaded str-buf v1.0.6
[INFO] [stderr]   Downloaded fd-lock v3.0.13
[INFO] [stderr]   Downloaded errno v0.3.2
[INFO] [stderr]   Downloaded error-code v2.3.1
[INFO] [stderr]   Downloaded futures-io v0.3.28
[INFO] [stderr]   Downloaded futures-core v0.3.28
[INFO] [stderr]   Downloaded futures-sink v0.3.28
[INFO] [stderr]   Downloaded futures-macro v0.3.28
[INFO] [stderr]   Downloaded windows-targets v0.48.1
[INFO] [stderr]   Downloaded clipboard-win v4.5.0
[INFO] [stderr]   Downloaded futures-task v0.3.28
[INFO] [stderr]   Downloaded anstyle v1.0.1
[INFO] [stderr]   Downloaded hermit-abi v0.3.2
[INFO] [stderr]   Downloaded anstyle-wincon v1.0.1
[INFO] [stderr]   Downloaded clap_lex v0.5.0
[INFO] [stderr]   Downloaded unicode-width v0.1.10
[INFO] [stderr]   Downloaded slab v0.4.8
[INFO] [stderr]   Downloaded pin-project-lite v0.2.10
[INFO] [stderr]   Downloaded futures-channel v0.3.28
[INFO] [stderr]   Downloaded futures-executor v0.3.28
[INFO] [stderr]   Downloaded anstream v0.3.2
[INFO] [stderr]   Downloaded clap_derive v4.3.12
[INFO] [stderr]   Downloaded smallvec v1.11.0
[INFO] [stderr]   Downloaded anstyle-parse v0.2.1
[INFO] [stderr]   Downloaded bitflags v2.3.3
[INFO] [stderr]   Downloaded proc-macro2 v1.0.66
[INFO] [stderr]   Downloaded socket2 v0.4.9
[INFO] [stderr]   Downloaded log v0.4.19
[INFO] [stderr]   Downloaded futures v0.3.28
[INFO] [stderr]   Downloaded openssl-sys v0.9.90
[INFO] [stderr]   Downloaded clap v4.3.19
[INFO] [stderr]   Downloaded curl v0.4.44
[INFO] [stderr]   Downloaded serde_json v1.0.104
[INFO] [stderr]   Downloaded rustyline v12.0.0
[INFO] [stderr]   Downloaded futures-util v0.3.28
[INFO] [stderr]   Downloaded clap_builder v4.3.19
[INFO] [stderr]   Downloaded syn v2.0.27
[INFO] [stderr]   Downloaded nix v0.26.2
[INFO] [stderr]   Downloaded serde_derive v1.0.178
[INFO] [stderr]   Downloaded rustix v0.38.4
[INFO] [stderr]   Downloaded libc v0.2.147
[INFO] [stderr]   Downloaded linux-raw-sys v0.4.3
[INFO] [stderr]   Downloaded libz-sys v1.1.12
[INFO] [stderr]   Downloaded curl-sys v0.4.65+curl-8.2.1
[INFO] running `Command { std: "docker" "create" "-v" "/var/lib/crater-agent-workspace/builds/worker-4-tc1/source:/opt/rustwide/workdir:ro,Z" "-v" "/var/lib/crater-agent-workspace/builds/worker-4-tc1/target:/opt/rustwide/target:rw,Z" "-v" "/var/lib/crater-agent-workspace/cargo-home:/opt/rustwide/cargo-home:ro,Z" "-v" "/var/lib/crater-agent-workspace/rustup-home:/opt/rustwide/rustup-home:ro,Z" "-m" "1610612736" "--network" "none" "ghcr.io/rust-lang/crates-build-env/linux@sha256:77db811e55d90add9212f6832c23229e3de5f1c1f9905e8cb07319ea15df73ac" "sleep" "infinity", kill_on_drop: false }`
[INFO] [stdout] 47a83bc22f1da91dcbe114d0162fc17f82bf650558dfd3cae689acf68c83312c
[INFO] running `Command { std: "docker" "start" "47a83bc22f1da91dcbe114d0162fc17f82bf650558dfd3cae689acf68c83312c", kill_on_drop: false }`
[INFO] running `Command { std: "docker" "inspect" "47a83bc22f1da91dcbe114d0162fc17f82bf650558dfd3cae689acf68c83312c", kill_on_drop: false }`
[INFO] running `Command { std: "docker" "exec" "-e" "SOURCE_DIR=/opt/rustwide/workdir" "-e" "CARGO_HOME=/opt/rustwide/cargo-home" "-e" "RUSTUP_HOME=/opt/rustwide/rustup-home" "-e" "CARGO_TARGET_DIR=/opt/rustwide/target" "-w" "/opt/rustwide/workdir" "--user" "0:0" "47a83bc22f1da91dcbe114d0162fc17f82bf650558dfd3cae689acf68c83312c" "/opt/rustwide/cargo-home/bin/cargo" "+1.99.0-beta.8" "metadata" "--no-deps" "--format-version=1", kill_on_drop: false }`
[INFO] running `Command { std: "docker" "inspect" "47a83bc22f1da91dcbe114d0162fc17f82bf650558dfd3cae689acf68c83312c", kill_on_drop: false }`
[INFO] running `Command { std: "docker" "exec" "-e" "SOURCE_DIR=/opt/rustwide/workdir" "-e" "CARGO_HOME=/opt/rustwide/cargo-home" "-e" "RUSTUP_HOME=/opt/rustwide/rustup-home" "-e" "CARGO_TARGET_DIR=/opt/rustwide/target" "-e" "CARGO_INCREMENTAL=0" "-e" "RUST_BACKTRACE=full" "-e" "RUSTFLAGS=--cap-lints=warn" "-e" "RUSTDOCFLAGS=--cap-lints=warn" "-w" "/opt/rustwide/workdir" "--user" "0:0" "47a83bc22f1da91dcbe114d0162fc17f82bf650558dfd3cae689acf68c83312c" "/opt/rustwide/cargo-home/bin/cargo" "+1.99.0-beta.8" "build" "--frozen" "--message-format=json" "--release", kill_on_drop: false }`
[INFO] [stderr]    Compiling pkg-config v0.3.27
[INFO] [stderr]    Compiling cc v1.0.79
[INFO] [stderr]    Compiling proc-macro2 v1.0.66
[INFO] [stderr]    Compiling unicode-ident v1.0.11
[INFO] [stderr]    Compiling libc v0.2.147
[INFO] [stderr]    Compiling rustix v0.38.4
[INFO] [stderr]    Compiling linux-raw-sys v0.4.3
[INFO] [stderr]    Compiling bitflags v2.3.3
[INFO] [stderr]    Compiling autocfg v1.1.0
[INFO] [stderr]    Compiling memchr v2.5.0
[INFO] [stderr]    Compiling futures-core v0.3.28
[INFO] [stderr]    Compiling futures-task v0.3.28
[INFO] [stderr]    Compiling futures-channel v0.3.28
[INFO] [stderr]    Compiling utf8parse v0.2.1
[INFO] [stderr]    Compiling futures-util v0.3.28
[INFO] [stderr]    Compiling futures-sink v0.3.28
[INFO] [stderr]    Compiling cfg-if v1.0.0
[INFO] [stderr]    Compiling anstyle-parse v0.2.1
[INFO] [stderr]    Compiling colorchoice v1.0.0
[INFO] [stderr]    Compiling anstyle-query v1.0.0
[INFO] [stderr]    Compiling pin-project-lite v0.2.10
[INFO] [stderr]    Compiling futures-io v0.3.28
[INFO] [stderr]    Compiling smallvec v1.11.0
[INFO] [stderr]    Compiling serde v1.0.178
[INFO] [stderr]    Compiling anstyle v1.0.1
[INFO] [stderr]    Compiling serde_json v1.0.104
[INFO] [stderr]    Compiling strsim v0.10.0
[INFO] [stderr]    Compiling clap_lex v0.5.0
[INFO] [stderr]    Compiling slab v0.4.8
[INFO] [stderr]    Compiling heck v0.4.1
[INFO] [stderr]    Compiling bitflags v1.3.2
[INFO] [stderr]    Compiling curl v0.4.44
[INFO] [stderr]    Compiling serde_derive v1.0.178
[INFO] [stderr]    Compiling endian-type v0.1.2
[INFO] [stderr]    Compiling nibble_vec v0.1.0
[INFO] [stderr]    Compiling unicode-width v0.1.10
[INFO] [stderr]    Compiling log v0.4.19
[INFO] [stderr]    Compiling home v0.5.5
[INFO] [stderr]    Compiling radix_trie v0.2.1
[INFO] [stderr]    Compiling unicode-segmentation v1.10.1
[INFO] [stderr]    Compiling ryu v1.0.15
[INFO] [stderr]    Compiling once_cell v1.18.0
[INFO] [stderr]    Compiling openssl-probe v0.1.5
[INFO] [stderr]    Compiling itoa v1.0.9
[INFO] [stderr]    Compiling quote v1.0.32
[INFO] [stderr]    Compiling syn v2.0.27
[INFO] [stderr]    Compiling openssl-sys v0.9.90
[INFO] [stderr]    Compiling libz-sys v1.1.12
[INFO] [stderr]    Compiling curl-sys v0.4.65+curl-8.2.1
[INFO] [stderr]    Compiling nix v0.26.2
[INFO] [stderr]    Compiling socket2 v0.4.9
[INFO] [stderr]    Compiling is-terminal v0.4.9
[INFO] [stderr]    Compiling fd-lock v3.0.13
[INFO] [stderr]    Compiling anstream v0.3.2
[INFO] [stderr]    Compiling clap_builder v4.3.19
[INFO] [stderr]    Compiling rustyline v12.0.0
[INFO] [stderr]    Compiling futures-macro v0.3.28
[INFO] [stderr]    Compiling clap_derive v4.3.12
[INFO] [stderr]    Compiling clap v4.3.19
[INFO] [stderr]    Compiling futures-executor v0.3.28
[INFO] [stderr]    Compiling futures v0.3.28
[INFO] [stderr]    Compiling simple-chatgpt v1.0.1 (/opt/rustwide/workdir)
[INFO] [stderr]     Finished `release` profile [optimized] target(s) in 35.65s
[INFO] running `Command { std: "docker" "inspect" "47a83bc22f1da91dcbe114d0162fc17f82bf650558dfd3cae689acf68c83312c", kill_on_drop: false }`
[INFO] running `Command { std: "docker" "exec" "-e" "SOURCE_DIR=/opt/rustwide/workdir" "-e" "CARGO_HOME=/opt/rustwide/cargo-home" "-e" "RUSTUP_HOME=/opt/rustwide/rustup-home" "-e" "CARGO_TARGET_DIR=/opt/rustwide/target" "-e" "CARGO_INCREMENTAL=0" "-e" "RUST_BACKTRACE=full" "-e" "RUSTFLAGS=--cap-lints=warn" "-e" "RUSTDOCFLAGS=--cap-lints=warn" "-w" "/opt/rustwide/workdir" "--user" "0:0" "47a83bc22f1da91dcbe114d0162fc17f82bf650558dfd3cae689acf68c83312c" "/opt/rustwide/cargo-home/bin/cargo" "+1.99.0-beta.8" "test" "--frozen" "--no-run" "--message-format=json" "--release", kill_on_drop: false }`
[INFO] [stderr]    Compiling simple-chatgpt v1.0.1 (/opt/rustwide/workdir)
[INFO] [stderr]     Finished `release` profile [optimized] target(s) in 2.37s
[INFO] running `Command { std: "docker" "inspect" "47a83bc22f1da91dcbe114d0162fc17f82bf650558dfd3cae689acf68c83312c", kill_on_drop: false }`
[INFO] running `Command { std: "docker" "exec" "-e" "SOURCE_DIR=/opt/rustwide/workdir" "-e" "CARGO_HOME=/opt/rustwide/cargo-home" "-e" "RUSTUP_HOME=/opt/rustwide/rustup-home" "-e" "CARGO_TARGET_DIR=/opt/rustwide/target" "-e" "CARGO_INCREMENTAL=0" "-e" "RUST_BACKTRACE=full" "-e" "RUSTFLAGS=--cap-lints=warn" "-e" "RUSTDOCFLAGS=--cap-lints=warn" "-w" "/opt/rustwide/workdir" "--user" "0:0" "47a83bc22f1da91dcbe114d0162fc17f82bf650558dfd3cae689acf68c83312c" "/opt/rustwide/cargo-home/bin/cargo" "+1.99.0-beta.8" "test" "--frozen" "--release", kill_on_drop: false }`
[INFO] [stderr]     Finished `release` profile [optimized] target(s) in 0.16s
[INFO] [stderr]      Running unittests src/lib.rs (/opt/rustwide/target/release/deps/simple_chatgpt-499848231f71fea4)
[INFO] [stdout] 
[INFO] [stdout] running 6 tests
[INFO] [stdout] test tests::ll_list_models ... FAILED
[INFO] [stdout] test tests::completions ... FAILED
[INFO] [stdout] test tests::hl_completions ... FAILED
[INFO] [stdout] test tests::ll_completions ... FAILED
[INFO] [stdout] test tests::init_handle ... FAILED
[INFO] [stdout] test tests::hl_list_models ... FAILED
[INFO] [stdout] 
[INFO] [stdout] failures:
[INFO] [stdout] 
[INFO] [stdout] ---- tests::ll_list_models stdout ----
[INFO] [stdout] 
[INFO] [stdout] thread 'tests::ll_list_models' (1461) panicked at src/lib.rs:244:55:
[INFO] [stdout] OPENAI_API_KEY is not defined: NotPresent
[INFO] [stdout] stack backtrace:
[INFO] [stdout]    0:     0x607458348a01 - <<std[70759c8f55707aa4]::sys::backtrace::BacktraceLock>::print::DisplayBacktrace as core[df12db4294e9bfd3]::fmt::Display>::fmt
[INFO] [stdout]    1:     0x60745835cfea - core[df12db4294e9bfd3]::fmt::write
[INFO] [stdout]    2:     0x60745834d00c - <alloc[2182bb758b4b3781]::vec::Vec<u8> as core[df12db4294e9bfd3]::io::write::Write>::write_fmt
[INFO] [stdout]    3:     0x607458324c36 - std[70759c8f55707aa4]::panicking::default_hook::{closure#0}
[INFO] [stdout]    4:     0x607458340db9 - std[70759c8f55707aa4]::panicking::default_hook
[INFO] [stdout]    5:     0x6074582d8ab0 - test[9d35eded1c95d3be]::test_main_inner::<test[9d35eded1c95d3be]::test_main_static::{closure#0}>::{closure#0}
[INFO] [stdout]    6:     0x6074583410e2 - std[70759c8f55707aa4]::panicking::panic_with_hook
[INFO] [stdout]    7:     0x607458324ce2 - std[70759c8f55707aa4]::panicking::panic_handler::{closure#0}
[INFO] [stdout]    8:     0x60745831da39 - std[70759c8f55707aa4]::sys::backtrace::__rust_end_short_backtrace::<std[70759c8f55707aa4]::panicking::panic_handler::{closure#0}, !>
[INFO] [stdout]    9:     0x6074583258dd - __rustc[8fa7c3cbc660c2b3]::rust_begin_unwind
[INFO] [stdout]   10:     0x60745835d74c - core[df12db4294e9bfd3]::panicking::panic_fmt
[INFO] [stdout]   11:     0x60745835d522 - core[df12db4294e9bfd3]::result::unwrap_failed
[INFO] [stdout]   12:     0x6074582c467e - <simple_chatgpt[da31147320fb6659]::tests::ll_list_models::{closure#0} as core[df12db4294e9bfd3]::ops::function::FnOnce<()>>::call_once
[INFO] [stdout]   13:     0x6074582cbd9b - test[9d35eded1c95d3be]::__rust_begin_short_backtrace::<core[df12db4294e9bfd3]::result::Result<(), alloc[2182bb758b4b3781]::string::String>, fn() -> core[df12db4294e9bfd3]::result::Result<(), alloc[2182bb758b4b3781]::string::String>>
[INFO] [stdout]   14:     0x6074582d9405 - test[9d35eded1c95d3be]::run_test::{closure#0}
[INFO] [stdout]   15:     0x6074582d2cc4 - std[70759c8f55707aa4]::sys::backtrace::__rust_begin_short_backtrace::<test[9d35eded1c95d3be]::run_test::{closure#1}, ()>
[INFO] [stdout]   16:     0x6074582dc562 - <std[70759c8f55707aa4]::thread::lifecycle::spawn_unchecked<test[9d35eded1c95d3be]::run_test::{closure#1}, ()>::{closure#1} as core[df12db4294e9bfd3]::ops::function::FnOnce<()>>::call_once::{shim:vtable#0}
[INFO] [stdout]   17:     0x607458348299 - <std[70759c8f55707aa4]::sys::thread::unix::Thread>::new::thread_start
[INFO] [stdout]   18:     0x729c76331dfa - <unknown>
[INFO] [stdout]   19:     0x729c763c53d4 - clone
[INFO] [stdout]   20:                0x0 - <unknown>
[INFO] [stdout] 
[INFO] [stdout] ---- tests::completions stdout ----
[INFO] [stdout] 
[INFO] [stdout] thread 'tests::completions' (1456) panicked at src/lib.rs:321:55:
[INFO] [stdout] OPENAI_API_KEY is not defined: NotPresent
[INFO] [stdout] stack backtrace:
[INFO] [stdout]    0:     0x607458348a01 - <<std[70759c8f55707aa4]::sys::backtrace::BacktraceLock>::print::DisplayBacktrace as core[df12db4294e9bfd3]::fmt::Display>::fmt
[INFO] [stdout]    1:     0x60745835cfea - core[df12db4294e9bfd3]::fmt::write
[INFO] [stdout]    2:     0x60745834d00c - <alloc[2182bb758b4b3781]::vec::Vec<u8> as core[df12db4294e9bfd3]::io::write::Write>::write_fmt
[INFO] [stdout]    3:     0x607458324c36 - std[70759c8f55707aa4]::panicking::default_hook::{closure#0}
[INFO] [stdout]    4:     0x607458340db9 - std[70759c8f55707aa4]::panicking::default_hook
[INFO] [stdout]    5:     0x6074582d8ab0 - test[9d35eded1c95d3be]::test_main_inner::<test[9d35eded1c95d3be]::test_main_static::{closure#0}>::{closure#0}
[INFO] [stdout]    6:     0x6074583410e2 - std[70759c8f55707aa4]::panicking::panic_with_hook
[INFO] [stdout]    7:     0x607458324ce2 - std[70759c8f55707aa4]::panicking::panic_handler::{closure#0}
[INFO] [stdout]    8:     0x60745831da39 - std[70759c8f55707aa4]::sys::backtrace::__rust_end_short_backtrace::<std[70759c8f55707aa4]::panicking::panic_handler::{closure#0}, !>
[INFO] [stdout]    9:     0x6074583258dd - __rustc[8fa7c3cbc660c2b3]::rust_begin_unwind
[INFO] [stdout]   10:     0x60745835d74c - core[df12db4294e9bfd3]::panicking::panic_fmt
[INFO] [stdout]   11:     0x60745835d522 - core[df12db4294e9bfd3]::result::unwrap_failed
[INFO] [stdout]   12:     0x6074582c38b4 - <simple_chatgpt[da31147320fb6659]::tests::completions::{closure#0} as core[df12db4294e9bfd3]::ops::function::FnOnce<()>>::call_once
[INFO] [stdout]   13:     0x6074582cbd9b - test[9d35eded1c95d3be]::__rust_begin_short_backtrace::<core[df12db4294e9bfd3]::result::Result<(), alloc[2182bb758b4b3781]::string::String>, fn() -> core[df12db4294e9bfd3]::result::Result<(), alloc[2182bb758b4b3781]::string::String>>
[INFO] [stdout]   14:     0x6074582d9405 - test[9d35eded1c95d3be]::run_test::{closure#0}
[INFO] [stdout]   15:     0x6074582d2cc4 - std[70759c8f55707aa4]::sys::backtrace::__rust_begin_short_backtrace::<test[9d35eded1c95d3be]::run_test::{closure#1}, ()>
[INFO] [stdout]   16:     0x6074582dc562 - <std[70759c8f55707aa4]::thread::lifecycle::spawn_unchecked<test[9d35eded1c95d3be]::run_test::{closure#1}, ()>::{closure#1} as core[df12db4294e9bfd3]::ops::function::FnOnce<()>>::call_once::{shim:vtable#0}
[INFO] [stdout]   17:     0x607458348299 - <std[70759c8f55707aa4]::sys::thread::unix::Thread>::new::thread_start
[INFO] [stdout]   18:     0x729c76331dfa - <unknown>
[INFO] [stdout]   19:     0x729c763c53d4 - clone
[INFO] [stdout]   20:                0x0 - <unknown>
[INFO] [stdout] 
[INFO] [stdout] ---- tests::hl_completions stdout ----
[INFO] [stdout] 
[INFO] [stdout] thread 'tests::hl_completions' (1457) panicked at src/lib.rs:278:55:
[INFO] [stdout] OPENAI_API_KEY is not defined: NotPresent
[INFO] [stdout] stack backtrace:
[INFO] [stdout]    0:     0x607458348a01 - <<std[70759c8f55707aa4]::sys::backtrace::BacktraceLock>::print::DisplayBacktrace as core[df12db4294e9bfd3]::fmt::Display>::fmt
[INFO] [stdout]    1:     0x60745835cfea - core[df12db4294e9bfd3]::fmt::write
[INFO] [stdout]    2:     0x60745834d00c - <alloc[2182bb758b4b3781]::vec::Vec<u8> as core[df12db4294e9bfd3]::io::write::Write>::write_fmt
[INFO] [stdout]    3:     0x607458324c36 - std[70759c8f55707aa4]::panicking::default_hook::{closure#0}
[INFO] [stdout]    4:     0x607458340db9 - std[70759c8f55707aa4]::panicking::default_hook
[INFO] [stdout]    5:     0x6074582d8ab0 - test[9d35eded1c95d3be]::test_main_inner::<test[9d35eded1c95d3be]::test_main_static::{closure#0}>::{closure#0}
[INFO] [stdout]    6:     0x6074583410e2 - std[70759c8f55707aa4]::panicking::panic_with_hook
[INFO] [stdout]    7:     0x607458324ce2 - std[70759c8f55707aa4]::panicking::panic_handler::{closure#0}
[INFO] [stdout]    8:     0x60745831da39 - std[70759c8f55707aa4]::sys::backtrace::__rust_end_short_backtrace::<std[70759c8f55707aa4]::panicking::panic_handler::{closure#0}, !>
[INFO] [stdout]    9:     0x6074583258dd - __rustc[8fa7c3cbc660c2b3]::rust_begin_unwind
[INFO] [stdout]   10:     0x60745835d74c - core[df12db4294e9bfd3]::panicking::panic_fmt
[INFO] [stdout]   11:     0x60745835d522 - core[df12db4294e9bfd3]::result::unwrap_failed
[INFO] [stdout]   12:     0x6074582c3eb4 - <simple_chatgpt[da31147320fb6659]::tests::hl_completions::{closure#0} as core[df12db4294e9bfd3]::ops::function::FnOnce<()>>::call_once
[INFO] [stdout]   13:     0x6074582cbd9b - test[9d35eded1c95d3be]::__rust_begin_short_backtrace::<core[df12db4294e9bfd3]::result::Result<(), alloc[2182bb758b4b3781]::string::String>, fn() -> core[df12db4294e9bfd3]::result::Result<(), alloc[2182bb758b4b3781]::string::String>>
[INFO] [stdout]   14:     0x6074582d9405 - test[9d35eded1c95d3be]::run_test::{closure#0}
[INFO] [stdout]   15:     0x6074582d2cc4 - std[70759c8f55707aa4]::sys::backtrace::__rust_begin_short_backtrace::<test[9d35eded1c95d3be]::run_test::{closure#1}, ()>
[INFO] [stdout]   16:     0x6074582dc562 - <std[70759c8f55707aa4]::thread::lifecycle::spawn_unchecked<test[9d35eded1c95d3be]::run_test::{closure#1}, ()>::{closure#1} as core[df12db4294e9bfd3]::ops::function::FnOnce<()>>::call_once::{shim:vtable#0}
[INFO] [stdout]   17:     0x607458348299 - <std[70759c8f55707aa4]::sys::thread::unix::Thread>::new::thread_start
[INFO] [stdout]   18:     0x729c76331dfa - <unknown>
[INFO] [stdout]   19:     0x729c763c53d4 - clone
[INFO] [stdout]   20:                0x0 - <unknown>
[INFO] [stdout] 
[INFO] [stdout] ---- tests::ll_completions stdout ----
[INFO] [stdout] 
[INFO] [stdout] thread 'tests::ll_completions' (1460) panicked at src/lib.rs:260:55:
[INFO] [stdout] OPENAI_API_KEY is not defined: NotPresent
[INFO] [stdout] stack backtrace:
[INFO] [stdout]    0:     0x607458348a01 - <<std[70759c8f55707aa4]::sys::backtrace::BacktraceLock>::print::DisplayBacktrace as core[df12db4294e9bfd3]::fmt::Display>::fmt
[INFO] [stdout]    1:     0x60745835cfea - core[df12db4294e9bfd3]::fmt::write
[INFO] [stdout]    2:     0x60745834d00c - <alloc[2182bb758b4b3781]::vec::Vec<u8> as core[df12db4294e9bfd3]::io::write::Write>::write_fmt
[INFO] [stdout]    3:     0x607458324c36 - std[70759c8f55707aa4]::panicking::default_hook::{closure#0}
[INFO] [stdout]    4:     0x607458340db9 - std[70759c8f55707aa4]::panicking::default_hook
[INFO] [stdout]    5:     0x6074582d8ab0 - test[9d35eded1c95d3be]::test_main_inner::<test[9d35eded1c95d3be]::test_main_static::{closure#0}>::{closure#0}
[INFO] [stdout]    6:     0x6074583410e2 - std[70759c8f55707aa4]::panicking::panic_with_hook
[INFO] [stdout]    7:     0x607458324ce2 - std[70759c8f55707aa4]::panicking::panic_handler::{closure#0}
[INFO] [stdout]    8:     0x60745831da39 - std[70759c8f55707aa4]::sys::backtrace::__rust_end_short_backtrace::<std[70759c8f55707aa4]::panicking::panic_handler::{closure#0}, !>
[INFO] [stdout]    9:     0x6074583258dd - __rustc[8fa7c3cbc660c2b3]::rust_begin_unwind
[INFO] [stdout]   10:     0x60745835d74c - core[df12db4294e9bfd3]::panicking::panic_fmt
[INFO] [stdout]   11:     0x60745835d522 - core[df12db4294e9bfd3]::result::unwrap_failed
[INFO] [stdout]   12:     0x6074582c4427 - <simple_chatgpt[da31147320fb6659]::tests::ll_completions::{closure#0} as core[df12db4294e9bfd3]::ops::function::FnOnce<()>>::call_once
[INFO] [stdout]   13:     0x6074582cbd9b - test[9d35eded1c95d3be]::__rust_begin_short_backtrace::<core[df12db4294e9bfd3]::result::Result<(), alloc[2182bb758b4b3781]::string::String>, fn() -> core[df12db4294e9bfd3]::result::Result<(), alloc[2182bb758b4b3781]::string::String>>
[INFO] [stdout]   14:     0x6074582d9405 - test[9d35eded1c95d3be]::run_test::{closure#0}
[INFO] [stdout]   15:     0x6074582d2cc4 - std[70759c8f55707aa4]::sys::backtrace::__rust_begin_short_backtrace::<test[9d35eded1c95d3be]::run_test::{closure#1}, ()>
[INFO] [stdout]   16:     0x6074582dc562 - <std[70759c8f55707aa4]::thread::lifecycle::spawn_unchecked<test[9d35eded1c95d3be]::run_test::{closure#1}, ()>::{closure#1} as core[df12db4294e9bfd3]::ops::function::FnOnce<()>>::call_once::{shim:vtable#0}
[INFO] [stdout]   17:     0x607458348299 - <std[70759c8f55707aa4]::sys::thread::unix::Thread>::new::thread_start
[INFO] [stdout]   18:     0x729c76331dfa - <unknown>
[INFO] [stdout]   19:     0x729c763c53d4 - clone
[INFO] [stdout]   20:                0x0 - <unknown>
[INFO] [stdout] 
[INFO] [stdout] ---- tests::init_handle stdout ----
[INFO] [stdout] 
[INFO] [stdout] thread 'tests::init_handle' (1459) panicked at src/lib.rs:237:55:
[INFO] [stdout] OPENAI_API_KEY is not defined: NotPresent
[INFO] [stdout] stack backtrace:
[INFO] [stdout]    0:     0x607458348a01 - <<std[70759c8f55707aa4]::sys::backtrace::BacktraceLock>::print::DisplayBacktrace as core[df12db4294e9bfd3]::fmt::Display>::fmt
[INFO] [stdout]    1:     0x60745835cfea - core[df12db4294e9bfd3]::fmt::write
[INFO] [stdout]    2:     0x60745834d00c - <alloc[2182bb758b4b3781]::vec::Vec<u8> as core[df12db4294e9bfd3]::io::write::Write>::write_fmt
[INFO] [stdout]    3:     0x607458324c36 - std[70759c8f55707aa4]::panicking::default_hook::{closure#0}
[INFO] [stdout]    4:     0x607458340db9 - std[70759c8f55707aa4]::panicking::default_hook
[INFO] [stdout]    5:     0x6074582d8ab0 - test[9d35eded1c95d3be]::test_main_inner::<test[9d35eded1c95d3be]::test_main_static::{closure#0}>::{closure#0}
[INFO] [stdout]    6:     0x6074583410e2 - std[70759c8f55707aa4]::panicking::panic_with_hook
[INFO] [stdout]    7:     0x607458324ce2 - std[70759c8f55707aa4]::panicking::panic_handler::{closure#0}
[INFO] [stdout]    8:     0x60745831da39 - std[70759c8f55707aa4]::sys::backtrace::__rust_end_short_backtrace::<std[70759c8f55707aa4]::panicking::panic_handler::{closure#0}, !>
[INFO] [stdout]    9:     0x6074583258dd - __rustc[8fa7c3cbc660c2b3]::rust_begin_unwind
[INFO] [stdout]   10:     0x60745835d74c - core[df12db4294e9bfd3]::panicking::panic_fmt
[INFO] [stdout]   11:     0x60745835d522 - core[df12db4294e9bfd3]::result::unwrap_failed
[INFO] [stdout]   12:     0x6074582c3b41 - <simple_chatgpt[da31147320fb6659]::tests::init_handle::{closure#0} as core[df12db4294e9bfd3]::ops::function::FnOnce<()>>::call_once
[INFO] [stdout]   13:     0x6074582cbd9b - test[9d35eded1c95d3be]::__rust_begin_short_backtrace::<core[df12db4294e9bfd3]::result::Result<(), alloc[2182bb758b4b3781]::string::String>, fn() -> core[df12db4294e9bfd3]::result::Result<(), alloc[2182bb758b4b3781]::string::String>>
[INFO] [stdout]   14:     0x6074582d9405 - test[9d35eded1c95d3be]::run_test::{closure#0}
[INFO] [stdout]   15:     0x6074582d2cc4 - std[70759c8f55707aa4]::sys::backtrace::__rust_begin_short_backtrace::<test[9d35eded1c95d3be]::run_test::{closure#1}, ()>
[INFO] [stdout]   16:     0x6074582dc562 - <std[70759c8f55707aa4]::thread::lifecycle::spawn_unchecked<test[9d35eded1c95d3be]::run_test::{closure#1}, ()>::{closure#1} as core[df12db4294e9bfd3]::ops::function::FnOnce<()>>::call_once::{shim:vtable#0}
[INFO] [stdout]   17:     0x607458348299 - <std[70759c8f55707aa4]::sys::thread::unix::Thread>::new::thread_start
[INFO] [stdout]   18:     0x729c76331dfa - <unknown>
[INFO] [stdout]   19:     0x729c763c53d4 - clone
[INFO] [stdout]   20:                0x0 - <unknown>
[INFO] [stdout] 
[INFO] [stdout] ---- tests::hl_list_models stdout ----
[INFO] [stdout] 
[INFO] [stdout] thread 'tests::hl_list_models' (1458) panicked at src/lib.rs:252:55:
[INFO] [stdout] OPENAI_API_KEY is not defined: NotPresent
[INFO] [stdout] stack backtrace:
[INFO] [stdout]    0:     0x607458348a01 - <<std[70759c8f55707aa4]::sys::backtrace::BacktraceLock>::print::DisplayBacktrace as core[df12db4294e9bfd3]::fmt::Display>::fmt
[INFO] [stdout]    1:     0x60745835cfea - core[df12db4294e9bfd3]::fmt::write
[INFO] [stdout]    2:     0x60745834d00c - <alloc[2182bb758b4b3781]::vec::Vec<u8> as core[df12db4294e9bfd3]::io::write::Write>::write_fmt
[INFO] [stdout]    3:     0x607458324c36 - std[70759c8f55707aa4]::panicking::default_hook::{closure#0}
[INFO] [stdout]    4:     0x607458340db9 - std[70759c8f55707aa4]::panicking::default_hook
[INFO] [stdout]    5:     0x6074582d8ab0 - test[9d35eded1c95d3be]::test_main_inner::<test[9d35eded1c95d3be]::test_main_static::{closure#0}>::{closure#0}
[INFO] [stdout]    6:     0x6074583410e2 - std[70759c8f55707aa4]::panicking::panic_with_hook
[INFO] [stdout]    7:     0x607458324ce2 - std[70759c8f55707aa4]::panicking::panic_handler::{closure#0}
[INFO] [stdout]    8:     0x60745831da39 - std[70759c8f55707aa4]::sys::backtrace::__rust_end_short_backtrace::<std[70759c8f55707aa4]::panicking::panic_handler::{closure#0}, !>
[INFO] [stdout]    9:     0x6074583258dd - __rustc[8fa7c3cbc660c2b3]::rust_begin_unwind
[INFO] [stdout]   10:     0x60745835d74c - core[df12db4294e9bfd3]::panicking::panic_fmt
[INFO] [stdout]   11:     0x60745835d522 - core[df12db4294e9bfd3]::result::unwrap_failed
[INFO] [stdout]   12:     0x6074582c413c - <simple_chatgpt[da31147320fb6659]::tests::hl_list_models::{closure#0} as core[df12db4294e9bfd3]::ops::function::FnOnce<()>>::call_once
[INFO] [stdout]   13:     0x6074582cbd9b - test[9d35eded1c95d3be]::__rust_begin_short_backtrace::<core[df12db4294e9bfd3]::result::Result<(), alloc[2182bb758b4b3781]::string::String>, fn() -> core[df12db4294e9bfd3]::result::Result<(), alloc[2182bb758b4b3781]::string::String>>
[INFO] [stdout]   14:     0x6074582d9405 - test[9d35eded1c95d3be]::run_test::{closure#0}
[INFO] [stdout]   15:     0x6074582d2cc4 - std[70759c8f55707aa4]::sys::backtrace::__rust_begin_short_backtrace::<test[9d35eded1c95d3be]::run_test::{closure#1}, ()>
[INFO] [stdout]   16:     0x6074582dc562 - <std[70759c8f55707aa4]::thread::lifecycle::spawn_unchecked<test[9d35eded1c95d3be]::run_test::{closure#1}, ()>::{closure#1} as core[df12db4294e9bfd3]::ops::function::FnOnce<()>>::call_once::{shim:vtable#0}
[INFO] [stdout]   17:     0x607458348299 - <std[70759c8f55707aa4]::sys::thread::unix::Thread>::new::thread_start
[INFO] [stdout]   18:     0x729c76331dfa - <unknown>
[INFO] [stdout]   19:     0x729c763c53d4 - clone
[INFO] [stdout]   20:                0x0 - <unknown>
[INFO] [stdout] 
[INFO] [stdout] 
[INFO] [stdout] failures:
[INFO] [stdout]     tests::completions
[INFO] [stdout]     tests::hl_completions
[INFO] [stdout]     tests::hl_list_models
[INFO] [stdout]     tests::init_handle
[INFO] [stdout]     tests::ll_completions
[INFO] [stdout]     tests::ll_list_models
[INFO] [stdout] 
[INFO] [stdout] test result: FAILED. 0 passed; 6 failed; 0 ignored; 0 measured; 0 filtered out; finished in 0.06s
[INFO] [stdout] 
[INFO] [stderr] error: test failed, to rerun pass `--lib`
[INFO] running `Command { std: "docker" "inspect" "47a83bc22f1da91dcbe114d0162fc17f82bf650558dfd3cae689acf68c83312c", kill_on_drop: false }`
[INFO] running `Command { std: "docker" "rm" "-f" "47a83bc22f1da91dcbe114d0162fc17f82bf650558dfd3cae689acf68c83312c", kill_on_drop: false }`
[INFO] [stdout] 47a83bc22f1da91dcbe114d0162fc17f82bf650558dfd3cae689acf68c83312c
