[INFO] fetching crate sim-macros 0.4.0...
[INFO] testing sim-macros-0.4.0 against 1.100.0-beta.1+cargoflags=--release for beta-release-1.100-2
[INFO] extracting crate sim-macros 0.4.0 into /workspace/builds/worker-3-tc2/source
[INFO] started tweaking crates.io crate sim-macros 0.4.0
[INFO] removed 0 missing tests
[INFO] finished tweaking crates.io crate sim-macros 0.4.0
[INFO] tweaked toml for crates.io crate sim-macros 0.4.0 written to /workspace/builds/worker-3-tc2/source/Cargo.toml
[INFO] validating manifest of crates.io crate sim-macros 0.4.0 on toolchain 1.100.0-beta.1
[INFO] running `Command { std: CARGO_HOME="/workspace/cargo-home" RUSTUP_HOME="/workspace/rustup-home" "/workspace/cargo-home/bin/cargo" "+1.100.0-beta.1" "metadata" "--manifest-path" "Cargo.toml" "--no-deps", kill_on_drop: false }`
[INFO] crate crates.io crate sim-macros 0.4.0 already has a lockfile, it will not be regenerated
[INFO] running `Command { std: CARGO_HOME="/workspace/cargo-home" RUSTUP_HOME="/workspace/rustup-home" "/workspace/cargo-home/bin/cargo" "+1.100.0-beta.1" "fetch" "--manifest-path" "Cargo.toml", kill_on_drop: false }`
[INFO] [stderr] warning: `package.homepage` is redundant with `package.repository`
[INFO] [stderr]   --> Cargo.toml:26:12
[INFO] [stderr]    |
[INFO] [stderr] 26 | homepage = "https://github.com/sim-nest/sim-foundation"
[INFO] [stderr]    |            ^^^^^^^^^^^^^^^^^^^^^^^^^^^^^^^^^^^^^^^^^^^^
[INFO] [stderr] ...
[INFO] [stderr] 31 | repository = "https://github.com/sim-nest/sim-foundation"
[INFO] [stderr]    |              --------------------------------------------
[INFO] [stderr]    |
[INFO] [stderr]    = note: `cargo::redundant_homepage` is set to `warn` by default
[INFO] [stderr] help: consider removing `package.homepage`
[INFO] [stderr] warning: `sim-macros` (manifest) generated 1 warning
[INFO] running `Command { std: "docker" "create" "-v" "/var/lib/crater-agent-workspace/builds/worker-3-tc2/source:/opt/rustwide/workdir:ro,Z" "-v" "/var/lib/crater-agent-workspace/builds/worker-3-tc2/target:/opt/rustwide/target:rw,Z" "-v" "/var/lib/crater-agent-workspace/cargo-home:/opt/rustwide/cargo-home:ro,Z" "-v" "/var/lib/crater-agent-workspace/rustup-home:/opt/rustwide/rustup-home:ro,Z" "-m" "1610612736" "--network" "none" "ghcr.io/rust-lang/crates-build-env/linux@sha256:77db811e55d90add9212f6832c23229e3de5f1c1f9905e8cb07319ea15df73ac" "sleep" "infinity", kill_on_drop: false }`
[INFO] [stdout] c045026c8e7639638c8929307c2a4e8b4e4f0ccd914b3551794e7fc332d4c2ed
[INFO] running `Command { std: "docker" "start" "c045026c8e7639638c8929307c2a4e8b4e4f0ccd914b3551794e7fc332d4c2ed", kill_on_drop: false }`
[INFO] running `Command { std: "docker" "inspect" "c045026c8e7639638c8929307c2a4e8b4e4f0ccd914b3551794e7fc332d4c2ed", kill_on_drop: false }`
[INFO] running `Command { std: "docker" "exec" "-e" "SOURCE_DIR=/opt/rustwide/workdir" "-e" "CARGO_HOME=/opt/rustwide/cargo-home" "-e" "RUSTUP_HOME=/opt/rustwide/rustup-home" "-e" "CARGO_TARGET_DIR=/opt/rustwide/target" "-w" "/opt/rustwide/workdir" "--user" "0:0" "c045026c8e7639638c8929307c2a4e8b4e4f0ccd914b3551794e7fc332d4c2ed" "/opt/rustwide/cargo-home/bin/cargo" "+1.100.0-beta.1" "metadata" "--no-deps" "--format-version=1", kill_on_drop: false }`
[INFO] running `Command { std: "docker" "inspect" "c045026c8e7639638c8929307c2a4e8b4e4f0ccd914b3551794e7fc332d4c2ed", kill_on_drop: false }`
[INFO] running `Command { std: "docker" "exec" "-e" "SOURCE_DIR=/opt/rustwide/workdir" "-e" "CARGO_HOME=/opt/rustwide/cargo-home" "-e" "RUSTUP_HOME=/opt/rustwide/rustup-home" "-e" "CARGO_TARGET_DIR=/opt/rustwide/target" "-e" "CARGO_INCREMENTAL=0" "-e" "RUST_BACKTRACE=full" "-e" "RUSTFLAGS=--cap-lints=warn" "-e" "RUSTDOCFLAGS=--cap-lints=warn" "-w" "/opt/rustwide/workdir" "--user" "0:0" "c045026c8e7639638c8929307c2a4e8b4e4f0ccd914b3551794e7fc332d4c2ed" "/opt/rustwide/cargo-home/bin/cargo" "+1.100.0-beta.1" "build" "--frozen" "--message-format=json" "--release", kill_on_drop: false }`
[INFO] [stderr] warning: `package.homepage` is redundant with `package.repository`
[INFO] [stderr]   --> Cargo.toml:26:12
[INFO] [stderr]    |
[INFO] [stderr] 26 | homepage = "https://github.com/sim-nest/sim-foundation"
[INFO] [stderr]    |            ^^^^^^^^^^^^^^^^^^^^^^^^^^^^^^^^^^^^^^^^^^^^
[INFO] [stderr] ...
[INFO] [stderr] 31 | repository = "https://github.com/sim-nest/sim-foundation"
[INFO] [stderr]    |              --------------------------------------------
[INFO] [stderr]    |
[INFO] [stderr]    = note: `cargo::redundant_homepage` is set to `warn` by default
[INFO] [stderr] help: consider removing `package.homepage`
[INFO] [stderr] warning: `sim-macros` (manifest) generated 1 warning
[INFO] [stderr]    Compiling proc-macro2 v1.0.107
[INFO] [stderr]    Compiling quote v1.0.47
[INFO] [stderr]    Compiling syn v2.0.119
[INFO] [stderr]    Compiling sim-macros v0.4.0 (/opt/rustwide/workdir)
[INFO] [stderr]     Finished `release` profile [optimized] target(s) in 12.15s
[INFO] running `Command { std: "docker" "inspect" "c045026c8e7639638c8929307c2a4e8b4e4f0ccd914b3551794e7fc332d4c2ed", kill_on_drop: false }`
[INFO] running `Command { std: "docker" "exec" "-e" "SOURCE_DIR=/opt/rustwide/workdir" "-e" "CARGO_HOME=/opt/rustwide/cargo-home" "-e" "RUSTUP_HOME=/opt/rustwide/rustup-home" "-e" "CARGO_TARGET_DIR=/opt/rustwide/target" "-e" "CARGO_INCREMENTAL=0" "-e" "RUST_BACKTRACE=full" "-e" "RUSTFLAGS=--cap-lints=warn" "-e" "RUSTDOCFLAGS=--cap-lints=warn" "-w" "/opt/rustwide/workdir" "--user" "0:0" "c045026c8e7639638c8929307c2a4e8b4e4f0ccd914b3551794e7fc332d4c2ed" "/opt/rustwide/cargo-home/bin/cargo" "+1.100.0-beta.1" "test" "--frozen" "--no-run" "--message-format=json" "--release", kill_on_drop: false }`
[INFO] [stderr] warning: `package.homepage` is redundant with `package.repository`
[INFO] [stderr]   --> Cargo.toml:26:12
[INFO] [stderr]    |
[INFO] [stderr] 26 | homepage = "https://github.com/sim-nest/sim-foundation"
[INFO] [stderr]    |            ^^^^^^^^^^^^^^^^^^^^^^^^^^^^^^^^^^^^^^^^^^^^
[INFO] [stderr] ...
[INFO] [stderr] 31 | repository = "https://github.com/sim-nest/sim-foundation"
[INFO] [stderr]    |              --------------------------------------------
[INFO] [stderr]    |
[INFO] [stderr]    = note: `cargo::redundant_homepage` is set to `warn` by default
[INFO] [stderr] help: consider removing `package.homepage`
[INFO] [stderr] warning: `sim-macros` (manifest) generated 1 warning
[INFO] [stderr]    Compiling proc-macro2 v1.0.107
[INFO] [stderr]    Compiling unicode-ident v1.0.24
[INFO] [stderr]    Compiling quote v1.0.47
[INFO] [stderr]    Compiling sim-macros v0.4.0 (/opt/rustwide/workdir)
[INFO] [stderr]    Compiling syn v2.0.119
[INFO] [stderr]     Finished `release` profile [optimized] target(s) in 25.15s
[INFO] running `Command { std: "docker" "inspect" "c045026c8e7639638c8929307c2a4e8b4e4f0ccd914b3551794e7fc332d4c2ed", kill_on_drop: false }`
[INFO] running `Command { std: "docker" "exec" "-e" "SOURCE_DIR=/opt/rustwide/workdir" "-e" "CARGO_HOME=/opt/rustwide/cargo-home" "-e" "RUSTUP_HOME=/opt/rustwide/rustup-home" "-e" "CARGO_TARGET_DIR=/opt/rustwide/target" "-e" "CARGO_INCREMENTAL=0" "-e" "RUST_BACKTRACE=full" "-e" "RUSTFLAGS=--cap-lints=warn" "-e" "RUSTDOCFLAGS=--cap-lints=warn" "-w" "/opt/rustwide/workdir" "--user" "0:0" "c045026c8e7639638c8929307c2a4e8b4e4f0ccd914b3551794e7fc332d4c2ed" "/opt/rustwide/cargo-home/bin/cargo" "+1.100.0-beta.1" "test" "--frozen" "--release", kill_on_drop: false }`
[INFO] [stderr] warning: `package.homepage` is redundant with `package.repository`
[INFO] [stderr]   --> Cargo.toml:26:12
[INFO] [stderr]    |
[INFO] [stderr] 26 | homepage = "https://github.com/sim-nest/sim-foundation"
[INFO] [stderr]    |            ^^^^^^^^^^^^^^^^^^^^^^^^^^^^^^^^^^^^^^^^^^^^
[INFO] [stderr] ...
[INFO] [stderr] 31 | repository = "https://github.com/sim-nest/sim-foundation"
[INFO] [stderr]    |              --------------------------------------------
[INFO] [stderr]    |
[INFO] [stderr]    = note: `cargo::redundant_homepage` is set to `warn` by default
[INFO] [stderr] help: consider removing `package.homepage`
[INFO] [stderr] warning: `sim-macros` (manifest) generated 1 warning
[INFO] [stderr]     Finished `release` profile [optimized] target(s) in 0.04s
[INFO] [stderr]      Running unittests src/lib.rs (/opt/rustwide/target/release/build/sim-macros/8e9f061414b5d181/out/sim_macros-8e9f061414b5d181)
[INFO] [stdout] 
[INFO] [stdout] running 12 tests
[INFO] [stdout] test tests::number_domain_marker_is_parsed_and_consumed ... ok
[INFO] [stdout] test tests::codec_marker_is_parsed_and_consumed ... ok
[INFO] [stdout] test tests::duplicate_nested_attribute_keys_are_rejected ... ok
[INFO] [stdout] test tests::sexp_parser_handles_capture_shapes ... ok
[INFO] [stdout] test tests::macro_marker_is_parsed_and_consumed ... ok
[INFO] [stdout] test tests::borrowed_builtin_type_is_rejected ... ok
[INFO] [stdout] test tests::tuple_struct_lisp_class_is_rejected ... ok
[INFO] [stdout] test tests::site_marker_emits_site_manifest_export ... ok
[INFO] [stdout] test tests::camel_case_normalizes_module_names ... ok
[INFO] [stdout] test tests::site_marker_is_parsed_and_consumed ... ok
[INFO] [stderr]      Running tests/ui.rs (/opt/rustwide/target/release/build/sim-macros/ffd18e6b5c8f27e2/out/ui-ffd18e6b5c8f27e2)
[INFO] [stdout] test tests::duplicate_lisp_lib_keys_are_rejected ... ok
[INFO] [stdout] test tests::unknown_constructor_class_is_rejected ... ok
[INFO] [stdout] 
[INFO] [stdout] test result: ok. 12 passed; 0 failed; 0 ignored; 0 measured; 0 filtered out; finished in 0.01s
[INFO] [stdout] 
[INFO] [stdout] 
[INFO] [stdout] running 8 tests
[INFO] [stdout] test non_inline_modules_fail_compilation ... FAILED
[INFO] [stdout] test unsupported_native_export_signatures_fail_compilation ... FAILED
[INFO] [stdout] test invalid_shape_literals_fail_compilation ... FAILED
[INFO] [stdout] test missing_marker_entries_fail_compilation ... FAILED
[INFO] [stdout] test consumer_smoke_fixture_runs ... FAILED
[INFO] [stderr] error: test failed, to rerun pass `--test ui`
[INFO] [stdout] test missing_required_sim_lib_keys_fail_compilation ... FAILED
[INFO] [stdout] test compile_pass_fixtures_build_cleanly ... FAILED
[INFO] [stdout] test duplicate_keys_fail_compilation ... FAILED
[INFO] [stdout] 
[INFO] [stdout] failures:
[INFO] [stdout] 
[INFO] [stdout] ---- non_inline_modules_fail_compilation stdout ----
[INFO] [stdout] 
[INFO] [stdout] thread 'non_inline_modules_fail_compilation' (446) panicked at tests/ui.rs:153:9:
[INFO] [stdout] expected `#[sim_lib] requires an inline module` in stderr for fail/non-inline-module, got:
[INFO] [stdout] error: manifest path `/opt/rustwide/workdir/tests/ui/fail/non-inline-module/Cargo.toml` does not exist
[INFO] [stdout] 
[INFO] [stdout] stack backtrace:
[INFO] [stdout]    0:     0x62df061b1631 - <<std[617be2ca0a6fd877]::sys::backtrace::BacktraceLock>::print::DisplayBacktrace as core[a373ad73a504971]::fmt::Display>::fmt
[INFO] [stdout]    1:     0x62df061c5bba - core[a373ad73a504971]::fmt::write
[INFO] [stdout]    2:     0x62df061b5aac - <alloc[2e1b2a31b91974c5]::vec::Vec<u8> as core[a373ad73a504971]::io::write::Write>::write_fmt
[INFO] [stdout]    3:     0x62df0618ce76 - std[617be2ca0a6fd877]::panicking::default_hook::{closure#0}
[INFO] [stdout]    4:     0x62df061a95e9 - std[617be2ca0a6fd877]::panicking::default_hook
[INFO] [stdout]    5:     0x62df061455d0 - test[aada8e7e76ba119b]::test_main_inner::{closure#0}
[INFO] [stdout]    6:     0x62df061a97a2 - std[617be2ca0a6fd877]::panicking::panic_with_hook
[INFO] [stdout]    7:     0x62df0618cf22 - std[617be2ca0a6fd877]::panicking::panic_handler::{closure#0}
[INFO] [stdout]    8:     0x62df06185b89 - std[617be2ca0a6fd877]::sys::backtrace::__rust_end_short_backtrace::<std[617be2ca0a6fd877]::panicking::panic_handler::{closure#0}, !>
[INFO] [stdout]    9:     0x62df0618db2d - __rustc[ea4f61d10b84890b]::rust_begin_unwind
[INFO] [stdout]   10:     0x62df061c62ec - core[a373ad73a504971]::panicking::panic_fmt
[INFO] [stdout]   11:     0x62df061372c1 - ui[ae70c010f952509e]::assert_fixture_fails
[INFO] [stdout]   12:     0x62df0613862c - <ui[ae70c010f952509e]::non_inline_modules_fail_compilation::{closure#0} as core[a373ad73a504971]::ops::function::FnOnce<()>>::call_once
[INFO] [stdout]   13:     0x62df06138a1b - test[aada8e7e76ba119b]::__rust_begin_short_backtrace::<core[a373ad73a504971]::result::Result<(), alloc[2e1b2a31b91974c5]::string::String>, fn() -> core[a373ad73a504971]::result::Result<(), alloc[2e1b2a31b91974c5]::string::String>>
[INFO] [stdout]   14:     0x62df06145bf5 - test[aada8e7e76ba119b]::run_test::{closure#0}
[INFO] [stdout]   15:     0x62df0613f4e4 - std[617be2ca0a6fd877]::sys::backtrace::__rust_begin_short_backtrace::<test[aada8e7e76ba119b]::run_test::{closure#1}, ()>
[INFO] [stdout]   16:     0x62df06148c82 - <std[617be2ca0a6fd877]::thread::lifecycle::spawn_unchecked<test[aada8e7e76ba119b]::run_test::{closure#1}, ()>::{closure#1} as core[a373ad73a504971]::ops::function::FnOnce<()>>::call_once::{shim:vtable#0}
[INFO] [stdout]   17:     0x62df061b0e8f - <std[617be2ca0a6fd877]::sys::thread::unix::Thread>::new::thread_start
[INFO] [stdout]   18:     0x7c595f11adfa - <unknown>
[INFO] [stdout]   19:     0x7c595f1ae3d4 - clone
[INFO] [stdout]   20:                0x0 - <unknown>
[INFO] [stdout] 
[INFO] [stdout] ---- unsupported_native_export_signatures_fail_compilation stdout ----
[INFO] [stdout] 
[INFO] [stdout] thread 'unsupported_native_export_signatures_fail_compilation' (449) panicked at tests/ui.rs:153:9:
[INFO] [stdout] expected `native_export = true only supports f64, bool, String, Symbol, and Expr arguments` in stderr for fail/bad-native-export-signature, got:
[INFO] [stdout] error: manifest path `/opt/rustwide/workdir/tests/ui/fail/bad-native-export-signature/Cargo.toml` does not exist
[INFO] [stdout] 
[INFO] [stdout] stack backtrace:
[INFO] [stdout]    0:     0x62df061b1631 - <<std[617be2ca0a6fd877]::sys::backtrace::BacktraceLock>::print::DisplayBacktrace as core[a373ad73a504971]::fmt::Display>::fmt
[INFO] [stdout]    1:     0x62df061c5bba - core[a373ad73a504971]::fmt::write
[INFO] [stdout]    2:     0x62df061b5aac - <alloc[2e1b2a31b91974c5]::vec::Vec<u8> as core[a373ad73a504971]::io::write::Write>::write_fmt
[INFO] [stdout]    3:     0x62df0618ce76 - std[617be2ca0a6fd877]::panicking::default_hook::{closure#0}
[INFO] [stdout]    4:     0x62df061a95e9 - std[617be2ca0a6fd877]::panicking::default_hook
[INFO] [stdout]    5:     0x62df061455d0 - test[aada8e7e76ba119b]::test_main_inner::{closure#0}
[INFO] [stdout]    6:     0x62df061a97a2 - std[617be2ca0a6fd877]::panicking::panic_with_hook
[INFO] [stdout]    7:     0x62df0618cf22 - std[617be2ca0a6fd877]::panicking::panic_handler::{closure#0}
[INFO] [stdout]    8:     0x62df06185b89 - std[617be2ca0a6fd877]::sys::backtrace::__rust_end_short_backtrace::<std[617be2ca0a6fd877]::panicking::panic_handler::{closure#0}, !>
[INFO] [stdout]    9:     0x62df0618db2d - __rustc[ea4f61d10b84890b]::rust_begin_unwind
[INFO] [stdout]   10:     0x62df061c62ec - core[a373ad73a504971]::panicking::panic_fmt
[INFO] [stdout]   11:     0x62df061372c1 - ui[ae70c010f952509e]::assert_fixture_fails
[INFO] [stdout]   12:     0x62df061389ac - <ui[ae70c010f952509e]::unsupported_native_export_signatures_fail_compilation::{closure#0} as core[a373ad73a504971]::ops::function::FnOnce<()>>::call_once
[INFO] [stdout]   13:     0x62df06138a1b - test[aada8e7e76ba119b]::__rust_begin_short_backtrace::<core[a373ad73a504971]::result::Result<(), alloc[2e1b2a31b91974c5]::string::String>, fn() -> core[a373ad73a504971]::result::Result<(), alloc[2e1b2a31b91974c5]::string::String>>
[INFO] [stdout]   14:     0x62df06145bf5 - test[aada8e7e76ba119b]::run_test::{closure#0}
[INFO] [stdout]   15:     0x62df0613f4e4 - std[617be2ca0a6fd877]::sys::backtrace::__rust_begin_short_backtrace::<test[aada8e7e76ba119b]::run_test::{closure#1}, ()>
[INFO] [stdout]   16:     0x62df06148c82 - <std[617be2ca0a6fd877]::thread::lifecycle::spawn_unchecked<test[aada8e7e76ba119b]::run_test::{closure#1}, ()>::{closure#1} as core[a373ad73a504971]::ops::function::FnOnce<()>>::call_once::{shim:vtable#0}
[INFO] [stdout]   17:     0x62df061b0e8f - <std[617be2ca0a6fd877]::sys::thread::unix::Thread>::new::thread_start
[INFO] [stdout]   18:     0x7c595f11adfa - <unknown>
[INFO] [stdout]   19:     0x7c595f1ae3d4 - clone
[INFO] [stdout]   20:                0x0 - <unknown>
[INFO] [stdout] 
[INFO] [stdout] ---- invalid_shape_literals_fail_compilation stdout ----
[INFO] [stdout] 
[INFO] [stdout] thread 'invalid_shape_literals_fail_compilation' (439) panicked at tests/ui.rs:208:5:
[INFO] [stdout] expected a shape parse failure, got:
[INFO] [stdout] error: manifest path `/opt/rustwide/workdir/tests/ui/fail/invalid-shape/Cargo.toml` does not exist
[INFO] [stdout] 
[INFO] [stdout] stack backtrace:
[INFO] [stdout]    0:     0x62df061b1631 - <<std[617be2ca0a6fd877]::sys::backtrace::BacktraceLock>::print::DisplayBacktrace as core[a373ad73a504971]::fmt::Display>::fmt
[INFO] [stdout]    1:     0x62df061c5bba - core[a373ad73a504971]::fmt::write
[INFO] [stdout]    2:     0x62df061b5aac - <alloc[2e1b2a31b91974c5]::vec::Vec<u8> as core[a373ad73a504971]::io::write::Write>::write_fmt
[INFO] [stdout]    3:     0x62df0618ce76 - std[617be2ca0a6fd877]::panicking::default_hook::{closure#0}
[INFO] [stdout]    4:     0x62df061a95e9 - std[617be2ca0a6fd877]::panicking::default_hook
[INFO] [stdout]    5:     0x62df061455d0 - test[aada8e7e76ba119b]::test_main_inner::{closure#0}
[INFO] [stdout]    6:     0x62df061a97a2 - std[617be2ca0a6fd877]::panicking::panic_with_hook
[INFO] [stdout]    7:     0x62df0618cf22 - std[617be2ca0a6fd877]::panicking::panic_handler::{closure#0}
[INFO] [stdout]    8:     0x62df06185b89 - std[617be2ca0a6fd877]::sys::backtrace::__rust_end_short_backtrace::<std[617be2ca0a6fd877]::panicking::panic_handler::{closure#0}, !>
[INFO] [stdout]    9:     0x62df0618db2d - __rustc[ea4f61d10b84890b]::rust_begin_unwind
[INFO] [stdout]   10:     0x62df061c62ec - core[a373ad73a504971]::panicking::panic_fmt
[INFO] [stdout]   11:     0x62df061388a4 - <ui[ae70c010f952509e]::invalid_shape_literals_fail_compilation::{closure#0} as core[a373ad73a504971]::ops::function::FnOnce<()>>::call_once
[INFO] [stdout]   12:     0x62df06138a1b - test[aada8e7e76ba119b]::__rust_begin_short_backtrace::<core[a373ad73a504971]::result::Result<(), alloc[2e1b2a31b91974c5]::string::String>, fn() -> core[a373ad73a504971]::result::Result<(), alloc[2e1b2a31b91974c5]::string::String>>
[INFO] [stdout]   13:     0x62df06145bf5 - test[aada8e7e76ba119b]::run_test::{closure#0}
[INFO] [stdout]   14:     0x62df0613f4e4 - std[617be2ca0a6fd877]::sys::backtrace::__rust_begin_short_backtrace::<test[aada8e7e76ba119b]::run_test::{closure#1}, ()>
[INFO] [stdout]   15:     0x62df06148c82 - <std[617be2ca0a6fd877]::thread::lifecycle::spawn_unchecked<test[aada8e7e76ba119b]::run_test::{closure#1}, ()>::{closure#1} as core[a373ad73a504971]::ops::function::FnOnce<()>>::call_once::{shim:vtable#0}
[INFO] [stdout]   16:     0x62df061b0e8f - <std[617be2ca0a6fd877]::sys::thread::unix::Thread>::new::thread_start
[INFO] [stdout]   17:     0x7c595f11adfa - <unknown>
[INFO] [stdout]   18:     0x7c595f1ae3d4 - clone
[INFO] [stdout]   19:                0x0 - <unknown>
[INFO] [stdout] 
[INFO] [stdout] ---- missing_marker_entries_fail_compilation stdout ----
[INFO] [stdout] 
[INFO] [stdout] thread 'missing_marker_entries_fail_compilation' (440) panicked at tests/ui.rs:153:9:
[INFO] [stdout] expected `#[sim_site] requires realize` in stderr for fail/missing-site-realize, got:
[INFO] [stdout] error: manifest path `/opt/rustwide/workdir/tests/ui/fail/missing-site-realize/Cargo.toml` does not exist
[INFO] [stdout] 
[INFO] [stdout] stack backtrace:
[INFO] [stdout]    0:     0x62df061b1631 - <<std[617be2ca0a6fd877]::sys::backtrace::BacktraceLock>::print::DisplayBacktrace as core[a373ad73a504971]::fmt::Display>::fmt
[INFO] [stdout]    1:     0x62df061c5bba - core[a373ad73a504971]::fmt::write
[INFO] [stdout]    2:     0x62df061b5aac - <alloc[2e1b2a31b91974c5]::vec::Vec<u8> as core[a373ad73a504971]::io::write::Write>::write_fmt
[INFO] [stdout]    3:     0x62df0618ce76 - std[617be2ca0a6fd877]::panicking::default_hook::{closure#0}
[INFO] [stdout]    4:     0x62df061a95e9 - std[617be2ca0a6fd877]::panicking::default_hook
[INFO] [stdout]    5:     0x62df061455d0 - test[aada8e7e76ba119b]::test_main_inner::{closure#0}
[INFO] [stdout]    6:     0x62df061a97a2 - std[617be2ca0a6fd877]::panicking::panic_with_hook
[INFO] [stdout]    7:     0x62df0618cf22 - std[617be2ca0a6fd877]::panicking::panic_handler::{closure#0}
[INFO] [stdout]    8:     0x62df06185b89 - std[617be2ca0a6fd877]::sys::backtrace::__rust_end_short_backtrace::<std[617be2ca0a6fd877]::panicking::panic_handler::{closure#0}, !>
[INFO] [stdout]    9:     0x62df0618db2d - __rustc[ea4f61d10b84890b]::rust_begin_unwind
[INFO] [stdout]   10:     0x62df061c62ec - core[a373ad73a504971]::panicking::panic_fmt
[INFO] [stdout]   11:     0x62df061372c1 - ui[ae70c010f952509e]::assert_fixture_fails
[INFO] [stdout]   12:     0x62df0613894c - <ui[ae70c010f952509e]::missing_marker_entries_fail_compilation::{closure#0} as core[a373ad73a504971]::ops::function::FnOnce<()>>::call_once
[INFO] [stdout]   13:     0x62df06138a1b - test[aada8e7e76ba119b]::__rust_begin_short_backtrace::<core[a373ad73a504971]::result::Result<(), alloc[2e1b2a31b91974c5]::string::String>, fn() -> core[a373ad73a504971]::result::Result<(), alloc[2e1b2a31b91974c5]::string::String>>
[INFO] [stdout]   14:     0x62df06145bf5 - test[aada8e7e76ba119b]::run_test::{closure#0}
[INFO] [stdout]   15:     0x62df0613f4e4 - std[617be2ca0a6fd877]::sys::backtrace::__rust_begin_short_backtrace::<test[aada8e7e76ba119b]::run_test::{closure#1}, ()>
[INFO] [stdout]   16:     0x62df06148c82 - <std[617be2ca0a6fd877]::thread::lifecycle::spawn_unchecked<test[aada8e7e76ba119b]::run_test::{closure#1}, ()>::{closure#1} as core[a373ad73a504971]::ops::function::FnOnce<()>>::call_once::{shim:vtable#0}
[INFO] [stdout]   17:     0x62df061b0e8f - <std[617be2ca0a6fd877]::sys::thread::unix::Thread>::new::thread_start
[INFO] [stdout]   18:     0x7c595f11adfa - <unknown>
[INFO] [stdout]   19:     0x7c595f1ae3d4 - clone
[INFO] [stdout]   20:                0x0 - <unknown>
[INFO] [stdout] 
[INFO] [stdout] ---- consumer_smoke_fixture_runs stdout ----
[INFO] [stdout] 
[INFO] [stdout] thread 'consumer_smoke_fixture_runs' (437) panicked at tests/ui.rs:239:5:
[INFO] [stdout] consumer smoke fixture failed:
[INFO] [stdout] error: manifest path `/opt/rustwide/workdir/tests/ui/smoke/consumer/Cargo.toml` does not exist
[INFO] [stdout] 
[INFO] [stdout] stack backtrace:
[INFO] [stdout]    0:     0x62df061b1631 - <<std[617be2ca0a6fd877]::sys::backtrace::BacktraceLock>::print::DisplayBacktrace as core[a373ad73a504971]::fmt::Display>::fmt
[INFO] [stdout]    1:     0x62df061c5bba - core[a373ad73a504971]::fmt::write
[INFO] [stdout]    2:     0x62df061b5aac - <alloc[2e1b2a31b91974c5]::vec::Vec<u8> as core[a373ad73a504971]::io::write::Write>::write_fmt
[INFO] [stdout]    3:     0x62df0618ce76 - std[617be2ca0a6fd877]::panicking::default_hook::{closure#0}
[INFO] [stdout]    4:     0x62df061a95e9 - std[617be2ca0a6fd877]::panicking::default_hook
[INFO] [stdout]    5:     0x62df061455d0 - test[aada8e7e76ba119b]::test_main_inner::{closure#0}
[INFO] [stdout]    6:     0x62df061a97a2 - std[617be2ca0a6fd877]::panicking::panic_with_hook
[INFO] [stdout]    7:     0x62df0618cf22 - std[617be2ca0a6fd877]::panicking::panic_handler::{closure#0}
[INFO] [stdout]    8:     0x62df06185b89 - std[617be2ca0a6fd877]::sys::backtrace::__rust_end_short_backtrace::<std[617be2ca0a6fd877]::panicking::panic_handler::{closure#0}, !>
[INFO] [stdout]    9:     0x62df0618db2d - __rustc[ea4f61d10b84890b]::rust_begin_unwind
[INFO] [stdout]   10:     0x62df061c62ec - core[a373ad73a504971]::panicking::panic_fmt
[INFO] [stdout]   11:     0x62df06138514 - <ui[ae70c010f952509e]::consumer_smoke_fixture_runs::{closure#0} as core[a373ad73a504971]::ops::function::FnOnce<()>>::call_once
[INFO] [stdout]   12:     0x62df06138a1b - test[aada8e7e76ba119b]::__rust_begin_short_backtrace::<core[a373ad73a504971]::result::Result<(), alloc[2e1b2a31b91974c5]::string::String>, fn() -> core[a373ad73a504971]::result::Result<(), alloc[2e1b2a31b91974c5]::string::String>>
[INFO] [stdout]   13:     0x62df06145bf5 - test[aada8e7e76ba119b]::run_test::{closure#0}
[INFO] [stdout]   14:     0x62df0613f4e4 - std[617be2ca0a6fd877]::sys::backtrace::__rust_begin_short_backtrace::<test[aada8e7e76ba119b]::run_test::{closure#1}, ()>
[INFO] [stdout]   15:     0x62df06148c82 - <std[617be2ca0a6fd877]::thread::lifecycle::spawn_unchecked<test[aada8e7e76ba119b]::run_test::{closure#1}, ()>::{closure#1} as core[a373ad73a504971]::ops::function::FnOnce<()>>::call_once::{shim:vtable#0}
[INFO] [stdout]   16:     0x62df061b0e8f - <std[617be2ca0a6fd877]::sys::thread::unix::Thread>::new::thread_start
[INFO] [stdout]   17:     0x7c595f11adfa - <unknown>
[INFO] [stdout]   18:     0x7c595f1ae3d4 - clone
[INFO] [stdout]   19:                0x0 - <unknown>
[INFO] [stdout] 
[INFO] [stdout] ---- missing_required_sim_lib_keys_fail_compilation stdout ----
[INFO] [stdout] 
[INFO] [stdout] thread 'missing_required_sim_lib_keys_fail_compilation' (444) panicked at tests/ui.rs:153:9:
[INFO] [stdout] expected `expected #[sim_lib(id = "...")]` in stderr for fail/missing-lib-id, got:
[INFO] [stdout] error: manifest path `/opt/rustwide/workdir/tests/ui/fail/missing-lib-id/Cargo.toml` does not exist
[INFO] [stdout] 
[INFO] [stdout] stack backtrace:
[INFO] [stdout]    0:     0x62df061b1631 - <<std[617be2ca0a6fd877]::sys::backtrace::BacktraceLock>::print::DisplayBacktrace as core[a373ad73a504971]::fmt::Display>::fmt
[INFO] [stdout]    1:     0x62df061c5bba - core[a373ad73a504971]::fmt::write
[INFO] [stdout]    2:     0x62df061b5aac - <alloc[2e1b2a31b91974c5]::vec::Vec<u8> as core[a373ad73a504971]::io::write::Write>::write_fmt
[INFO] [stdout]    3:     0x62df0618ce76 - std[617be2ca0a6fd877]::panicking::default_hook::{closure#0}
[INFO] [stdout]    4:     0x62df061a95e9 - std[617be2ca0a6fd877]::panicking::default_hook
[INFO] [stdout]    5:     0x62df061455d0 - test[aada8e7e76ba119b]::test_main_inner::{closure#0}
[INFO] [stdout]    6:     0x62df061a97a2 - std[617be2ca0a6fd877]::panicking::panic_with_hook
[INFO] [stdout]    7:     0x62df0618cf22 - std[617be2ca0a6fd877]::panicking::panic_handler::{closure#0}
[INFO] [stdout]    8:     0x62df06185b89 - std[617be2ca0a6fd877]::sys::backtrace::__rust_end_short_backtrace::<std[617be2ca0a6fd877]::panicking::panic_handler::{closure#0}, !>
[INFO] [stdout]    9:     0x62df0618db2d - __rustc[ea4f61d10b84890b]::rust_begin_unwind
[INFO] [stdout]   10:     0x62df061c62ec - core[a373ad73a504971]::panicking::panic_fmt
[INFO] [stdout]   11:     0x62df061372c1 - ui[ae70c010f952509e]::assert_fixture_fails
[INFO] [stdout]   12:     0x62df0613897c - <ui[ae70c010f952509e]::missing_required_sim_lib_keys_fail_compilation::{closure#0} as core[a373ad73a504971]::ops::function::FnOnce<()>>::call_once
[INFO] [stdout]   13:     0x62df06138a1b - test[aada8e7e76ba119b]::__rust_begin_short_backtrace::<core[a373ad73a504971]::result::Result<(), alloc[2e1b2a31b91974c5]::string::String>, fn() -> core[a373ad73a504971]::result::Result<(), alloc[2e1b2a31b91974c5]::string::String>>
[INFO] [stdout]   14:     0x62df06145bf5 - test[aada8e7e76ba119b]::run_test::{closure#0}
[INFO] [stdout]   15:     0x62df0613f4e4 - std[617be2ca0a6fd877]::sys::backtrace::__rust_begin_short_backtrace::<test[aada8e7e76ba119b]::run_test::{closure#1}, ()>
[INFO] [stdout]   16:     0x62df06148c82 - <std[617be2ca0a6fd877]::thread::lifecycle::spawn_unchecked<test[aada8e7e76ba119b]::run_test::{closure#1}, ()>::{closure#1} as core[a373ad73a504971]::ops::function::FnOnce<()>>::call_once::{shim:vtable#0}
[INFO] [stdout]   17:     0x62df061b0e8f - <std[617be2ca0a6fd877]::sys::thread::unix::Thread>::new::thread_start
[INFO] [stdout]   18:     0x7c595f11adfa - <unknown>
[INFO] [stdout]   19:     0x7c595f1ae3d4 - clone
[INFO] [stdout]   20:                0x0 - <unknown>
[INFO] [stdout] 
[INFO] [stdout] ---- compile_pass_fixtures_build_cleanly stdout ----
[INFO] [stdout] 
[INFO] [stdout] thread 'compile_pass_fixtures_build_cleanly' (436) panicked at tests/ui.rs:132:5:
[INFO] [stdout] pass/basic-lib fixture failed to compile:
[INFO] [stdout] error: manifest path `/opt/rustwide/workdir/tests/ui/pass/basic-lib/Cargo.toml` does not exist
[INFO] [stdout] 
[INFO] [stdout] stack backtrace:
[INFO] [stdout]    0:     0x62df061b1631 - <<std[617be2ca0a6fd877]::sys::backtrace::BacktraceLock>::print::DisplayBacktrace as core[a373ad73a504971]::fmt::Display>::fmt
[INFO] [stdout]    1:     0x62df061c5bba - core[a373ad73a504971]::fmt::write
[INFO] [stdout]    2:     0x62df061b5aac - <alloc[2e1b2a31b91974c5]::vec::Vec<u8> as core[a373ad73a504971]::io::write::Write>::write_fmt
[INFO] [stdout]    3:     0x62df0618ce76 - std[617be2ca0a6fd877]::panicking::default_hook::{closure#0}
[INFO] [stdout]    4:     0x62df061a95e9 - std[617be2ca0a6fd877]::panicking::default_hook
[INFO] [stdout]    5:     0x62df061455d0 - test[aada8e7e76ba119b]::test_main_inner::{closure#0}
[INFO] [stdout]    6:     0x62df061a97a2 - std[617be2ca0a6fd877]::panicking::panic_with_hook
[INFO] [stdout]    7:     0x62df0618cf22 - std[617be2ca0a6fd877]::panicking::panic_handler::{closure#0}
[INFO] [stdout]    8:     0x62df06185b89 - std[617be2ca0a6fd877]::sys::backtrace::__rust_end_short_backtrace::<std[617be2ca0a6fd877]::panicking::panic_handler::{closure#0}, !>
[INFO] [stdout]    9:     0x62df0618db2d - __rustc[ea4f61d10b84890b]::rust_begin_unwind
[INFO] [stdout]   10:     0x62df061c62ec - core[a373ad73a504971]::panicking::panic_fmt
[INFO] [stdout]   11:     0x62df061374bb - ui[ae70c010f952509e]::assert_fixture_checks
[INFO] [stdout]   12:     0x62df061385e5 - <ui[ae70c010f952509e]::compile_pass_fixtures_build_cleanly::{closure#0} as core[a373ad73a504971]::ops::function::FnOnce<()>>::call_once
[INFO] [stdout]   13:     0x62df06138a1b - test[aada8e7e76ba119b]::__rust_begin_short_backtrace::<core[a373ad73a504971]::result::Result<(), alloc[2e1b2a31b91974c5]::string::String>, fn() -> core[a373ad73a504971]::result::Result<(), alloc[2e1b2a31b91974c5]::string::String>>
[INFO] [stdout]   14:     0x62df06145bf5 - test[aada8e7e76ba119b]::run_test::{closure#0}
[INFO] [stdout]   15:     0x62df0613f4e4 - std[617be2ca0a6fd877]::sys::backtrace::__rust_begin_short_backtrace::<test[aada8e7e76ba119b]::run_test::{closure#1}, ()>
[INFO] [stdout]   16:     0x62df06148c82 - <std[617be2ca0a6fd877]::thread::lifecycle::spawn_unchecked<test[aada8e7e76ba119b]::run_test::{closure#1}, ()>::{closure#1} as core[a373ad73a504971]::ops::function::FnOnce<()>>::call_once::{shim:vtable#0}
[INFO] [stdout]   17:     0x62df061b0e8f - <std[617be2ca0a6fd877]::sys::thread::unix::Thread>::new::thread_start
[INFO] [stdout]   18:     0x7c595f11adfa - <unknown>
[INFO] [stdout]   19:     0x7c595f1ae3d4 - clone
[INFO] [stdout]   20:                0x0 - <unknown>
[INFO] [stdout] 
[INFO] [stdout] ---- duplicate_keys_fail_compilation stdout ----
[INFO] [stdout] 
[INFO] [stdout] thread 'duplicate_keys_fail_compilation' (438) panicked at tests/ui.rs:153:9:
[INFO] [stdout] expected `duplicate #[sim_lib(id = ...)] entry` in stderr for fail/duplicate-lib-id, got:
[INFO] [stdout] error: manifest path `/opt/rustwide/workdir/tests/ui/fail/duplicate-lib-id/Cargo.toml` does not exist
[INFO] [stdout] 
[INFO] [stdout] stack backtrace:
[INFO] [stdout]    0:     0x62df061b1631 - <<std[617be2ca0a6fd877]::sys::backtrace::BacktraceLock>::print::DisplayBacktrace as core[a373ad73a504971]::fmt::Display>::fmt
[INFO] [stdout]    1:     0x62df061c5bba - core[a373ad73a504971]::fmt::write
[INFO] [stdout]    2:     0x62df061b5aac - <alloc[2e1b2a31b91974c5]::vec::Vec<u8> as core[a373ad73a504971]::io::write::Write>::write_fmt
[INFO] [stdout]    3:     0x62df0618ce76 - std[617be2ca0a6fd877]::panicking::default_hook::{closure#0}
[INFO] [stdout]    4:     0x62df061a95e9 - std[617be2ca0a6fd877]::panicking::default_hook
[INFO] [stdout]    5:     0x62df061455d0 - test[aada8e7e76ba119b]::test_main_inner::{closure#0}
[INFO] [stdout]    6:     0x62df061a97a2 - std[617be2ca0a6fd877]::panicking::panic_with_hook
[INFO] [stdout]    7:     0x62df0618cf22 - std[617be2ca0a6fd877]::panicking::panic_handler::{closure#0}
[INFO] [stdout]    8:     0x62df06185b89 - std[617be2ca0a6fd877]::sys::backtrace::__rust_end_short_backtrace::<std[617be2ca0a6fd877]::panicking::panic_handler::{closure#0}, !>
[INFO] [stdout]    9:     0x62df0618db2d - __rustc[ea4f61d10b84890b]::rust_begin_unwind
[INFO] [stdout]   10:     0x62df061c62ec - core[a373ad73a504971]::panicking::panic_fmt
[INFO] [stdout]   11:     0x62df061372c1 - ui[ae70c010f952509e]::assert_fixture_fails
[INFO] [stdout]   12:     0x62df061385ac - <ui[ae70c010f952509e]::duplicate_keys_fail_compilation::{closure#0} as core[a373ad73a504971]::ops::function::FnOnce<()>>::call_once
[INFO] [stdout]   13:     0x62df06138a1b - test[aada8e7e76ba119b]::__rust_begin_short_backtrace::<core[a373ad73a504971]::result::Result<(), alloc[2e1b2a31b91974c5]::string::String>, fn() -> core[a373ad73a504971]::result::Result<(), alloc[2e1b2a31b91974c5]::string::String>>
[INFO] [stdout]   14:     0x62df06145bf5 - test[aada8e7e76ba119b]::run_test::{closure#0}
[INFO] [stdout]   15:     0x62df0613f4e4 - std[617be2ca0a6fd877]::sys::backtrace::__rust_begin_short_backtrace::<test[aada8e7e76ba119b]::run_test::{closure#1}, ()>
[INFO] [stdout]   16:     0x62df06148c82 - <std[617be2ca0a6fd877]::thread::lifecycle::spawn_unchecked<test[aada8e7e76ba119b]::run_test::{closure#1}, ()>::{closure#1} as core[a373ad73a504971]::ops::function::FnOnce<()>>::call_once::{shim:vtable#0}
[INFO] [stdout]   17:     0x62df061b0e8f - <std[617be2ca0a6fd877]::sys::thread::unix::Thread>::new::thread_start
[INFO] [stdout]   18:     0x7c595f11adfa - <unknown>
[INFO] [stdout]   19:     0x7c595f1ae3d4 - clone
[INFO] [stdout]   20:                0x0 - <unknown>
[INFO] [stdout] 
[INFO] [stdout] 
[INFO] [stdout] failures:
[INFO] [stdout]     compile_pass_fixtures_build_cleanly
[INFO] [stdout]     consumer_smoke_fixture_runs
[INFO] [stdout]     duplicate_keys_fail_compilation
[INFO] [stdout]     invalid_shape_literals_fail_compilation
[INFO] [stdout]     missing_marker_entries_fail_compilation
[INFO] [stdout]     missing_required_sim_lib_keys_fail_compilation
[INFO] [stdout]     non_inline_modules_fail_compilation
[INFO] [stdout]     unsupported_native_export_signatures_fail_compilation
[INFO] [stdout] 
[INFO] [stdout] test result: FAILED. 0 passed; 8 failed; 0 ignored; 0 measured; 0 filtered out; finished in 0.10s
[INFO] [stdout] 
[INFO] running `Command { std: "docker" "inspect" "c045026c8e7639638c8929307c2a4e8b4e4f0ccd914b3551794e7fc332d4c2ed", kill_on_drop: false }`
[INFO] running `Command { std: "docker" "rm" "-f" "c045026c8e7639638c8929307c2a4e8b4e4f0ccd914b3551794e7fc332d4c2ed", kill_on_drop: false }`
[INFO] [stdout] c045026c8e7639638c8929307c2a4e8b4e4f0ccd914b3551794e7fc332d4c2ed
