[INFO] fetching crate sim-lib-sequence 0.3.0...
[INFO] testing sim-lib-sequence-0.3.0 against 1.100.0-beta.1+cargoflags=--release for beta-release-1.100-2
[INFO] extracting crate sim-lib-sequence 0.3.0 into /workspace/builds/worker-5-tc2/source
[INFO] started tweaking crates.io crate sim-lib-sequence 0.3.0
[INFO] removed 0 missing tests
[INFO] finished tweaking crates.io crate sim-lib-sequence 0.3.0
[INFO] tweaked toml for crates.io crate sim-lib-sequence 0.3.0 written to /workspace/builds/worker-5-tc2/source/Cargo.toml
[INFO] validating manifest of crates.io crate sim-lib-sequence 0.3.0 on toolchain 1.100.0-beta.1
[INFO] running `Command { std: CARGO_HOME="/workspace/cargo-home" RUSTUP_HOME="/workspace/rustup-home" "/workspace/cargo-home/bin/cargo" "+1.100.0-beta.1" "metadata" "--manifest-path" "Cargo.toml" "--no-deps", kill_on_drop: false }`
[INFO] crate crates.io crate sim-lib-sequence 0.3.0 already has a lockfile, it will not be regenerated
[INFO] running `Command { std: CARGO_HOME="/workspace/cargo-home" RUSTUP_HOME="/workspace/rustup-home" "/workspace/cargo-home/bin/cargo" "+1.100.0-beta.1" "fetch" "--manifest-path" "Cargo.toml", kill_on_drop: false }`
[INFO] [stderr] warning: `package.homepage` is redundant with `package.repository`
[INFO] [stderr]   --> Cargo.toml:32:12
[INFO] [stderr]    |
[INFO] [stderr] 32 | homepage = "https://github.com/sim-nest/sim-runtime"
[INFO] [stderr]    |            ^^^^^^^^^^^^^^^^^^^^^^^^^^^^^^^^^^^^^^^^^
[INFO] [stderr] ...
[INFO] [stderr] 37 | repository = "https://github.com/sim-nest/sim-runtime"
[INFO] [stderr]    |              -----------------------------------------
[INFO] [stderr]    |
[INFO] [stderr]    = note: `cargo::redundant_homepage` is set to `warn` by default
[INFO] [stderr] help: consider removing `package.homepage`
[INFO] [stderr] warning: `sim-lib-sequence` (manifest) generated 1 warning
[INFO] [stderr]     Updating crates.io index
[INFO] [stderr]      Locking 8 packages to highest Rust 1.100.0-beta.1 compatible versions
[INFO] [stderr]       Adding sim-citizen v0.4.0
[INFO] [stderr]       Adding sim-citizen-derive v0.4.0
[INFO] [stderr]       Adding sim-config v0.3.0
[INFO] [stderr]       Adding sim-cookbook v0.4.0
[INFO] [stderr]       Adding sim-cookbook-build v0.2.0
[INFO] [stderr]       Adding sim-kernel v0.4.0
[INFO] [stderr]       Adding sim-table-core v0.3.0
[INFO] [stderr]       Adding sim-value v0.4.0
[INFO] running `Command { std: "docker" "create" "-v" "/var/lib/crater-agent-workspace/builds/worker-5-tc2/source:/opt/rustwide/workdir:ro,Z" "-v" "/var/lib/crater-agent-workspace/builds/worker-5-tc2/target:/opt/rustwide/target:rw,Z" "-v" "/var/lib/crater-agent-workspace/cargo-home:/opt/rustwide/cargo-home:ro,Z" "-v" "/var/lib/crater-agent-workspace/rustup-home:/opt/rustwide/rustup-home:ro,Z" "-m" "1610612736" "--network" "none" "ghcr.io/rust-lang/crates-build-env/linux@sha256:77db811e55d90add9212f6832c23229e3de5f1c1f9905e8cb07319ea15df73ac" "sleep" "infinity", kill_on_drop: false }`
[INFO] [stdout] c9c1be839b806c8cb7f0ea2221d566a1be0c092f847d970b143d7194c0ef8a9b
[INFO] running `Command { std: "docker" "start" "c9c1be839b806c8cb7f0ea2221d566a1be0c092f847d970b143d7194c0ef8a9b", kill_on_drop: false }`
[INFO] running `Command { std: "docker" "inspect" "c9c1be839b806c8cb7f0ea2221d566a1be0c092f847d970b143d7194c0ef8a9b", kill_on_drop: false }`
[INFO] running `Command { std: "docker" "exec" "-e" "SOURCE_DIR=/opt/rustwide/workdir" "-e" "CARGO_HOME=/opt/rustwide/cargo-home" "-e" "RUSTUP_HOME=/opt/rustwide/rustup-home" "-e" "CARGO_TARGET_DIR=/opt/rustwide/target" "-w" "/opt/rustwide/workdir" "--user" "0:0" "c9c1be839b806c8cb7f0ea2221d566a1be0c092f847d970b143d7194c0ef8a9b" "/opt/rustwide/cargo-home/bin/cargo" "+1.100.0-beta.1" "metadata" "--no-deps" "--format-version=1", kill_on_drop: false }`
[INFO] running `Command { std: "docker" "inspect" "c9c1be839b806c8cb7f0ea2221d566a1be0c092f847d970b143d7194c0ef8a9b", kill_on_drop: false }`
[INFO] running `Command { std: "docker" "exec" "-e" "SOURCE_DIR=/opt/rustwide/workdir" "-e" "CARGO_HOME=/opt/rustwide/cargo-home" "-e" "RUSTUP_HOME=/opt/rustwide/rustup-home" "-e" "CARGO_TARGET_DIR=/opt/rustwide/target" "-e" "CARGO_INCREMENTAL=0" "-e" "RUST_BACKTRACE=full" "-e" "RUSTFLAGS=--cap-lints=warn" "-e" "RUSTDOCFLAGS=--cap-lints=warn" "-w" "/opt/rustwide/workdir" "--user" "0:0" "c9c1be839b806c8cb7f0ea2221d566a1be0c092f847d970b143d7194c0ef8a9b" "/opt/rustwide/cargo-home/bin/cargo" "+1.100.0-beta.1" "build" "--frozen" "--message-format=json" "--release", kill_on_drop: false }`
[INFO] [stderr] warning: `package.homepage` is redundant with `package.repository`
[INFO] [stderr]   --> Cargo.toml:32:12
[INFO] [stderr]    |
[INFO] [stderr] 32 | homepage = "https://github.com/sim-nest/sim-runtime"
[INFO] [stderr]    |            ^^^^^^^^^^^^^^^^^^^^^^^^^^^^^^^^^^^^^^^^^
[INFO] [stderr] ...
[INFO] [stderr] 37 | repository = "https://github.com/sim-nest/sim-runtime"
[INFO] [stderr]    |              -----------------------------------------
[INFO] [stderr]    |
[INFO] [stderr]    = note: `cargo::redundant_homepage` is set to `warn` by default
[INFO] [stderr] help: consider removing `package.homepage`
[INFO] [stderr] warning: `sim-lib-sequence` (manifest) generated 1 warning
[INFO] [stderr]    Compiling proc-macro2 v1.0.107
[INFO] [stderr]    Compiling quote v1.0.47
[INFO] [stderr]    Compiling syn v2.0.119
[INFO] [stderr]    Compiling thiserror-impl v1.0.69
[INFO] [stderr]    Compiling sim-citizen-derive v0.4.0
[INFO] [stderr]    Compiling thiserror v1.0.69
[INFO] [stderr]    Compiling sim-kernel v0.4.0
[INFO] [stderr]    Compiling sim-value v0.4.0
[INFO] [stderr]    Compiling sim-table-core v0.3.0
[INFO] [stderr]    Compiling sim-config v0.3.0
[INFO] [stderr]    Compiling sim-cookbook v0.4.0
[INFO] [stderr]    Compiling sim-cookbook-build v0.2.0
[INFO] [stderr]    Compiling sim-lib-sequence v0.3.0 (/opt/rustwide/workdir)
[INFO] [stderr]    Compiling sim-citizen v0.4.0
[INFO] [stderr]     Finished `release` profile [optimized] target(s) in 1m 32s
[INFO] running `Command { std: "docker" "inspect" "c9c1be839b806c8cb7f0ea2221d566a1be0c092f847d970b143d7194c0ef8a9b", kill_on_drop: false }`
[INFO] running `Command { std: "docker" "exec" "-e" "SOURCE_DIR=/opt/rustwide/workdir" "-e" "CARGO_HOME=/opt/rustwide/cargo-home" "-e" "RUSTUP_HOME=/opt/rustwide/rustup-home" "-e" "CARGO_TARGET_DIR=/opt/rustwide/target" "-e" "CARGO_INCREMENTAL=0" "-e" "RUST_BACKTRACE=full" "-e" "RUSTFLAGS=--cap-lints=warn" "-e" "RUSTDOCFLAGS=--cap-lints=warn" "-w" "/opt/rustwide/workdir" "--user" "0:0" "c9c1be839b806c8cb7f0ea2221d566a1be0c092f847d970b143d7194c0ef8a9b" "/opt/rustwide/cargo-home/bin/cargo" "+1.100.0-beta.1" "test" "--frozen" "--no-run" "--message-format=json" "--release", kill_on_drop: false }`
[INFO] [stderr] warning: `package.homepage` is redundant with `package.repository`
[INFO] [stderr]   --> Cargo.toml:32:12
[INFO] [stderr]    |
[INFO] [stderr] 32 | homepage = "https://github.com/sim-nest/sim-runtime"
[INFO] [stderr]    |            ^^^^^^^^^^^^^^^^^^^^^^^^^^^^^^^^^^^^^^^^^
[INFO] [stderr] ...
[INFO] [stderr] 37 | repository = "https://github.com/sim-nest/sim-runtime"
[INFO] [stderr]    |              -----------------------------------------
[INFO] [stderr]    |
[INFO] [stderr]    = note: `cargo::redundant_homepage` is set to `warn` by default
[INFO] [stderr] help: consider removing `package.homepage`
[INFO] [stderr] warning: `sim-lib-sequence` (manifest) generated 1 warning
[INFO] [stderr]    Compiling sim-lib-sequence v0.3.0 (/opt/rustwide/workdir)
[INFO] [stderr]     Finished `release` profile [optimized] target(s) in 11.23s
[INFO] running `Command { std: "docker" "inspect" "c9c1be839b806c8cb7f0ea2221d566a1be0c092f847d970b143d7194c0ef8a9b", kill_on_drop: false }`
[INFO] running `Command { std: "docker" "exec" "-e" "SOURCE_DIR=/opt/rustwide/workdir" "-e" "CARGO_HOME=/opt/rustwide/cargo-home" "-e" "RUSTUP_HOME=/opt/rustwide/rustup-home" "-e" "CARGO_TARGET_DIR=/opt/rustwide/target" "-e" "CARGO_INCREMENTAL=0" "-e" "RUST_BACKTRACE=full" "-e" "RUSTFLAGS=--cap-lints=warn" "-e" "RUSTDOCFLAGS=--cap-lints=warn" "-w" "/opt/rustwide/workdir" "--user" "0:0" "c9c1be839b806c8cb7f0ea2221d566a1be0c092f847d970b143d7194c0ef8a9b" "/opt/rustwide/cargo-home/bin/cargo" "+1.100.0-beta.1" "test" "--frozen" "--release", kill_on_drop: false }`
[INFO] [stderr] warning: `package.homepage` is redundant with `package.repository`
[INFO] [stderr]   --> Cargo.toml:32:12
[INFO] [stderr]    |
[INFO] [stderr] 32 | homepage = "https://github.com/sim-nest/sim-runtime"
[INFO] [stderr]    |            ^^^^^^^^^^^^^^^^^^^^^^^^^^^^^^^^^^^^^^^^^
[INFO] [stderr] ...
[INFO] [stderr] 37 | repository = "https://github.com/sim-nest/sim-runtime"
[INFO] [stderr]    |              -----------------------------------------
[INFO] [stderr]    |
[INFO] [stderr]    = note: `cargo::redundant_homepage` is set to `warn` by default
[INFO] [stderr] help: consider removing `package.homepage`
[INFO] [stderr] warning: `sim-lib-sequence` (manifest) generated 1 warning
[INFO] [stderr]     Finished `release` profile [optimized] target(s) in 0.06s
[INFO] [stderr]      Running unittests src/lib.rs (/opt/rustwide/target/release/build/sim-lib-sequence/a9159a2fe686b7f9/out/sim_lib_sequence-a9159a2fe686b7f9)
[INFO] [stdout] 
[INFO] [stdout] running 16 tests
[INFO] [stdout] test mutable::tests::iterator_observes_delete_and_append_without_losing_position ... ok
[INFO] [stdout] test mutable::tests::truncation_drops_values_and_growth_restores_holes ... ok
[INFO] [stdout] test mutable::tests::distant_write_allocates_only_occupied_storage ... ok
[INFO] [stdout] test mutable::tests::growth_limits_fail_without_mutation ... ok
[INFO] [stdout] test mutable::tests::compaction_is_bounded_and_blocked_by_active_iterator ... ok
[INFO] [stdout] test mutable::tests::set_uses_the_supplied_equivalence_policy ... ok
[INFO] [stdout] test mutable::tests::generated_operations_preserve_sparse_model ... ok
[INFO] [stdout] test tests::persistent_ops_do_not_mutate_inputs ... ok
[INFO] [stdout] test tests::lazy_sequence_forcing_is_bounded ... ok
[INFO] [stdout] test tests::runtime_index_projection_stops_at_first_missing_key ... ok
[INFO] [stdout] test tests::sequence_values_cross_profile_boundaries ... ok
[INFO] [stdout] test mutable::tests::delete_and_reinsert_moves_key_to_end ... ok
[INFO] [stdout] test tests::transducers_compose_in_one_pass ... ok
[INFO] [stdout] test tests::sequence_organ_claims_project_to_card ... ok
[INFO] [stdout] test tests::seq_map_filter_fold_apply_a_function_over_a_list ... ok
[INFO] [stdout] test tests::sequence_live_claims_match_loaded_exports ... ok
[INFO] [stdout] 
[INFO] [stdout] test result: ok. 16 passed; 0 failed; 0 ignored; 0 measured; 0 filtered out; finished in 0.03s
[INFO] [stdout] 
[INFO] [stderr]      Running tests/composition_ownership_guard.rs (/opt/rustwide/target/release/build/sim-lib-sequence/3eb48703c1bc7689/out/composition_ownership_guard-3eb48703c1bc7689)
[INFO] [stdout] 
[INFO] [stdout] running 2 tests
[INFO] [stdout] test guard_rejects_private_ordered_table_and_admits_javascript_policy_wrapper ... FAILED
[INFO] [stdout] test guest_sources_compose_json_and_sequence_owners_without_private_mechanics ... FAILED
[INFO] [stdout] 
[INFO] [stdout] failures:
[INFO] [stdout] 
[INFO] [stdout] ---- guard_rejects_private_ordered_table_and_admits_javascript_policy_wrapper stdout ----
[INFO] [stdout] 
[INFO] [stdout] thread 'guard_rejects_private_ordered_table_and_admits_javascript_policy_wrapper' (592) panicked at tests/composition_ownership_guard.rs:225:9:
[INFO] [stdout] composition ownership repository not found
[INFO] [stdout] stack backtrace:
[INFO] [stdout]    0:     0x584cb9631c61 - <<std[617be2ca0a6fd877]::sys::backtrace::BacktraceLock>::print::DisplayBacktrace as core[a373ad73a504971]::fmt::Display>::fmt
[INFO] [stdout]    1:     0x584cb9645e9a - core[a373ad73a504971]::fmt::write
[INFO] [stdout]    2:     0x584cb963614c - <alloc[2e1b2a31b91974c5]::vec::Vec<u8> as core[a373ad73a504971]::io::write::Write>::write_fmt
[INFO] [stdout]    3:     0x584cb960d4f6 - std[617be2ca0a6fd877]::panicking::default_hook::{closure#0}
[INFO] [stdout]    4:     0x584cb9629ce9 - std[617be2ca0a6fd877]::panicking::default_hook
[INFO] [stdout]    5:     0x584cb95c5780 - test[aada8e7e76ba119b]::test_main_inner::{closure#0}
[INFO] [stdout]    6:     0x584cb9629ea2 - std[617be2ca0a6fd877]::panicking::panic_with_hook
[INFO] [stdout]    7:     0x584cb960d5d4 - std[617be2ca0a6fd877]::panicking::panic_handler::{closure#0}
[INFO] [stdout]    8:     0x584cb9606089 - std[617be2ca0a6fd877]::sys::backtrace::__rust_end_short_backtrace::<std[617be2ca0a6fd877]::panicking::panic_handler::{closure#0}, !>
[INFO] [stdout]    9:     0x584cb960e1ad - __rustc[ea4f61d10b84890b]::rust_begin_unwind
[INFO] [stdout]   10:     0x584cb96465cc - core[a373ad73a504971]::panicking::panic_fmt
[INFO] [stdout]   11:     0x584cb95b20aa - composition_ownership_guard[281548625f5abddc]::repository_root
[INFO] [stdout]   12:     0x584cb95b4a3e - <composition_ownership_guard[281548625f5abddc]::guard_rejects_private_ordered_table_and_admits_javascript_policy_wrapper::{closure#0} as core[a373ad73a504971]::ops::function::FnOnce<()>>::call_once
[INFO] [stdout]   13:     0x584cb95b8bcb - test[aada8e7e76ba119b]::__rust_begin_short_backtrace::<core[a373ad73a504971]::result::Result<(), alloc[2e1b2a31b91974c5]::string::String>, fn() -> core[a373ad73a504971]::result::Result<(), alloc[2e1b2a31b91974c5]::string::String>>
[INFO] [stdout]   14:     0x584cb95c5da5 - test[aada8e7e76ba119b]::run_test::{closure#0}
[INFO] [stdout]   15:     0x584cb95bf694 - std[617be2ca0a6fd877]::sys::backtrace::__rust_begin_short_backtrace::<test[aada8e7e76ba119b]::run_test::{closure#1}, ()>
[INFO] [stdout]   16:     0x584cb95c8e32 - <std[617be2ca0a6fd877]::thread::lifecycle::spawn_unchecked<test[aada8e7e76ba119b]::run_test::{closure#1}, ()>::{closure#1} as core[a373ad73a504971]::ops::function::FnOnce<()>>::call_once::{shim:vtable#0}
[INFO] [stdout]   17:     0x584cb963115f - <std[617be2ca0a6fd877]::sys::thread::unix::Thread>::new::thread_start
[INFO] [stdout]   18:     0x7f7b595f5dfa - <unknown>
[INFO] [stdout]   19:     0x7f7b596893d4 - clone
[INFO] [stdout]   20:                0x0 - <unknown>
[INFO] [stdout] 
[INFO] [stdout] ---- guest_sources_compose_json_and_sequence_owners_without_private_mechanics stdout ----
[INFO] [stdout] 
[INFO] [stdout] thread 'guest_sources_compose_json_and_sequence_owners_without_private_mechanics' (593) panicked at tests/composition_ownership_guard.rs:225:9:
[INFO] [stdout] composition ownership repository not found
[INFO] [stdout] stack backtrace:
[INFO] [stdout]    0:     0x584cb9631c61 - <<std[617be2ca0a6fd877]::sys::backtrace::BacktraceLock>::print::DisplayBacktrace as core[a373ad73a504971]::fmt::Display>::fmt
[INFO] [stdout]    1:     0x584cb9645e9a - core[a373ad73a504971]::fmt::write
[INFO] [stdout]    2:     0x584cb963614c - <alloc[2e1b2a31b91974c5]::vec::Vec<u8> as core[a373ad73a504971]::io::write::Write>::write_fmt
[INFO] [stdout]    3:     0x584cb960d4f6 - std[617be2ca0a6fd877]::panicking::default_hook::{closure#0}
[INFO] [stdout]    4:     0x584cb9629ce9 - std[617be2ca0a6fd877]::panicking::default_hook
[INFO] [stdout]    5:     0x584cb95c5780 - test[aada8e7e76ba119b]::test_main_inner::{closure#0}
[INFO] [stdout]    6:     0x584cb9629ea2 - std[617be2ca0a6fd877]::panicking::panic_with_hook
[INFO] [stdout]    7:     0x584cb960d5d4 - std[617be2ca0a6fd877]::panicking::panic_handler::{closure#0}
[INFO] [stdout]    8:     0x584cb9606089 - std[617be2ca0a6fd877]::sys::backtrace::__rust_end_short_backtrace::<std[617be2ca0a6fd877]::panicking::panic_handler::{closure#0}, !>
[INFO] [stdout]    9:     0x584cb960e1ad - __rustc[ea4f61d10b84890b]::rust_begin_unwind
[INFO] [stdout]   10:     0x584cb96465cc - core[a373ad73a504971]::panicking::panic_fmt
[INFO] [stdout]   11:     0x584cb95b20aa - composition_ownership_guard[281548625f5abddc]::repository_root
[INFO] [stdout]   12:     0x584cb95b4c91 - <composition_ownership_guard[281548625f5abddc]::guest_sources_compose_json_and_sequence_owners_without_private_mechanics::{closure#0} as core[a373ad73a504971]::ops::function::FnOnce<()>>::call_once
[INFO] [stdout]   13:     0x584cb95b8bcb - test[aada8e7e76ba119b]::__rust_begin_short_backtrace::<core[a373ad73a504971]::result::Result<(), alloc[2e1b2a31b91974c5]::string::String>, fn() -> core[a373ad73a504971]::result::Result<(), alloc[2e1b2a31b91974c5]::string::String>>
[INFO] [stdout]   14:     0x584cb95c5da5 - test[aada8e7e76ba119b]::run_test::{closure#0}
[INFO] [stdout]   15:     0x584cb95bf694 - std[617be2ca0a6fd877]::sys::backtrace::__rust_begin_short_backtrace::<test[aada8e7e76ba119b]::run_test::{closure#1}, ()>
[INFO] [stdout]   16:     0x584cb95c8e32 - <std[617be2ca0a6fd877]::thread::lifecycle::spawn_unchecked<test[aada8e7e76ba119b]::run_test::{closure#1}, ()>::{closure#1} as core[a373ad73a504971]::ops::function::FnOnce<()>>::call_once::{shim:vtable#0}
[INFO] [stdout]   17:     0x584cb963115f - <std[617be2ca0a6fd877]::sys::thread::unix::Thread>::new::thread_start
[INFO] [stdout]   18:     0x7f7b595f5dfa - <unknown>
[INFO] [stdout]   19:     0x7f7b596893d4 - clone
[INFO] [stdout]   20:                0x0 - <unknown>
[INFO] [stdout] 
[INFO] [stdout] 
[INFO] [stdout] failures:
[INFO] [stdout]     guard_rejects_private_ordered_table_and_admits_javascript_policy_wrapper
[INFO] [stdout]     guest_sources_compose_json_and_sequence_owners_without_private_mechanics
[INFO] [stdout] 
[INFO] [stdout] test result: FAILED. 0 passed; 2 failed; 0 ignored; 0 measured; 0 filtered out; finished in 0.01s
[INFO] [stdout] 
[INFO] [stderr] error: test failed, to rerun pass `--test composition_ownership_guard`
[INFO] running `Command { std: "docker" "inspect" "c9c1be839b806c8cb7f0ea2221d566a1be0c092f847d970b143d7194c0ef8a9b", kill_on_drop: false }`
[INFO] running `Command { std: "docker" "rm" "-f" "c9c1be839b806c8cb7f0ea2221d566a1be0c092f847d970b143d7194c0ef8a9b", kill_on_drop: false }`
[INFO] [stdout] c9c1be839b806c8cb7f0ea2221d566a1be0c092f847d970b143d7194c0ef8a9b
