[INFO] fetching crate sim-lib-pattern 0.4.0...
[INFO] testing sim-lib-pattern-0.4.0 against 1.100.0-beta.1+cargoflags=--release for beta-release-1.100-2
[INFO] extracting crate sim-lib-pattern 0.4.0 into /workspace/builds/worker-2-tc2/source
[INFO] started tweaking crates.io crate sim-lib-pattern 0.4.0
[INFO] removed 0 missing tests
[INFO] finished tweaking crates.io crate sim-lib-pattern 0.4.0
[INFO] tweaked toml for crates.io crate sim-lib-pattern 0.4.0 written to /workspace/builds/worker-2-tc2/source/Cargo.toml
[INFO] validating manifest of crates.io crate sim-lib-pattern 0.4.0 on toolchain 1.100.0-beta.1
[INFO] running `Command { std: CARGO_HOME="/workspace/cargo-home" RUSTUP_HOME="/workspace/rustup-home" "/workspace/cargo-home/bin/cargo" "+1.100.0-beta.1" "metadata" "--manifest-path" "Cargo.toml" "--no-deps", kill_on_drop: false }`
[INFO] crate crates.io crate sim-lib-pattern 0.4.0 already has a lockfile, it will not be regenerated
[INFO] running `Command { std: CARGO_HOME="/workspace/cargo-home" RUSTUP_HOME="/workspace/rustup-home" "/workspace/cargo-home/bin/cargo" "+1.100.0-beta.1" "fetch" "--manifest-path" "Cargo.toml", kill_on_drop: false }`
[INFO] [stderr] warning: `package.homepage` is redundant with `package.repository`
[INFO] [stderr]   --> Cargo.toml:41:12
[INFO] [stderr]    |
[INFO] [stderr] 41 | homepage = "https://github.com/sim-nest/sim-runtime"
[INFO] [stderr]    |            ^^^^^^^^^^^^^^^^^^^^^^^^^^^^^^^^^^^^^^^^^
[INFO] [stderr] ...
[INFO] [stderr] 46 | repository = "https://github.com/sim-nest/sim-runtime"
[INFO] [stderr]    |              -----------------------------------------
[INFO] [stderr]    |
[INFO] [stderr]    = note: `cargo::redundant_homepage` is set to `warn` by default
[INFO] [stderr] help: consider removing `package.homepage`
[INFO] [stderr] warning: `sim-lib-pattern` (manifest) generated 1 warning
[INFO] [stderr]     Updating crates.io index
[INFO] [stderr]      Locking 14 packages to highest Rust 1.100.0-beta.1 compatible versions
[INFO] [stderr]       Adding sim-citizen v0.4.0
[INFO] [stderr]       Adding sim-citizen-derive v0.4.0
[INFO] [stderr]       Adding sim-codec v0.3.0
[INFO] [stderr]       Adding sim-config v0.3.0
[INFO] [stderr]       Adding sim-cookbook v0.4.0
[INFO] [stderr]       Adding sim-cookbook-build v0.2.0
[INFO] [stderr]       Adding sim-kernel v0.4.0
[INFO] [stderr]       Adding sim-lib-core v0.4.0
[INFO] [stderr]       Adding sim-lib-net-core v0.4.0
[INFO] [stderr]       Adding sim-lib-standard-core v0.3.0
[INFO] [stderr]       Adding sim-shape v0.4.2
[INFO] [stderr]       Adding sim-table-core v0.3.0
[INFO] [stderr]       Adding sim-text v0.3.0
[INFO] [stderr]       Adding sim-value v0.4.0
[INFO] running `Command { std: "docker" "create" "-v" "/var/lib/crater-agent-workspace/builds/worker-2-tc2/source:/opt/rustwide/workdir:ro,Z" "-v" "/var/lib/crater-agent-workspace/builds/worker-2-tc2/target:/opt/rustwide/target:rw,Z" "-v" "/var/lib/crater-agent-workspace/cargo-home:/opt/rustwide/cargo-home:ro,Z" "-v" "/var/lib/crater-agent-workspace/rustup-home:/opt/rustwide/rustup-home:ro,Z" "-m" "1610612736" "--network" "none" "ghcr.io/rust-lang/crates-build-env/linux@sha256:77db811e55d90add9212f6832c23229e3de5f1c1f9905e8cb07319ea15df73ac" "sleep" "infinity", kill_on_drop: false }`
[INFO] [stdout] 328de37135804e7844c0943852386a6315f8378a8b3c9fa59177c0fe2a8a69d3
[INFO] running `Command { std: "docker" "start" "328de37135804e7844c0943852386a6315f8378a8b3c9fa59177c0fe2a8a69d3", kill_on_drop: false }`
[INFO] running `Command { std: "docker" "inspect" "328de37135804e7844c0943852386a6315f8378a8b3c9fa59177c0fe2a8a69d3", kill_on_drop: false }`
[INFO] running `Command { std: "docker" "exec" "-e" "SOURCE_DIR=/opt/rustwide/workdir" "-e" "CARGO_HOME=/opt/rustwide/cargo-home" "-e" "RUSTUP_HOME=/opt/rustwide/rustup-home" "-e" "CARGO_TARGET_DIR=/opt/rustwide/target" "-w" "/opt/rustwide/workdir" "--user" "0:0" "328de37135804e7844c0943852386a6315f8378a8b3c9fa59177c0fe2a8a69d3" "/opt/rustwide/cargo-home/bin/cargo" "+1.100.0-beta.1" "metadata" "--no-deps" "--format-version=1", kill_on_drop: false }`
[INFO] running `Command { std: "docker" "inspect" "328de37135804e7844c0943852386a6315f8378a8b3c9fa59177c0fe2a8a69d3", kill_on_drop: false }`
[INFO] running `Command { std: "docker" "exec" "-e" "SOURCE_DIR=/opt/rustwide/workdir" "-e" "CARGO_HOME=/opt/rustwide/cargo-home" "-e" "RUSTUP_HOME=/opt/rustwide/rustup-home" "-e" "CARGO_TARGET_DIR=/opt/rustwide/target" "-e" "CARGO_INCREMENTAL=0" "-e" "RUST_BACKTRACE=full" "-e" "RUSTFLAGS=--cap-lints=warn" "-e" "RUSTDOCFLAGS=--cap-lints=warn" "-w" "/opt/rustwide/workdir" "--user" "0:0" "328de37135804e7844c0943852386a6315f8378a8b3c9fa59177c0fe2a8a69d3" "/opt/rustwide/cargo-home/bin/cargo" "+1.100.0-beta.1" "build" "--frozen" "--message-format=json" "--release", kill_on_drop: false }`
[INFO] [stderr] warning: `package.homepage` is redundant with `package.repository`
[INFO] [stderr]   --> Cargo.toml:41:12
[INFO] [stderr]    |
[INFO] [stderr] 41 | homepage = "https://github.com/sim-nest/sim-runtime"
[INFO] [stderr]    |            ^^^^^^^^^^^^^^^^^^^^^^^^^^^^^^^^^^^^^^^^^
[INFO] [stderr] ...
[INFO] [stderr] 46 | repository = "https://github.com/sim-nest/sim-runtime"
[INFO] [stderr]    |              -----------------------------------------
[INFO] [stderr]    |
[INFO] [stderr]    = note: `cargo::redundant_homepage` is set to `warn` by default
[INFO] [stderr] help: consider removing `package.homepage`
[INFO] [stderr] warning: `sim-lib-pattern` (manifest) generated 1 warning
[INFO] [stderr]    Compiling proc-macro2 v1.0.107
[INFO] [stderr]    Compiling winnow v1.0.4
[INFO] [stderr]    Compiling inventory v0.3.24
[INFO] [stderr]    Compiling thiserror v1.0.69
[INFO] [stderr]    Compiling indexmap v2.14.1
[INFO] [stderr]    Compiling quote v1.0.47
[INFO] [stderr]    Compiling syn v2.0.119
[INFO] [stderr]    Compiling toml_parser v1.1.3+spec-1.1.0
[INFO] [stderr]    Compiling toml_edit v0.25.13+spec-1.1.0
[INFO] [stderr]    Compiling proc-macro-crate v3.5.0
[INFO] [stderr]    Compiling thiserror-impl v1.0.69
[INFO] [stderr]    Compiling sim-citizen-derive v0.4.0
[INFO] [stderr]    Compiling sim-kernel v0.4.0
[INFO] [stderr]    Compiling sim-value v0.4.0
[INFO] [stderr]    Compiling sim-table-core v0.3.0
[INFO] [stderr]    Compiling sim-config v0.3.0
[INFO] [stderr]    Compiling sim-cookbook v0.4.0
[INFO] [stderr]    Compiling sim-text v0.3.0
[INFO] [stderr]    Compiling sim-citizen v0.4.0
[INFO] [stderr]    Compiling sim-cookbook-build v0.2.0
[INFO] [stderr]    Compiling sim-lib-pattern v0.4.0 (/opt/rustwide/workdir)
[INFO] [stderr]    Compiling sim-shape v0.4.2
[INFO] [stderr]     Finished `release` profile [optimized] target(s) in 1m 18s
[INFO] running `Command { std: "docker" "inspect" "328de37135804e7844c0943852386a6315f8378a8b3c9fa59177c0fe2a8a69d3", kill_on_drop: false }`
[INFO] running `Command { std: "docker" "exec" "-e" "SOURCE_DIR=/opt/rustwide/workdir" "-e" "CARGO_HOME=/opt/rustwide/cargo-home" "-e" "RUSTUP_HOME=/opt/rustwide/rustup-home" "-e" "CARGO_TARGET_DIR=/opt/rustwide/target" "-e" "CARGO_INCREMENTAL=0" "-e" "RUST_BACKTRACE=full" "-e" "RUSTFLAGS=--cap-lints=warn" "-e" "RUSTDOCFLAGS=--cap-lints=warn" "-w" "/opt/rustwide/workdir" "--user" "0:0" "328de37135804e7844c0943852386a6315f8378a8b3c9fa59177c0fe2a8a69d3" "/opt/rustwide/cargo-home/bin/cargo" "+1.100.0-beta.1" "test" "--frozen" "--no-run" "--message-format=json" "--release", kill_on_drop: false }`
[INFO] [stderr] warning: `package.homepage` is redundant with `package.repository`
[INFO] [stderr]   --> Cargo.toml:41:12
[INFO] [stderr]    |
[INFO] [stderr] 41 | homepage = "https://github.com/sim-nest/sim-runtime"
[INFO] [stderr]    |            ^^^^^^^^^^^^^^^^^^^^^^^^^^^^^^^^^^^^^^^^^
[INFO] [stderr] ...
[INFO] [stderr] 46 | repository = "https://github.com/sim-nest/sim-runtime"
[INFO] [stderr]    |              -----------------------------------------
[INFO] [stderr]    |
[INFO] [stderr]    = note: `cargo::redundant_homepage` is set to `warn` by default
[INFO] [stderr] help: consider removing `package.homepage`
[INFO] [stderr] warning: `sim-lib-pattern` (manifest) generated 1 warning
[INFO] [stderr]    Compiling indexmap v2.14.1
[INFO] [stderr]    Compiling sim-lib-net-core v0.4.0
[INFO] [stderr]    Compiling sim-codec v0.3.0
[INFO] [stderr]    Compiling sim-lib-core v0.4.0
[INFO] [stderr]    Compiling sim-lib-standard-core v0.3.0
[INFO] [stderr]    Compiling sim-lib-pattern v0.4.0 (/opt/rustwide/workdir)
[INFO] [stderr]     Finished `release` profile [optimized] target(s) in 40.12s
[INFO] running `Command { std: "docker" "inspect" "328de37135804e7844c0943852386a6315f8378a8b3c9fa59177c0fe2a8a69d3", kill_on_drop: false }`
[INFO] running `Command { std: "docker" "exec" "-e" "SOURCE_DIR=/opt/rustwide/workdir" "-e" "CARGO_HOME=/opt/rustwide/cargo-home" "-e" "RUSTUP_HOME=/opt/rustwide/rustup-home" "-e" "CARGO_TARGET_DIR=/opt/rustwide/target" "-e" "CARGO_INCREMENTAL=0" "-e" "RUST_BACKTRACE=full" "-e" "RUSTFLAGS=--cap-lints=warn" "-e" "RUSTDOCFLAGS=--cap-lints=warn" "-w" "/opt/rustwide/workdir" "--user" "0:0" "328de37135804e7844c0943852386a6315f8378a8b3c9fa59177c0fe2a8a69d3" "/opt/rustwide/cargo-home/bin/cargo" "+1.100.0-beta.1" "test" "--frozen" "--release", kill_on_drop: false }`
[INFO] [stderr] warning: `package.homepage` is redundant with `package.repository`
[INFO] [stderr]   --> Cargo.toml:41:12
[INFO] [stderr]    |
[INFO] [stderr] 41 | homepage = "https://github.com/sim-nest/sim-runtime"
[INFO] [stderr]    |            ^^^^^^^^^^^^^^^^^^^^^^^^^^^^^^^^^^^^^^^^^
[INFO] [stderr] ...
[INFO] [stderr] 46 | repository = "https://github.com/sim-nest/sim-runtime"
[INFO] [stderr]    |              -----------------------------------------
[INFO] [stderr]    |
[INFO] [stderr]    = note: `cargo::redundant_homepage` is set to `warn` by default
[INFO] [stderr] help: consider removing `package.homepage`
[INFO] [stderr] warning: `sim-lib-pattern` (manifest) generated 1 warning
[INFO] [stderr]     Finished `release` profile [optimized] target(s) in 0.07s
[INFO] [stderr]      Running unittests src/lib.rs (/opt/rustwide/target/release/build/sim-lib-pattern/d24be2870d25df36/out/sim_lib_pattern-d24be2870d25df36)
[INFO] [stdout] 
[INFO] [stdout] running 34 tests
[INFO] [stdout] test ir::tests::invalid_repeat_names_both_bounds ... ok
[INFO] [stdout] test extension::tests::unsupported_extensions_are_typed ... ok
[INFO] [stdout] test compile::tests::state_growth_is_linear_across_regular_constructs ... ok
[INFO] [stdout] test execute::tests::long_rejection_terminates_and_limits_are_typed ... ok
[INFO] [stdout] test execute::tests::nested_finite_repeats_reset_inner_counts_and_keep_captures ... ok
[INFO] [stdout] test execute::tests::regular_pattern_keeps_the_pre_extension_receipt ... ok
[INFO] [stdout] test ir::tests::target_controls_dialect_extensions ... ok
[INFO] [stdout] test lua_dialect::tests::balanced_match_is_one_named_adapter_node ... ok
[INFO] [stdout] test ir::tests::rejects_assertion_cycles ... ok
[INFO] [stdout] test ir::tests::rejects_duplicate_capture_ids ... ok
[INFO] [stdout] test execute::tests::variable_width_assertion_is_a_typed_refusal ... ok
[INFO] [stdout] test extension::tests::backreference_exhausts_capture_budget_deterministically ... ok
[INFO] [stdout] test execute::tests::fixed_width_assertion_runs_without_consuming_subject ... ok
[INFO] [stdout] test compile::tests::text_classes_reuse_shared_membership ... ok
[INFO] [stdout] test lua_dialect::tests::capture_ids_and_compatibility_boundaries_are_frozen ... ok
[INFO] [stdout] test execute::tests::finite_repeat_counts_are_part_of_thread_identity ... ok
[INFO] [stdout] test tests::non_exhaustive_match_reports_a_diagnostic ... ok
[INFO] [stdout] test text_tests::glob_dialect_reuses_the_same_text_vm ... ok
[INFO] [stdout] test text_tests::lua_dialect_preserves_captures_and_budget_limits ... ok
[INFO] [stdout] test text_tests::lua_dialect_runs_over_shared_text_vm_table ... ok
[INFO] [stdout] test text_tests::scalar_search_keeps_anchors_absolute_and_admits_terminal_empty_matches ... ok
[INFO] [stdout] test glob_dialect::tests::frozen_globs_project_from_validated_ir ... ok
[INFO] [stdout] test execute::tests::hostile_finite_repeat_exhausts_a_typed_work_limit ... ok
[INFO] [stdout] test compile::tests::capture_and_state_ids_survive_recompilation ... ok
[INFO] [stdout] test text_tests::text_pattern_dialects_fail_closed_on_malformed_patterns ... ok
[INFO] [stdout] test tests::maybe_style_declaration_builds_constructors ... ok
[INFO] [stdout] test execute::tests::nested_ambiguous_repetition_has_linear_accounted_work ... ok
[INFO] [stdout] test tests::match_special_form_binds_and_destructures ... ok
[INFO] [stdout] test tests::pattern_live_claims_match_loaded_exports ... ok
[INFO] [stdout] test tests::destructuring_reuses_shape ... ok
[INFO] [stdout] test tests::pattern_organ_claims_project_to_card ... ok
[INFO] [stdout] test tests::match_selects_correct_arm_and_binds_captures ... ok
[INFO] [stdout] test text_tests::glob_current_behavior_is_a_stable_characterization_capture ... ok
[INFO] [stderr]      Running tests/cross_dialect_safety.rs (/opt/rustwide/target/release/build/sim-lib-pattern/378c19a22673d6d5/out/cross_dialect_safety-378c19a22673d6d5)
[INFO] [stdout] test text_tests::lua_current_behavior_is_a_stable_characterization_capture ... ok
[INFO] [stdout] 
[INFO] [stdout] test result: ok. 34 passed; 0 failed; 0 ignored; 0 measured; 0 filtered out; finished in 0.03s
[INFO] [stdout] 
[INFO] [stderr]      Running tests/cursor_domains.rs (/opt/rustwide/target/release/build/sim-lib-pattern/2f951979e18f1ca1/out/cursor_domains-2f951979e18f1ca1)
[INFO] [stdout] 
[INFO] [stdout] running 4 tests
[INFO] [stdout] test offsets_remain_exact_in_all_three_subject_domains ... ok
[INFO] [stdout] test ordered_capture_precedence_is_stable_and_unsupported_syntax_fails_closed ... ok
[INFO] [stdout] test one_organ_executes_three_distinct_surface_lowerings ... ok
[INFO] [stdout] test adversarial_ambiguity_stops_with_an_exact_bounded_work_receipt ... ok
[INFO] [stdout] 
[INFO] [stdout] test result: ok. 4 passed; 0 failed; 0 ignored; 0 measured; 0 filtered out; finished in 0.00s
[INFO] [stdout] 
[INFO] [stdout] 
[INFO] [stderr]      Running tests/ir_contract.rs (/opt/rustwide/target/release/build/sim-lib-pattern/3c16630af8af6c04/out/ir_contract-3c16630af8af6c04)
[INFO] [stdout] running 2 tests
[INFO] [stdout] test code_unit_match_indexes_lone_surrogate_exactly ... ok
[INFO] [stdout] test code_unit_cursor_can_stop_between_surrogate_halves ... ok
[INFO] [stdout] 
[INFO] [stdout] test result: ok. 2 passed; 0 failed; 0 ignored; 0 measured; 0 filtered out; finished in 0.01s
[INFO] [stdout] 
[INFO] [stdout] 
[INFO] [stdout] running 3 tests
[INFO] [stdout] test invalid_repeat_names_both_bounds ... ok
[INFO] [stdout] test cursor_preserves_independent_positions ... ok
[INFO] [stdout] test validation_rejects_duplicate_captures_cycles_and_extensions ... ok
[INFO] [stdout] 
[INFO] [stdout] test result: ok. 3 passed; 0 failed; 0 ignored; 0 measured; 0 filtered out; finished in 0.00s
[INFO] [stdout] 
[INFO] [stderr]      Running tests/legacy_lowering.rs (/opt/rustwide/target/release/build/sim-lib-pattern/14d62d23fe39afe0/out/legacy_lowering-14d62d23fe39afe0)
[INFO] [stdout] 
[INFO] [stderr]      Running tests/ownership_guard.rs (/opt/rustwide/target/release/build/sim-lib-pattern/8a8d76e4250d5049/out/ownership_guard-8a8d76e4250d5049)
[INFO] [stdout] running 2 tests
[INFO] [stdout] test legacy_glob_programs_use_the_same_lowering ... ok
[INFO] [stdout] test legacy_lua_programs_lower_without_changing_observations ... ok
[INFO] [stdout] 
[INFO] [stdout] test result: ok. 2 passed; 0 failed; 0 ignored; 0 measured; 0 filtered out; finished in 0.00s
[INFO] [stdout] 
[INFO] [stdout] 
[INFO] [stdout] running 3 tests
[INFO] [stdout] test guest_crates_have_no_private_matcher_or_roadmap_diagnostic ... FAILED
[INFO] [stdout] test pattern_overlap_board_is_fully_classified ... FAILED
[INFO] [stderr] error: test failed, to rerun pass `--test ownership_guard`
[INFO] [stdout] test guard_rejects_private_matcher_and_admits_syntax_parser ... FAILED
[INFO] [stdout] 
[INFO] [stdout] failures:
[INFO] [stdout] 
[INFO] [stdout] ---- guest_crates_have_no_private_matcher_or_roadmap_diagnostic stdout ----
[INFO] [stdout] 
[INFO] [stdout] thread 'guest_crates_have_no_private_matcher_or_roadmap_diagnostic' (1239) panicked at tests/ownership_guard.rs:210:9:
[INFO] [stdout] pattern ownership repository not found
[INFO] [stdout] stack backtrace:
[INFO] [stdout]    0:     0x609498c1b2d1 - <<std[617be2ca0a6fd877]::sys::backtrace::BacktraceLock>::print::DisplayBacktrace as core[a373ad73a504971]::fmt::Display>::fmt
[INFO] [stdout]    1:     0x609498c2f52a - core[a373ad73a504971]::fmt::write
[INFO] [stdout]    2:     0x609498c1f7bc - <alloc[2e1b2a31b91974c5]::vec::Vec<u8> as core[a373ad73a504971]::io::write::Write>::write_fmt
[INFO] [stdout]    3:     0x609498bf6ae6 - std[617be2ca0a6fd877]::panicking::default_hook::{closure#0}
[INFO] [stdout]    4:     0x609498c13359 - std[617be2ca0a6fd877]::panicking::default_hook
[INFO] [stdout]    5:     0x609498baed70 - test[aada8e7e76ba119b]::test_main_inner::{closure#0}
[INFO] [stdout]    6:     0x609498c13512 - std[617be2ca0a6fd877]::panicking::panic_with_hook
[INFO] [stdout]    7:     0x609498bf6bc4 - std[617be2ca0a6fd877]::panicking::panic_handler::{closure#0}
[INFO] [stdout]    8:     0x609498bef679 - std[617be2ca0a6fd877]::sys::backtrace::__rust_end_short_backtrace::<std[617be2ca0a6fd877]::panicking::panic_handler::{closure#0}, !>
[INFO] [stdout]    9:     0x609498bf779d - __rustc[ea4f61d10b84890b]::rust_begin_unwind
[INFO] [stdout]   10:     0x609498c2fc5c - core[a373ad73a504971]::panicking::panic_fmt
[INFO] [stdout]   11:     0x609498b9a44a - ownership_guard[2a75dff421740f25]::repository_root
[INFO] [stdout]   12:     0x609498b9d6c1 - <ownership_guard[2a75dff421740f25]::guest_crates_have_no_private_matcher_or_roadmap_diagnostic::{closure#0} as core[a373ad73a504971]::ops::function::FnOnce<()>>::call_once
[INFO] [stdout]   13:     0x609498ba21bb - test[aada8e7e76ba119b]::__rust_begin_short_backtrace::<core[a373ad73a504971]::result::Result<(), alloc[2e1b2a31b91974c5]::string::String>, fn() -> core[a373ad73a504971]::result::Result<(), alloc[2e1b2a31b91974c5]::string::String>>
[INFO] [stdout]   14:     0x609498baf395 - test[aada8e7e76ba119b]::run_test::{closure#0}
[INFO] [stdout]   15:     0x609498ba8c84 - std[617be2ca0a6fd877]::sys::backtrace::__rust_begin_short_backtrace::<test[aada8e7e76ba119b]::run_test::{closure#1}, ()>
[INFO] [stdout]   16:     0x609498bb2422 - <std[617be2ca0a6fd877]::thread::lifecycle::spawn_unchecked<test[aada8e7e76ba119b]::run_test::{closure#1}, ()>::{closure#1} as core[a373ad73a504971]::ops::function::FnOnce<()>>::call_once::{shim:vtable#0}
[INFO] [stdout]   17:     0x609498c1a7cf - <std[617be2ca0a6fd877]::sys::thread::unix::Thread>::new::thread_start
[INFO] [stdout]   18:     0x79249dd22dfa - <unknown>
[INFO] [stdout]   19:     0x79249ddb63d4 - clone
[INFO] [stdout]   20:                0x0 - <unknown>
[INFO] [stdout] 
[INFO] [stdout] ---- pattern_overlap_board_is_fully_classified stdout ----
[INFO] [stdout] 
[INFO] [stdout] thread 'pattern_overlap_board_is_fully_classified' (1240) panicked at tests/ownership_guard.rs:210:9:
[INFO] [stdout] pattern ownership repository not found
[INFO] [stdout] stack backtrace:
[INFO] [stdout]    0:     0x609498c1b2d1 - <<std[617be2ca0a6fd877]::sys::backtrace::BacktraceLock>::print::DisplayBacktrace as core[a373ad73a504971]::fmt::Display>::fmt
[INFO] [stdout]    1:     0x609498c2f52a - core[a373ad73a504971]::fmt::write
[INFO] [stdout]    2:     0x609498c1f7bc - <alloc[2e1b2a31b91974c5]::vec::Vec<u8> as core[a373ad73a504971]::io::write::Write>::write_fmt
[INFO] [stdout]    3:     0x609498bf6ae6 - std[617be2ca0a6fd877]::panicking::default_hook::{closure#0}
[INFO] [stdout]    4:     0x609498c13359 - std[617be2ca0a6fd877]::panicking::default_hook
[INFO] [stdout]    5:     0x609498baed70 - test[aada8e7e76ba119b]::test_main_inner::{closure#0}
[INFO] [stdout]    6:     0x609498c13512 - std[617be2ca0a6fd877]::panicking::panic_with_hook
[INFO] [stdout]    7:     0x609498bf6bc4 - std[617be2ca0a6fd877]::panicking::panic_handler::{closure#0}
[INFO] [stdout]    8:     0x609498bef679 - std[617be2ca0a6fd877]::sys::backtrace::__rust_end_short_backtrace::<std[617be2ca0a6fd877]::panicking::panic_handler::{closure#0}, !>
[INFO] [stdout]    9:     0x609498bf779d - __rustc[ea4f61d10b84890b]::rust_begin_unwind
[INFO] [stdout]   10:     0x609498c2fc5c - core[a373ad73a504971]::panicking::panic_fmt
[INFO] [stdout]   11:     0x609498b9a44a - ownership_guard[2a75dff421740f25]::repository_root
[INFO] [stdout]   12:     0x609498b9cd41 - <ownership_guard[2a75dff421740f25]::pattern_overlap_board_is_fully_classified::{closure#0} as core[a373ad73a504971]::ops::function::FnOnce<()>>::call_once
[INFO] [stdout]   13:     0x609498ba21bb - test[aada8e7e76ba119b]::__rust_begin_short_backtrace::<core[a373ad73a504971]::result::Result<(), alloc[2e1b2a31b91974c5]::string::String>, fn() -> core[a373ad73a504971]::result::Result<(), alloc[2e1b2a31b91974c5]::string::String>>
[INFO] [stdout]   14:     0x609498baf395 - test[aada8e7e76ba119b]::run_test::{closure#0}
[INFO] [stdout]   15:     0x609498ba8c84 - std[617be2ca0a6fd877]::sys::backtrace::__rust_begin_short_backtrace::<test[aada8e7e76ba119b]::run_test::{closure#1}, ()>
[INFO] [stdout]   16:     0x609498bb2422 - <std[617be2ca0a6fd877]::thread::lifecycle::spawn_unchecked<test[aada8e7e76ba119b]::run_test::{closure#1}, ()>::{closure#1} as core[a373ad73a504971]::ops::function::FnOnce<()>>::call_once::{shim:vtable#0}
[INFO] [stdout]   17:     0x609498c1a7cf - <std[617be2ca0a6fd877]::sys::thread::unix::Thread>::new::thread_start
[INFO] [stdout]   18:     0x79249dd22dfa - <unknown>
[INFO] [stdout]   19:     0x79249ddb63d4 - clone
[INFO] [stdout]   20:                0x0 - <unknown>
[INFO] [stdout] 
[INFO] [stdout] ---- guard_rejects_private_matcher_and_admits_syntax_parser stdout ----
[INFO] [stdout] 
[INFO] [stdout] thread 'guard_rejects_private_matcher_and_admits_syntax_parser' (1238) panicked at tests/ownership_guard.rs:210:9:
[INFO] [stdout] pattern ownership repository not found
[INFO] [stdout] stack backtrace:
[INFO] [stdout]    0:     0x609498c1b2d1 - <<std[617be2ca0a6fd877]::sys::backtrace::BacktraceLock>::print::DisplayBacktrace as core[a373ad73a504971]::fmt::Display>::fmt
[INFO] [stdout]    1:     0x609498c2f52a - core[a373ad73a504971]::fmt::write
[INFO] [stdout]    2:     0x609498c1f7bc - <alloc[2e1b2a31b91974c5]::vec::Vec<u8> as core[a373ad73a504971]::io::write::Write>::write_fmt
[INFO] [stdout]    3:     0x609498bf6ae6 - std[617be2ca0a6fd877]::panicking::default_hook::{closure#0}
[INFO] [stdout]    4:     0x609498c13359 - std[617be2ca0a6fd877]::panicking::default_hook
[INFO] [stdout]    5:     0x609498baed70 - test[aada8e7e76ba119b]::test_main_inner::{closure#0}
[INFO] [stdout]    6:     0x609498c13512 - std[617be2ca0a6fd877]::panicking::panic_with_hook
[INFO] [stdout]    7:     0x609498bf6bc4 - std[617be2ca0a6fd877]::panicking::panic_handler::{closure#0}
[INFO] [stdout]    8:     0x609498bef679 - std[617be2ca0a6fd877]::sys::backtrace::__rust_end_short_backtrace::<std[617be2ca0a6fd877]::panicking::panic_handler::{closure#0}, !>
[INFO] [stdout]    9:     0x609498bf779d - __rustc[ea4f61d10b84890b]::rust_begin_unwind
[INFO] [stdout]   10:     0x609498c2fc5c - core[a373ad73a504971]::panicking::panic_fmt
[INFO] [stdout]   11:     0x609498b9a44a - ownership_guard[2a75dff421740f25]::repository_root
[INFO] [stdout]   12:     0x609498b9d40e - <ownership_guard[2a75dff421740f25]::guard_rejects_private_matcher_and_admits_syntax_parser::{closure#0} as core[a373ad73a504971]::ops::function::FnOnce<()>>::call_once
[INFO] [stdout]   13:     0x609498ba21bb - test[aada8e7e76ba119b]::__rust_begin_short_backtrace::<core[a373ad73a504971]::result::Result<(), alloc[2e1b2a31b91974c5]::string::String>, fn() -> core[a373ad73a504971]::result::Result<(), alloc[2e1b2a31b91974c5]::string::String>>
[INFO] [stdout]   14:     0x609498baf395 - test[aada8e7e76ba119b]::run_test::{closure#0}
[INFO] [stdout]   15:     0x609498ba8c84 - std[617be2ca0a6fd877]::sys::backtrace::__rust_begin_short_backtrace::<test[aada8e7e76ba119b]::run_test::{closure#1}, ()>
[INFO] [stdout]   16:     0x609498bb2422 - <std[617be2ca0a6fd877]::thread::lifecycle::spawn_unchecked<test[aada8e7e76ba119b]::run_test::{closure#1}, ()>::{closure#1} as core[a373ad73a504971]::ops::function::FnOnce<()>>::call_once::{shim:vtable#0}
[INFO] [stdout]   17:     0x609498c1a7cf - <std[617be2ca0a6fd877]::sys::thread::unix::Thread>::new::thread_start
[INFO] [stdout]   18:     0x79249dd22dfa - <unknown>
[INFO] [stdout]   19:     0x79249ddb63d4 - clone
[INFO] [stdout]   20:                0x0 - <unknown>
[INFO] [stdout] 
[INFO] [stdout] 
[INFO] [stdout] failures:
[INFO] [stdout]     guard_rejects_private_matcher_and_admits_syntax_parser
[INFO] [stdout]     guest_crates_have_no_private_matcher_or_roadmap_diagnostic
[INFO] [stdout]     pattern_overlap_board_is_fully_classified
[INFO] [stdout] 
[INFO] [stdout] test result: FAILED. 0 passed; 3 failed; 0 ignored; 0 measured; 0 filtered out; finished in 0.01s
[INFO] [stdout] 
[INFO] running `Command { std: "docker" "inspect" "328de37135804e7844c0943852386a6315f8378a8b3c9fa59177c0fe2a8a69d3", kill_on_drop: false }`
[INFO] running `Command { std: "docker" "rm" "-f" "328de37135804e7844c0943852386a6315f8378a8b3c9fa59177c0fe2a8a69d3", kill_on_drop: false }`
[INFO] [stdout] 328de37135804e7844c0943852386a6315f8378a8b3c9fa59177c0fe2a8a69d3
