[INFO] fetching crate sim-lib-music-synth 0.3.0...
[INFO] testing sim-lib-music-synth-0.3.0 against 1.99.0-beta.8+cargoflags=--release for beta-release-1.100-2
[INFO] extracting crate sim-lib-music-synth 0.3.0 into /workspace/builds/worker-2-tc1/source
[INFO] started tweaking crates.io crate sim-lib-music-synth 0.3.0
[INFO] finished tweaking crates.io crate sim-lib-music-synth 0.3.0
[INFO] tweaked toml for crates.io crate sim-lib-music-synth 0.3.0 written to /workspace/builds/worker-2-tc1/source/Cargo.toml
[INFO] validating manifest of crates.io crate sim-lib-music-synth 0.3.0 on toolchain 1.99.0-beta.8
[INFO] running `Command { std: CARGO_HOME="/workspace/cargo-home" RUSTUP_HOME="/workspace/rustup-home" "/workspace/cargo-home/bin/cargo" "+1.99.0-beta.8" "metadata" "--manifest-path" "Cargo.toml" "--no-deps", kill_on_drop: false }`
[INFO] crate crates.io crate sim-lib-music-synth 0.3.0 already has a lockfile, it will not be regenerated
[INFO] running `Command { std: CARGO_HOME="/workspace/cargo-home" RUSTUP_HOME="/workspace/rustup-home" "/workspace/cargo-home/bin/cargo" "+1.99.0-beta.8" "fetch" "--manifest-path" "Cargo.toml", kill_on_drop: false }`
[INFO] [stderr]     Updating crates.io index
[INFO] [stderr]      Locking 35 packages to highest Rust 1.99.0-beta.8 compatible versions
[INFO] [stderr]       Adding sim-citizen v0.4.0
[INFO] [stderr]       Adding sim-citizen-derive v0.4.0
[INFO] [stderr]       Adding sim-codec v0.3.0
[INFO] [stderr]       Adding sim-codec-binary v0.4.1
[INFO] [stderr]       Adding sim-codec-binary-base64 v0.3.1
[INFO] [stderr]       Adding sim-codec-json v0.4.1
[INFO] [stderr]       Adding sim-codec-lisp v0.4.1
[INFO] [stderr]       Adding sim-config v0.3.0
[INFO] [stderr]       Adding sim-cookbook v0.4.0
[INFO] [stderr]       Adding sim-cookbook-build v0.2.0
[INFO] [stderr]       Adding sim-kernel v0.4.0
[INFO] [stderr]       Adding sim-lib-audio-dsp v0.3.0
[INFO] [stderr]       Adding sim-lib-audio-graph-core v0.3.0
[INFO] [stderr]       Adding sim-lib-audio-graph-live v0.3.0
[INFO] [stderr]       Adding sim-lib-core v0.4.0
[INFO] [stderr]       Adding sim-lib-intent v0.4.0
[INFO] [stderr]       Adding sim-lib-midi-core v0.3.0
[INFO] [stderr]       Adding sim-lib-midi-live v0.3.0
[INFO] [stderr]       Adding sim-lib-midi-smf v0.4.0
[INFO] [stderr]       Adding sim-lib-midi-sysex v0.3.0
[INFO] [stderr]       Adding sim-lib-music-core v0.4.0
[INFO] [stderr]       Adding sim-lib-net-core v0.4.0
[INFO] [stderr]       Adding sim-lib-pitch-core v0.4.0
[INFO] [stderr]       Adding sim-lib-scene v0.4.0
[INFO] [stderr]       Adding sim-lib-stream-audio v0.3.0
[INFO] [stderr]       Adding sim-lib-stream-clock v0.3.0
[INFO] [stderr]       Adding sim-lib-stream-core v0.3.0
[INFO] [stderr]       Adding sim-lib-stream-host v0.3.0
[INFO] [stderr]       Adding sim-lib-topology v0.3.0
[INFO] [stderr]       Adding sim-lib-view v0.4.0
[INFO] [stderr]       Adding sim-lib-view-device v0.3.0
[INFO] [stderr]       Adding sim-shape v0.4.2
[INFO] [stderr]       Adding sim-table-core v0.3.0
[INFO] [stderr]       Adding sim-test-support v0.1.4
[INFO] [stderr]       Adding sim-value v0.4.0
[INFO] [stderr]  Downloading crates ...
[INFO] [stderr]   Downloaded sim-lib-pitch-core v0.4.0
[INFO] [stderr]   Downloaded sim-test-support v0.1.4
[INFO] [stderr]   Downloaded sim-lib-stream-core v0.3.0
[INFO] [stderr]   Downloaded sim-lib-stream-clock v0.3.0
[INFO] [stderr]   Downloaded sim-codec-binary-base64 v0.3.1
[INFO] [stderr]   Downloaded sim-lib-midi-sysex v0.3.0
[INFO] [stderr]   Downloaded sim-lib-stream-audio v0.3.0
[INFO] [stderr]   Downloaded sim-lib-midi-smf v0.4.0
[INFO] [stderr]   Downloaded sim-lib-scene v0.4.0
[INFO] [stderr]   Downloaded sim-lib-midi-core v0.3.0
[INFO] [stderr]   Downloaded sim-lib-midi-live v0.3.0
[INFO] [stderr]   Downloaded sim-lib-audio-graph-live v0.3.0
[INFO] [stderr]   Downloaded sim-lib-intent v0.4.0
[INFO] [stderr]   Downloaded sim-lib-music-core v0.4.0
[INFO] [stderr]   Downloaded sim-lib-audio-graph-core v0.3.0
[INFO] [stderr]   Downloaded sim-codec-lisp v0.4.1
[INFO] [stderr]   Downloaded sim-codec-binary v0.4.1
[INFO] [stderr]   Downloaded sim-lib-view-device v0.3.0
[INFO] [stderr]   Downloaded sim-codec-json v0.4.1
[INFO] [stderr]   Downloaded sim-lib-topology v0.3.0
[INFO] [stderr]   Downloaded sim-lib-audio-dsp v0.3.0
[INFO] [stderr]   Downloaded sim-lib-view v0.4.0
[INFO] [stderr]   Downloaded sim-lib-stream-host v0.3.0
[INFO] running `Command { std: "docker" "create" "-v" "/var/lib/crater-agent-workspace/builds/worker-2-tc1/source:/opt/rustwide/workdir:ro,Z" "-v" "/var/lib/crater-agent-workspace/builds/worker-2-tc1/target:/opt/rustwide/target:rw,Z" "-v" "/var/lib/crater-agent-workspace/cargo-home:/opt/rustwide/cargo-home:ro,Z" "-v" "/var/lib/crater-agent-workspace/rustup-home:/opt/rustwide/rustup-home:ro,Z" "-m" "1610612736" "--network" "none" "ghcr.io/rust-lang/crates-build-env/linux@sha256:77db811e55d90add9212f6832c23229e3de5f1c1f9905e8cb07319ea15df73ac" "sleep" "infinity", kill_on_drop: false }`
[INFO] [stdout] dc2174fbf9d913bcbd1abc5a2d812a47bca2493770e4880d3952cf18deefa292
[INFO] running `Command { std: "docker" "start" "dc2174fbf9d913bcbd1abc5a2d812a47bca2493770e4880d3952cf18deefa292", kill_on_drop: false }`
[INFO] running `Command { std: "docker" "inspect" "dc2174fbf9d913bcbd1abc5a2d812a47bca2493770e4880d3952cf18deefa292", kill_on_drop: false }`
[INFO] running `Command { std: "docker" "exec" "-e" "SOURCE_DIR=/opt/rustwide/workdir" "-e" "CARGO_HOME=/opt/rustwide/cargo-home" "-e" "RUSTUP_HOME=/opt/rustwide/rustup-home" "-e" "CARGO_TARGET_DIR=/opt/rustwide/target" "-w" "/opt/rustwide/workdir" "--user" "0:0" "dc2174fbf9d913bcbd1abc5a2d812a47bca2493770e4880d3952cf18deefa292" "/opt/rustwide/cargo-home/bin/cargo" "+1.99.0-beta.8" "metadata" "--no-deps" "--format-version=1", kill_on_drop: false }`
[INFO] running `Command { std: "docker" "inspect" "dc2174fbf9d913bcbd1abc5a2d812a47bca2493770e4880d3952cf18deefa292", kill_on_drop: false }`
[INFO] running `Command { std: "docker" "exec" "-e" "SOURCE_DIR=/opt/rustwide/workdir" "-e" "CARGO_HOME=/opt/rustwide/cargo-home" "-e" "RUSTUP_HOME=/opt/rustwide/rustup-home" "-e" "CARGO_TARGET_DIR=/opt/rustwide/target" "-e" "CARGO_INCREMENTAL=0" "-e" "RUST_BACKTRACE=full" "-e" "RUSTFLAGS=--cap-lints=warn" "-e" "RUSTDOCFLAGS=--cap-lints=warn" "-w" "/opt/rustwide/workdir" "--user" "0:0" "dc2174fbf9d913bcbd1abc5a2d812a47bca2493770e4880d3952cf18deefa292" "/opt/rustwide/cargo-home/bin/cargo" "+1.99.0-beta.8" "build" "--frozen" "--message-format=json" "--release", kill_on_drop: false }`
[INFO] [stderr]    Compiling proc-macro2 v1.0.107
[INFO] [stderr]    Compiling winnow v1.0.4
[INFO] [stderr]    Compiling toml_datetime v1.1.1+spec-1.1.0
[INFO] [stderr]    Compiling num-rational v0.4.2
[INFO] [stderr]    Compiling quote v1.0.47
[INFO] [stderr]    Compiling syn v2.0.119
[INFO] [stderr]    Compiling toml_parser v1.1.3+spec-1.1.0
[INFO] [stderr]    Compiling toml_edit v0.25.13+spec-1.1.0
[INFO] [stderr]    Compiling proc-macro-crate v3.5.0
[INFO] [stderr]    Compiling thiserror-impl v1.0.69
[INFO] [stderr]    Compiling sim-citizen-derive v0.4.0
[INFO] [stderr]    Compiling thiserror v1.0.69
[INFO] [stderr]    Compiling sim-kernel v0.4.0
[INFO] [stderr]    Compiling sim-value v0.4.0
[INFO] [stderr]    Compiling sim-table-core v0.3.0
[INFO] [stderr]    Compiling sim-config v0.3.0
[INFO] [stderr]    Compiling sim-cookbook v0.4.0
[INFO] [stderr]    Compiling sim-citizen v0.4.0
[INFO] [stderr]    Compiling sim-cookbook-build v0.2.0
[INFO] [stderr]    Compiling sim-lib-net-core v0.4.0
[INFO] [stderr]    Compiling sim-lib-stream-core v0.3.0
[INFO] [stderr]    Compiling sim-codec v0.3.0
[INFO] [stderr]    Compiling sim-lib-core v0.4.0
[INFO] [stderr]    Compiling sim-lib-stream-clock v0.3.0
[INFO] [stderr]    Compiling sim-lib-midi-core v0.3.0
[INFO] [stderr]    Compiling sim-lib-topology v0.3.0
[INFO] [stderr]    Compiling sim-lib-midi-smf v0.4.0
[INFO] [stderr]    Compiling sim-lib-audio-graph-core v0.3.0
[INFO] [stderr]    Compiling sim-lib-pitch-core v0.4.0
[INFO] [stderr]    Compiling sim-lib-midi-sysex v0.3.0
[INFO] [stderr]    Compiling sim-lib-audio-dsp v0.3.0
[INFO] [stderr]    Compiling sim-lib-music-core v0.4.0
[INFO] [stderr]    Compiling sim-lib-music-synth v0.3.0 (/opt/rustwide/workdir)
[INFO] [stderr]    Compiling sim-shape v0.4.2
[INFO] [stderr]     Finished `release` profile [optimized] target(s) in 1m 48s
[INFO] running `Command { std: "docker" "inspect" "dc2174fbf9d913bcbd1abc5a2d812a47bca2493770e4880d3952cf18deefa292", kill_on_drop: false }`
[INFO] running `Command { std: "docker" "exec" "-e" "SOURCE_DIR=/opt/rustwide/workdir" "-e" "CARGO_HOME=/opt/rustwide/cargo-home" "-e" "RUSTUP_HOME=/opt/rustwide/rustup-home" "-e" "CARGO_TARGET_DIR=/opt/rustwide/target" "-e" "CARGO_INCREMENTAL=0" "-e" "RUST_BACKTRACE=full" "-e" "RUSTFLAGS=--cap-lints=warn" "-e" "RUSTDOCFLAGS=--cap-lints=warn" "-w" "/opt/rustwide/workdir" "--user" "0:0" "dc2174fbf9d913bcbd1abc5a2d812a47bca2493770e4880d3952cf18deefa292" "/opt/rustwide/cargo-home/bin/cargo" "+1.99.0-beta.8" "test" "--frozen" "--no-run" "--message-format=json" "--release", kill_on_drop: false }`
[INFO] [stderr]    Compiling serde_json v1.0.151
[INFO] [stderr]    Compiling proc-macro2 v1.0.107
[INFO] [stderr]    Compiling syn v3.0.4
[INFO] [stderr]    Compiling sim-lib-scene v0.4.0
[INFO] [stderr]    Compiling sim-lib-intent v0.4.0
[INFO] [stderr]    Compiling sim-lib-view v0.4.0
[INFO] [stderr]    Compiling sim-codec-binary v0.4.1
[INFO] [stderr]    Compiling sim-lib-midi-live v0.3.0
[INFO] [stderr]    Compiling sim-lib-view-device v0.3.0
[INFO] [stderr]    Compiling sim-codec-binary-base64 v0.3.1
[INFO] [stderr]    Compiling sim-lib-stream-audio v0.3.0
[INFO] [stderr]    Compiling sim-codec-lisp v0.4.1
[INFO] [stderr]    Compiling sim-codec-json v0.4.1
[INFO] [stderr]    Compiling sim-lib-audio-graph-live v0.3.0
[INFO] [stderr]    Compiling sim-test-support v0.1.4
[INFO] [stderr]    Compiling serde_derive v1.0.229
[INFO] [stderr]    Compiling sim-lib-stream-host v0.3.0
[INFO] [stderr]    Compiling serde v1.0.229
[INFO] [stderr]    Compiling sim-lib-music-synth v0.3.0 (/opt/rustwide/workdir)
[INFO] [stderr]     Finished `release` profile [optimized] target(s) in 1m 02s
[INFO] running `Command { std: "docker" "inspect" "dc2174fbf9d913bcbd1abc5a2d812a47bca2493770e4880d3952cf18deefa292", kill_on_drop: false }`
[INFO] running `Command { std: "docker" "exec" "-e" "SOURCE_DIR=/opt/rustwide/workdir" "-e" "CARGO_HOME=/opt/rustwide/cargo-home" "-e" "RUSTUP_HOME=/opt/rustwide/rustup-home" "-e" "CARGO_TARGET_DIR=/opt/rustwide/target" "-e" "CARGO_INCREMENTAL=0" "-e" "RUST_BACKTRACE=full" "-e" "RUSTFLAGS=--cap-lints=warn" "-e" "RUSTDOCFLAGS=--cap-lints=warn" "-w" "/opt/rustwide/workdir" "--user" "0:0" "dc2174fbf9d913bcbd1abc5a2d812a47bca2493770e4880d3952cf18deefa292" "/opt/rustwide/cargo-home/bin/cargo" "+1.99.0-beta.8" "test" "--frozen" "--release", kill_on_drop: false }`
[INFO] [stderr]     Finished `release` profile [optimized] target(s) in 0.11s
[INFO] [stderr]      Running unittests src/lib.rs (/opt/rustwide/target/release/deps/sim_lib_music_synth-ee942b8bec60e1fe)
[INFO] [stdout] 
[INFO] [stdout] running 169 tests
[INFO] [stdout] test tests::component_backends_share_ports_and_params ... ok
[INFO] [stdout] test tests::citizen_synth_preset_descriptor_round_trips_and_fails_closed ... ok
[INFO] [stdout] test tests::cv::gate_converter_handles_voltage_trigger_and_s_trigger ... ok
[INFO] [stdout] test tests::cv::gate_converter_reset_makes_edge_detection_deterministic ... ok
[INFO] [stdout] test tests::cv::bipolar_cv_and_volts_per_octave_scale_predictably ... ok
[INFO] [stdout] test tests::adsr_envelope_runs_all_stages ... ok
[INFO] [stdout] test tests::discrete_component_render_is_deterministic_after_reset ... ok
[INFO] [stdout] test tests::component_descriptor_reports_domain_latency_and_pin ... ok
[INFO] [stdout] test tests::discrete_component_surface_declares_ports_and_params ... ok
[INFO] [stdout] test tests::dx7::dx7_accurate_renderer_gate_records_oracle_status ... ok
[INFO] [stdout] test tests::daw::daw_instrument_graph_nodes_render_smoke ... ok
[INFO] [stdout] test tests::dx7::dx7_fixture_manifest_matches_regenerated_output ... ok
[INFO] [stdout] test tests::dx7::dx7_graph_inspection_serializes_for_web_ui ... ok
[INFO] [stdout] test tests::dx7::dx7_algorithm_table_covers_all_32_topologies ... ok
[INFO] [stdout] test tests::daw::instrument_stream_and_placement_recipes_record_stable_artifacts ... FAILED
[INFO] [stdout] test tests::dx7_modeled::dx7_modeled_word_widths_are_declared ... ok
[INFO] [stdout] test tests::dx7_operator::dx7_operator_feedback_integer_trace_matches_fixture ... ok
[INFO] [stdout] test tests::dx7::dx7_voice_renders_through_audio_graph ... ok
[INFO] [stdout] test tests::dx7::dx7_compatible_renderer_tolerance_checks_pass ... ok
[INFO] [stdout] test tests::dx7_modeled::dx7_modeled_registry_entry_is_implemented_and_traceable ... ok
[INFO] [stdout] test tests::dx7_operator::dx7_operator_settings_map_patch_fields ... ok
[INFO] [stdout] test tests::dx7_patch::dx7_patch_exposes_raw_view_as_instrument_patch_data ... ok
[INFO] [stdout] test tests::dx7_modeled::dx7_modeled_operator_shares_algorithmic_contract ... ok
[INFO] [stdout] test tests::dx7_modeled::dx7_modeled_integer_trace_matches_fixture ... ok
[INFO] [stdout] test tests::dx7_modeled::dx7_modeled_operator_is_deterministic_after_reset ... ok
[INFO] [stdout] test tests::dx7_modeled::dx7_modeled_vs_algorithmic_divergence_report_is_stable ... ok
[INFO] [stdout] test tests::dx7::dx7_synthetic_bank_load_smoke_records_all_patch_hashes ... ok
[INFO] [stdout] test tests::dx7::dx7_voice_processor_handles_midi_controls ... ok
[INFO] [stdout] test tests::dx7_operator::dx7_operator_single_op_integer_trace_matches_fixture ... ok
[INFO] [stdout] test tests::dx7_operator::dx7_operator_registry_entry_is_implemented_and_traceable ... ok
[INFO] [stdout] test tests::dx7::dx7_registry_entry_is_implemented_wrapper ... ok
[INFO] [stdout] test tests::dx7_operator::dx7_operator_two_op_modulation_integer_trace_matches_fixture ... ok
[INFO] [stdout] test tests::dx7_patch::dx7_patch_normalizes_voice_and_preserves_raw_buffers ... ok
[INFO] [stdout] test tests::graph_host::discrete_component_graph_hosts_connected_nodes ... ok
[INFO] [stdout] test tests::modulator::modulation_chain_composes_math_and_time_operators ... ok
[INFO] [stdout] test tests::editor::instrument_editor_descriptors_record_routes_views_and_fixtures ... ok
[INFO] [stdout] test tests::fixed::q_level_saturates_wraps_rounds_truncates_and_applies_bias ... ok
[INFO] [stdout] test tests::f32_offline_render_helper_stays_compatible_with_component_surface ... ok
[INFO] [stdout] test tests::fixed::q_phase_wraps_and_reports_table_position ... ok
[INFO] [stdout] test tests::fixed::component_trace_records_cover_signal_state_clock_and_integer_values ... ok
[INFO] [stdout] test tests::dx7::dx7_probe_patch_renders_deterministically_for_every_algorithm ... ok
[INFO] [stdout] test tests::fixed::generated_luts_interpolate_and_hold_boundaries ... ok
[INFO] [stdout] test tests::live_runner_and_offline_render_use_same_synth_code ... ok
[INFO] [stdout] test tests::lfo_can_sync_to_tempo ... ok
[INFO] [stdout] test tests::graph_host::discrete_component_graph_implements_processor_surface ... ok
[INFO] [stdout] test tests::midi_key_frequency_uses_pitch_core_mapping ... ok
[INFO] [stdout] test tests::modulation_matrix_routes_sources_to_targets ... ok
[INFO] [stdout] test tests::graph_host::discrete_component_graph_rejects_mismatched_port_rate_contracts ... ok
[INFO] [stdout] test tests::modulator::modulation_rates_convert_to_expected_tick_outputs ... ok
[INFO] [stdout] test tests::oscillator_family_is_bounded_and_deterministic ... ok
[INFO] [stdout] test tests::presets_round_trip_as_expr ... ok
[INFO] [stdout] test tests::poly::polyphonic_array_fans_out_per_key_pitch_and_gate_bus ... ok
[INFO] [stdout] test tests::poly::polyphonic_array_exposes_per_note_topology_modules ... ok
[INFO] [stdout] test tests::ps3300::ps3300_patch_represents_sections_resonator_matrix_keyboard_and_raw_view ... ok
[INFO] [stdout] test tests::modulator::modulation_targets_resolve_player_and_instrument_parameters ... ok
[INFO] [stdout] test tests::ps3300::ps3300_pin_matrix_rejects_invalid_routing ... ok
[INFO] [stdout] test tests::modulator::random_walk_output_is_seeded_and_bounded ... ok
[INFO] [stdout] test tests::offline_render_fixture_is_deterministic ... ok
[INFO] [stdout] test tests::ps3300_cell::ps3300_resonator_formant_sweep_is_deterministic ... ok
[INFO] [stdout] test tests::ps3300::ps3300_scaffold_records_module_ids_paths_and_model_names ... ok
[INFO] [stdout] test tests::ps3300::ps3300_uses_polyphonic_arrays_for_full_keyboard_cells ... ok
[INFO] [stdout] test tests::ps3300_control::ps3300_control_ids_matrix_format_and_keyboard_mapping_are_recorded ... ok
[INFO] [stdout] test tests::ps3300_control::ps3300_control_modules_implement_discrete_component ... ok
[INFO] [stdout] test tests::ps3300_cell::ps3300_voice_cell_registry_entries_are_exact_components ... ok
[INFO] [stdout] test tests::ps3300_control::ps3300_control_registry_entries_are_exact_components ... ok
[INFO] [stdout] test tests::ps3300_control::ps3300_external_processor_tracks_audio_cv_and_gate ... ok
[INFO] [stdout] test tests::modulator::modulator_playable_reports_descriptor_stream_and_freeze ... ok
[INFO] [stdout] test tests::patch::instrument_patch_round_trips_as_expr ... ok
[INFO] [stdout] test tests::ps3300_cell::ps3300_voice_cell_ids_and_fixture_names_are_recorded ... ok
[INFO] [stdout] test tests::ps3300_cell::ps3300_single_note_cell_runs_vcf_envelope_and_vca ... ok
[INFO] [stdout] test tests::ps3300_tone::ps3300_footages_transpose_by_octaves ... ok
[INFO] [stdout] test tests::ps3300_control::ps3300_modulation_generator_shapes_are_deterministic ... ok
[INFO] [stdout] test tests::ps3300_control::ps3300_pin_matrix_rejects_illegal_pairs_and_routes_legal_pairs ... ok
[INFO] [stdout] test tests::ps3300_tone::ps3300_noise_is_deterministic_and_colored_band_is_smoother ... ok
[INFO] [stdout] test tests::ps3300_tone::ps3300_pitch_coverage_uses_twelve_masters_and_four_divider_stages ... ok
[INFO] [stdout] test tests::ps3300_tone::ps3300_tone_source_registry_entries_are_exact_components ... ok
[INFO] [stdout] test tests::ps3300_tone::ps3300_tone_source_records_ids_and_fixture_names ... ok
[INFO] [stdout] test tests::ps3300_control::ps3300_keyboard_maps_per_key_gate_timing ... ok
[INFO] [stdout] test tests::patch::instrument_patch_round_trips_through_lisp_and_json_codecs ... ok
[INFO] [stdout] test tests::ps3300_control::ps3300_sample_hold_captures_only_on_rising_edge ... ok
[INFO] [stdout] test tests::modulator::modulator_can_target_another_players_parameter ... ok
[INFO] [stdout] test tests::ps3300_wrapper::ps3300_fixture_manifest_matches_regenerated_output ... ok
[INFO] [stdout] test tests::ps3300_control::ps3300_section_chord_render_and_three_section_stack_are_bounded ... ok
[INFO] [stdout] test tests::ps3300_wrapper::ps3300_patch_round_trip_fixture_serializes ... ok
[INFO] [stdout] test tests::ps3300_cell::ps3300_poly_array_counts_chord_cells_and_isolates_gates ... ok
[INFO] [stdout] test tests::ps3300_tone::ps3300_aliasing_policy_is_recorded_and_applied ... ok
[INFO] [stdout] test tests::public_synth_types_implement_graph_traits ... ok
[INFO] [stdout] test tests::registry::inventory_serializes_for_recipe_and_view_consumers ... ok
[INFO] [stdout] test tests::ps3300_wrapper::ps3300_wrapper_default_patch_and_fixture_ids_are_recorded ... ok
[INFO] [stdout] test tests::registry::registry_filters_by_capability_and_category ... ok
[INFO] [stdout] test tests::registry::registry_rejects_duplicate_ids ... ok
[INFO] [stdout] test tests::registry::registry_entry_serializes_generic_component_editor_descriptor ... ok
[INFO] [stdout] test tests::system55::system55_s_trigger_maps_to_voltage_gate_frames ... ok
[INFO] [stdout] test tests::patch::subtractive_synth_patch_exposes_fixed_algorithm_as_topology_data ... ok
[INFO] [stdout] test tests::ps3300_tone::ps3300_divider_plan_is_deterministic ... ok
[INFO] [stdout] test tests::ps3300_wrapper::ps3300_registry_entry_is_implemented_wrapper ... ok
[INFO] [stdout] test tests::registry::palette_expr_filters_by_category_and_capability_for_builder_views ... ok
[INFO] [stdout] test tests::registry::registry_lookup_covers_exact_and_compatible_entries ... ok
[INFO] [stdout] test tests::subtractive_synth_responds_to_note_on_and_note_off ... ok
[INFO] [stdout] test tests::system55::system55_registry_records_exact_module_entries ... ok
[INFO] [stdout] test tests::ps3300_cell::ps3300_triple_resonator_emphasizes_recorded_peaks ... ok
[INFO] [stdout] test tests::ps3300_wrapper::ps3300_wrapper_renders_through_processor_and_graph ... ok
[INFO] [stdout] test tests::dx7::dx7_render_fixture_catalog_records_metadata ... ok
[INFO] [stdout] test tests::system55_control::m55_envelope_follower_tracks_level_and_gate ... ok
[INFO] [stdout] test tests::system55_control::m55_envelope_and_trigger_delay_use_s_trigger_timing ... ok
[INFO] [stdout] test tests::system55_control::m55_ribbon_keyboard_and_interface_map_control_signals ... ok
[INFO] [stdout] test tests::system55_control::m55_control_modules_implement_discrete_component ... ok
[INFO] [stdout] test tests::system55::system55_scaffold_records_stable_module_ids_and_paths ... ok
[INFO] [stdout] test tests::system55_control::m55_frequency_shifter_and_ring_modulator_create_sidebands ... ok
[INFO] [stdout] test tests::system55::system55_scaffold_uses_shared_patch_model ... ok
[INFO] [stdout] test tests::system55_control::m55_fixed_filter_bank_records_centers ... ok
[INFO] [stdout] test tests::system55_control::m55_mixer_multiple_and_attenuator_handle_utility_signals ... ok
[INFO] [stdout] test tests::ps3300::ps3300_patch_round_trips_through_expr_lisp_json_and_topology ... ok
[INFO] [stdout] test tests::reuse::catalog_reuse_composition_recipe_is_bounded_and_non_destructive ... ok
[INFO] [stdout] test tests::system55_control::m55_sample_hold_and_sequencer_advance_on_s_trigger ... ok
[INFO] [stdout] test tests::system55_control::system55_control_module_ids_are_recorded ... ok
[INFO] [stdout] test tests::system55_control::m55_vca_tracks_gain_law_and_saturation ... ok
[INFO] [stdout] test tests::system55_control::system55_control_registry_entries_are_exact_components ... ok
[INFO] [stdout] test tests::system55_filter::m55_coupler_creates_bandpass_window ... ok
[INFO] [stdout] test tests::system55_filter::m55_hpf_rejects_low_frequencies_and_tracks_cutoff_cv ... ok
[INFO] [stdout] test tests::system55_filter::system55_filter_modules_implement_discrete_component ... ok
[INFO] [stdout] test tests::system55_filter::system55_filter_records_ids_model_notes_and_fixture_names ... ok
[INFO] [stdout] test tests::system55_oscillator::m55_noise_generates_deterministic_white_and_smoother_pink ... ok
[INFO] [stdout] test tests::system55_oscillator::m55_vco_driver_fans_out_pitch_modulation_and_sync ... ok
[INFO] [stdout] test tests::system55_oscillator::m55_vco_tracks_shared_driver_frame ... ok
[INFO] [stdout] test tests::system55_wrapper::system55_registry_entry_is_implemented_wrapper ... ok
[INFO] [stdout] test tests::system55_filter::m55_ladder_lpf_resonates_self_oscillates_and_saturates ... ok
[INFO] [stdout] test tests::system55_oscillator::system55_oscillator_bank_records_ids_and_fixture_names ... ok
[INFO] [stdout] test tests::system55_filter::system55_filter_registry_entries_are_exact_components ... ok
[INFO] [stdout] test tests::system55_oscillator::system55_oscillator_registry_entries_are_exact_components ... ok
[INFO] [stdout] test tests::system55_wrapper::system55_fixture_manifest_matches_regenerated_output ... ok
[INFO] [stdout] test tests::system700::system700_scaffold_records_source_ids_and_fixture_names ... ok
[INFO] [stdout] test tests::system700::r700_lfo_waveforms_are_bounded ... ok
[INFO] [stdout] test tests::system700::r700_noise_is_deterministic_and_has_color_bands ... ok
[INFO] [stdout] test tests::system700::r700_vco_tracks_pitch_sync_and_pwm ... ok
[INFO] [stdout] test tests::system55_wrapper::system55_wrapper_default_patch_points_and_fixture_ids_are_recorded ... ok
[INFO] [stdout] test tests::system55_filter::m55_ladder_lpf_tracks_cutoff_and_24db_slope ... ok
[INFO] [stdout] test tests::system700::system700_modules_implement_discrete_component ... ok
[INFO] [stdout] test tests::system700::system700_source_registry_entries_are_implemented ... ok
[INFO] [stdout] test tests::system700_control::r700_clock_and_sequencer_advance_deterministically ... ok
[INFO] [stdout] test tests::system700_control::r700_voltage_processor_mixer_and_multiple_map_values ... ok
[INFO] [stdout] test tests::system700_control::r700_external_input_and_keyboard_map_interface_signals ... ok
[INFO] [stdout] test tests::system700_control::r700_envelope_runs_timed_adsr_segments ... ok
[INFO] [stdout] test tests::system700_control::r700_sample_hold_captures_only_on_rising_trigger ... ok
[INFO] [stdout] test tests::system700_control::system700_control_modules_implement_discrete_component ... ok
[INFO] [stdout] test tests::system55_oscillator::m55_vco_tracks_driver_pitch_sync_and_pwm ... ok
[INFO] [stdout] test tests::system700_shaper::r700_vca_gain_law_and_saturation_are_bounded ... ok
[INFO] [stdout] test tests::system700_shaper::r700_vcf_modes_are_bounded_and_self_oscillate ... ok
[INFO] [stdout] test tests::system700_shaper::r700_vcf_tracks_cutoff_and_resonance_peak ... ok
[INFO] [stdout] test tests::system700_shaper::system700_shaper_ids_modes_and_fixtures_are_recorded ... ok
[INFO] [stdout] test tests::system700_shaper::r700_ring_modulator_emits_sum_and_difference_sidebands ... ok
[INFO] [stdout] test tests::system700_shaper::system700_shaper_registry_entries_are_implemented ... ok
[INFO] [stdout] test tests::system700_control::system700_control_ids_and_fixtures_are_recorded ... ok
[INFO] [stdout] test tests::system700_control::system700_control_registry_entries_are_implemented ... ok
[INFO] [stdout] test tests::system700_shaper::system700_shaper_modules_implement_discrete_component ... ok
[INFO] [stdout] test tests::system700_wrapper::system700_patch_round_trip_fixture_serializes ... ok
[INFO] [stdout] test tests::system55_wrapper::system55_render_modes_and_fixture_tolerances_are_recorded ... ok
[INFO] [stdout] test tests::system55_wrapper::system55_patch_round_trip_fixture_serializes ... ok
[INFO] [stdout] test tests::system700::r700_lfo_delays_and_tracks_rate_cv ... ok
[INFO] [stdout] test tests::system700::r700_vco_waveforms_are_bounded ... ok
[INFO] [stdout] test tests::system700_wrapper::system700_registry_entry_is_implemented_wrapper ... ok
[INFO] [stdout] test tests::system55_wrapper::system55_wrapper_renders_through_processor_and_graph ... ok
[INFO] [stdout] test tests::system700_wrapper::system700_wrapper_default_patch_and_fixture_ids_are_recorded ... ok
[INFO] [stdout] test tests::voice_allocator_tracks_release_and_stealing ... ok
[INFO] [stdout] test tests::system700_wrapper::system700_wrapper_renders_through_processor_and_graph ... ok
[INFO] [stdout] test tests::system700_wrapper::system700_render_modes_and_fixture_tolerances_are_recorded ... ok
[INFO] [stdout] test tests::install_audio_synth_lib_registers_runtime_exports ... ok
[INFO] [stdout] test tests::synth_runtime_cards_advertise_realtime_audio_profile ... ok
[INFO] [stdout] test tests::ps3300_wrapper::ps3300_render_modes_and_fixture_tolerances_are_recorded ... ok
[INFO] [stdout] 
[INFO] [stdout] failures:
[INFO] [stdout] 
[INFO] [stdout] ---- tests::daw::instrument_stream_and_placement_recipes_record_stable_artifacts stdout ----
[INFO] [stdout] 
[INFO] [stdout] thread 'tests::daw::instrument_stream_and_placement_recipes_record_stable_artifacts' (2262) panicked at src/tests/daw.rs:88:9:
[INFO] [stdout] missing recipe path crates/sim-lib-music-synth/recipes/streaming/generic-instrument-stream/recipe.toml
[INFO] [stdout] stack backtrace:
[INFO] [stdout]    0:     0x5f662013b5a1 - <<std[70759c8f55707aa4]::sys::backtrace::BacktraceLock>::print::DisplayBacktrace as core[df12db4294e9bfd3]::fmt::Display>::fmt
[INFO] [stdout]    1:     0x5f66201525aa - core[df12db4294e9bfd3]::fmt::write
[INFO] [stdout]    2:     0x5f662013fa8c - <alloc[2182bb758b4b3781]::vec::Vec<u8> as core[df12db4294e9bfd3]::io::write::Write>::write_fmt
[INFO] [stdout]    3:     0x5f6620117486 - std[70759c8f55707aa4]::panicking::default_hook::{closure#0}
[INFO] [stdout]    4:     0x5f6620133819 - std[70759c8f55707aa4]::panicking::default_hook
[INFO] [stdout]    5:     0x5f661fd99ce0 - test[9d35eded1c95d3be]::test_main_inner::<test[9d35eded1c95d3be]::test_main_static::{closure#0}>::{closure#0}
[INFO] [stdout]    6:     0x5f6620133b42 - std[70759c8f55707aa4]::panicking::panic_with_hook
[INFO] [stdout]    7:     0x5f6620117532 - std[70759c8f55707aa4]::panicking::panic_handler::{closure#0}
[INFO] [stdout]    8:     0x5f6620110129 - std[70759c8f55707aa4]::sys::backtrace::__rust_end_short_backtrace::<std[70759c8f55707aa4]::panicking::panic_handler::{closure#0}, !>
[INFO] [stdout]    9:     0x5f662011812d - __rustc[8fa7c3cbc660c2b3]::rust_begin_unwind
[INFO] [stdout]   10:     0x5f6620152d0c - core[df12db4294e9bfd3]::panicking::panic_fmt
[INFO] [stdout]   11:     0x5f661fc92524 - sim_lib_music_synth[f9734967a83f11c0]::tests::daw::instrument_stream_and_placement_recipes_record_stable_artifacts
[INFO] [stdout]   12:     0x5f661fcb4bf9 - <sim_lib_music_synth[f9734967a83f11c0]::tests::daw::instrument_stream_and_placement_recipes_record_stable_artifacts::{closure#0} as core[df12db4294e9bfd3]::ops::function::FnOnce<()>>::call_once
[INFO] [stdout]   13:     0x5f661fd8cfcb - test[9d35eded1c95d3be]::__rust_begin_short_backtrace::<core[df12db4294e9bfd3]::result::Result<(), alloc[2182bb758b4b3781]::string::String>, fn() -> core[df12db4294e9bfd3]::result::Result<(), alloc[2182bb758b4b3781]::string::String>>
[INFO] [stdout]   14:     0x5f661fd9a635 - test[9d35eded1c95d3be]::run_test::{closure#0}
[INFO] [stdout]   15:     0x5f661fd93ef4 - std[70759c8f55707aa4]::sys::backtrace::__rust_begin_short_backtrace::<test[9d35eded1c95d3be]::run_test::{closure#1}, ()>
[INFO] [stdout]   16:     0x5f661fd9d792 - <std[70759c8f55707aa4]::thread::lifecycle::spawn_unchecked<test[9d35eded1c95d3be]::run_test::{closure#1}, ()>::{closure#1} as core[df12db4294e9bfd3]::ops::function::FnOnce<()>>::call_once::{shim:vtable#0}
[INFO] [stdout]   17:     0x5f662013aaf9 - <std[70759c8f55707aa4]::sys::thread::unix::Thread>::new::thread_start
[INFO] [stdout]   18:     0x7a6a3758fdfa - <unknown>
[INFO] [stdout]   19:     0x7a6a376233d4 - clone
[INFO] [stdout]   20:                0x0 - <unknown>
[INFO] [stdout] 
[INFO] [stdout] 
[INFO] [stdout] failures:
[INFO] [stdout]     tests::daw::instrument_stream_and_placement_recipes_record_stable_artifacts
[INFO] [stdout] 
[INFO] [stdout] test result: FAILED. 168 passed; 1 failed; 0 ignored; 0 measured; 0 filtered out; finished in 0.58s
[INFO] [stdout] 
[INFO] [stderr] error: test failed, to rerun pass `--lib`
[INFO] running `Command { std: "docker" "inspect" "dc2174fbf9d913bcbd1abc5a2d812a47bca2493770e4880d3952cf18deefa292", kill_on_drop: false }`
[INFO] running `Command { std: "docker" "rm" "-f" "dc2174fbf9d913bcbd1abc5a2d812a47bca2493770e4880d3952cf18deefa292", kill_on_drop: false }`
[INFO] [stdout] dc2174fbf9d913bcbd1abc5a2d812a47bca2493770e4880d3952cf18deefa292
