[INFO] fetching crate sim-lib-lang-javascript 0.4.0...
[INFO] testing sim-lib-lang-javascript-0.4.0 against 1.99.0-beta.8+cargoflags=--release for beta-release-1.100-2
[INFO] extracting crate sim-lib-lang-javascript 0.4.0 into /workspace/builds/worker-0-tc1/source
[INFO] started tweaking crates.io crate sim-lib-lang-javascript 0.4.0
[INFO] removed 0 missing tests
[INFO] finished tweaking crates.io crate sim-lib-lang-javascript 0.4.0
[INFO] tweaked toml for crates.io crate sim-lib-lang-javascript 0.4.0 written to /workspace/builds/worker-0-tc1/source/Cargo.toml
[INFO] validating manifest of crates.io crate sim-lib-lang-javascript 0.4.0 on toolchain 1.99.0-beta.8
[INFO] running `Command { std: CARGO_HOME="/workspace/cargo-home" RUSTUP_HOME="/workspace/rustup-home" "/workspace/cargo-home/bin/cargo" "+1.99.0-beta.8" "metadata" "--manifest-path" "Cargo.toml" "--no-deps", kill_on_drop: false }`
[INFO] crate crates.io crate sim-lib-lang-javascript 0.4.0 already has a lockfile, it will not be regenerated
[INFO] running `Command { std: CARGO_HOME="/workspace/cargo-home" RUSTUP_HOME="/workspace/rustup-home" "/workspace/cargo-home/bin/cargo" "+1.99.0-beta.8" "fetch" "--manifest-path" "Cargo.toml", kill_on_drop: false }`
[INFO] [stderr]     Updating crates.io index
[INFO] [stderr]      Locking 30 packages to highest Rust 1.99.0-beta.8 compatible versions
[INFO] [stderr]       Adding sim-citizen v0.4.0
[INFO] [stderr]       Adding sim-citizen-derive v0.4.0
[INFO] [stderr]       Adding sim-codec v0.3.0
[INFO] [stderr]       Adding sim-codec-binary v0.4.1
[INFO] [stderr]       Adding sim-codec-binary-base64 v0.3.1
[INFO] [stderr]       Adding sim-codec-json v0.4.1
[INFO] [stderr]       Adding sim-codec-lisp v0.4.1
[INFO] [stderr]       Adding sim-config v0.3.0
[INFO] [stderr]       Adding sim-cookbook v0.4.0
[INFO] [stderr]       Adding sim-cookbook-build v0.2.0
[INFO] [stderr]       Adding sim-kernel v0.4.0
[INFO] [stderr]       Adding sim-lib-binding v0.3.0
[INFO] [stderr]       Adding sim-lib-control v0.3.0
[INFO] [stderr]       Adding sim-lib-core v0.4.0
[INFO] [stderr]       Adding sim-lib-dispatch v0.3.0
[INFO] [stderr]       Adding sim-lib-function v0.3.0
[INFO] [stderr]       Adding sim-lib-gc-tracing v0.3.0
[INFO] [stderr]       Adding sim-lib-mutation v0.3.0
[INFO] [stderr]       Adding sim-lib-namespace v0.4.0
[INFO] [stderr]       Adding sim-lib-net-core v0.4.0
[INFO] [stderr]       Adding sim-lib-numbers-core v0.5.0
[INFO] [stderr]       Adding sim-lib-numbers-f64 v0.5.0
[INFO] [stderr]       Adding sim-lib-numbers-i64 v0.5.0
[INFO] [stderr]       Adding sim-lib-pattern v0.4.0
[INFO] [stderr]       Adding sim-lib-sequence v0.3.0
[INFO] [stderr]       Adding sim-lib-standard-core v0.3.0
[INFO] [stderr]       Adding sim-shape v0.4.2
[INFO] [stderr]       Adding sim-table-core v0.3.0
[INFO] [stderr]       Adding sim-text v0.3.0
[INFO] [stderr]       Adding sim-value v0.4.0
[INFO] [stderr]  Downloading crates ...
[INFO] [stderr]   Downloaded sim-lib-core v0.4.0
[INFO] [stderr]   Downloaded sim-text v0.3.0
[INFO] [stderr]   Downloaded sim-lib-pattern v0.4.0
[INFO] [stderr]   Downloaded sim-lib-sequence v0.3.0
[INFO] [stderr]   Downloaded sim-lib-standard-core v0.3.0
[INFO] [stderr]   Downloaded sim-lib-dispatch v0.3.0
[INFO] [stderr]   Downloaded sim-codec-binary-base64 v0.3.1
[INFO] [stderr]   Downloaded sim-lib-binding v0.3.0
[INFO] [stderr]   Downloaded sim-lib-gc-tracing v0.3.0
[INFO] [stderr]   Downloaded sim-codec-binary v0.4.1
[INFO] [stderr]   Downloaded sim-lib-mutation v0.3.0
[INFO] [stderr]   Downloaded sim-codec-json v0.4.1
[INFO] [stderr]   Downloaded sim-lib-function v0.3.0
[INFO] [stderr]   Downloaded sim-lib-numbers-i64 v0.5.0
[INFO] [stderr]   Downloaded sim-lib-namespace v0.4.0
[INFO] [stderr]   Downloaded sim-lib-control v0.3.0
[INFO] [stderr]   Downloaded sim-codec-lisp v0.4.1
[INFO] running `Command { std: "docker" "create" "-v" "/var/lib/crater-agent-workspace/builds/worker-0-tc1/source:/opt/rustwide/workdir:ro,Z" "-v" "/var/lib/crater-agent-workspace/builds/worker-0-tc1/target:/opt/rustwide/target:rw,Z" "-v" "/var/lib/crater-agent-workspace/cargo-home:/opt/rustwide/cargo-home:ro,Z" "-v" "/var/lib/crater-agent-workspace/rustup-home:/opt/rustwide/rustup-home:ro,Z" "-m" "1610612736" "--network" "none" "ghcr.io/rust-lang/crates-build-env/linux@sha256:77db811e55d90add9212f6832c23229e3de5f1c1f9905e8cb07319ea15df73ac" "sleep" "infinity", kill_on_drop: false }`
[INFO] [stdout] aa86e49e3c99e1c6bb72c8272f77070f2b5818121e2e6c1b000d0fbb7d59b850
[INFO] running `Command { std: "docker" "start" "aa86e49e3c99e1c6bb72c8272f77070f2b5818121e2e6c1b000d0fbb7d59b850", kill_on_drop: false }`
[INFO] running `Command { std: "docker" "inspect" "aa86e49e3c99e1c6bb72c8272f77070f2b5818121e2e6c1b000d0fbb7d59b850", kill_on_drop: false }`
[INFO] running `Command { std: "docker" "exec" "-e" "SOURCE_DIR=/opt/rustwide/workdir" "-e" "CARGO_HOME=/opt/rustwide/cargo-home" "-e" "RUSTUP_HOME=/opt/rustwide/rustup-home" "-e" "CARGO_TARGET_DIR=/opt/rustwide/target" "-w" "/opt/rustwide/workdir" "--user" "0:0" "aa86e49e3c99e1c6bb72c8272f77070f2b5818121e2e6c1b000d0fbb7d59b850" "/opt/rustwide/cargo-home/bin/cargo" "+1.99.0-beta.8" "metadata" "--no-deps" "--format-version=1", kill_on_drop: false }`
[INFO] running `Command { std: "docker" "inspect" "aa86e49e3c99e1c6bb72c8272f77070f2b5818121e2e6c1b000d0fbb7d59b850", kill_on_drop: false }`
[INFO] running `Command { std: "docker" "exec" "-e" "SOURCE_DIR=/opt/rustwide/workdir" "-e" "CARGO_HOME=/opt/rustwide/cargo-home" "-e" "RUSTUP_HOME=/opt/rustwide/rustup-home" "-e" "CARGO_TARGET_DIR=/opt/rustwide/target" "-e" "CARGO_INCREMENTAL=0" "-e" "RUST_BACKTRACE=full" "-e" "RUSTFLAGS=--cap-lints=warn" "-e" "RUSTDOCFLAGS=--cap-lints=warn" "-w" "/opt/rustwide/workdir" "--user" "0:0" "aa86e49e3c99e1c6bb72c8272f77070f2b5818121e2e6c1b000d0fbb7d59b850" "/opt/rustwide/cargo-home/bin/cargo" "+1.99.0-beta.8" "build" "--frozen" "--message-format=json" "--release", kill_on_drop: false }`
[INFO] [stderr]    Compiling proc-macro2 v1.0.107
[INFO] [stderr]    Compiling inventory v0.3.24
[INFO] [stderr]    Compiling serde_json v1.0.151
[INFO] [stderr]    Compiling thiserror v1.0.69
[INFO] [stderr]    Compiling toml_parser v1.1.3+spec-1.1.0
[INFO] [stderr]    Compiling indexmap v2.14.1
[INFO] [stderr]    Compiling num-bigint v0.4.8
[INFO] [stderr]    Compiling sha2 v0.10.9
[INFO] [stderr]    Compiling toml_edit v0.25.13+spec-1.1.0
[INFO] [stderr]    Compiling quote v1.0.47
[INFO] [stderr]    Compiling syn v2.0.119
[INFO] [stderr]    Compiling syn v3.0.5
[INFO] [stderr]    Compiling proc-macro-crate v3.5.0
[INFO] [stderr]    Compiling serde_derive v1.0.229
[INFO] [stderr]    Compiling thiserror-impl v1.0.69
[INFO] [stderr]    Compiling sim-citizen-derive v0.4.0
[INFO] [stderr]    Compiling sim-kernel v0.4.0
[INFO] [stderr]    Compiling serde v1.0.229
[INFO] [stderr]    Compiling sim-value v0.4.0
[INFO] [stderr]    Compiling sim-table-core v0.3.0
[INFO] [stderr]    Compiling sim-config v0.3.0
[INFO] [stderr]    Compiling sim-cookbook v0.4.0
[INFO] [stderr]    Compiling sim-cookbook-build v0.2.0
[INFO] [stderr]    Compiling sim-text v0.3.0
[INFO] [stderr]    Compiling sim-lib-net-core v0.4.0
[INFO] [stderr]    Compiling sim-codec v0.3.0
[INFO] [stderr]    Compiling sim-lib-core v0.4.0
[INFO] [stderr]    Compiling sim-lib-mutation v0.3.0
[INFO] [stderr]    Compiling sim-lib-binding v0.3.0
[INFO] [stderr]    Compiling sim-lib-numbers-core v0.5.0
[INFO] [stderr]    Compiling sim-codec-binary v0.4.1
[INFO] [stderr]    Compiling sim-codec-binary-base64 v0.3.1
[INFO] [stderr]    Compiling sim-lib-dispatch v0.3.0
[INFO] [stderr]    Compiling sim-lib-control v0.3.0
[INFO] [stderr]    Compiling sim-lib-namespace v0.4.0
[INFO] [stderr]    Compiling sim-lib-numbers-f64 v0.5.0
[INFO] [stderr]    Compiling sim-codec-json v0.4.1
[INFO] [stderr]    Compiling sim-citizen v0.4.0
[INFO] [stderr]    Compiling sim-lib-standard-core v0.3.0
[INFO] [stderr]    Compiling sim-lib-sequence v0.3.0
[INFO] [stderr]    Compiling sim-lib-pattern v0.4.0
[INFO] [stderr]    Compiling sim-lib-numbers-i64 v0.5.0
[INFO] [stderr]    Compiling sim-lib-lang-javascript v0.4.0 (/opt/rustwide/workdir)
[INFO] [stderr]    Compiling sim-shape v0.4.2
[INFO] [stderr]    Compiling sim-lib-function v0.3.0
[INFO] [stderr]    Compiling sim-lib-gc-tracing v0.3.0
[INFO] [stderr]     Finished `release` profile [optimized] target(s) in 1m 35s
[INFO] running `Command { std: "docker" "inspect" "aa86e49e3c99e1c6bb72c8272f77070f2b5818121e2e6c1b000d0fbb7d59b850", kill_on_drop: false }`
[INFO] running `Command { std: "docker" "exec" "-e" "SOURCE_DIR=/opt/rustwide/workdir" "-e" "CARGO_HOME=/opt/rustwide/cargo-home" "-e" "RUSTUP_HOME=/opt/rustwide/rustup-home" "-e" "CARGO_TARGET_DIR=/opt/rustwide/target" "-e" "CARGO_INCREMENTAL=0" "-e" "RUST_BACKTRACE=full" "-e" "RUSTFLAGS=--cap-lints=warn" "-e" "RUSTDOCFLAGS=--cap-lints=warn" "-w" "/opt/rustwide/workdir" "--user" "0:0" "aa86e49e3c99e1c6bb72c8272f77070f2b5818121e2e6c1b000d0fbb7d59b850" "/opt/rustwide/cargo-home/bin/cargo" "+1.99.0-beta.8" "test" "--frozen" "--no-run" "--message-format=json" "--release", kill_on_drop: false }`
[INFO] [stderr]    Compiling proc-macro2 v1.0.107
[INFO] [stderr]    Compiling sim-codec-lisp v0.4.1
[INFO] [stderr]    Compiling sim-lib-lang-javascript v0.4.0 (/opt/rustwide/workdir)
[INFO] [stderr]     Finished `release` profile [optimized] target(s) in 16.87s
[INFO] running `Command { std: "docker" "inspect" "aa86e49e3c99e1c6bb72c8272f77070f2b5818121e2e6c1b000d0fbb7d59b850", kill_on_drop: false }`
[INFO] running `Command { std: "docker" "exec" "-e" "SOURCE_DIR=/opt/rustwide/workdir" "-e" "CARGO_HOME=/opt/rustwide/cargo-home" "-e" "RUSTUP_HOME=/opt/rustwide/rustup-home" "-e" "CARGO_TARGET_DIR=/opt/rustwide/target" "-e" "CARGO_INCREMENTAL=0" "-e" "RUST_BACKTRACE=full" "-e" "RUSTFLAGS=--cap-lints=warn" "-e" "RUSTDOCFLAGS=--cap-lints=warn" "-w" "/opt/rustwide/workdir" "--user" "0:0" "aa86e49e3c99e1c6bb72c8272f77070f2b5818121e2e6c1b000d0fbb7d59b850" "/opt/rustwide/cargo-home/bin/cargo" "+1.99.0-beta.8" "test" "--frozen" "--release", kill_on_drop: false }`
[INFO] [stderr]     Finished `release` profile [optimized] target(s) in 0.09s
[INFO] [stderr]      Running unittests src/lib.rs (/opt/rustwide/target/release/deps/sim_lib_lang_javascript-858c2f845c0f1f93)
[INFO] [stdout] 
[INFO] [stdout] running 60 tests
[INFO] [stdout] test collections::tests::collection_iterators_visit_entries_added_during_iteration ... ok
[INFO] [stdout] test collections::tests::map_replacement_keeps_position ... ok
[INFO] [stdout] test collections::tests::pop_shrinks_only_a_length_derived_from_private_state ... ok
[INFO] [stdout] test collections::tests::array_bounds_fail_without_unwinding_or_mutating ... ok
[INFO] [stdout] test collections::tests::arrays_preserve_holes_and_iterators_materialize_undefined ... ok
[INFO] [stdout] test collections::tests::symbols_have_identity_and_registry_keys ... ok
[INFO] [stdout] test collections::tests::set_delete_then_reinsert_moves_to_the_end ... ok
[INFO] [stdout] test collections::tests::map_nan_keys_match_themselves ... ok
[INFO] [stdout] test fidelity::tests::oracle_is_evidence_not_a_dependency ... ok
[INFO] [stdout] test collections::tests::array_callbacks_skip_holes_and_length_truncation_deletes_values ... ok
[INFO] [stdout] test collections::tests::set_positive_and_negative_zero_are_the_same_key ... ok
[INFO] [stdout] test fidelity::tests::fidelity_dimensions_and_regressions_are_frozen_separately ... ok
[INFO] [stdout] test json::tests::replacer_to_json_and_property_order_compose ... ok
[INFO] [stdout] test jobs::tests::checkpoint_drains_reentrant_microtasks_and_isolates_finalization ... ok
[INFO] [stdout] test json::tests::reviver_deletion_distinguishes_objects_arrays_and_root ... ok
[INFO] [stdout] test jobs::tests::exhaustion_and_cancellation_fail_closed_without_implicit_work ... ok
[INFO] [stdout] test lowered::tests::forged_lowerings_are_typed_refusals_and_never_execute_a_prefix ... ok
[INFO] [stdout] test json::tests::undefined_policy_matches_arrays_and_objects ... ok
[INFO] [stdout] test json::tests::replacer_omits_object_members_nulls_array_cells_and_omits_root ... ok
[INFO] [stdout] test json::tests::reviver_is_bottom_up ... ok
[INFO] [stdout] test json::tests::to_json_precedes_replacer_at_every_level ... ok
[INFO] [stdout] test objects::tests::error_cause_and_aggregate_members_remain_ordered_object_properties ... ok
[INFO] [stdout] test matrix_row::tests::row_is_codec_source_backed ... ok
[INFO] [stdout] test fidelity::tests::sources_have_no_private_engine_fallback ... ok
[INFO] [stdout] test managed::tests::shared_heap_preserves_explicit_retention_gap ... ok
[INFO] [stdout] test managed::tests::shared_node_preserves_strong_cycle_behavior ... ok
[INFO] [stdout] test objects::tests::descriptors_prototypes_arrays_and_private_names_are_shared_mechanics ... ok
[INFO] [stdout] test objects::tests::functions_arrows_construction_shapes_and_gaps_are_explicit ... ok
[INFO] [stdout] test json::tests::number_failures_duplicates_order_diagnostics_and_exact_text_are_stable ... ok
[INFO] [stdout] test objects::tests::mixed_language_cycles_reclaim_without_changing_observed_values ... ok
[INFO] [stdout] test profile::tests::registration_is_complete ... ok
[INFO] [stdout] test objects::tests::shared_plan_is_form_neutral_while_javascript_policy_preserves_semantics ... ok
[INFO] [stdout] test regexp::tests::admitted_subset_executes_in_bounded_organ ... ok
[INFO] [stdout] test regexp::tests::shared_regular_features_report_code_unit_spans ... ok
[INFO] [stdout] test managed::tests::javascript_weak_and_ephemeron_edges_clear_on_shared_collector ... ok
[INFO] [stdout] test jobs::tests::arbitrary_throws_keep_values_and_realm_class_identity ... ok
[INFO] [stdout] test regexp::tests::public_gap_data_is_frozen_clause_for_clause ... ok
[INFO] [stdout] test regexp::tests::finite_counted_alternation_keeps_every_viable_thread ... ok
[INFO] [stdout] test regexp::tests::unsupported_features_fail_closed ... ok
[INFO] [stdout] test regexp::tests::refused_clause_keeps_its_typed_diagnostic ... ok
[INFO] [stdout] test regexp::tests::search_anchors_are_absolute_at_every_branch_depth ... ok
[INFO] [stdout] test runtime::tests::bounded_loop_child ... ok
[INFO] [stdout] test runtime::tests::destructuring_and_abrupt_completion_are_direct ... ok
[INFO] [stdout] test runtime::tests::conditional_executes_only_the_selected_statement ... ok
[INFO] [stdout] test regexp::tests::gaps_and_successor_are_blunt ... ok
[INFO] [stdout] test runtime::tests::evaluates_declarations_coercion_and_loops_directly ... ok
[INFO] [stdout] test runtime::tests::rejects_non_codec_forms_and_bounds_steps ... ok
[INFO] [stdout] test modules::tests::dynamic_source_rejects_ambient_authority ... ok
[INFO] [stdout] test text::law_fixtures::length_index_slice_and_code_unit_iteration_are_utf16 ... ok
[INFO] [stdout] test text::law_fixtures::lone_high_surrogate_is_preserved_and_rejected_by_scalar_face ... ok
[INFO] [stdout] test text::law_fixtures::lone_low_surrogate_is_preserved_and_rejected_by_scalar_face ... ok
[INFO] [stdout] test text::law_fixtures::scalar_conversion_and_paired_iteration_are_exact ... ok
[INFO] [stdout] test text::law_fixtures::scalar_error_preserves_javascript_code_unit_position ... ok
[INFO] [stdout] test regexp::tests::current_regexp_behavior_is_a_stable_characterization_capture ... ok
[INFO] [stdout] test text::law_fixtures::characterize_1_current_code_unit_behavior_has_stable_content_identity ... ok
[INFO] [stdout] test jobs::tests::characterize_1_exception_behavior_replays_identically ... ok
[INFO] [stdout] test modules::tests::esm_uses_shared_live_lifecycle_supplied_roots_and_cached_failures ... ok
[INFO] [stdout] test jobs::tests::generator_exception_and_async_settlement_use_shared_packets ... ok
[INFO] [stdout] 
[INFO] [stdout] running 1 test
[INFO] [stdout] test runtime::tests::bounded_loop_child ... ok
[INFO] [stdout] 
[INFO] [stdout] test result: ok. 1 passed; 0 failed; 0 ignored; 0 measured; 59 filtered out; finished in 0.02s
[INFO] [stdout] 
[INFO] [stdout] test regexp::tests::search_work_is_global_and_scales_linearly ... ok
[INFO] [stdout] 
[INFO] [stdout] running 1 test
[INFO] [stdout] test runtime::tests::bounded_loop_child ... ok
[INFO] [stdout] 
[INFO] [stdout] test result: ok. 1 passed; 0 failed; 0 ignored; 0 measured; 59 filtered out; finished in 0.00s
[INFO] [stdout] 
[INFO] [stdout] 
[INFO] [stdout] running 1 test
[INFO] [stdout] test runtime::tests::bounded_loop_child ... ok
[INFO] [stdout] 
[INFO] [stdout] test result: ok. 1 passed; 0 failed; 0 ignored; 0 measured; 59 filtered out; finished in 0.00s
[INFO] [stdout] 
[INFO] [stdout] test runtime::tests::every_loop_shape_terminates_inside_the_shared_budget ... ok
[INFO] [stdout] 
[INFO] [stdout] test result: ok. 60 passed; 0 failed; 0 ignored; 0 measured; 0 filtered out; finished in 0.09s
[INFO] [stdout] 
[INFO] [stderr]      Running tests/text_ownership_guard.rs (/opt/rustwide/target/release/deps/text_ownership_guard-e1d298fa7e411e4f)
[INFO] [stdout] 
[INFO] [stdout] running 3 tests
[INFO] [stdout] test every_exception_is_explicit_and_live ... FAILED
[INFO] [stdout] test fixtures_distinguish_owned_text_from_numeric_buffers ... FAILED
[INFO] [stdout] test product_sources_respect_text_ownership ... FAILED
[INFO] [stdout] 
[INFO] [stdout] failures:
[INFO] [stdout] 
[INFO] [stdout] ---- every_exception_is_explicit_and_live stdout ----
[INFO] [stdout] 
[INFO] [stdout] thread 'every_exception_is_explicit_and_live' (2034) panicked at tests/text_ownership_guard.rs:160:9:
[INFO] [stdout] text ownership repository not found
[INFO] [stdout] stack backtrace:
[INFO] [stdout]    0:     0x57a7958f1ed1 - <<std[70759c8f55707aa4]::sys::backtrace::BacktraceLock>::print::DisplayBacktrace as core[df12db4294e9bfd3]::fmt::Display>::fmt
[INFO] [stdout]    1:     0x57a7959063ea - core[df12db4294e9bfd3]::fmt::write
[INFO] [stdout]    2:     0x57a7958f663c - <alloc[2182bb758b4b3781]::vec::Vec<u8> as core[df12db4294e9bfd3]::io::write::Write>::write_fmt
[INFO] [stdout]    3:     0x57a7958cd6c6 - std[70759c8f55707aa4]::panicking::default_hook::{closure#0}
[INFO] [stdout]    4:     0x57a7958ea019 - std[70759c8f55707aa4]::panicking::default_hook
[INFO] [stdout]    5:     0x57a795885670 - test[9d35eded1c95d3be]::test_main_inner::<test[9d35eded1c95d3be]::test_main_static::{closure#0}>::{closure#0}
[INFO] [stdout]    6:     0x57a7958ea1d2 - std[70759c8f55707aa4]::panicking::panic_with_hook
[INFO] [stdout]    7:     0x57a7958cd7a4 - std[70759c8f55707aa4]::panicking::panic_handler::{closure#0}
[INFO] [stdout]    8:     0x57a7958c62c9 - std[70759c8f55707aa4]::sys::backtrace::__rust_end_short_backtrace::<std[70759c8f55707aa4]::panicking::panic_handler::{closure#0}, !>
[INFO] [stdout]    9:     0x57a7958ce36d - __rustc[8fa7c3cbc660c2b3]::rust_begin_unwind
[INFO] [stdout]   10:     0x57a795906b1c - core[df12db4294e9bfd3]::panicking::panic_fmt
[INFO] [stderr] error: test failed, to rerun pass `--test text_ownership_guard`
[INFO] [stdout]   11:     0x57a795873d4a - text_ownership_guard[daf0fb8e8eb6cdaa]::repository_root
[INFO] [stdout]   12:     0x57a795875efe - <text_ownership_guard[daf0fb8e8eb6cdaa]::every_exception_is_explicit_and_live::{closure#0} as core[df12db4294e9bfd3]::ops::function::FnOnce<()>>::call_once
[INFO] [stdout]   13:     0x57a79587895b - test[9d35eded1c95d3be]::__rust_begin_short_backtrace::<core[df12db4294e9bfd3]::result::Result<(), alloc[2182bb758b4b3781]::string::String>, fn() -> core[df12db4294e9bfd3]::result::Result<(), alloc[2182bb758b4b3781]::string::String>>
[INFO] [stdout]   14:     0x57a795885fc5 - test[9d35eded1c95d3be]::run_test::{closure#0}
[INFO] [stdout]   15:     0x57a79587f884 - std[70759c8f55707aa4]::sys::backtrace::__rust_begin_short_backtrace::<test[9d35eded1c95d3be]::run_test::{closure#1}, ()>
[INFO] [stdout]   16:     0x57a795889122 - <std[70759c8f55707aa4]::thread::lifecycle::spawn_unchecked<test[9d35eded1c95d3be]::run_test::{closure#1}, ()>::{closure#1} as core[df12db4294e9bfd3]::ops::function::FnOnce<()>>::call_once::{shim:vtable#0}
[INFO] [stdout]   17:     0x57a7958f1439 - <std[70759c8f55707aa4]::sys::thread::unix::Thread>::new::thread_start
[INFO] [stdout]   18:     0x7faf0b086dfa - <unknown>
[INFO] [stdout]   19:     0x7faf0b11a3d4 - clone
[INFO] [stdout]   20:                0x0 - <unknown>
[INFO] [stdout] 
[INFO] [stdout] ---- fixtures_distinguish_owned_text_from_numeric_buffers stdout ----
[INFO] [stdout] 
[INFO] [stdout] thread 'fixtures_distinguish_owned_text_from_numeric_buffers' (2035) panicked at tests/text_ownership_guard.rs:160:9:
[INFO] [stdout] text ownership repository not found
[INFO] [stdout] stack backtrace:
[INFO] [stdout]    0:     0x57a7958f1ed1 - <<std[70759c8f55707aa4]::sys::backtrace::BacktraceLock>::print::DisplayBacktrace as core[df12db4294e9bfd3]::fmt::Display>::fmt
[INFO] [stdout]    1:     0x57a7959063ea - core[df12db4294e9bfd3]::fmt::write
[INFO] [stdout]    2:     0x57a7958f663c - <alloc[2182bb758b4b3781]::vec::Vec<u8> as core[df12db4294e9bfd3]::io::write::Write>::write_fmt
[INFO] [stdout]    3:     0x57a7958cd6c6 - std[70759c8f55707aa4]::panicking::default_hook::{closure#0}
[INFO] [stdout]    4:     0x57a7958ea019 - std[70759c8f55707aa4]::panicking::default_hook
[INFO] [stdout]    5:     0x57a795885670 - test[9d35eded1c95d3be]::test_main_inner::<test[9d35eded1c95d3be]::test_main_static::{closure#0}>::{closure#0}
[INFO] [stdout]    6:     0x57a7958ea1d2 - std[70759c8f55707aa4]::panicking::panic_with_hook
[INFO] [stdout]    7:     0x57a7958cd7a4 - std[70759c8f55707aa4]::panicking::panic_handler::{closure#0}
[INFO] [stdout]    8:     0x57a7958c62c9 - std[70759c8f55707aa4]::sys::backtrace::__rust_end_short_backtrace::<std[70759c8f55707aa4]::panicking::panic_handler::{closure#0}, !>
[INFO] [stdout]    9:     0x57a7958ce36d - __rustc[8fa7c3cbc660c2b3]::rust_begin_unwind
[INFO] [stdout]   10:     0x57a795906b1c - core[df12db4294e9bfd3]::panicking::panic_fmt
[INFO] [stdout]   11:     0x57a795873d4a - text_ownership_guard[daf0fb8e8eb6cdaa]::repository_root
[INFO] [stdout]   12:     0x57a795876ecb - <text_ownership_guard[daf0fb8e8eb6cdaa]::fixtures_distinguish_owned_text_from_numeric_buffers::{closure#0} as core[df12db4294e9bfd3]::ops::function::FnOnce<()>>::call_once
[INFO] [stdout]   13:     0x57a79587895b - test[9d35eded1c95d3be]::__rust_begin_short_backtrace::<core[df12db4294e9bfd3]::result::Result<(), alloc[2182bb758b4b3781]::string::String>, fn() -> core[df12db4294e9bfd3]::result::Result<(), alloc[2182bb758b4b3781]::string::String>>
[INFO] [stdout]   14:     0x57a795885fc5 - test[9d35eded1c95d3be]::run_test::{closure#0}
[INFO] [stdout]   15:     0x57a79587f884 - std[70759c8f55707aa4]::sys::backtrace::__rust_begin_short_backtrace::<test[9d35eded1c95d3be]::run_test::{closure#1}, ()>
[INFO] [stdout]   16:     0x57a795889122 - <std[70759c8f55707aa4]::thread::lifecycle::spawn_unchecked<test[9d35eded1c95d3be]::run_test::{closure#1}, ()>::{closure#1} as core[df12db4294e9bfd3]::ops::function::FnOnce<()>>::call_once::{shim:vtable#0}
[INFO] [stdout]   17:     0x57a7958f1439 - <std[70759c8f55707aa4]::sys::thread::unix::Thread>::new::thread_start
[INFO] [stdout]   18:     0x7faf0b086dfa - <unknown>
[INFO] [stdout]   19:     0x7faf0b11a3d4 - clone
[INFO] [stdout]   20:                0x0 - <unknown>
[INFO] [stdout] 
[INFO] [stdout] ---- product_sources_respect_text_ownership stdout ----
[INFO] [stdout] 
[INFO] [stdout] thread 'product_sources_respect_text_ownership' (2036) panicked at tests/text_ownership_guard.rs:160:9:
[INFO] [stdout] text ownership repository not found
[INFO] [stdout] stack backtrace:
[INFO] [stdout]    0:     0x57a7958f1ed1 - <<std[70759c8f55707aa4]::sys::backtrace::BacktraceLock>::print::DisplayBacktrace as core[df12db4294e9bfd3]::fmt::Display>::fmt
[INFO] [stdout]    1:     0x57a7959063ea - core[df12db4294e9bfd3]::fmt::write
[INFO] [stdout]    2:     0x57a7958f663c - <alloc[2182bb758b4b3781]::vec::Vec<u8> as core[df12db4294e9bfd3]::io::write::Write>::write_fmt
[INFO] [stdout]    3:     0x57a7958cd6c6 - std[70759c8f55707aa4]::panicking::default_hook::{closure#0}
[INFO] [stdout]    4:     0x57a7958ea019 - std[70759c8f55707aa4]::panicking::default_hook
[INFO] [stdout]    5:     0x57a795885670 - test[9d35eded1c95d3be]::test_main_inner::<test[9d35eded1c95d3be]::test_main_static::{closure#0}>::{closure#0}
[INFO] [stdout]    6:     0x57a7958ea1d2 - std[70759c8f55707aa4]::panicking::panic_with_hook
[INFO] [stdout]    7:     0x57a7958cd7a4 - std[70759c8f55707aa4]::panicking::panic_handler::{closure#0}
[INFO] [stdout]    8:     0x57a7958c62c9 - std[70759c8f55707aa4]::sys::backtrace::__rust_end_short_backtrace::<std[70759c8f55707aa4]::panicking::panic_handler::{closure#0}, !>
[INFO] [stdout]    9:     0x57a7958ce36d - __rustc[8fa7c3cbc660c2b3]::rust_begin_unwind
[INFO] [stdout]   10:     0x57a795906b1c - core[df12db4294e9bfd3]::panicking::panic_fmt
[INFO] [stdout]   11:     0x57a795873d4a - text_ownership_guard[daf0fb8e8eb6cdaa]::repository_root
[INFO] [stdout]   12:     0x57a7958762a6 - <text_ownership_guard[daf0fb8e8eb6cdaa]::product_sources_respect_text_ownership::{closure#0} as core[df12db4294e9bfd3]::ops::function::FnOnce<()>>::call_once
[INFO] [stdout]   13:     0x57a79587895b - test[9d35eded1c95d3be]::__rust_begin_short_backtrace::<core[df12db4294e9bfd3]::result::Result<(), alloc[2182bb758b4b3781]::string::String>, fn() -> core[df12db4294e9bfd3]::result::Result<(), alloc[2182bb758b4b3781]::string::String>>
[INFO] [stdout]   14:     0x57a795885fc5 - test[9d35eded1c95d3be]::run_test::{closure#0}
[INFO] [stdout]   15:     0x57a79587f884 - std[70759c8f55707aa4]::sys::backtrace::__rust_begin_short_backtrace::<test[9d35eded1c95d3be]::run_test::{closure#1}, ()>
[INFO] [stdout]   16:     0x57a795889122 - <std[70759c8f55707aa4]::thread::lifecycle::spawn_unchecked<test[9d35eded1c95d3be]::run_test::{closure#1}, ()>::{closure#1} as core[df12db4294e9bfd3]::ops::function::FnOnce<()>>::call_once::{shim:vtable#0}
[INFO] [stdout]   17:     0x57a7958f1439 - <std[70759c8f55707aa4]::sys::thread::unix::Thread>::new::thread_start
[INFO] [stdout]   18:     0x7faf0b086dfa - <unknown>
[INFO] [stdout]   19:     0x7faf0b11a3d4 - clone
[INFO] [stdout]   20:                0x0 - <unknown>
[INFO] [stdout] 
[INFO] [stdout] 
[INFO] [stdout] failures:
[INFO] [stdout]     every_exception_is_explicit_and_live
[INFO] [stdout]     fixtures_distinguish_owned_text_from_numeric_buffers
[INFO] [stdout]     product_sources_respect_text_ownership
[INFO] [stdout] 
[INFO] [stdout] test result: FAILED. 0 passed; 3 failed; 0 ignored; 0 measured; 0 filtered out; finished in 0.01s
[INFO] [stdout] 
[INFO] running `Command { std: "docker" "inspect" "aa86e49e3c99e1c6bb72c8272f77070f2b5818121e2e6c1b000d0fbb7d59b850", kill_on_drop: false }`
[INFO] running `Command { std: "docker" "rm" "-f" "aa86e49e3c99e1c6bb72c8272f77070f2b5818121e2e6c1b000d0fbb7d59b850", kill_on_drop: false }`
[INFO] [stdout] aa86e49e3c99e1c6bb72c8272f77070f2b5818121e2e6c1b000d0fbb7d59b850
