[INFO] fetching crate sim-lib-class 0.3.0...
[INFO] testing sim-lib-class-0.3.0 against 1.99.0-beta.8+cargoflags=--release for beta-release-1.100-2
[INFO] extracting crate sim-lib-class 0.3.0 into /workspace/builds/worker-2-tc1/source
[INFO] started tweaking crates.io crate sim-lib-class 0.3.0
[INFO] removed 0 missing tests
[INFO] finished tweaking crates.io crate sim-lib-class 0.3.0
[INFO] tweaked toml for crates.io crate sim-lib-class 0.3.0 written to /workspace/builds/worker-2-tc1/source/Cargo.toml
[INFO] validating manifest of crates.io crate sim-lib-class 0.3.0 on toolchain 1.99.0-beta.8
[INFO] running `Command { std: CARGO_HOME="/workspace/cargo-home" RUSTUP_HOME="/workspace/rustup-home" "/workspace/cargo-home/bin/cargo" "+1.99.0-beta.8" "metadata" "--manifest-path" "Cargo.toml" "--no-deps", kill_on_drop: false }`
[INFO] crate crates.io crate sim-lib-class 0.3.0 already has a lockfile, it will not be regenerated
[INFO] running `Command { std: CARGO_HOME="/workspace/cargo-home" RUSTUP_HOME="/workspace/rustup-home" "/workspace/cargo-home/bin/cargo" "+1.99.0-beta.8" "fetch" "--manifest-path" "Cargo.toml", kill_on_drop: false }`
[INFO] [stderr]     Updating crates.io index
[INFO] [stderr]      Locking 15 packages to highest Rust 1.99.0-beta.8 compatible versions
[INFO] [stderr]       Adding sim-citizen v0.4.0
[INFO] [stderr]       Adding sim-citizen-derive v0.4.0
[INFO] [stderr]       Adding sim-codec v0.3.0
[INFO] [stderr]       Adding sim-config v0.3.0
[INFO] [stderr]       Adding sim-cookbook v0.4.0
[INFO] [stderr]       Adding sim-cookbook-build v0.2.0
[INFO] [stderr]       Adding sim-kernel v0.4.0
[INFO] [stderr]       Adding sim-lib-control v0.3.0
[INFO] [stderr]       Adding sim-lib-core v0.4.0
[INFO] [stderr]       Adding sim-lib-gc-tracing v0.3.0
[INFO] [stderr]       Adding sim-lib-mutation v0.3.0
[INFO] [stderr]       Adding sim-lib-net-core v0.4.0
[INFO] [stderr]       Adding sim-shape v0.4.2
[INFO] [stderr]       Adding sim-table-core v0.3.0
[INFO] [stderr]       Adding sim-value v0.4.0
[INFO] [stderr]  Downloading crates ...
[INFO] [stderr]   Downloaded sim-lib-mutation v0.3.0
[INFO] [stderr]   Downloaded sim-cookbook-build v0.2.0
[INFO] [stderr]   Downloaded sim-value v0.4.0
[INFO] [stderr]   Downloaded sim-cookbook v0.4.0
[INFO] [stderr]   Downloaded sim-config v0.3.0
[INFO] [stderr]   Downloaded sim-lib-net-core v0.4.0
[INFO] [stderr]   Downloaded sim-table-core v0.3.0
[INFO] [stderr]   Downloaded sim-citizen-derive v0.4.0
[INFO] [stderr]   Downloaded sim-citizen v0.4.0
[INFO] [stderr]   Downloaded sim-lib-core v0.4.0
[INFO] [stderr]   Downloaded sim-codec v0.3.0
[INFO] [stderr]   Downloaded sim-lib-gc-tracing v0.3.0
[INFO] [stderr]   Downloaded sim-lib-control v0.3.0
[INFO] [stderr]   Downloaded sim-shape v0.4.2
[INFO] [stderr]   Downloaded sim-kernel v0.4.0
[INFO] running `Command { std: "docker" "create" "-v" "/var/lib/crater-agent-workspace/builds/worker-2-tc1/source:/opt/rustwide/workdir:ro,Z" "-v" "/var/lib/crater-agent-workspace/builds/worker-2-tc1/target:/opt/rustwide/target:rw,Z" "-v" "/var/lib/crater-agent-workspace/cargo-home:/opt/rustwide/cargo-home:ro,Z" "-v" "/var/lib/crater-agent-workspace/rustup-home:/opt/rustwide/rustup-home:ro,Z" "-m" "1610612736" "--network" "none" "ghcr.io/rust-lang/crates-build-env/linux@sha256:77db811e55d90add9212f6832c23229e3de5f1c1f9905e8cb07319ea15df73ac" "sleep" "infinity", kill_on_drop: false }`
[INFO] [stdout] 794fb6749de6afd104b240292fcaff27c9bc248f7cb0cffc85044f8fe90f9bcd
[INFO] running `Command { std: "docker" "start" "794fb6749de6afd104b240292fcaff27c9bc248f7cb0cffc85044f8fe90f9bcd", kill_on_drop: false }`
[INFO] running `Command { std: "docker" "inspect" "794fb6749de6afd104b240292fcaff27c9bc248f7cb0cffc85044f8fe90f9bcd", kill_on_drop: false }`
[INFO] running `Command { std: "docker" "exec" "-e" "SOURCE_DIR=/opt/rustwide/workdir" "-e" "CARGO_HOME=/opt/rustwide/cargo-home" "-e" "RUSTUP_HOME=/opt/rustwide/rustup-home" "-e" "CARGO_TARGET_DIR=/opt/rustwide/target" "-w" "/opt/rustwide/workdir" "--user" "0:0" "794fb6749de6afd104b240292fcaff27c9bc248f7cb0cffc85044f8fe90f9bcd" "/opt/rustwide/cargo-home/bin/cargo" "+1.99.0-beta.8" "metadata" "--no-deps" "--format-version=1", kill_on_drop: false }`
[INFO] running `Command { std: "docker" "inspect" "794fb6749de6afd104b240292fcaff27c9bc248f7cb0cffc85044f8fe90f9bcd", kill_on_drop: false }`
[INFO] running `Command { std: "docker" "exec" "-e" "SOURCE_DIR=/opt/rustwide/workdir" "-e" "CARGO_HOME=/opt/rustwide/cargo-home" "-e" "RUSTUP_HOME=/opt/rustwide/rustup-home" "-e" "CARGO_TARGET_DIR=/opt/rustwide/target" "-e" "CARGO_INCREMENTAL=0" "-e" "RUST_BACKTRACE=full" "-e" "RUSTFLAGS=--cap-lints=warn" "-e" "RUSTDOCFLAGS=--cap-lints=warn" "-w" "/opt/rustwide/workdir" "--user" "0:0" "794fb6749de6afd104b240292fcaff27c9bc248f7cb0cffc85044f8fe90f9bcd" "/opt/rustwide/cargo-home/bin/cargo" "+1.99.0-beta.8" "build" "--frozen" "--message-format=json" "--release", kill_on_drop: false }`
[INFO] [stderr]    Compiling proc-macro2 v1.0.107
[INFO] [stderr]    Compiling thiserror v1.0.69
[INFO] [stderr]    Compiling indexmap v2.14.1
[INFO] [stderr]    Compiling quote v1.0.47
[INFO] [stderr]    Compiling syn v2.0.119
[INFO] [stderr]    Compiling toml_edit v0.25.13+spec-1.1.0
[INFO] [stderr]    Compiling proc-macro-crate v3.5.0
[INFO] [stderr]    Compiling thiserror-impl v1.0.69
[INFO] [stderr]    Compiling sim-citizen-derive v0.4.0
[INFO] [stderr]    Compiling sim-kernel v0.4.0
[INFO] [stderr]    Compiling sim-value v0.4.0
[INFO] [stderr]    Compiling sim-table-core v0.3.0
[INFO] [stderr]    Compiling sim-config v0.3.0
[INFO] [stderr]    Compiling sim-cookbook v0.4.0
[INFO] [stderr]    Compiling sim-citizen v0.4.0
[INFO] [stderr]    Compiling sim-cookbook-build v0.2.0
[INFO] [stderr]    Compiling sim-lib-net-core v0.4.0
[INFO] [stderr]    Compiling sim-codec v0.3.0
[INFO] [stderr]    Compiling sim-lib-mutation v0.3.0
[INFO] [stderr]    Compiling sim-lib-core v0.4.0
[INFO] [stderr]    Compiling sim-lib-control v0.3.0
[INFO] [stderr]    Compiling sim-shape v0.4.2
[INFO] [stderr]    Compiling sim-lib-gc-tracing v0.3.0
[INFO] [stderr]    Compiling sim-lib-class v0.3.0 (/opt/rustwide/workdir)
[INFO] [stderr]     Finished `release` profile [optimized] target(s) in 1m 05s
[INFO] running `Command { std: "docker" "inspect" "794fb6749de6afd104b240292fcaff27c9bc248f7cb0cffc85044f8fe90f9bcd", kill_on_drop: false }`
[INFO] running `Command { std: "docker" "exec" "-e" "SOURCE_DIR=/opt/rustwide/workdir" "-e" "CARGO_HOME=/opt/rustwide/cargo-home" "-e" "RUSTUP_HOME=/opt/rustwide/rustup-home" "-e" "CARGO_TARGET_DIR=/opt/rustwide/target" "-e" "CARGO_INCREMENTAL=0" "-e" "RUST_BACKTRACE=full" "-e" "RUSTFLAGS=--cap-lints=warn" "-e" "RUSTDOCFLAGS=--cap-lints=warn" "-w" "/opt/rustwide/workdir" "--user" "0:0" "794fb6749de6afd104b240292fcaff27c9bc248f7cb0cffc85044f8fe90f9bcd" "/opt/rustwide/cargo-home/bin/cargo" "+1.99.0-beta.8" "test" "--frozen" "--no-run" "--message-format=json" "--release", kill_on_drop: false }`
[INFO] [stderr]    Compiling sim-lib-class v0.3.0 (/opt/rustwide/workdir)
[INFO] [stderr]     Finished `release` profile [optimized] target(s) in 12.36s
[INFO] running `Command { std: "docker" "inspect" "794fb6749de6afd104b240292fcaff27c9bc248f7cb0cffc85044f8fe90f9bcd", kill_on_drop: false }`
[INFO] running `Command { std: "docker" "exec" "-e" "SOURCE_DIR=/opt/rustwide/workdir" "-e" "CARGO_HOME=/opt/rustwide/cargo-home" "-e" "RUSTUP_HOME=/opt/rustwide/rustup-home" "-e" "CARGO_TARGET_DIR=/opt/rustwide/target" "-e" "CARGO_INCREMENTAL=0" "-e" "RUST_BACKTRACE=full" "-e" "RUSTFLAGS=--cap-lints=warn" "-e" "RUSTDOCFLAGS=--cap-lints=warn" "-w" "/opt/rustwide/workdir" "--user" "0:0" "794fb6749de6afd104b240292fcaff27c9bc248f7cb0cffc85044f8fe90f9bcd" "/opt/rustwide/cargo-home/bin/cargo" "+1.99.0-beta.8" "test" "--frozen" "--release", kill_on_drop: false }`
[INFO] [stderr]     Finished `release` profile [optimized] target(s) in 0.04s
[INFO] [stderr]      Running unittests src/lib.rs (/opt/rustwide/target/release/deps/sim_lib_class-e8d30c237d17b153)
[INFO] [stdout] 
[INFO] [stdout] running 15 tests
[INFO] [stdout] test lineage::tests::exact_cycle_path_is_retained ... ok
[INFO] [stdout] test tests::characterize_1_covers_success_and_every_failure_mode ... ok
[INFO] [stdout] test tests::every_exclusion_has_a_precise_non_goal ... ok
[INFO] [stdout] test cache::tests::hit_matches_recomputation_and_lineage_revisions_invalidate_descendants ... ok
[INFO] [stdout] test lineage::tests::both_policies_are_deterministic_across_graph_insertion_orders ... ok
[INFO] [stdout] test tests::characterize_1_replays_to_identical_content_ids ... ok
[INFO] [stdout] test tests::descriptor_projects_kernel_class_and_bounded_subclass_evidence ... ok
[INFO] [stdout] test descriptor::tests::duplicate_member_reports_the_offending_name ... ok
[INFO] [stdout] test tests::every_excluded_candidate_has_an_exact_machine_reason ... ok
[INFO] [stdout] test cache::tests::dropping_last_class_roots_clears_ephemeron_and_reclaims_cached_value ... ok
[INFO] [stdout] test lineage::tests::classic_c3_conflict_reports_parents_and_constraint ... ok
[INFO] [stdout] test descriptor::tests::unresolved_parent_is_preserved_as_unresolved_typed_input ... ok
[INFO] [stdout] test lineage::tests::ten_thousand_deep_hostile_chain_exhausts_without_recursion ... ok
[INFO] [stdout] test descriptor::tests::malformed_member_shape_reports_the_offending_name ... ok
[INFO] [stdout] test descriptor::tests::self_parent_reports_the_declared_parent_name ... ok
[INFO] [stdout] 
[INFO] [stdout] test result: ok. 15 passed; 0 failed; 0 ignored; 0 measured; 0 filtered out; finished in 0.04s
[INFO] [stdout] 
[INFO] [stderr]      Running tests/neutral_class_specimens.rs (/opt/rustwide/target/release/deps/neutral_class_specimens-6bdaa7688347b89e)
[INFO] [stdout] 
[INFO] [stdout] running 5 tests
[INFO] [stdout] test specimen_has_no_guest_language_dependency_or_type ... ok
[INFO] [stdout] test managed_cache_reclamation_observes_the_clearing_receipt ... ok
[INFO] [stdout] test inconsistent_precedence_cycle_and_budget_exhaustion_are_typed ... ok
[INFO] [stdout] test member_shapes_are_browseable_and_read_construction_round_trips ... ok
[INFO] [stderr]      Running tests/ownership_guard.rs (/opt/rustwide/target/release/deps/ownership_guard-b07d587d7a0c0649)
[INFO] [stdout] test diamond_linearization_matches_a_hand_written_order ... ok
[INFO] [stdout] 
[INFO] [stdout] test result: ok. 5 passed; 0 failed; 0 ignored; 0 measured; 0 filtered out; finished in 0.03s
[INFO] [stdout] 
[INFO] [stdout] 
[INFO] [stdout] running 3 tests
[INFO] [stdout] test policy_is_ledger_driven_and_distinguishes_prototypes_from_real_parents ... FAILED
[INFO] [stdout] test guard_rejects_copied_class_descriptor ... FAILED
[INFO] [stdout] test repository_has_no_unapproved_class_boundary_violation ... FAILED
[INFO] [stdout] 
[INFO] [stdout] failures:
[INFO] [stdout] 
[INFO] [stdout] ---- policy_is_ledger_driven_and_distinguishes_prototypes_from_real_parents stdout ----
[INFO] [stdout] 
[INFO] [stdout] thread 'policy_is_ledger_driven_and_distinguishes_prototypes_from_real_parents' (1020) panicked at tests/ownership_guard.rs:361:9:
[INFO] [stdout] class ownership policy repository not found
[INFO] [stdout] stack backtrace:
[INFO] [stdout]    0:     0x5772244c6931 - <<std[70759c8f55707aa4]::sys::backtrace::BacktraceLock>::print::DisplayBacktrace as core[df12db4294e9bfd3]::fmt::Display>::fmt
[INFO] [stdout]    1:     0x5772244daf3a - core[df12db4294e9bfd3]::fmt::write
[INFO] [stdout]    2:     0x5772244cb0bc - <alloc[2182bb758b4b3781]::vec::Vec<u8> as core[df12db4294e9bfd3]::io::write::Write>::write_fmt
[INFO] [stdout]    3:     0x5772244a2346 - std[70759c8f55707aa4]::panicking::default_hook::{closure#0}
[INFO] [stdout]    4:     0x5772244bea79 - std[70759c8f55707aa4]::panicking::default_hook
[INFO] [stdout]    5:     0x57722445a2f0 - test[9d35eded1c95d3be]::test_main_inner::<test[9d35eded1c95d3be]::test_main_static::{closure#0}>::{closure#0}
[INFO] [stdout]    6:     0x5772244bec32 - std[70759c8f55707aa4]::panicking::panic_with_hook
[INFO] [stdout]    7:     0x5772244a2424 - std[70759c8f55707aa4]::panicking::panic_handler::{closure#0}
[INFO] [stdout]    8:     0x57722449af49 - std[70759c8f55707aa4]::sys::backtrace::__rust_end_short_backtrace::<std[70759c8f55707aa4]::panicking::panic_handler::{closure#0}, !>
[INFO] [stdout]    9:     0x5772244a2fed - __rustc[8fa7c3cbc660c2b3]::rust_begin_unwind
[INFO] [stdout]   10:     0x5772244db66c - core[df12db4294e9bfd3]::panicking::panic_fmt
[INFO] [stdout]   11:     0x5772244440ca - ownership_guard[e9f093808ff6fc2]::repository_root
[INFO] [stdout]   12:     0x57722444a06e - <ownership_guard[e9f093808ff6fc2]::policy_is_ledger_driven_and_distinguishes_prototypes_from_real_parents::{closure#0} as core[df12db4294e9bfd3]::ops::function::FnOnce<()>>::call_once
[INFO] [stdout]   13:     0x57722444d5db - test[9d35eded1c95d3be]::__rust_begin_short_backtrace::<core[df12db4294e9bfd3]::result::Result<(), alloc[2182bb758b4b3781]::string::String>, fn() -> core[df12db4294e9bfd3]::result::Result<(), alloc[2182bb758b4b3781]::string::String>>
[INFO] [stdout]   14:     0x57722445ac45 - test[9d35eded1c95d3be]::run_test::{closure#0}
[INFO] [stdout]   15:     0x577224454504 - std[70759c8f55707aa4]::sys::backtrace::__rust_begin_short_backtrace::<test[9d35eded1c95d3be]::run_test::{closure#1}, ()>
[INFO] [stdout]   16:     0x57722445dda2 - <std[70759c8f55707aa4]::thread::lifecycle::spawn_unchecked<test[9d35eded1c95d3be]::run_test::{closure#1}, ()>::{closure#1} as core[df12db4294e9bfd3]::ops::function::FnOnce<()>>::call_once::{shim:vtable#0}
[INFO] [stdout]   17:     0x5772244c5e99 - <std[70759c8f55707aa4]::sys::thread::unix::Thread>::new::thread_start
[INFO] [stdout]   18:     0x796ac863adfa - <unknown>
[INFO] [stdout]   19:     0x796ac86ce3d4 - clone
[INFO] [stdout]   20:                0x0 - <unknown>
[INFO] [stdout] 
[INFO] [stdout] ---- guard_rejects_copied_class_descriptor stdout ----
[INFO] [stdout] 
[INFO] [stdout] thread 'guard_rejects_copied_class_descriptor' (1019) panicked at tests/ownership_guard.rs:361:9:
[INFO] [stdout] class ownership policy repository not found
[INFO] [stdout] stack backtrace:
[INFO] [stdout]    0:     0x5772244c6931 - <<std[70759c8f55707aa4]::sys::backtrace::BacktraceLock>::print::DisplayBacktrace as core[df12db4294e9bfd3]::fmt::Display>::fmt
[INFO] [stdout]    1:     0x5772244daf3a - core[df12db4294e9bfd3]::fmt::write
[INFO] [stdout]    2:     0x5772244cb0bc - <alloc[2182bb758b4b3781]::vec::Vec<u8> as core[df12db4294e9bfd3]::io::write::Write>::write_fmt
[INFO] [stdout]    3:     0x5772244a2346 - std[70759c8f55707aa4]::panicking::default_hook::{closure#0}
[INFO] [stdout]    4:     0x5772244bea79 - std[70759c8f55707aa4]::panicking::default_hook
[INFO] [stdout]    5:     0x57722445a2f0 - test[9d35eded1c95d3be]::test_main_inner::<test[9d35eded1c95d3be]::test_main_static::{closure#0}>::{closure#0}
[INFO] [stdout]    6:     0x5772244bec32 - std[70759c8f55707aa4]::panicking::panic_with_hook
[INFO] [stdout]    7:     0x5772244a2424 - std[70759c8f55707aa4]::panicking::panic_handler::{closure#0}
[INFO] [stdout]    8:     0x57722449af49 - std[70759c8f55707aa4]::sys::backtrace::__rust_end_short_backtrace::<std[70759c8f55707aa4]::panicking::panic_handler::{closure#0}, !>
[INFO] [stdout]    9:     0x5772244a2fed - __rustc[8fa7c3cbc660c2b3]::rust_begin_unwind
[INFO] [stdout]   10:     0x5772244db66c - core[df12db4294e9bfd3]::panicking::panic_fmt
[INFO] [stdout]   11:     0x5772244440ca - ownership_guard[e9f093808ff6fc2]::repository_root
[INFO] [stdout]   12:     0x577224448fde - <ownership_guard[e9f093808ff6fc2]::guard_rejects_copied_class_descriptor::{closure#0} as core[df12db4294e9bfd3]::ops::function::FnOnce<()>>::call_once
[INFO] [stdout]   13:     0x57722444d5db - test[9d35eded1c95d3be]::__rust_begin_short_backtrace::<core[df12db4294e9bfd3]::result::Result<(), alloc[2182bb758b4b3781]::string::String>, fn() -> core[df12db4294e9bfd3]::result::Result<(), alloc[2182bb758b4b3781]::string::String>>
[INFO] [stdout]   14:     0x57722445ac45 - test[9d35eded1c95d3be]::run_test::{closure#0}
[INFO] [stdout]   15:     0x577224454504 - std[70759c8f55707aa4]::sys::backtrace::__rust_begin_short_backtrace::<test[9d35eded1c95d3be]::run_test::{closure#1}, ()>
[INFO] [stdout]   16:     0x57722445dda2 - <std[70759c8f55707aa4]::thread::lifecycle::spawn_unchecked<test[9d35eded1c95d3be]::run_test::{closure#1}, ()>::{closure#1} as core[df12db4294e9bfd3]::ops::function::FnOnce<()>>::call_once::{shim:vtable#0}
[INFO] [stdout]   17:     0x5772244c5e99 - <std[70759c8f55707aa4]::sys::thread::unix::Thread>::new::thread_start
[INFO] [stdout]   18:     0x796ac863adfa - <unknown>
[INFO] [stdout]   19:     0x796ac86ce3d4 - clone
[INFO] [stdout]   20:                0x0 - <unknown>
[INFO] [stdout] 
[INFO] [stdout] ---- repository_has_no_unapproved_class_boundary_violation stdout ----
[INFO] [stdout] 
[INFO] [stdout] thread 'repository_has_no_unapproved_class_boundary_violation' (1021) panicked at tests/ownership_guard.rs:361:9:
[INFO] [stdout] class ownership policy repository not found
[INFO] [stdout] stack backtrace:
[INFO] [stdout]    0:     0x5772244c6931 - <<std[70759c8f55707aa4]::sys::backtrace::BacktraceLock>::print::DisplayBacktrace as core[df12db4294e9bfd3]::fmt::Display>::fmt
[INFO] [stdout]    1:     0x5772244daf3a - core[df12db4294e9bfd3]::fmt::write
[INFO] [stdout]    2:     0x5772244cb0bc - <alloc[2182bb758b4b3781]::vec::Vec<u8> as core[df12db4294e9bfd3]::io::write::Write>::write_fmt
[INFO] [stdout]    3:     0x5772244a2346 - std[70759c8f55707aa4]::panicking::default_hook::{closure#0}
[INFO] [stdout]    4:     0x5772244bea79 - std[70759c8f55707aa4]::panicking::default_hook
[INFO] [stdout]    5:     0x57722445a2f0 - test[9d35eded1c95d3be]::test_main_inner::<test[9d35eded1c95d3be]::test_main_static::{closure#0}>::{closure#0}
[INFO] [stdout]    6:     0x5772244bec32 - std[70759c8f55707aa4]::panicking::panic_with_hook
[INFO] [stdout]    7:     0x5772244a2424 - std[70759c8f55707aa4]::panicking::panic_handler::{closure#0}
[INFO] [stdout]    8:     0x57722449af49 - std[70759c8f55707aa4]::sys::backtrace::__rust_end_short_backtrace::<std[70759c8f55707aa4]::panicking::panic_handler::{closure#0}, !>
[INFO] [stdout]    9:     0x5772244a2fed - __rustc[8fa7c3cbc660c2b3]::rust_begin_unwind
[INFO] [stdout]   10:     0x5772244db66c - core[df12db4294e9bfd3]::panicking::panic_fmt
[INFO] [stdout]   11:     0x5772244440ca - ownership_guard[e9f093808ff6fc2]::repository_root
[INFO] [stdout]   12:     0x577224449246 - <ownership_guard[e9f093808ff6fc2]::repository_has_no_unapproved_class_boundary_violation::{closure#0} as core[df12db4294e9bfd3]::ops::function::FnOnce<()>>::call_once
[INFO] [stdout]   13:     0x57722444d5db - test[9d35eded1c95d3be]::__rust_begin_short_backtrace::<core[df12db4294e9bfd3]::result::Result<(), alloc[2182bb758b4b3781]::string::String>, fn() -> core[df12db4294e9bfd3]::result::Result<(), alloc[2182bb758b4b3781]::string::String>>
[INFO] [stdout]   14:     0x57722445ac45 - test[9d35eded1c95d3be]::run_test::{closure#0}
[INFO] [stdout]   15:     0x577224454504 - std[70759c8f55707aa4]::sys::backtrace::__rust_begin_short_backtrace::<test[9d35eded1c95d3be]::run_test::{closure#1}, ()>
[INFO] [stdout]   16:     0x57722445dda2 - <std[70759c8f55707aa4]::thread::lifecycle::spawn_unchecked<test[9d35eded1c95d3be]::run_test::{closure#1}, ()>::{closure#1} as core[df12db4294e9bfd3]::ops::function::FnOnce<()>>::call_once::{shim:vtable#0}
[INFO] [stdout]   17:     0x5772244c5e99 - <std[70759c8f55707aa4]::sys::thread::unix::Thread>::new::thread_start
[INFO] [stdout]   18:     0x796ac863adfa - <unknown>
[INFO] [stdout]   19:     0x796ac86ce3d4 - clone
[INFO] [stdout]   20:                0x0 - <unknown>
[INFO] [stdout] 
[INFO] [stdout] 
[INFO] [stdout] failures:
[INFO] [stdout]     guard_rejects_copied_class_descriptor
[INFO] [stdout]     policy_is_ledger_driven_and_distinguishes_prototypes_from_real_parents
[INFO] [stdout]     repository_has_no_unapproved_class_boundary_violation
[INFO] [stdout] 
[INFO] [stderr] error: test failed, to rerun pass `--test ownership_guard`
[INFO] [stdout] test result: FAILED. 0 passed; 3 failed; 0 ignored; 0 measured; 0 filtered out; finished in 0.07s
[INFO] [stdout] 
[INFO] running `Command { std: "docker" "inspect" "794fb6749de6afd104b240292fcaff27c9bc248f7cb0cffc85044f8fe90f9bcd", kill_on_drop: false }`
[INFO] running `Command { std: "docker" "rm" "-f" "794fb6749de6afd104b240292fcaff27c9bc248f7cb0cffc85044f8fe90f9bcd", kill_on_drop: false }`
[INFO] [stdout] 794fb6749de6afd104b240292fcaff27c9bc248f7cb0cffc85044f8fe90f9bcd
