[INFO] fetching crate sim-codec-javascript 0.2.0...
[INFO] testing sim-codec-javascript-0.2.0 against 1.99.0-beta.8+cargoflags=--release for beta-release-1.100-2
[INFO] extracting crate sim-codec-javascript 0.2.0 into /workspace/builds/worker-0-tc1/source
[INFO] started tweaking crates.io crate sim-codec-javascript 0.2.0
[INFO] removed 0 missing tests
[INFO] finished tweaking crates.io crate sim-codec-javascript 0.2.0
[INFO] tweaked toml for crates.io crate sim-codec-javascript 0.2.0 written to /workspace/builds/worker-0-tc1/source/Cargo.toml
[INFO] validating manifest of crates.io crate sim-codec-javascript 0.2.0 on toolchain 1.99.0-beta.8
[INFO] running `Command { std: CARGO_HOME="/workspace/cargo-home" RUSTUP_HOME="/workspace/rustup-home" "/workspace/cargo-home/bin/cargo" "+1.99.0-beta.8" "metadata" "--manifest-path" "Cargo.toml" "--no-deps", kill_on_drop: false }`
[INFO] crate crates.io crate sim-codec-javascript 0.2.0 already has a lockfile, it will not be regenerated
[INFO] running `Command { std: CARGO_HOME="/workspace/cargo-home" RUSTUP_HOME="/workspace/rustup-home" "/workspace/cargo-home/bin/cargo" "+1.99.0-beta.8" "fetch" "--manifest-path" "Cargo.toml", kill_on_drop: false }`
[INFO] [stderr]     Blocking waiting for file lock on package cache
[INFO] [stderr]     Updating crates.io index
[INFO] [stderr]     Blocking waiting for file lock on package cache
[INFO] [stderr]      Locking 16 packages to highest Rust 1.99.0-beta.8 compatible versions
[INFO] [stderr]       Adding sim-citizen v0.4.0
[INFO] [stderr]       Adding sim-citizen-derive v0.4.0
[INFO] [stderr]       Adding sim-codec v0.3.0
[INFO] [stderr]       Adding sim-codec-binary v0.4.1
[INFO] [stderr]       Adding sim-codec-binary-base64 v0.3.1
[INFO] [stderr]       Adding sim-codec-json v0.4.1
[INFO] [stderr]       Adding sim-codec-pratt v0.3.0
[INFO] [stderr]       Adding sim-config v0.3.0
[INFO] [stderr]       Adding sim-cookbook v0.4.0
[INFO] [stderr]       Adding sim-cookbook-build v0.2.0
[INFO] [stderr]       Adding sim-kernel v0.4.0
[INFO] [stderr]       Adding sim-lib-net-core v0.4.0
[INFO] [stderr]       Adding sim-shape v0.4.2
[INFO] [stderr]       Adding sim-table-core v0.3.0
[INFO] [stderr]       Adding sim-test-support v0.1.4
[INFO] [stderr]       Adding sim-value v0.4.0
[INFO] [stderr]  Downloading crates ...
[INFO] [stderr]   Downloaded sim-value v0.4.0
[INFO] [stderr]   Downloaded sim-codec-pratt v0.3.0
[INFO] [stderr]   Downloaded sim-codec-binary-base64 v0.3.1
[INFO] [stderr]   Downloaded sim-codec v0.3.0
[INFO] [stderr]   Downloaded sim-shape v0.4.2
[INFO] [stderr]   Downloaded sim-cookbook-build v0.2.0
[INFO] [stderr]   Downloaded sim-test-support v0.1.4
[INFO] [stderr]   Downloaded sim-table-core v0.3.0
[INFO] [stderr]   Downloaded sim-codec-binary v0.4.1
[INFO] [stderr]   Downloaded sim-citizen-derive v0.4.0
[INFO] [stderr]   Downloaded sim-citizen v0.4.0
[INFO] [stderr]   Downloaded sim-lib-net-core v0.4.0
[INFO] [stderr]   Downloaded sim-config v0.3.0
[INFO] [stderr]   Downloaded sim-cookbook v0.4.0
[INFO] [stderr]   Downloaded sim-codec-json v0.4.1
[INFO] [stderr]   Downloaded sim-kernel v0.4.0
[INFO] running `Command { std: "docker" "create" "-v" "/var/lib/crater-agent-workspace/builds/worker-0-tc1/source:/opt/rustwide/workdir:ro,Z" "-v" "/var/lib/crater-agent-workspace/builds/worker-0-tc1/target:/opt/rustwide/target:rw,Z" "-v" "/var/lib/crater-agent-workspace/cargo-home:/opt/rustwide/cargo-home:ro,Z" "-v" "/var/lib/crater-agent-workspace/rustup-home:/opt/rustwide/rustup-home:ro,Z" "-m" "1610612736" "--network" "none" "ghcr.io/rust-lang/crates-build-env/linux@sha256:77db811e55d90add9212f6832c23229e3de5f1c1f9905e8cb07319ea15df73ac" "sleep" "infinity", kill_on_drop: false }`
[INFO] [stdout] 9727d88cfd91c35278fd9d0ac8def2ae4bb3c79a1686e93f6cd0994f7a4ec7f0
[INFO] running `Command { std: "docker" "start" "9727d88cfd91c35278fd9d0ac8def2ae4bb3c79a1686e93f6cd0994f7a4ec7f0", kill_on_drop: false }`
[INFO] running `Command { std: "docker" "inspect" "9727d88cfd91c35278fd9d0ac8def2ae4bb3c79a1686e93f6cd0994f7a4ec7f0", kill_on_drop: false }`
[INFO] running `Command { std: "docker" "exec" "-e" "SOURCE_DIR=/opt/rustwide/workdir" "-e" "CARGO_HOME=/opt/rustwide/cargo-home" "-e" "RUSTUP_HOME=/opt/rustwide/rustup-home" "-e" "CARGO_TARGET_DIR=/opt/rustwide/target" "-w" "/opt/rustwide/workdir" "--user" "0:0" "9727d88cfd91c35278fd9d0ac8def2ae4bb3c79a1686e93f6cd0994f7a4ec7f0" "/opt/rustwide/cargo-home/bin/cargo" "+1.99.0-beta.8" "metadata" "--no-deps" "--format-version=1", kill_on_drop: false }`
[INFO] running `Command { std: "docker" "inspect" "9727d88cfd91c35278fd9d0ac8def2ae4bb3c79a1686e93f6cd0994f7a4ec7f0", kill_on_drop: false }`
[INFO] running `Command { std: "docker" "exec" "-e" "SOURCE_DIR=/opt/rustwide/workdir" "-e" "CARGO_HOME=/opt/rustwide/cargo-home" "-e" "RUSTUP_HOME=/opt/rustwide/rustup-home" "-e" "CARGO_TARGET_DIR=/opt/rustwide/target" "-e" "CARGO_INCREMENTAL=0" "-e" "RUST_BACKTRACE=full" "-e" "RUSTFLAGS=--cap-lints=warn" "-e" "RUSTDOCFLAGS=--cap-lints=warn" "-w" "/opt/rustwide/workdir" "--user" "0:0" "9727d88cfd91c35278fd9d0ac8def2ae4bb3c79a1686e93f6cd0994f7a4ec7f0" "/opt/rustwide/cargo-home/bin/cargo" "+1.99.0-beta.8" "build" "--frozen" "--message-format=json" "--release", kill_on_drop: false }`
[INFO] [stderr]    Compiling inventory v0.3.24
[INFO] [stderr]    Compiling serde_json v1.0.151
[INFO] [stderr]    Compiling thiserror v1.0.69
[INFO] [stderr]    Compiling indexmap v2.14.1
[INFO] [stderr]    Compiling syn v2.0.119
[INFO] [stderr]    Compiling generic-array v0.14.7
[INFO] [stderr]    Compiling syn v3.0.4
[INFO] [stderr]    Compiling toml_edit v0.25.13+spec-1.1.0
[INFO] [stderr]    Compiling crypto-common v0.1.7
[INFO] [stderr]    Compiling block-buffer v0.10.4
[INFO] [stderr]    Compiling digest v0.10.7
[INFO] [stderr]    Compiling sha2 v0.10.9
[INFO] [stderr]    Compiling proc-macro-crate v3.5.0
[INFO] [stderr]    Compiling serde_derive v1.0.229
[INFO] [stderr]    Compiling thiserror-impl v1.0.69
[INFO] [stderr]    Compiling sim-citizen-derive v0.4.0
[INFO] [stderr]    Compiling sim-kernel v0.4.0
[INFO] [stderr]    Compiling serde v1.0.229
[INFO] [stderr]    Compiling sim-value v0.4.0
[INFO] [stderr]    Compiling sim-table-core v0.3.0
[INFO] [stderr]    Compiling sim-config v0.3.0
[INFO] [stderr]    Compiling sim-cookbook v0.4.0
[INFO] [stderr]    Compiling sim-citizen v0.4.0
[INFO] [stderr]    Compiling sim-cookbook-build v0.2.0
[INFO] [stderr]    Compiling sim-lib-net-core v0.4.0
[INFO] [stderr]    Compiling sim-codec v0.3.0
[INFO] [stderr]    Compiling sim-codec-binary v0.4.1
[INFO] [stderr]    Compiling sim-codec-binary-base64 v0.3.1
[INFO] [stderr]    Compiling sim-codec-json v0.4.1
[INFO] [stderr]    Compiling sim-codec-pratt v0.3.0
[INFO] [stderr]    Compiling sim-shape v0.4.2
[INFO] [stderr]    Compiling sim-codec-javascript v0.2.0 (/opt/rustwide/workdir)
[INFO] [stderr]     Finished `release` profile [optimized] target(s) in 1m 23s
[INFO] running `Command { std: "docker" "inspect" "9727d88cfd91c35278fd9d0ac8def2ae4bb3c79a1686e93f6cd0994f7a4ec7f0", kill_on_drop: false }`
[INFO] running `Command { std: "docker" "exec" "-e" "SOURCE_DIR=/opt/rustwide/workdir" "-e" "CARGO_HOME=/opt/rustwide/cargo-home" "-e" "RUSTUP_HOME=/opt/rustwide/rustup-home" "-e" "CARGO_TARGET_DIR=/opt/rustwide/target" "-e" "CARGO_INCREMENTAL=0" "-e" "RUST_BACKTRACE=full" "-e" "RUSTFLAGS=--cap-lints=warn" "-e" "RUSTDOCFLAGS=--cap-lints=warn" "-w" "/opt/rustwide/workdir" "--user" "0:0" "9727d88cfd91c35278fd9d0ac8def2ae4bb3c79a1686e93f6cd0994f7a4ec7f0" "/opt/rustwide/cargo-home/bin/cargo" "+1.99.0-beta.8" "test" "--frozen" "--no-run" "--message-format=json" "--release", kill_on_drop: false }`
[INFO] [stderr]    Compiling sim-test-support v0.1.4
[INFO] [stderr]    Compiling sim-codec-javascript v0.2.0 (/opt/rustwide/workdir)
[INFO] [stderr]     Finished `release` profile [optimized] target(s) in 7.78s
[INFO] running `Command { std: "docker" "inspect" "9727d88cfd91c35278fd9d0ac8def2ae4bb3c79a1686e93f6cd0994f7a4ec7f0", kill_on_drop: false }`
[INFO] running `Command { std: "docker" "exec" "-e" "SOURCE_DIR=/opt/rustwide/workdir" "-e" "CARGO_HOME=/opt/rustwide/cargo-home" "-e" "RUSTUP_HOME=/opt/rustwide/rustup-home" "-e" "CARGO_TARGET_DIR=/opt/rustwide/target" "-e" "CARGO_INCREMENTAL=0" "-e" "RUST_BACKTRACE=full" "-e" "RUSTFLAGS=--cap-lints=warn" "-e" "RUSTDOCFLAGS=--cap-lints=warn" "-w" "/opt/rustwide/workdir" "--user" "0:0" "9727d88cfd91c35278fd9d0ac8def2ae4bb3c79a1686e93f6cd0994f7a4ec7f0" "/opt/rustwide/cargo-home/bin/cargo" "+1.99.0-beta.8" "test" "--frozen" "--release", kill_on_drop: false }`
[INFO] [stderr]     Finished `release` profile [optimized] target(s) in 0.06s
[INFO] [stderr]      Running unittests src/lib.rs (/opt/rustwide/target/release/deps/sim_codec_javascript-4ab747a4101ce94e)
[INFO] [stdout] 
[INFO] [stdout] running 10 tests
[INFO] [stdout] test tests::asi_and_early_errors_are_evidence ... ok
[INFO] [stdout] test tests::corpus_is_byte_stable_and_covers_lexical_goals ... ok
[INFO] [stdout] test tests::frozen_authorities_and_manifest_are_exact ... ok
[INFO] [stdout] test tests::malformed_and_limits_fail_deterministically ... ok
[INFO] [stdout] test tests::script_and_module_forms_are_structured ... ok
[INFO] [stdout] test tests::downstream_extension_uses_public_builder_and_preserves_origin_chain ... ok
[INFO] [stdout] test tests::neutral_extension_seam_is_constructible ... ok
[INFO] [stdout] test tests::every_parsed_form_lowers_canonically_without_execution_ir ... ok
[INFO] [stdout] test tests::codec_lanes_roundtrip_deterministically_with_origins ... ok
[INFO] [stdout] test tests::tagged_fallback_malformed_forms_and_decode_bounds_fail_closed ... ok
[INFO] [stdout] 
[INFO] [stdout] test result: ok. 10 passed; 0 failed; 0 ignored; 0 measured; 0 filtered out; finished in 0.01s
[INFO] [stdout] 
[INFO] [stderr]      Running tests/conformance.rs (/opt/rustwide/target/release/deps/conformance-ff7302bdbead304c)
[INFO] [stdout] 
[INFO] [stdout] running 1 test
[INFO] [stdout] test lossless_script_and_module_frontend ... ok
[INFO] [stdout] 
[INFO] [stdout] test result: ok. 1 passed; 0 failed; 0 ignored; 0 measured; 0 filtered out; finished in 0.00s
[INFO] [stdout] 
[INFO] [stderr]      Running tests/typescript_seam.rs (/opt/rustwide/target/release/deps/typescript_seam-fb04b952e244f8c5)
[INFO] [stdout] 
[INFO] [stdout] running 2 tests
[INFO] [stdout] test typescript_consumes_the_neutral_seam_one_way ... ok
[INFO] [stdout] test codec_manifest_has_no_reverse_typescript_dependency ... FAILED
[INFO] [stdout] 
[INFO] [stdout] failures:
[INFO] [stdout] 
[INFO] [stdout] ---- codec_manifest_has_no_reverse_typescript_dependency stdout ----
[INFO] [stdout] 
[INFO] [stdout] thread 'codec_manifest_has_no_reverse_typescript_dependency' (1171) panicked at tests/typescript_seam.rs:41:5:
[INFO] [stdout] assertion failed: !include_str!("../Cargo.toml").to_ascii_lowercase().contains("typescript")
[INFO] [stdout] stack backtrace:
[INFO] [stdout]    0:     0x578e995b5a11 - <<std[70759c8f55707aa4]::sys::backtrace::BacktraceLock>::print::DisplayBacktrace as core[df12db4294e9bfd3]::fmt::Display>::fmt
[INFO] [stdout]    1:     0x578e995ca6ca - core[df12db4294e9bfd3]::fmt::write
[INFO] [stdout]    2:     0x578e995b9eac - <alloc[2182bb758b4b3781]::vec::Vec<u8> as core[df12db4294e9bfd3]::io::write::Write>::write_fmt
[INFO] [stdout]    3:     0x578e99592006 - std[70759c8f55707aa4]::panicking::default_hook::{closure#0}
[INFO] [stdout]    4:     0x578e995ae179 - std[70759c8f55707aa4]::panicking::default_hook
[INFO] [stdout]    5:     0x578e99499070 - test[9d35eded1c95d3be]::test_main_inner::<test[9d35eded1c95d3be]::test_main_static::{closure#0}>::{closure#0}
[INFO] [stdout]    6:     0x578e995ae332 - std[70759c8f55707aa4]::panicking::panic_with_hook
[INFO] [stdout]    7:     0x578e995920e4 - std[70759c8f55707aa4]::panicking::panic_handler::{closure#0}
[INFO] [stdout]    8:     0x578e9958ae39 - std[70759c8f55707aa4]::sys::backtrace::__rust_end_short_backtrace::<std[70759c8f55707aa4]::panicking::panic_handler::{closure#0}, !>
[INFO] [stdout]    9:     0x578e99592cad - __rustc[8fa7c3cbc660c2b3]::rust_begin_unwind
[INFO] [stdout]   10:     0x578e995cae2c - core[df12db4294e9bfd3]::panicking::panic_fmt
[INFO] [stdout]   11:     0x578e995cadf2 - core[df12db4294e9bfd3]::panicking::panic
[INFO] [stdout]   12:     0x578e9948c2e9 - <typescript_seam[8577da81239e965c]::codec_manifest_has_no_reverse_typescript_dependency::{closure#0} as core[df12db4294e9bfd3]::ops::function::FnOnce<()>>::call_once
[INFO] [stdout]   13:     0x578e9948c35b - test[9d35eded1c95d3be]::__rust_begin_short_backtrace::<core[df12db4294e9bfd3]::result::Result<(), alloc[2182bb758b4b3781]::string::String>, fn() -> core[df12db4294e9bfd3]::result::Result<(), alloc[2182bb758b4b3781]::string::String>>
[INFO] [stdout]   14:     0x578e994999c5 - test[9d35eded1c95d3be]::run_test::{closure#0}
[INFO] [stdout]   15:     0x578e99493284 - std[70759c8f55707aa4]::sys::backtrace::__rust_begin_short_backtrace::<test[9d35eded1c95d3be]::run_test::{closure#1}, ()>
[INFO] [stdout]   16:     0x578e9949cb22 - <std[70759c8f55707aa4]::thread::lifecycle::spawn_unchecked<test[9d35eded1c95d3be]::run_test::{closure#1}, ()>::{closure#1} as core[df12db4294e9bfd3]::ops::function::FnOnce<()>>::call_once::{shim:vtable#0}
[INFO] [stdout]   17:     0x578e995b52e9 - <std[70759c8f55707aa4]::sys::thread::unix::Thread>::new::thread_start
[INFO] [stdout]   18:     0x71fa32555dfa - <unknown>
[INFO] [stdout]   19:     0x71fa325e93d4 - clone
[INFO] [stdout]   20:                0x0 - <unknown>
[INFO] [stdout] 
[INFO] [stdout] 
[INFO] [stdout] failures:
[INFO] [stdout]     codec_manifest_has_no_reverse_typescript_dependency
[INFO] [stdout] 
[INFO] [stdout] test result: FAILED. 1 passed; 1 failed; 0 ignored; 0 measured; 0 filtered out; finished in 0.00s
[INFO] [stdout] 
[INFO] [stderr] error: test failed, to rerun pass `--test typescript_seam`
[INFO] running `Command { std: "docker" "inspect" "9727d88cfd91c35278fd9d0ac8def2ae4bb3c79a1686e93f6cd0994f7a4ec7f0", kill_on_drop: false }`
[INFO] running `Command { std: "docker" "rm" "-f" "9727d88cfd91c35278fd9d0ac8def2ae4bb3c79a1686e93f6cd0994f7a4ec7f0", kill_on_drop: false }`
[INFO] [stdout] 9727d88cfd91c35278fd9d0ac8def2ae4bb3c79a1686e93f6cd0994f7a4ec7f0
