[INFO] fetching crate silta-session 0.6.0...
[INFO] testing silta-session-0.6.0 against 1.100.0-beta.1+cargoflags=--release for beta-release-1.100-2
[INFO] extracting crate silta-session 0.6.0 into /workspace/builds/worker-1-tc2/source
[INFO] started tweaking crates.io crate silta-session 0.6.0
[INFO] removed 0 missing tests
[INFO] finished tweaking crates.io crate silta-session 0.6.0
[INFO] tweaked toml for crates.io crate silta-session 0.6.0 written to /workspace/builds/worker-1-tc2/source/Cargo.toml
[INFO] validating manifest of crates.io crate silta-session 0.6.0 on toolchain 1.100.0-beta.1
[INFO] running `Command { std: CARGO_HOME="/workspace/cargo-home" RUSTUP_HOME="/workspace/rustup-home" "/workspace/cargo-home/bin/cargo" "+1.100.0-beta.1" "metadata" "--manifest-path" "Cargo.toml" "--no-deps", kill_on_drop: false }`
[INFO] crate crates.io crate silta-session 0.6.0 already has a lockfile, it will not be regenerated
[INFO] running `Command { std: CARGO_HOME="/workspace/cargo-home" RUSTUP_HOME="/workspace/rustup-home" "/workspace/cargo-home/bin/cargo" "+1.100.0-beta.1" "fetch" "--manifest-path" "Cargo.toml", kill_on_drop: false }`
[INFO] running `Command { std: "docker" "create" "-v" "/var/lib/crater-agent-workspace/builds/worker-1-tc2/source:/opt/rustwide/workdir:ro,Z" "-v" "/var/lib/crater-agent-workspace/builds/worker-1-tc2/target:/opt/rustwide/target:rw,Z" "-v" "/var/lib/crater-agent-workspace/cargo-home:/opt/rustwide/cargo-home:ro,Z" "-v" "/var/lib/crater-agent-workspace/rustup-home:/opt/rustwide/rustup-home:ro,Z" "-m" "1610612736" "--network" "none" "ghcr.io/rust-lang/crates-build-env/linux@sha256:77db811e55d90add9212f6832c23229e3de5f1c1f9905e8cb07319ea15df73ac" "sleep" "infinity", kill_on_drop: false }`
[INFO] [stdout] 24a8773d20a0fdf09f391f48b5763d2f3cc2360813fad619d364ccb4ac6eaedb
[INFO] running `Command { std: "docker" "start" "24a8773d20a0fdf09f391f48b5763d2f3cc2360813fad619d364ccb4ac6eaedb", kill_on_drop: false }`
[INFO] running `Command { std: "docker" "inspect" "24a8773d20a0fdf09f391f48b5763d2f3cc2360813fad619d364ccb4ac6eaedb", kill_on_drop: false }`
[INFO] running `Command { std: "docker" "exec" "-e" "SOURCE_DIR=/opt/rustwide/workdir" "-e" "CARGO_HOME=/opt/rustwide/cargo-home" "-e" "RUSTUP_HOME=/opt/rustwide/rustup-home" "-e" "CARGO_TARGET_DIR=/opt/rustwide/target" "-w" "/opt/rustwide/workdir" "--user" "0:0" "24a8773d20a0fdf09f391f48b5763d2f3cc2360813fad619d364ccb4ac6eaedb" "/opt/rustwide/cargo-home/bin/cargo" "+1.100.0-beta.1" "metadata" "--no-deps" "--format-version=1", kill_on_drop: false }`
[INFO] running `Command { std: "docker" "inspect" "24a8773d20a0fdf09f391f48b5763d2f3cc2360813fad619d364ccb4ac6eaedb", kill_on_drop: false }`
[INFO] running `Command { std: "docker" "exec" "-e" "SOURCE_DIR=/opt/rustwide/workdir" "-e" "CARGO_HOME=/opt/rustwide/cargo-home" "-e" "RUSTUP_HOME=/opt/rustwide/rustup-home" "-e" "CARGO_TARGET_DIR=/opt/rustwide/target" "-e" "CARGO_INCREMENTAL=0" "-e" "RUST_BACKTRACE=full" "-e" "RUSTFLAGS=--cap-lints=warn" "-e" "RUSTDOCFLAGS=--cap-lints=warn" "-w" "/opt/rustwide/workdir" "--user" "0:0" "24a8773d20a0fdf09f391f48b5763d2f3cc2360813fad619d364ccb4ac6eaedb" "/opt/rustwide/cargo-home/bin/cargo" "+1.100.0-beta.1" "build" "--frozen" "--message-format=json" "--release", kill_on_drop: false }`
[INFO] [stderr]    Compiling unicode-ident v1.0.26
[INFO] [stderr]    Compiling unicase v2.9.0
[INFO] [stderr]    Compiling thiserror v2.0.21
[INFO] [stderr]    Compiling winnow v0.7.15
[INFO] [stderr]    Compiling clap_lex v1.1.1
[INFO] [stderr]    Compiling mio v1.2.3
[INFO] [stderr]    Compiling serde_spanned v1.1.1
[INFO] [stderr]    Compiling toml_datetime v0.7.5+spec-1.1.0
[INFO] [stderr]    Compiling serde_json v1.0.151
[INFO] [stderr]    Compiling silta-session v0.6.0 (/opt/rustwide/workdir)
[INFO] [stderr]    Compiling clap_builder v4.6.7
[INFO] [stderr]    Compiling proc-macro2 v1.0.107
[INFO] [stderr]    Compiling mime_guess v2.0.5
[INFO] [stderr]    Compiling quote v1.0.47
[INFO] [stderr]    Compiling syn v3.0.6
[INFO] [stderr]    Compiling toml v0.9.12+spec-1.1.0
[INFO] [stderr]    Compiling tokio-macros v2.7.2
[INFO] [stderr]    Compiling serde_derive v1.0.229
[INFO] [stderr]    Compiling thiserror-impl v2.0.21
[INFO] [stderr]    Compiling tokio v1.53.1
[INFO] [stderr]    Compiling clap_derive v4.6.7
[INFO] [stderr]    Compiling clap v4.6.7
[INFO] [stderr]    Compiling serde v1.0.229
[INFO] [stderr]    Compiling tokio-util v0.7.19
[INFO] [stderr]    Compiling silta v0.6.0
[INFO] [stderr]     Finished `release` profile [optimized] target(s) in 27.96s
[INFO] running `Command { std: "docker" "inspect" "24a8773d20a0fdf09f391f48b5763d2f3cc2360813fad619d364ccb4ac6eaedb", kill_on_drop: false }`
[INFO] running `Command { std: "docker" "exec" "-e" "SOURCE_DIR=/opt/rustwide/workdir" "-e" "CARGO_HOME=/opt/rustwide/cargo-home" "-e" "RUSTUP_HOME=/opt/rustwide/rustup-home" "-e" "CARGO_TARGET_DIR=/opt/rustwide/target" "-e" "CARGO_INCREMENTAL=0" "-e" "RUST_BACKTRACE=full" "-e" "RUSTFLAGS=--cap-lints=warn" "-e" "RUSTDOCFLAGS=--cap-lints=warn" "-w" "/opt/rustwide/workdir" "--user" "0:0" "24a8773d20a0fdf09f391f48b5763d2f3cc2360813fad619d364ccb4ac6eaedb" "/opt/rustwide/cargo-home/bin/cargo" "+1.100.0-beta.1" "test" "--frozen" "--no-run" "--message-format=json" "--release", kill_on_drop: false }`
[INFO] [stderr]    Compiling silta-session v0.6.0 (/opt/rustwide/workdir)
[INFO] [stderr]     Finished `release` profile [optimized] target(s) in 9.97s
[INFO] running `Command { std: "docker" "inspect" "24a8773d20a0fdf09f391f48b5763d2f3cc2360813fad619d364ccb4ac6eaedb", kill_on_drop: false }`
[INFO] running `Command { std: "docker" "exec" "-e" "SOURCE_DIR=/opt/rustwide/workdir" "-e" "CARGO_HOME=/opt/rustwide/cargo-home" "-e" "RUSTUP_HOME=/opt/rustwide/rustup-home" "-e" "CARGO_TARGET_DIR=/opt/rustwide/target" "-e" "CARGO_INCREMENTAL=0" "-e" "RUST_BACKTRACE=full" "-e" "RUSTFLAGS=--cap-lints=warn" "-e" "RUSTDOCFLAGS=--cap-lints=warn" "-w" "/opt/rustwide/workdir" "--user" "0:0" "24a8773d20a0fdf09f391f48b5763d2f3cc2360813fad619d364ccb4ac6eaedb" "/opt/rustwide/cargo-home/bin/cargo" "+1.100.0-beta.1" "test" "--frozen" "--release", kill_on_drop: false }`
[INFO] [stderr]     Finished `release` profile [optimized] target(s) in 0.11s
[INFO] [stderr]      Running unittests src/lib.rs (/opt/rustwide/target/release/build/silta-session/da3dddb4c6410ea2/out/silta_session-da3dddb4c6410ea2)
[INFO] [stdout] 
[INFO] [stdout] running 35 tests
[INFO] [stdout] test contract::tests::the_version_gate ... ok
[INFO] [stdout] test contract::tests::a_long_turn_is_measured_from_its_first_assistant_line_not_from_the_last_result ... ok
[INFO] [stdout] test rotation::tests::a_persons_message_resets_the_gap ... ok
[INFO] [stdout] test contract::tests::usage_missing_is_said_once_and_compaction_only_with_rotation_on ... ok
[INFO] [stdout] test contract::tests::an_unknown_fallback_trigger_is_said ... ok
[INFO] [stdout] test rotation::tests::a_failed_compaction_is_retried_from_the_handoff_then_gives_way_to_a_fresh_id ... ok
[INFO] [stdout] test rotation::tests::the_retry_resume_can_end_normally ... ok
[INFO] [stdout] test rotation::tests::the_quiet_cap_cuts_once_then_gives_up ... ok
[INFO] [stdout] test rotation::tests::the_second_handoff_attempt_takes_no_clean_snapshot_and_a_second_failure_gives_up ... ok
[INFO] [stdout] test rotation::tests::a_hanging_compaction_is_cut_and_resumed_once ... ok
[INFO] [stdout] test rotation::tests::a_small_context_never_trips_and_a_running_turn_is_never_idle ... ok
[INFO] [stdout] test rotation::tests::a_channel_turns_result_resets_the_gap_without_its_user_line ... ok
[INFO] [stdout] test rotation::tests::a_pending_start_honours_the_pause_then_rotates ... ok
[INFO] [stdout] test rotation::tests::disabled_ignores_markers_and_thresholds ... ok
[INFO] [stdout] test rotation::tests::the_handoff_cap_and_a_failed_handoff_turn ... ok
[INFO] [stdout] test rotation::tests::the_level_signal_replaces_the_set ... ok
[INFO] [stdout] test contract::tests::the_contract_checker_carries_the_same_tested_versions ... FAILED
[INFO] [stdout] test stream::tests::api_retries_show_the_status_and_the_error_kind ... ok
[INFO] [stdout] test stream::tests::init_line_keeps_the_identifiers_and_drops_the_lists ... ok
[INFO] [stdout] test state::tests::next_round_trips_and_normal_removes_the_file ... ok
[INFO] [stdout] test stream::tests::messages_are_reduced_to_block_kinds_tools_and_sizes ... ok
[INFO] [stdout] test stream::tests::notices_and_refusals_are_written_out_whole ... ok
[INFO] [stdout] test stream::tests::other_lines_pass_or_name_their_type ... ok
[INFO] [stdout] test rotation::tests::the_session_is_compacted_in_place ... ok
[INFO] [stdout] test rotation::tests::threshold_needs_both_a_large_context_and_four_hours_without_a_person ... ok
[INFO] [stdout] test rotation::tests::marker_mid_turn_waits_for_the_result_and_for_agents ... ok
[INFO] [stdout] test rotation::tests::a_turn_queued_before_the_compaction_does_not_end_it ... ok
[INFO] [stdout] test stream::tests::results_carry_usage_and_the_error_text_only_on_failure ... ok
[INFO] [stdout] test rotation::tests::a_turn_without_the_note_does_not_end_the_handoff ... ok
[INFO] [stdout] test state::tests::snapshots_copy_memory_and_transcript_and_keep_two_per_rotation ... ok
[INFO] [stdout] test stream::tests::the_window_check_answer_keeps_the_window_only ... ok
[INFO] [stdout] test rotation::tests::cuts_and_failures_spend_the_same_attempts_across_restarts ... ok
[INFO] [stdout] test rotation::tests::removing_the_marker_cancels_a_waiting_rotation_but_not_a_handoff ... ok
[INFO] [stdout] test state::tests::ids_transcripts_and_markers ... ok
[INFO] [stdout] test state::tests::the_handoff_check_wants_the_note_when_it_exists_and_any_memory_write_otherwise ... ok
[INFO] [stdout] 
[INFO] [stdout] failures:
[INFO] [stdout] 
[INFO] [stdout] ---- contract::tests::the_contract_checker_carries_the_same_tested_versions stdout ----
[INFO] [stdout] 
[INFO] [stdout] thread 'contract::tests::the_contract_checker_carries_the_same_tested_versions' (915) panicked at src/contract.rs:167:52:
[INFO] [stdout] deploy/silta-contract-check: Os { code: 2, kind: NotFound, message: "No such file or directory" }
[INFO] [stdout] stack backtrace:
[INFO] [stdout]    0:     0x56229d8c8fe1 - <<std[617be2ca0a6fd877]::sys::backtrace::BacktraceLock>::print::DisplayBacktrace as core[a373ad73a504971]::fmt::Display>::fmt
[INFO] [stdout]    1:     0x56229d8dde3a - core[a373ad73a504971]::fmt::write
[INFO] [stdout]    2:     0x56229d8cd58c - <alloc[2e1b2a31b91974c5]::vec::Vec<u8> as core[a373ad73a504971]::io::write::Write>::write_fmt
[INFO] [stdout]    3:     0x56229d8a2256 - std[617be2ca0a6fd877]::panicking::default_hook::{closure#0}
[INFO] [stdout]    4:     0x56229d8bf939 - std[617be2ca0a6fd877]::panicking::default_hook
[INFO] [stdout]    5:     0x56229d852ec0 - test[aada8e7e76ba119b]::test_main_inner::{closure#0}
[INFO] [stdout]    6:     0x56229d8bfaf2 - std[617be2ca0a6fd877]::panicking::panic_with_hook
[INFO] [stdout]    7:     0x56229d8a2302 - std[617be2ca0a6fd877]::panicking::panic_handler::{closure#0}
[INFO] [stdout]    8:     0x56229d89ac69 - std[617be2ca0a6fd877]::sys::backtrace::__rust_end_short_backtrace::<std[617be2ca0a6fd877]::panicking::panic_handler::{closure#0}, !>
[INFO] [stdout]    9:     0x56229d8a2ffd - __rustc[ea4f61d10b84890b]::rust_begin_unwind
[INFO] [stdout]   10:     0x56229d8de56c - core[a373ad73a504971]::panicking::panic_fmt
[INFO] [stdout]   11:     0x56229d8de342 - core[a373ad73a504971]::result::unwrap_failed
[INFO] [stdout]   12:     0x56229d8454c3 - <silta_session[92066579799b8e75]::contract::tests::the_contract_checker_carries_the_same_tested_versions::{closure#0} as core[a373ad73a504971]::ops::function::FnOnce<()>>::call_once
[INFO] [stdout]   13:     0x56229d84630b - test[aada8e7e76ba119b]::__rust_begin_short_backtrace::<core[a373ad73a504971]::result::Result<(), alloc[2e1b2a31b91974c5]::string::String>, fn() -> core[a373ad73a504971]::result::Result<(), alloc[2e1b2a31b91974c5]::string::String>>
[INFO] [stdout]   14:     0x56229d8534e5 - test[aada8e7e76ba119b]::run_test::{closure#0}
[INFO] [stdout]   15:     0x56229d84cdd4 - std[617be2ca0a6fd877]::sys::backtrace::__rust_begin_short_backtrace::<test[aada8e7e76ba119b]::run_test::{closure#1}, ()>
[INFO] [stdout]   16:     0x56229d856572 - <std[617be2ca0a6fd877]::thread::lifecycle::spawn_unchecked<test[aada8e7e76ba119b]::run_test::{closure#1}, ()>::{closure#1} as core[a373ad73a504971]::ops::function::FnOnce<()>>::call_once::{shim:vtable#0}
[INFO] [stdout]   17:     0x56229d8c823f - <std[617be2ca0a6fd877]::sys::thread::unix::Thread>::new::thread_start
[INFO] [stdout]   18:     0x785dec152dfa - <unknown>
[INFO] [stdout]   19:     0x785dec1e63d4 - clone
[INFO] [stdout]   20:                0x0 - <unknown>
[INFO] [stdout] 
[INFO] [stdout] 
[INFO] [stdout] failures:
[INFO] [stdout]     contract::tests::the_contract_checker_carries_the_same_tested_versions
[INFO] [stdout] 
[INFO] [stdout] test result: FAILED. 34 passed; 1 failed; 0 ignored; 0 measured; 0 filtered out; finished in 0.02s
[INFO] [stdout] 
[INFO] [stderr] error: test failed, to rerun pass `--lib`
[INFO] running `Command { std: "docker" "inspect" "24a8773d20a0fdf09f391f48b5763d2f3cc2360813fad619d364ccb4ac6eaedb", kill_on_drop: false }`
[INFO] running `Command { std: "docker" "rm" "-f" "24a8773d20a0fdf09f391f48b5763d2f3cc2360813fad619d364ccb4ac6eaedb", kill_on_drop: false }`
[INFO] [stdout] 24a8773d20a0fdf09f391f48b5763d2f3cc2360813fad619d364ccb4ac6eaedb
