[INFO] fetching crate silk-decoder-rs 0.1.0...
[INFO] testing silk-decoder-rs-0.1.0 against 1.99.0-beta.8+cargoflags=--release for beta-release-1.100-2
[INFO] extracting crate silk-decoder-rs 0.1.0 into /workspace/builds/worker-7-tc1/source
[INFO] started tweaking crates.io crate silk-decoder-rs 0.1.0
[INFO] finished tweaking crates.io crate silk-decoder-rs 0.1.0
[INFO] tweaked toml for crates.io crate silk-decoder-rs 0.1.0 written to /workspace/builds/worker-7-tc1/source/Cargo.toml
[INFO] validating manifest of crates.io crate silk-decoder-rs 0.1.0 on toolchain 1.99.0-beta.8
[INFO] running `Command { std: CARGO_HOME="/workspace/cargo-home" RUSTUP_HOME="/workspace/rustup-home" "/workspace/cargo-home/bin/cargo" "+1.99.0-beta.8" "metadata" "--manifest-path" "Cargo.toml" "--no-deps", kill_on_drop: false }`
[INFO] crate crates.io crate silk-decoder-rs 0.1.0 already has a lockfile, it will not be regenerated
[INFO] running `Command { std: CARGO_HOME="/workspace/cargo-home" RUSTUP_HOME="/workspace/rustup-home" "/workspace/cargo-home/bin/cargo" "+1.99.0-beta.8" "fetch" "--manifest-path" "Cargo.toml", kill_on_drop: false }`
[INFO] running `Command { std: "docker" "create" "-v" "/var/lib/crater-agent-workspace/builds/worker-7-tc1/source:/opt/rustwide/workdir:ro,Z" "-v" "/var/lib/crater-agent-workspace/builds/worker-7-tc1/target:/opt/rustwide/target:rw,Z" "-v" "/var/lib/crater-agent-workspace/cargo-home:/opt/rustwide/cargo-home:ro,Z" "-v" "/var/lib/crater-agent-workspace/rustup-home:/opt/rustwide/rustup-home:ro,Z" "-m" "1610612736" "--network" "none" "ghcr.io/rust-lang/crates-build-env/linux@sha256:77db811e55d90add9212f6832c23229e3de5f1c1f9905e8cb07319ea15df73ac" "sleep" "infinity", kill_on_drop: false }`
[INFO] [stdout] 54c4e0d549ed5ddf6981d221b71b7fc6aa30d766a9d21378dc4df96167456478
[INFO] running `Command { std: "docker" "start" "54c4e0d549ed5ddf6981d221b71b7fc6aa30d766a9d21378dc4df96167456478", kill_on_drop: false }`
[INFO] running `Command { std: "docker" "inspect" "54c4e0d549ed5ddf6981d221b71b7fc6aa30d766a9d21378dc4df96167456478", kill_on_drop: false }`
[INFO] running `Command { std: "docker" "exec" "-e" "SOURCE_DIR=/opt/rustwide/workdir" "-e" "CARGO_HOME=/opt/rustwide/cargo-home" "-e" "RUSTUP_HOME=/opt/rustwide/rustup-home" "-e" "CARGO_TARGET_DIR=/opt/rustwide/target" "-w" "/opt/rustwide/workdir" "--user" "0:0" "54c4e0d549ed5ddf6981d221b71b7fc6aa30d766a9d21378dc4df96167456478" "/opt/rustwide/cargo-home/bin/cargo" "+1.99.0-beta.8" "metadata" "--no-deps" "--format-version=1", kill_on_drop: false }`
[INFO] running `Command { std: "docker" "inspect" "54c4e0d549ed5ddf6981d221b71b7fc6aa30d766a9d21378dc4df96167456478", kill_on_drop: false }`
[INFO] running `Command { std: "docker" "exec" "-e" "SOURCE_DIR=/opt/rustwide/workdir" "-e" "CARGO_HOME=/opt/rustwide/cargo-home" "-e" "RUSTUP_HOME=/opt/rustwide/rustup-home" "-e" "CARGO_TARGET_DIR=/opt/rustwide/target" "-e" "CARGO_INCREMENTAL=0" "-e" "RUST_BACKTRACE=full" "-e" "RUSTFLAGS=--cap-lints=warn" "-e" "RUSTDOCFLAGS=--cap-lints=warn" "-w" "/opt/rustwide/workdir" "--user" "0:0" "54c4e0d549ed5ddf6981d221b71b7fc6aa30d766a9d21378dc4df96167456478" "/opt/rustwide/cargo-home/bin/cargo" "+1.99.0-beta.8" "build" "--frozen" "--message-format=json" "--release", kill_on_drop: false }`
[INFO] [stderr]    Compiling silk-decoder-rs v0.1.0 (/opt/rustwide/workdir)
[INFO] [stderr]     Finished `release` profile [optimized] target(s) in 1.72s
[INFO] running `Command { std: "docker" "inspect" "54c4e0d549ed5ddf6981d221b71b7fc6aa30d766a9d21378dc4df96167456478", kill_on_drop: false }`
[INFO] running `Command { std: "docker" "exec" "-e" "SOURCE_DIR=/opt/rustwide/workdir" "-e" "CARGO_HOME=/opt/rustwide/cargo-home" "-e" "RUSTUP_HOME=/opt/rustwide/rustup-home" "-e" "CARGO_TARGET_DIR=/opt/rustwide/target" "-e" "CARGO_INCREMENTAL=0" "-e" "RUST_BACKTRACE=full" "-e" "RUSTFLAGS=--cap-lints=warn" "-e" "RUSTDOCFLAGS=--cap-lints=warn" "-w" "/opt/rustwide/workdir" "--user" "0:0" "54c4e0d549ed5ddf6981d221b71b7fc6aa30d766a9d21378dc4df96167456478" "/opt/rustwide/cargo-home/bin/cargo" "+1.99.0-beta.8" "test" "--frozen" "--no-run" "--message-format=json" "--release", kill_on_drop: false }`
[INFO] [stderr]    Compiling silk-decoder-rs v0.1.0 (/opt/rustwide/workdir)
[INFO] [stderr]     Finished `release` profile [optimized] target(s) in 1.89s
[INFO] running `Command { std: "docker" "inspect" "54c4e0d549ed5ddf6981d221b71b7fc6aa30d766a9d21378dc4df96167456478", kill_on_drop: false }`
[INFO] running `Command { std: "docker" "exec" "-e" "SOURCE_DIR=/opt/rustwide/workdir" "-e" "CARGO_HOME=/opt/rustwide/cargo-home" "-e" "RUSTUP_HOME=/opt/rustwide/rustup-home" "-e" "CARGO_TARGET_DIR=/opt/rustwide/target" "-e" "CARGO_INCREMENTAL=0" "-e" "RUST_BACKTRACE=full" "-e" "RUSTFLAGS=--cap-lints=warn" "-e" "RUSTDOCFLAGS=--cap-lints=warn" "-w" "/opt/rustwide/workdir" "--user" "0:0" "54c4e0d549ed5ddf6981d221b71b7fc6aa30d766a9d21378dc4df96167456478" "/opt/rustwide/cargo-home/bin/cargo" "+1.99.0-beta.8" "test" "--frozen" "--release", kill_on_drop: false }`
[INFO] [stderr]     Finished `release` profile [optimized] target(s) in 0.03s
[INFO] [stderr]      Running unittests src/lib.rs (/opt/rustwide/target/release/deps/silk_decoder_rs-a0a3a22037ec31c8)
[INFO] [stdout] 
[INFO] [stdout] running 20 tests
[INFO] [stdout] test resampler::tests::down2_output_len_matches ... ok
[INFO] [stdout] test resampler::tests::down2_stateful_chunking_matches_full ... ok
[INFO] [stdout] test gains::tests::dequant_smoke ... ok
[INFO] [stdout] test decode_parameters::tests::decode_parameters_reads_some_symbols ... ok
[INFO] [stdout] test decoder::tests::set_fs_switches_orders ... ok
[INFO] [stdout] test biquad::tests::biquad_smoke ... ok
[INFO] [stdout] test resampler::tests::simple_resampler_copy ... ok
[INFO] [stdout] test resampler::tests::up2_stateful_chunking_matches_full ... ok
[INFO] [stdout] test resampler::tests::simple_resampler_down2 ... ok
[INFO] [stdout] test resampler::tests::up2_output_len_matches ... ok
[INFO] [stdout] test resampler::tests::simple_resampler_down_2_over_3 ... ok
[INFO] [stdout] test resampler::tests::simple_resampler_down_3_over_4 ... ok
[INFO] [stdout] test pitch::tests::decode_pitch_shape ... ok
[INFO] [stdout] test resampler::tests::simple_resampler_down_1_over_3 ... ok
[INFO] [stdout] test resampler::tests::simple_resampler_rejects_invalid_rate ... ok
[INFO] [stdout] test resampler::tests::simple_resampler_up2 ... ok
[INFO] [stdout] test resampler::tests::simple_resampler_up_3_over_2_via_up2_down34 ... ok
[INFO] [stdout] test sdk_api::tests::silk_to_wav_test ... FAILED
[INFO] [stdout] test resampler::tests::fractional_down_stateful_chunking_matches_full ... ok
[INFO] [stdout] test fixed::tests::log2lin_bounds ... ok
[INFO] [stdout] 
[INFO] [stdout] failures:
[INFO] [stdout] 
[INFO] [stdout] ---- sdk_api::tests::silk_to_wav_test stdout ----
[INFO] [stdout] 
[INFO] [stdout] thread 'sdk_api::tests::silk_to_wav_test' (183) panicked at src/sdk_api.rs:348:53:
[INFO] [stdout] silk_to_wav failed: ReadFile(Os { code: 2, kind: NotFound, message: "No such file or directory" })
[INFO] [stdout] stack backtrace:
[INFO] [stdout]    0:     0x6527db402ff1 - <<std[70759c8f55707aa4]::sys::backtrace::BacktraceLock>::print::DisplayBacktrace as core[df12db4294e9bfd3]::fmt::Display>::fmt
[INFO] [stdout]    1:     0x6527db4174fa - core[df12db4294e9bfd3]::fmt::write
[INFO] [stdout]    2:     0x6527db40748c - <alloc[2182bb758b4b3781]::vec::Vec<u8> as core[df12db4294e9bfd3]::io::write::Write>::write_fmt
[INFO] [stdout]    3:     0x6527db3df2c6 - std[70759c8f55707aa4]::panicking::default_hook::{closure#0}
[INFO] [stdout]    4:     0x6527db3fb439 - std[70759c8f55707aa4]::panicking::default_hook
[INFO] [stdout]    5:     0x6527db397370 - test[9d35eded1c95d3be]::test_main_inner::<test[9d35eded1c95d3be]::test_main_static::{closure#0}>::{closure#0}
[INFO] [stdout]    6:     0x6527db3fb5f2 - std[70759c8f55707aa4]::panicking::panic_with_hook
[INFO] [stdout]    7:     0x6527db3df372 - std[70759c8f55707aa4]::panicking::panic_handler::{closure#0}
[INFO] [stdout]    8:     0x6527db3d7f69 - std[70759c8f55707aa4]::sys::backtrace::__rust_end_short_backtrace::<std[70759c8f55707aa4]::panicking::panic_handler::{closure#0}, !>
[INFO] [stdout]    9:     0x6527db3dff6d - __rustc[8fa7c3cbc660c2b3]::rust_begin_unwind
[INFO] [stdout]   10:     0x6527db417c2c - core[df12db4294e9bfd3]::panicking::panic_fmt
[INFO] [stdout]   11:     0x6527db417a02 - core[df12db4294e9bfd3]::result::unwrap_failed
[INFO] [stdout]   12:     0x6527db380646 - silk_decoder_rs[7757341f81bd0896]::sdk_api::tests::silk_to_wav_test
[INFO] [stdout]   13:     0x6527db3828c9 - <silk_decoder_rs[7757341f81bd0896]::sdk_api::tests::silk_to_wav_test::{closure#0} as core[df12db4294e9bfd3]::ops::function::FnOnce<()>>::call_once
[INFO] [stdout]   14:     0x6527db38a65b - test[9d35eded1c95d3be]::__rust_begin_short_backtrace::<core[df12db4294e9bfd3]::result::Result<(), alloc[2182bb758b4b3781]::string::String>, fn() -> core[df12db4294e9bfd3]::result::Result<(), alloc[2182bb758b4b3781]::string::String>>
[INFO] [stdout]   15:     0x6527db397cc5 - test[9d35eded1c95d3be]::run_test::{closure#0}
[INFO] [stdout]   16:     0x6527db391584 - std[70759c8f55707aa4]::sys::backtrace::__rust_begin_short_backtrace::<test[9d35eded1c95d3be]::run_test::{closure#1}, ()>
[INFO] [stdout]   17:     0x6527db39ae22 - <std[70759c8f55707aa4]::thread::lifecycle::spawn_unchecked<test[9d35eded1c95d3be]::run_test::{closure#1}, ()>::{closure#1} as core[df12db4294e9bfd3]::ops::function::FnOnce<()>>::call_once::{shim:vtable#0}
[INFO] [stdout]   18:     0x6527db4025a9 - <std[70759c8f55707aa4]::sys::thread::unix::Thread>::new::thread_start
[INFO] [stdout]   19:     0x78046a650dfa - <unknown>
[INFO] [stdout]   20:     0x78046a6e43d4 - clone
[INFO] [stdout]   21:                0x0 - <unknown>
[INFO] [stdout] 
[INFO] [stdout] 
[INFO] [stdout] failures:
[INFO] [stdout]     sdk_api::tests::silk_to_wav_test
[INFO] [stdout] 
[INFO] [stdout] test result: FAILED. 19 passed; 1 failed; 0 ignored; 0 measured; 0 filtered out; finished in 0.06s
[INFO] [stdout] 
[INFO] [stderr] error: test failed, to rerun pass `--lib`
[INFO] running `Command { std: "docker" "inspect" "54c4e0d549ed5ddf6981d221b71b7fc6aa30d766a9d21378dc4df96167456478", kill_on_drop: false }`
[INFO] running `Command { std: "docker" "rm" "-f" "54c4e0d549ed5ddf6981d221b71b7fc6aa30d766a9d21378dc4df96167456478", kill_on_drop: false }`
[INFO] [stdout] 54c4e0d549ed5ddf6981d221b71b7fc6aa30d766a9d21378dc4df96167456478
