[INFO] fetching crate silicon-extend-cli 4.1.0...
[INFO] testing silicon-extend-cli-4.1.0 against 1.99.0-beta.8+cargoflags=--release for beta-release-1.100-2
[INFO] extracting crate silicon-extend-cli 4.1.0 into /workspace/builds/worker-5-tc1/source
[INFO] started tweaking crates.io crate silicon-extend-cli 4.1.0
[INFO] removed 0 missing tests
[INFO] finished tweaking crates.io crate silicon-extend-cli 4.1.0
[INFO] tweaked toml for crates.io crate silicon-extend-cli 4.1.0 written to /workspace/builds/worker-5-tc1/source/Cargo.toml
[INFO] validating manifest of crates.io crate silicon-extend-cli 4.1.0 on toolchain 1.99.0-beta.8
[INFO] running `Command { std: CARGO_HOME="/workspace/cargo-home" RUSTUP_HOME="/workspace/rustup-home" "/workspace/cargo-home/bin/cargo" "+1.99.0-beta.8" "metadata" "--manifest-path" "Cargo.toml" "--no-deps", kill_on_drop: false }`
[INFO] crate crates.io crate silicon-extend-cli 4.1.0 already has a lockfile, it will not be regenerated
[INFO] running `Command { std: CARGO_HOME="/workspace/cargo-home" RUSTUP_HOME="/workspace/rustup-home" "/workspace/cargo-home/bin/cargo" "+1.99.0-beta.8" "fetch" "--manifest-path" "Cargo.toml", kill_on_drop: false }`
[INFO] [stderr]     Updating crates.io index
[INFO] [stderr]  Downloading crates ...
[INFO] [stderr]   Downloaded silicon-extend-protocol v2.0.0
[INFO] [stderr]   Downloaded silicon-extend-client v4.1.0
[INFO] running `Command { std: "docker" "create" "-v" "/var/lib/crater-agent-workspace/builds/worker-5-tc1/source:/opt/rustwide/workdir:ro,Z" "-v" "/var/lib/crater-agent-workspace/builds/worker-5-tc1/target:/opt/rustwide/target:rw,Z" "-v" "/var/lib/crater-agent-workspace/cargo-home:/opt/rustwide/cargo-home:ro,Z" "-v" "/var/lib/crater-agent-workspace/rustup-home:/opt/rustwide/rustup-home:ro,Z" "-m" "1610612736" "--network" "none" "ghcr.io/rust-lang/crates-build-env/linux@sha256:77db811e55d90add9212f6832c23229e3de5f1c1f9905e8cb07319ea15df73ac" "sleep" "infinity", kill_on_drop: false }`
[INFO] [stdout] 33b3ce08c724cae096bb99c397c255b01f4274291dd0f2fd7e14f7b365d250e3
[INFO] running `Command { std: "docker" "start" "33b3ce08c724cae096bb99c397c255b01f4274291dd0f2fd7e14f7b365d250e3", kill_on_drop: false }`
[INFO] running `Command { std: "docker" "inspect" "33b3ce08c724cae096bb99c397c255b01f4274291dd0f2fd7e14f7b365d250e3", kill_on_drop: false }`
[INFO] running `Command { std: "docker" "exec" "-e" "SOURCE_DIR=/opt/rustwide/workdir" "-e" "CARGO_HOME=/opt/rustwide/cargo-home" "-e" "RUSTUP_HOME=/opt/rustwide/rustup-home" "-e" "CARGO_TARGET_DIR=/opt/rustwide/target" "-w" "/opt/rustwide/workdir" "--user" "0:0" "33b3ce08c724cae096bb99c397c255b01f4274291dd0f2fd7e14f7b365d250e3" "/opt/rustwide/cargo-home/bin/cargo" "+1.99.0-beta.8" "metadata" "--no-deps" "--format-version=1", kill_on_drop: false }`
[INFO] running `Command { std: "docker" "inspect" "33b3ce08c724cae096bb99c397c255b01f4274291dd0f2fd7e14f7b365d250e3", kill_on_drop: false }`
[INFO] running `Command { std: "docker" "exec" "-e" "SOURCE_DIR=/opt/rustwide/workdir" "-e" "CARGO_HOME=/opt/rustwide/cargo-home" "-e" "RUSTUP_HOME=/opt/rustwide/rustup-home" "-e" "CARGO_TARGET_DIR=/opt/rustwide/target" "-e" "CARGO_INCREMENTAL=0" "-e" "RUST_BACKTRACE=full" "-e" "RUSTFLAGS=--cap-lints=warn" "-e" "RUSTDOCFLAGS=--cap-lints=warn" "-w" "/opt/rustwide/workdir" "--user" "0:0" "33b3ce08c724cae096bb99c397c255b01f4274291dd0f2fd7e14f7b365d250e3" "/opt/rustwide/cargo-home/bin/cargo" "+1.99.0-beta.8" "build" "--frozen" "--message-format=json" "--release", kill_on_drop: false }`
[INFO] [stderr]    Compiling syn v2.0.119
[INFO] [stderr]    Compiling subtle v2.6.1
[INFO] [stderr]    Compiling getrandom v0.2.17
[INFO] [stderr]    Compiling zerocopy v0.8.59
[INFO] [stderr]    Compiling cc v1.5.1
[INFO] [stderr]    Compiling parking_lot_core v0.9.12
[INFO] [stderr]    Compiling aws-lc-rs v1.18.1
[INFO] [stderr]    Compiling num-traits v0.2.19
[INFO] [stderr]    Compiling serde v1.0.229
[INFO] [stderr]    Compiling futures-task v0.3.34
[INFO] [stderr]    Compiling rustls v0.23.45
[INFO] [stderr]    Compiling time-macros v0.2.32
[INFO] [stderr]    Compiling curve25519-dalek v4.1.3
[INFO] [stderr]    Compiling deranged v0.5.8
[INFO] [stderr]    Compiling thiserror-impl v2.0.21
[INFO] [stderr]    Compiling num-bigint-dig v0.8.6
[INFO] [stderr]    Compiling idna v1.1.0
[INFO] [stderr]    Compiling sync_wrapper v1.0.2
[INFO] [stderr]    Compiling rand_core v0.6.4
[INFO] [stderr]    Compiling ipnet v2.12.2
[INFO] [stderr]    Compiling uuid v1.26.1
[INFO] [stderr]    Compiling futures-util v0.3.34
[INFO] [stderr]    Compiling parking_lot v0.12.5
[INFO] [stderr]    Compiling ff v0.13.1
[INFO] [stderr]    Compiling group v0.13.0
[INFO] [stderr]    Compiling tokio v1.53.1
[INFO] [stderr]    Compiling url v2.5.8
[INFO] [stderr]    Compiling serde_urlencoded v0.7.1
[INFO] [stderr]    Compiling num-integer v0.1.47
[INFO] [stderr]    Compiling thiserror v2.0.21
[INFO] [stderr]    Compiling num-iter v0.1.46
[INFO] [stderr]    Compiling num-bigint v0.4.8
[INFO] [stderr]    Compiling cmake v0.1.58
[INFO] [stderr]    Compiling aws-lc-sys v0.45.0
[INFO] [stderr]    Compiling time v0.3.55
[INFO] [stderr]    Compiling simple_asn1 v0.6.4
[INFO] [stderr]    Compiling ppv-lite86 v0.2.21
[INFO] [stderr]    Compiling rand_chacha v0.3.1
[INFO] [stderr]    Compiling rand_chacha v0.9.0
[INFO] [stderr]    Compiling rand v0.8.8
[INFO] [stderr]    Compiling rand v0.9.5
[INFO] [stderr]    Compiling zeroize_derive v1.5.0
[INFO] [stderr]    Compiling curve25519-dalek-derive v0.1.1
[INFO] [stderr]    Compiling zeroize v1.9.0
[INFO] [stderr]    Compiling generic-array v0.14.7
[INFO] [stderr]    Compiling der v0.7.10
[INFO] [stderr]    Compiling rustls-pki-types v1.15.1
[INFO] [stderr]    Compiling rustls-native-certs v0.8.4
[INFO] [stderr]    Compiling crypto-common v0.1.7
[INFO] [stderr]    Compiling block-buffer v0.10.4
[INFO] [stderr]    Compiling crypto-bigint v0.5.5
[INFO] [stderr]    Compiling digest v0.10.7
[INFO] [stderr]    Compiling hmac v0.12.1
[INFO] [stderr]    Compiling signature v2.2.0
[INFO] [stderr]    Compiling hkdf v0.12.4
[INFO] [stderr]    Compiling sha2 v0.10.9
[INFO] [stderr]    Compiling rfc6979 v0.4.0
[INFO] [stderr]    Compiling spki v0.7.3
[INFO] [stderr]    Compiling pkcs8 v0.10.2
[INFO] [stderr]    Compiling tokio-util v0.7.19
[INFO] [stderr]    Compiling tower v0.5.3
[INFO] [stderr]    Compiling sec1 v0.7.3
[INFO] [stderr]    Compiling pkcs1 v0.7.5
[INFO] [stderr]    Compiling elliptic-curve v0.13.8
[INFO] [stderr]    Compiling h2 v0.4.19
[INFO] [stderr]    Compiling ed25519 v2.2.3
[INFO] [stderr]    Compiling primeorder v0.13.6
[INFO] [stderr]    Compiling ecdsa v0.16.9
[INFO] [stderr]    Compiling rsa v0.9.10
[INFO] [stderr]    Compiling tower-http v0.6.11
[INFO] [stderr]    Compiling silicon-extend-protocol v2.0.0
[INFO] [stderr]    Compiling ed25519-dalek v2.2.0
[INFO] [stderr]    Compiling p256 v0.13.2
[INFO] [stderr]    Compiling p384 v0.13.1
[INFO] [stderr]    Compiling jsonwebtoken v11.1.0
[INFO] [stderr]    Compiling hyper v1.11.1
[INFO] [stderr]    Compiling hyper-util v0.1.21
[INFO] [stderr]    Compiling rustls-webpki v0.103.15
[INFO] [stderr]    Compiling tokio-rustls v0.26.5
[INFO] [stderr]    Compiling rustls-platform-verifier v0.7.1
[INFO] [stderr]    Compiling hyper-rustls v0.27.10
[INFO] [stderr]    Compiling reqwest v0.13.5
[INFO] [stderr]    Compiling silicon-accounts-client v0.4.0
[INFO] [stderr]    Compiling silicon-extend-client v4.1.0
[INFO] [stderr]    Compiling silicon-extend-cli v4.1.0 (/opt/rustwide/workdir)
[INFO] [stderr]     Finished `release` profile [optimized] target(s) in 3m 22s
[INFO] running `Command { std: "docker" "inspect" "33b3ce08c724cae096bb99c397c255b01f4274291dd0f2fd7e14f7b365d250e3", kill_on_drop: false }`
[INFO] running `Command { std: "docker" "exec" "-e" "SOURCE_DIR=/opt/rustwide/workdir" "-e" "CARGO_HOME=/opt/rustwide/cargo-home" "-e" "RUSTUP_HOME=/opt/rustwide/rustup-home" "-e" "CARGO_TARGET_DIR=/opt/rustwide/target" "-e" "CARGO_INCREMENTAL=0" "-e" "RUST_BACKTRACE=full" "-e" "RUSTFLAGS=--cap-lints=warn" "-e" "RUSTDOCFLAGS=--cap-lints=warn" "-w" "/opt/rustwide/workdir" "--user" "0:0" "33b3ce08c724cae096bb99c397c255b01f4274291dd0f2fd7e14f7b365d250e3" "/opt/rustwide/cargo-home/bin/cargo" "+1.99.0-beta.8" "test" "--frozen" "--no-run" "--message-format=json" "--release", kill_on_drop: false }`
[INFO] [stderr]    Compiling silicon-extend-cli v4.1.0 (/opt/rustwide/workdir)
[INFO] [stderr]     Finished `release` profile [optimized] target(s) in 16.35s
[INFO] running `Command { std: "docker" "inspect" "33b3ce08c724cae096bb99c397c255b01f4274291dd0f2fd7e14f7b365d250e3", kill_on_drop: false }`
[INFO] running `Command { std: "docker" "exec" "-e" "SOURCE_DIR=/opt/rustwide/workdir" "-e" "CARGO_HOME=/opt/rustwide/cargo-home" "-e" "RUSTUP_HOME=/opt/rustwide/rustup-home" "-e" "CARGO_TARGET_DIR=/opt/rustwide/target" "-e" "CARGO_INCREMENTAL=0" "-e" "RUST_BACKTRACE=full" "-e" "RUSTFLAGS=--cap-lints=warn" "-e" "RUSTDOCFLAGS=--cap-lints=warn" "-w" "/opt/rustwide/workdir" "--user" "0:0" "33b3ce08c724cae096bb99c397c255b01f4274291dd0f2fd7e14f7b365d250e3" "/opt/rustwide/cargo-home/bin/cargo" "+1.99.0-beta.8" "test" "--frozen" "--release", kill_on_drop: false }`
[INFO] [stderr]     Finished `release` profile [optimized] target(s) in 0.24s
[INFO] [stderr]      Running unittests src/main.rs (/opt/rustwide/target/release/deps/extend-dd284e237d333d8c)
[INFO] [stdout] 
[INFO] [stdout] running 33 tests
[INFO] [stdout] test args::tests::retired_global_flags_are_read_with_their_value ... ok
[INFO] [stdout] test output::tests::colour_follows_the_setting_then_no_color_then_the_terminal ... ok
[INFO] [stdout] test compat::tests::current_deprecated_sunset_and_unsupported ... ok
[INFO] [stdout] test output::tests::paint_only_when_coloured ... ok
[INFO] [stdout] test retired::tests::every_retired_spelling_says_what_to_do_instead ... ok
[INFO] [stdout] test args::tests::login_takes_a_token_three_ways_and_the_device_flow_flags ... ok
[INFO] [stdout] test args::tests::every_spec_names_a_documented_command ... ok
[INFO] [stdout] test help::tests::tv_click_help_uses_element_requirements_without_offering_gestures ... ok
[INFO] [stdout] test args::tests::extra_arguments_are_refused ... ok
[INFO] [stdout] test args::tests::a_parse_error_keeps_the_globals_read_so_far ... ok
[INFO] [stdout] test compat::tests::ranges ... ok
[INFO] [stdout] test args::tests::an_extend_flag_value_is_never_a_global_flag ... ok
[INFO] [stdout] test tests::double_dash_ends_extends_flags ... ok
[INFO] [stdout] test tests::extend_flags_before_the_first_adb_argument_are_extends ... ok
[INFO] [stdout] test tests::globals_are_pulled_out_anywhere ... ok
[INFO] [stdout] test tests::globals_still_work_anywhere_for_other_commands ... ok
[INFO] [stdout] test signin::tests::a_refresh_keeps_the_account_and_refuses_another ... ok
[INFO] [stdout] test tests::install_and_push_refuse_what_is_not_a_local_file ... ok
[INFO] [stdout] test help::tests::install_help_matches_the_contract ... FAILED
[INFO] [stdout] test tests::saved_files_stay_inside_the_directory ... ok
[INFO] [stdout] test signin::tests::the_file_round_trips_and_old_or_broken_files_are_recognised ... ok
[INFO] [stdout] test tests::ttl_parsing ... ok
[INFO] [stdout] test tests::adb_arguments_reach_the_device_exactly_as_typed ... ok
[INFO] [stdout] test tests::adb_shell_arguments_are_never_uploaded ... ok
[INFO] [stdout] test tests::args_flags ... ok
[INFO] [stdout] test tests::settings_are_checked_against_their_ranges ... ok
[INFO] [stdout] test help::tests::every_accepted_flag_is_in_help ... ok
[INFO] [stdout] test help::tests::help_marks_commands_the_connected_device_cannot_run ... ok
[INFO] [stdout] test args::tests::unknown_flags_are_refused_with_the_choices ... ok
[INFO] [stdout] test tests::adb_pull_saves_to_the_local_path ... ok
[INFO] [stdout] test tests::oversized_files_are_refused_before_reading ... ok
[INFO] [stdout] test store::tests::copy_state_moves_login_settings_tests_and_sessions_but_not_locks ... ok
[INFO] [stdout] test tests::attachments_are_limited_in_total_and_count ... ok
[INFO] [stdout] 
[INFO] [stdout] failures:
[INFO] [stdout] 
[INFO] [stdout] ---- help::tests::install_help_matches_the_contract stdout ----
[INFO] [stdout] 
[INFO] [stdout] thread 'help::tests::install_help_matches_the_contract' (3147) panicked at src/help.rs:857:10:
[INFO] [stdout] called `Result::unwrap()` on an `Err` value: Os { code: 2, kind: NotFound, message: "No such file or directory" }
[INFO] [stdout] stack backtrace:
[INFO] [stdout]    0:     0x5cc1c36359a1 - <<std[70759c8f55707aa4]::sys::backtrace::BacktraceLock>::print::DisplayBacktrace as core[df12db4294e9bfd3]::fmt::Display>::fmt
[INFO] [stdout]    1:     0x5cc1c364be6a - core[df12db4294e9bfd3]::fmt::write
[INFO] [stdout]    2:     0x5cc1c363a69c - <alloc[2182bb758b4b3781]::vec::Vec<u8> as core[df12db4294e9bfd3]::io::write::Write>::write_fmt
[INFO] [stdout]    3:     0x5cc1c360ec06 - std[70759c8f55707aa4]::panicking::default_hook::{closure#0}
[INFO] [stdout]    4:     0x5cc1c362ca89 - std[70759c8f55707aa4]::panicking::default_hook
[INFO] [stdout]    5:     0x5cc1c359e9f0 - test[9d35eded1c95d3be]::test_main_inner::<test[9d35eded1c95d3be]::test_main_static::{closure#0}>::{closure#0}
[INFO] [stdout]    6:     0x5cc1c362cc42 - std[70759c8f55707aa4]::panicking::panic_with_hook
[INFO] [stdout]    7:     0x5cc1c360ecb2 - std[70759c8f55707aa4]::panicking::panic_handler::{closure#0}
[INFO] [stdout]    8:     0x5cc1c36070f9 - std[70759c8f55707aa4]::sys::backtrace::__rust_end_short_backtrace::<std[70759c8f55707aa4]::panicking::panic_handler::{closure#0}, !>
[INFO] [stdout]    9:     0x5cc1c360fb6d - __rustc[8fa7c3cbc660c2b3]::rust_begin_unwind
[INFO] [stdout]   10:     0x5cc1c364c59c - core[df12db4294e9bfd3]::panicking::panic_fmt
[INFO] [stdout]   11:     0x5cc1c364c372 - core[df12db4294e9bfd3]::result::unwrap_failed
[INFO] [stdout]   12:     0x5cc1c357b4d2 - extend[e62316aa9347ff37]::help::tests::install_help_matches_the_contract
[INFO] [stdout]   13:     0x5cc1c3567719 - <extend[e62316aa9347ff37]::help::tests::install_help_matches_the_contract::{closure#0} as core[df12db4294e9bfd3]::ops::function::FnOnce<()>>::call_once
[INFO] [stdout]   14:     0x5cc1c3591cdb - test[9d35eded1c95d3be]::__rust_begin_short_backtrace::<core[df12db4294e9bfd3]::result::Result<(), alloc[2182bb758b4b3781]::string::String>, fn() -> core[df12db4294e9bfd3]::result::Result<(), alloc[2182bb758b4b3781]::string::String>>
[INFO] [stdout]   15:     0x5cc1c359f345 - test[9d35eded1c95d3be]::run_test::{closure#0}
[INFO] [stdout]   16:     0x5cc1c3598c04 - std[70759c8f55707aa4]::sys::backtrace::__rust_begin_short_backtrace::<test[9d35eded1c95d3be]::run_test::{closure#1}, ()>
[INFO] [stdout]   17:     0x5cc1c35a24a2 - <std[70759c8f55707aa4]::thread::lifecycle::spawn_unchecked<test[9d35eded1c95d3be]::run_test::{closure#1}, ()>::{closure#1} as core[df12db4294e9bfd3]::ops::function::FnOnce<()>>::call_once::{shim:vtable#0}
[INFO] [stdout]   18:     0x5cc1c36349f9 - <std[70759c8f55707aa4]::sys::thread::unix::Thread>::new::thread_start
[INFO] [stdout]   19:     0x71c7f2dd8dfa - <unknown>
[INFO] [stdout]   20:     0x71c7f2e6c3d4 - clone
[INFO] [stdout]   21:                0x0 - <unknown>
[INFO] [stdout] 
[INFO] [stdout] 
[INFO] [stdout] failures:
[INFO] [stdout]     help::tests::install_help_matches_the_contract
[INFO] [stdout] 
[INFO] [stdout] test result: FAILED. 32 passed; 1 failed; 0 ignored; 0 measured; 0 filtered out; finished in 0.16s
[INFO] [stdout] 
[INFO] [stderr] error: test failed, to rerun pass `--bin extend`
[INFO] running `Command { std: "docker" "inspect" "33b3ce08c724cae096bb99c397c255b01f4274291dd0f2fd7e14f7b365d250e3", kill_on_drop: false }`
[INFO] running `Command { std: "docker" "rm" "-f" "33b3ce08c724cae096bb99c397c255b01f4274291dd0f2fd7e14f7b365d250e3", kill_on_drop: false }`
[INFO] [stdout] 33b3ce08c724cae096bb99c397c255b01f4274291dd0f2fd7e14f7b365d250e3
