[INFO] fetching crate signet-journal-client 0.1.0...
[INFO] testing signet-journal-client-0.1.0 against 1.99.0-beta.8+cargoflags=--release for beta-release-1.100-2
[INFO] extracting crate signet-journal-client 0.1.0 into /workspace/builds/worker-6-tc1/source
[INFO] started tweaking crates.io crate signet-journal-client 0.1.0
[INFO] removed 0 missing tests
[INFO] finished tweaking crates.io crate signet-journal-client 0.1.0
[INFO] tweaked toml for crates.io crate signet-journal-client 0.1.0 written to /workspace/builds/worker-6-tc1/source/Cargo.toml
[INFO] validating manifest of crates.io crate signet-journal-client 0.1.0 on toolchain 1.99.0-beta.8
[INFO] running `Command { std: CARGO_HOME="/workspace/cargo-home" RUSTUP_HOME="/workspace/rustup-home" "/workspace/cargo-home/bin/cargo" "+1.99.0-beta.8" "metadata" "--manifest-path" "Cargo.toml" "--no-deps", kill_on_drop: false }`
[INFO] crate crates.io crate signet-journal-client 0.1.0 already has a lockfile, it will not be regenerated
[INFO] running `Command { std: CARGO_HOME="/workspace/cargo-home" RUSTUP_HOME="/workspace/rustup-home" "/workspace/cargo-home/bin/cargo" "+1.99.0-beta.8" "fetch" "--manifest-path" "Cargo.toml", kill_on_drop: false }`
[INFO] [stderr]     Updating crates.io index
[INFO] [stderr]  Downloading crates ...
[INFO] [stderr]   Downloaded bitcoin-io v0.1.4
[INFO] [stderr]   Downloaded signet-journal-store v0.1.0
[INFO] [stderr]   Downloaded signet-journal-chain v0.1.0
[INFO] [stderr]   Downloaded alloy-primitives v1.6.0
[INFO] [stderr]   Downloaded secp256k1 v0.31.1
[INFO] [stderr]   Downloaded alloy-rlp v0.3.15
[INFO] [stderr]   Downloaded signet-libmdbx v0.8.3
[INFO] [stderr]   Downloaded ruint v1.18.0
[INFO] [stderr]   Downloaded keccak-asm v0.1.7
[INFO] [stderr]   Downloaded const-hex v1.19.0
[INFO] [stderr]   Downloaded sha3-asm v0.1.7
[INFO] [stderr]   Downloaded signet-mdbx-sys v0.1.0
[INFO] [stderr]   Downloaded secp256k1-sys v0.11.0
[INFO] running `Command { std: "docker" "create" "-v" "/var/lib/crater-agent-workspace/builds/worker-6-tc1/source:/opt/rustwide/workdir:ro,Z" "-v" "/var/lib/crater-agent-workspace/builds/worker-6-tc1/target:/opt/rustwide/target:rw,Z" "-v" "/var/lib/crater-agent-workspace/cargo-home:/opt/rustwide/cargo-home:ro,Z" "-v" "/var/lib/crater-agent-workspace/rustup-home:/opt/rustwide/rustup-home:ro,Z" "-m" "1610612736" "--network" "none" "ghcr.io/rust-lang/crates-build-env/linux@sha256:77db811e55d90add9212f6832c23229e3de5f1c1f9905e8cb07319ea15df73ac" "sleep" "infinity", kill_on_drop: false }`
[INFO] [stdout] 52bd1b28eae99adfe28e3e874dcf71aa7b6d279a8c9edd5152fd7c72be753cf9
[INFO] running `Command { std: "docker" "start" "52bd1b28eae99adfe28e3e874dcf71aa7b6d279a8c9edd5152fd7c72be753cf9", kill_on_drop: false }`
[INFO] running `Command { std: "docker" "inspect" "52bd1b28eae99adfe28e3e874dcf71aa7b6d279a8c9edd5152fd7c72be753cf9", kill_on_drop: false }`
[INFO] running `Command { std: "docker" "exec" "-e" "SOURCE_DIR=/opt/rustwide/workdir" "-e" "CARGO_HOME=/opt/rustwide/cargo-home" "-e" "RUSTUP_HOME=/opt/rustwide/rustup-home" "-e" "CARGO_TARGET_DIR=/opt/rustwide/target" "-w" "/opt/rustwide/workdir" "--user" "0:0" "52bd1b28eae99adfe28e3e874dcf71aa7b6d279a8c9edd5152fd7c72be753cf9" "/opt/rustwide/cargo-home/bin/cargo" "+1.99.0-beta.8" "metadata" "--no-deps" "--format-version=1", kill_on_drop: false }`
[INFO] running `Command { std: "docker" "inspect" "52bd1b28eae99adfe28e3e874dcf71aa7b6d279a8c9edd5152fd7c72be753cf9", kill_on_drop: false }`
[INFO] running `Command { std: "docker" "exec" "-e" "SOURCE_DIR=/opt/rustwide/workdir" "-e" "CARGO_HOME=/opt/rustwide/cargo-home" "-e" "RUSTUP_HOME=/opt/rustwide/rustup-home" "-e" "CARGO_TARGET_DIR=/opt/rustwide/target" "-e" "CARGO_INCREMENTAL=0" "-e" "RUST_BACKTRACE=full" "-e" "RUSTFLAGS=--cap-lints=warn" "-e" "RUSTDOCFLAGS=--cap-lints=warn" "-w" "/opt/rustwide/workdir" "--user" "0:0" "52bd1b28eae99adfe28e3e874dcf71aa7b6d279a8c9edd5152fd7c72be753cf9" "/opt/rustwide/cargo-home/bin/cargo" "+1.99.0-beta.8" "build" "--frozen" "--message-format=json" "--release", kill_on_drop: false }`
[INFO] [stderr]    Compiling yoke v0.8.2
[INFO] [stderr]    Compiling cc v1.2.62
[INFO] [stderr]    Compiling hybrid-array v0.4.12
[INFO] [stderr]    Compiling zerocopy v0.8.48
[INFO] [stderr]    Compiling unicode-segmentation v1.13.2
[INFO] [stderr]    Compiling generic-array v0.14.9
[INFO] [stderr]    Compiling parking_lot_core v0.9.12
[INFO] [stderr]    Compiling keccak v0.2.0
[INFO] [stderr]    Compiling ruint-macro v1.2.1
[INFO] [stderr]    Compiling const-hex v1.19.0
[INFO] [stderr]    Compiling hashbrown v0.17.1
[INFO] [stderr]    Compiling tokio v1.52.3
[INFO] [stderr]    Compiling data-encoding v2.11.0
[INFO] [stderr]    Compiling futures-sink v0.3.32
[INFO] [stderr]    Compiling rustc-hash v2.1.2
[INFO] [stderr]    Compiling fastrand v2.4.1
[INFO] [stderr]    Compiling futures-util v0.3.32
[INFO] [stderr]    Compiling ruint v1.18.0
[INFO] [stderr]    Compiling parking_lot v0.12.5
[INFO] [stderr]    Compiling backon v1.6.0
[INFO] [stderr]    Compiling zerovec v0.11.6
[INFO] [stderr]    Compiling zerotrie v0.2.4
[INFO] [stderr]    Compiling block-buffer v0.10.4
[INFO] [stderr]    Compiling crypto-common v0.1.6
[INFO] [stderr]    Compiling digest v0.10.7
[INFO] [stderr]    Compiling convert_case v0.10.0
[INFO] [stderr]    Compiling block-buffer v0.12.0
[INFO] [stderr]    Compiling crypto-common v0.2.2
[INFO] [stderr]    Compiling derive_more-impl v2.1.1
[INFO] [stderr]    Compiling sha1 v0.10.6
[INFO] [stderr]    Compiling tinystr v0.8.3
[INFO] [stderr]    Compiling potential_utf v0.1.5
[INFO] [stderr]    Compiling icu_collections v2.2.0
[INFO] [stderr]    Compiling icu_locale_core v2.2.0
[INFO] [stderr]    Compiling digest v0.11.3
[INFO] [stderr]    Compiling sha3 v0.11.0
[INFO] [stderr]    Compiling zstd-sys v2.0.16+zstd.1.5.7
[INFO] [stderr]    Compiling signet-mdbx-sys v0.1.0
[INFO] [stderr]    Compiling icu_provider v2.2.0
[INFO] [stderr]    Compiling icu_properties v2.2.0
[INFO] [stderr]    Compiling icu_normalizer v2.2.0
[INFO] [stderr]    Compiling idna_adapter v1.2.2
[INFO] [stderr]    Compiling idna v1.1.0
[INFO] [stderr]    Compiling derive_more v2.1.1
[INFO] [stderr]    Compiling alloy-primitives v1.6.0
[INFO] [stderr]    Compiling ppv-lite86 v0.2.21
[INFO] [stderr]    Compiling url v2.5.8
[INFO] [stderr]    Compiling rand_chacha v0.9.0
[INFO] [stderr]    Compiling rand v0.9.4
[INFO] [stderr]    Compiling tungstenite v0.29.0
[INFO] [stderr]    Compiling tokio-tungstenite v0.29.0
[INFO] [stderr]    Compiling zstd-safe v7.2.4
[INFO] [stderr]    Compiling zstd v0.13.3
[INFO] [stderr]    Compiling signet-libmdbx v0.8.3
[INFO] [stderr]    Compiling signet-journal-store v0.1.0
[INFO] [stderr]    Compiling signet-journal-chain v0.1.0
[INFO] [stderr]    Compiling signet-journal-client v0.1.0 (/opt/rustwide/workdir)
[INFO] [stderr]     Finished `release` profile [optimized] target(s) in 1m 09s
[INFO] running `Command { std: "docker" "inspect" "52bd1b28eae99adfe28e3e874dcf71aa7b6d279a8c9edd5152fd7c72be753cf9", kill_on_drop: false }`
[INFO] running `Command { std: "docker" "exec" "-e" "SOURCE_DIR=/opt/rustwide/workdir" "-e" "CARGO_HOME=/opt/rustwide/cargo-home" "-e" "RUSTUP_HOME=/opt/rustwide/rustup-home" "-e" "CARGO_TARGET_DIR=/opt/rustwide/target" "-e" "CARGO_INCREMENTAL=0" "-e" "RUST_BACKTRACE=full" "-e" "RUSTFLAGS=--cap-lints=warn" "-e" "RUSTDOCFLAGS=--cap-lints=warn" "-w" "/opt/rustwide/workdir" "--user" "0:0" "52bd1b28eae99adfe28e3e874dcf71aa7b6d279a8c9edd5152fd7c72be753cf9" "/opt/rustwide/cargo-home/bin/cargo" "+1.99.0-beta.8" "test" "--frozen" "--no-run" "--message-format=json" "--release", kill_on_drop: false }`
[INFO] [stderr]    Compiling tokio v1.52.3
[INFO] [stderr]    Compiling tracing v0.1.44
[INFO] [stderr]    Compiling futures-util v0.3.32
[INFO] [stderr]    Compiling icu_normalizer v2.2.0
[INFO] [stderr]    Compiling serde v1.0.228
[INFO] [stderr]    Compiling serde_json v1.0.150
[INFO] [stderr]    Compiling axum-core v0.5.6
[INFO] [stderr]    Compiling signet-libmdbx v0.8.3
[INFO] [stderr]    Compiling idna_adapter v1.2.2
[INFO] [stderr]    Compiling idna v1.1.0
[INFO] [stderr]    Compiling serde_urlencoded v0.7.1
[INFO] [stderr]    Compiling url v2.5.8
[INFO] [stderr]    Compiling signet-journal-store v0.1.0
[INFO] [stderr]    Compiling hyper v1.9.0
[INFO] [stderr]    Compiling tower v0.5.3
[INFO] [stderr]    Compiling tokio-tungstenite v0.29.0
[INFO] [stderr]    Compiling tokio-util v0.7.18
[INFO] [stderr]    Compiling hyper-util v0.1.20
[INFO] [stderr]    Compiling axum v0.8.9
[INFO] [stderr]    Compiling signet-journal-chain v0.1.0
[INFO] [stderr]    Compiling signet-journal-client v0.1.0 (/opt/rustwide/workdir)
[INFO] [stderr]     Finished `release` profile [optimized] target(s) in 53.05s
[INFO] running `Command { std: "docker" "inspect" "52bd1b28eae99adfe28e3e874dcf71aa7b6d279a8c9edd5152fd7c72be753cf9", kill_on_drop: false }`
[INFO] running `Command { std: "docker" "exec" "-e" "SOURCE_DIR=/opt/rustwide/workdir" "-e" "CARGO_HOME=/opt/rustwide/cargo-home" "-e" "RUSTUP_HOME=/opt/rustwide/rustup-home" "-e" "CARGO_TARGET_DIR=/opt/rustwide/target" "-e" "CARGO_INCREMENTAL=0" "-e" "RUST_BACKTRACE=full" "-e" "RUSTFLAGS=--cap-lints=warn" "-e" "RUSTDOCFLAGS=--cap-lints=warn" "-w" "/opt/rustwide/workdir" "--user" "0:0" "52bd1b28eae99adfe28e3e874dcf71aa7b6d279a8c9edd5152fd7c72be753cf9" "/opt/rustwide/cargo-home/bin/cargo" "+1.99.0-beta.8" "test" "--frozen" "--release", kill_on_drop: false }`
[INFO] [stderr]     Finished `release` profile [optimized] target(s) in 0.25s
[INFO] [stderr]      Running unittests src/lib.rs (/opt/rustwide/target/release/deps/signet_journal_client-f757fd781270af89)
[INFO] [stdout] 
[INFO] [stdout] running 56 tests
[INFO] [stdout] test client::tests::into_journal_url_preserves_path_prefix ... ok
[INFO] [stdout] test client::tests::into_journal_url_rejects_query_string ... ok
[INFO] [stdout] test client::tests::into_journal_url_accepts_wss_scheme ... ok
[INFO] [stdout] test client::tests::into_journal_url_appends_journal_to_bare_host ... ok
[INFO] [stdout] test client::tests::into_journal_url_strips_only_one_journal_suffix ... ok
[INFO] [stdout] test client::tests::into_journal_url_strips_trailing_slash_before_appending ... ok
[INFO] [stdout] test client::tests::into_journal_url_preserves_path_prefix_with_existing_journal ... ok
[INFO] [stdout] test client::tests::new_rejects_equal_heights_with_different_hashes ... ok
[INFO] [stdout] test client::tests::new_rejects_fallback_above_primary ... ok
[INFO] [stdout] test rolling_checkpoints::tests::contiguous_forward_extension_from_fallback ... ok
[INFO] [stdout] test client::tests::into_journal_url_rejects_userinfo_before_all_other_checks ... ok
[INFO] [stdout] test client::tests::into_journal_url_rejects_fragment ... ok
[INFO] [stdout] test client::tests::new_deduplicates_after_canonicalization ... ok
[INFO] [stdout] test client::tests::into_journal_url_strips_trailing_slash_after_journal ... ok
[INFO] [stdout] test client::tests::new_deduplicates_urls ... ok
[INFO] [stdout] test client::tests::into_journal_url_rejects_username_and_password ... ok
[INFO] [stdout] test rolling_checkpoints::tests::hash_at_reads_both_seeds_before_first_push ... ok
[INFO] [stdout] test client::tests::into_journal_url_accepts_existing_journal_path ... ok
[INFO] [stdout] test client::tests::into_journal_url_rejects_username ... ok
[INFO] [stdout] test rolling_checkpoints::tests::fallback_seed_clears_once_ring_hits_cap ... ok
[INFO] [stdout] test rolling_checkpoints::tests::push_below_front_rejected - should panic ... FAILED
[INFO] [stdout] test rolling_checkpoints::tests::reorg_push_evicts_stale_forward_entries ... ok
[INFO] [stdout] test rolling_checkpoints::tests::reorg_push_preserves_contiguity ... ok
[INFO] [stdout] test rolling_checkpoints::tests::ring_fifo_evicts_oldest_entry_above_cap ... ok
[INFO] [stdout] test rolling_checkpoints::tests::new_stores_only_primary_when_both_checkpoints_match ... ok
[INFO] [stdout] test rolling_checkpoints::tests::take_reconnect_anchor_prefers_fallback_seed_during_ramp_up ... ok
[INFO] [stdout] test rolling_checkpoints::tests::new_panics_on_equal_heights_with_different_hashes - should panic ... ok
[INFO] [stdout] test rolling_checkpoints::tests::take_reconnect_anchor_returns_entries_front_after_distinct_fallback_cleared_by_cap ... ok
[INFO] [stdout] test client::tests::new_accepts_fallback_equal_to_primary ... ok
[INFO] [stdout] test rolling_checkpoints::tests::take_reconnect_anchor_returns_fallback_when_entries_empty ... ok
[INFO] [stdout] test client::tests::new_preserves_order_after_dedup ... ok
[INFO] [stdout] test rolling_checkpoints::tests::first_push_clears_primary_seed ... ok
[INFO] [stdout] test rolling_checkpoints::tests::new_orders_seeds_as_primary_high_fallback_low ... ok
[INFO] [stdout] test client::tests::into_journal_url_rejects_non_ws_scheme ... ok
[INFO] [stdout] test sources::tests::get_returns_first_healthy ... ok
[INFO] [stdout] test sources::tests::faulty_source_not_available_within_backoff ... ok
[INFO] [stdout] test rolling_checkpoints::tests::take_reconnect_anchor_falls_through_to_entries_front_after_fallback_cleared ... ok
[INFO] [stdout] test sources::tests::get_all_exhausted ... ok
[INFO] [stdout] test client::tests::into_journal_url_preserves_path_prefix_with_trailing_slash ... ok
[INFO] [stdout] test sources::tests::get_prefers_healthy_over_faulty_past_backoff ... ok
[INFO] [stdout] test rolling_checkpoints::tests::take_reconnect_anchor_returns_primary_when_only_primary_seeded ... ok
[INFO] [stdout] test sources::tests::get_uses_faulty_past_backoff ... ok
[INFO] [stdout] test rolling_checkpoints::tests::take_reconnect_anchor_tracks_front_after_fifo_eviction ... ok
[INFO] [stdout] test sources::tests::mark_faulty_resets_reconnect_delay ... ok
[INFO] [stdout] test sources::tests::mark_healthy_restores_faulty_source ... ok
[INFO] [stdout] test rolling_checkpoints::tests::take_reconnect_anchor_with_fallback_clears_entries ... ok
[INFO] [stdout] test sources::tests::mark_faulty_targets_correct_source ... ok
[INFO] [stdout] test sources::tests::next_reconnect_delay_first_value_is_min ... ok
[INFO] [stdout] test sources::tests::faulty_source_available_after_backoff ... ok
[INFO] [stdout] test sources::tests::new_source_is_healthy ... ok
[INFO] [stdout] test rolling_checkpoints::tests::push_above_back_plus_one_rejected - should panic ... FAILED
[INFO] [stdout] test sources::tests::mark_healthy_resets_reconnect_delay ... ok
[INFO] [stdout] test sources::tests::get_skips_faulty_within_backoff ... ok
[INFO] [stdout] test sources::tests::new_preserves_urls_in_order ... ok
[INFO] [stdout] test sources::tests::next_reconnect_delay_grows_and_saturates ... ok
[INFO] [stdout] test sources::tests::next_reconnect_delay_is_per_source ... ok
[INFO] [stdout] 
[INFO] [stdout] failures:
[INFO] [stdout] 
[INFO] [stdout] ---- rolling_checkpoints::tests::push_below_front_rejected stdout ----
[INFO] [stdout] note: test did not panic as expected at src/rolling_checkpoints.rs:279:8
[INFO] [stdout] ---- rolling_checkpoints::tests::push_above_back_plus_one_rejected stdout ----
[INFO] [stdout] note: test did not panic as expected at src/rolling_checkpoints.rs:269:8
[INFO] [stdout] 
[INFO] [stdout] failures:
[INFO] [stdout]     rolling_checkpoints::tests::push_above_back_plus_one_rejected
[INFO] [stdout]     rolling_checkpoints::tests::push_below_front_rejected
[INFO] [stdout] 
[INFO] [stdout] test result: FAILED. 54 passed; 2 failed; 0 ignored; 0 measured; 0 filtered out; finished in 0.01s
[INFO] [stdout] 
[INFO] [stderr] error: test failed, to rerun pass `--lib`
[INFO] running `Command { std: "docker" "inspect" "52bd1b28eae99adfe28e3e874dcf71aa7b6d279a8c9edd5152fd7c72be753cf9", kill_on_drop: false }`
[INFO] running `Command { std: "docker" "rm" "-f" "52bd1b28eae99adfe28e3e874dcf71aa7b6d279a8c9edd5152fd7c72be753cf9", kill_on_drop: false }`
[INFO] [stdout] 52bd1b28eae99adfe28e3e874dcf71aa7b6d279a8c9edd5152fd7c72be753cf9
