[INFO] fetching crate signer-stronghold 0.1.2...
[INFO] testing signer-stronghold-0.1.2 against 1.99.0-beta.8+cargoflags=--release for beta-release-1.100-2
[INFO] extracting crate signer-stronghold 0.1.2 into /workspace/builds/worker-0-tc1/source
[INFO] started tweaking crates.io crate signer-stronghold 0.1.2
[INFO] finished tweaking crates.io crate signer-stronghold 0.1.2
[INFO] tweaked toml for crates.io crate signer-stronghold 0.1.2 written to /workspace/builds/worker-0-tc1/source/Cargo.toml
[INFO] validating manifest of crates.io crate signer-stronghold 0.1.2 on toolchain 1.99.0-beta.8
[INFO] running `Command { std: CARGO_HOME="/workspace/cargo-home" RUSTUP_HOME="/workspace/rustup-home" "/workspace/cargo-home/bin/cargo" "+1.99.0-beta.8" "metadata" "--manifest-path" "Cargo.toml" "--no-deps", kill_on_drop: false }`
[INFO] crate crates.io crate signer-stronghold 0.1.2 already has a lockfile, it will not be regenerated
[INFO] running `Command { std: CARGO_HOME="/workspace/cargo-home" RUSTUP_HOME="/workspace/rustup-home" "/workspace/cargo-home/bin/cargo" "+1.99.0-beta.8" "fetch" "--manifest-path" "Cargo.toml", kill_on_drop: false }`
[INFO] [stderr]     Updating crates.io index
[INFO] [stderr]  Downloading crates ...
[INFO] [stderr]   Downloaded iota_stronghold v2.1.0
[INFO] [stderr]   Downloaded bytes v1.8.0
[INFO] [stderr]   Downloaded serdect v0.2.0
[INFO] [stderr]   Downloaded derive_arbitrary v1.3.2
[INFO] [stderr]   Downloaded libflate_lz77 v2.1.0
[INFO] [stderr]   Downloaded thiserror-impl v1.0.65
[INFO] [stderr]   Downloaded thiserror v1.0.65
[INFO] [stderr]   Downloaded arbitrary v1.3.2
[INFO] [stderr]   Downloaded minisign-verify v0.2.2
[INFO] [stderr]   Downloaded dary_heap v0.3.7
[INFO] [stderr]   Downloaded iterator-sorted v0.1.0
[INFO] [stderr]   Downloaded stronghold-runtime v2.0.1
[INFO] [stderr]   Downloaded stronghold-utils v1.0.0
[INFO] [stderr]   Downloaded libflate v2.1.0
[INFO] [stderr]   Downloaded ed25519-zebra v4.0.3
[INFO] [stderr]   Downloaded stronghold-derive v1.0.0
[INFO] [stderr]   Downloaded rust-argon2 v1.0.0
[INFO] [stderr]   Downloaded stronghold_engine v2.0.1
[INFO] [stderr]   Downloaded allocator-api2 v0.2.18
[INFO] [stderr]   Downloaded unicode-bidi v0.3.17
[INFO] [stderr]   Downloaded tar v0.4.42
[INFO] [stderr]   Downloaded anyhow v1.0.91
[INFO] [stderr]   Downloaded auto_impl v1.2.0
[INFO] [stderr]   Downloaded zip v2.2.0
[INFO] [stderr]   Downloaded flate2 v1.0.34
[INFO] [stderr]   Downloaded ureq v2.10.1
[INFO] [stderr]   Downloaded iota-crypto v0.23.2
[INFO] [stderr]   Downloaded alloy-signer v1.0.3
[INFO] [stderr]   Downloaded alloy-primitives v1.1.0
[INFO] [stderr]   Downloaded ruint v1.14.0
[INFO] [stderr]   Downloaded rustix v0.38.38
[INFO] [stderr]   Downloaded libm v0.2.9
[INFO] [stderr]   Downloaded tokio v1.44.2
[INFO] [stderr]   Downloaded libsodium-sys-stable v1.21.4
[INFO] [stderr]   Downloaded alloy-rlp v0.3.9
[INFO] [stderr]   Downloaded alloy-rlp-derive v0.3.9
[INFO] [stderr]   Downloaded pest v2.7.14
[INFO] [stderr]   Downloaded wasmtimer v0.4.1
[INFO] [stderr]   Downloaded alloy-provider v1.0.3
[INFO] [stderr]   Downloaded openssl v0.10.72
[INFO] [stderr]   Downloaded hyper-util v0.1.11
[INFO] [stderr]   Downloaded windows v0.36.1
[INFO] [stderr]   Downloaded openssl-sys v0.9.107
[INFO] [stderr]   Downloaded alloy-transport v1.0.3
[INFO] [stderr]   Downloaded alloy-json-rpc v1.0.3
[INFO] [stderr]   Downloaded alloy-sol-types v1.0.0
[INFO] [stderr]   Downloaded alloy-sol-macro-input v1.0.0
[INFO] [stderr]   Downloaded syn-solidity v1.0.0
[INFO] [stderr]   Downloaded alloy-json-abi v1.0.0
[INFO] [stderr]   Downloaded alloy-serde v1.0.3
[INFO] [stderr]   Downloaded alloy-sol-macro v1.0.0
[INFO] [stderr]   Downloaded alloy-sol-type-parser v1.0.0
[INFO] [stderr]   Downloaded winnow v0.7.4
[INFO] [stderr]   Downloaded alloy-sol-macro-expander v1.0.0
[INFO] [stderr]   Downloaded alloy-rpc-types-trace v1.0.3
[INFO] [stderr]   Downloaded alloy-transport-http v1.0.3
[INFO] [stderr]   Downloaded alloy-rpc-types-eth v1.0.3
[INFO] [stderr]   Downloaded alloy-eips v1.0.3
[INFO] [stderr]   Downloaded alloy-network-primitives v1.0.3
[INFO] [stderr]   Downloaded blst v0.3.14
[INFO] [stderr]   Downloaded alloy-eip2930 v0.2.0
[INFO] [stderr]   Downloaded alloy-eip7702 v0.6.0
[INFO] [stderr]   Downloaded alloy-consensus v1.0.3
[INFO] [stderr]   Downloaded c-kzg v2.1.1
[INFO] [stderr]   Downloaded alloy-trie v0.8.0
[INFO] [stderr]   Downloaded alloy-consensus-any v1.0.3
[INFO] [stderr]   Downloaded alloy-rpc-types-debug v1.0.3
[INFO] [stderr]   Downloaded alloy-rpc-types-anvil v1.0.3
[INFO] [stderr]   Downloaded alloy-rpc-client v1.0.3
[INFO] [stderr]   Downloaded alloy-node-bindings v1.0.3
[INFO] [stderr]   Downloaded alloy-rpc-types-any v1.0.3
[INFO] [stderr]   Downloaded alloy-hardforks v0.2.0
[INFO] [stderr]   Downloaded alloy-signer-local v1.0.3
[INFO] [stderr]   Downloaded alloy-network v1.0.3
[INFO] [stderr]   Downloaded alloy-chains v0.2.0
[INFO] [stderr]   Downloaded alloy-dyn-abi v1.0.0
[INFO] [stderr]   Downloaded alloy-rpc-types v1.0.3
[INFO] [stderr]   Downloaded alloy v1.0.3
[INFO] [stderr]   Downloaded alloy-contract v1.0.3
[INFO] [stderr]   Downloaded alloy-core v1.0.0
[INFO] [stderr]   Downloaded alloy-genesis v1.0.3
[INFO] running `Command { std: "docker" "create" "-v" "/var/lib/crater-agent-workspace/builds/worker-0-tc1/source:/opt/rustwide/workdir:ro,Z" "-v" "/var/lib/crater-agent-workspace/builds/worker-0-tc1/target:/opt/rustwide/target:rw,Z" "-v" "/var/lib/crater-agent-workspace/cargo-home:/opt/rustwide/cargo-home:ro,Z" "-v" "/var/lib/crater-agent-workspace/rustup-home:/opt/rustwide/rustup-home:ro,Z" "-m" "1610612736" "--network" "none" "ghcr.io/rust-lang/crates-build-env/linux@sha256:77db811e55d90add9212f6832c23229e3de5f1c1f9905e8cb07319ea15df73ac" "sleep" "infinity", kill_on_drop: false }`
[INFO] [stdout] 94634530b4aba2ce9f02e5b059f8abf125398bf211137b47ba5b8ce46867bac3
[INFO] running `Command { std: "docker" "start" "94634530b4aba2ce9f02e5b059f8abf125398bf211137b47ba5b8ce46867bac3", kill_on_drop: false }`
[INFO] running `Command { std: "docker" "inspect" "94634530b4aba2ce9f02e5b059f8abf125398bf211137b47ba5b8ce46867bac3", kill_on_drop: false }`
[INFO] running `Command { std: "docker" "exec" "-e" "SOURCE_DIR=/opt/rustwide/workdir" "-e" "CARGO_HOME=/opt/rustwide/cargo-home" "-e" "RUSTUP_HOME=/opt/rustwide/rustup-home" "-e" "CARGO_TARGET_DIR=/opt/rustwide/target" "-w" "/opt/rustwide/workdir" "--user" "0:0" "94634530b4aba2ce9f02e5b059f8abf125398bf211137b47ba5b8ce46867bac3" "/opt/rustwide/cargo-home/bin/cargo" "+1.99.0-beta.8" "metadata" "--no-deps" "--format-version=1", kill_on_drop: false }`
[INFO] running `Command { std: "docker" "inspect" "94634530b4aba2ce9f02e5b059f8abf125398bf211137b47ba5b8ce46867bac3", kill_on_drop: false }`
[INFO] running `Command { std: "docker" "exec" "-e" "SOURCE_DIR=/opt/rustwide/workdir" "-e" "CARGO_HOME=/opt/rustwide/cargo-home" "-e" "RUSTUP_HOME=/opt/rustwide/rustup-home" "-e" "CARGO_TARGET_DIR=/opt/rustwide/target" "-e" "CARGO_INCREMENTAL=0" "-e" "RUST_BACKTRACE=full" "-e" "RUSTFLAGS=--cap-lints=warn" "-e" "RUSTDOCFLAGS=--cap-lints=warn" "-w" "/opt/rustwide/workdir" "--user" "0:0" "94634530b4aba2ce9f02e5b059f8abf125398bf211137b47ba5b8ce46867bac3" "/opt/rustwide/cargo-home/bin/cargo" "+1.99.0-beta.8" "build" "--frozen" "--message-format=json" "--release", kill_on_drop: false }`
[INFO] [stderr]    Compiling unicode-ident v1.0.13
[INFO] [stderr]    Compiling serde v1.0.213
[INFO] [stderr]    Compiling subtle v2.6.1
[INFO] [stderr]    Compiling libc v0.2.172
[INFO] [stderr]    Compiling cpufeatures v0.2.14
[INFO] [stderr]    Compiling crunchy v0.2.2
[INFO] [stderr]    Compiling tiny-keccak v2.0.2
[INFO] [stderr]    Compiling base16ct v0.2.0
[INFO] [stderr]    Compiling generic-array v0.14.7
[INFO] [stderr]    Compiling foldhash v0.1.5
[INFO] [stderr]    Compiling itoa v1.0.11
[INFO] [stderr]    Compiling ahash v0.8.11
[INFO] [stderr]    Compiling thiserror v2.0.12
[INFO] [stderr]    Compiling semver v1.0.23
[INFO] [stderr]    Compiling serde_json v1.0.132
[INFO] [stderr]    Compiling tinyvec v1.8.0
[INFO] [stderr]    Compiling zerocopy v0.7.35
[INFO] [stderr]    Compiling rustix v0.38.38
[INFO] [stderr]    Compiling tracing-core v0.1.32
[INFO] [stderr]    Compiling percent-encoding v2.3.1
[INFO] [stderr]    Compiling linux-raw-sys v0.4.14
[INFO] [stderr]    Compiling proc-macro2 v1.0.94
[INFO] [stderr]    Compiling unicode-bidi v0.3.17
[INFO] [stderr]    Compiling pin-project-lite v0.2.15
[INFO] [stderr]    Compiling memchr v2.7.4
[INFO] [stderr]    Compiling bitflags v2.6.0
[INFO] [stderr]    Compiling allocator-api2 v0.2.18
[INFO] [stderr]    Compiling const-hex v1.14.0
[INFO] [stderr]    Compiling form_urlencoded v1.2.1
[INFO] [stderr]    Compiling rle-decode-fast v1.0.3
[INFO] [stderr]    Compiling indexmap v2.6.0
[INFO] [stderr]    Compiling rustc_version v0.4.1
[INFO] [stderr]    Compiling crc32fast v1.4.2
[INFO] [stderr]    Compiling adler32 v1.2.0
[INFO] [stderr]    Compiling unicode-normalization v0.1.24
[INFO] [stderr]    Compiling base64 v0.22.1
[INFO] [stderr]    Compiling log v0.4.22
[INFO] [stderr]    Compiling quote v1.0.37
[INFO] [stderr]    Compiling curve25519-dalek v4.1.3
[INFO] [stderr]    Compiling hashbrown v0.14.5
[INFO] [stderr]    Compiling dary_heap v0.3.7
[INFO] [stderr]    Compiling cc v1.2.17
[INFO] [stderr]    Compiling memoffset v0.6.5
[INFO] [stderr]    Compiling minisign-verify v0.2.2
[INFO] [stderr]    Compiling pkg-config v0.3.31
[INFO] [stderr]    Compiling syn v2.0.100
[INFO] [stderr]    Compiling proc-macro-error-attr2 v2.0.0
[INFO] [stderr]    Compiling core2 v0.4.0
[INFO] [stderr]    Compiling iota-crypto v0.23.2
[INFO] [stderr]    Compiling syn v1.0.109
[INFO] [stderr]    Compiling idna v0.5.0
[INFO] [stderr]    Compiling filetime v0.2.25
[INFO] [stderr]    Compiling thiserror v1.0.65
[INFO] [stderr]    Compiling iterator-sorted v0.1.0
[INFO] [stderr]    Compiling crossbeam-utils v0.8.20
[INFO] [stderr]    Compiling anyhow v1.0.91
[INFO] [stderr]    Compiling base64 v0.21.7
[INFO] [stderr]    Compiling futures-utils-wasm v0.1.0
[INFO] [stderr]    Compiling url v2.5.2
[INFO] [stderr]    Compiling libflate_lz77 v2.1.0
[INFO] [stderr]    Compiling ureq v2.10.1
[INFO] [stderr]    Compiling libflate v2.1.0
[INFO] [stderr]    Compiling getrandom v0.2.15
[INFO] [stderr]    Compiling dirs-sys v0.3.7
[INFO] [stderr]    Compiling dirs-sys-next v0.1.2
[INFO] [stderr]    Compiling nix v0.24.3
[INFO] [stderr]    Compiling dirs-next v2.0.0
[INFO] [stderr]    Compiling dirs v4.0.0
[INFO] [stderr]    Compiling rand_core v0.6.4
[INFO] [stderr]    Compiling ff v0.13.0
[INFO] [stderr]    Compiling xattr v1.3.1
[INFO] [stderr]    Compiling group v0.13.0
[INFO] [stderr]    Compiling tar v0.4.42
[INFO] [stderr]    Compiling libsodium-sys-stable v1.21.4
[INFO] [stderr]    Compiling stronghold-derive v1.0.0
[INFO] [stderr]    Compiling macro-string v0.1.4
[INFO] [stderr]    Compiling syn-solidity v1.0.0
[INFO] [stderr]    Compiling proc-macro-error2 v2.0.1
[INFO] [stderr]    Compiling serde_derive v1.0.213
[INFO] [stderr]    Compiling zeroize_derive v1.4.2
[INFO] [stderr]    Compiling alloy-rlp-derive v0.3.9
[INFO] [stderr]    Compiling derive_more-impl v2.0.1
[INFO] [stderr]    Compiling zerocopy-derive v0.7.35
[INFO] [stderr]    Compiling thiserror-impl v2.0.12
[INFO] [stderr]    Compiling tracing-attributes v0.1.27
[INFO] [stderr]    Compiling derive_more-impl v1.0.0
[INFO] [stderr]    Compiling auto_impl v1.2.0
[INFO] [stderr]    Compiling curve25519-dalek-derive v0.1.1
[INFO] [stderr]    Compiling thiserror-impl v1.0.65
[INFO] [stderr]    Compiling async-trait v0.1.88
[INFO] [stderr]    Compiling tracing v0.1.40
[INFO] [stderr]    Compiling ppv-lite86 v0.2.20
[INFO] [stderr]    Compiling derive_more v1.0.0
[INFO] [stderr]    Compiling rand_chacha v0.3.1
[INFO] [stderr]    Compiling rand v0.8.5
[INFO] [stderr]    Compiling derive_more v2.0.1
[INFO] [stderr]    Compiling stronghold-utils v1.0.0
[INFO] [stderr]    Compiling alloy-sol-macro-input v1.0.0
[INFO] [stderr]    Compiling alloy-sol-macro-expander v1.0.0
[INFO] [stderr]    Compiling zeroize v1.8.1
[INFO] [stderr]    Compiling arrayvec v0.7.6
[INFO] [stderr]    Compiling bytes v1.8.0
[INFO] [stderr]    Compiling hashbrown v0.15.2
[INFO] [stderr]    Compiling either v1.15.0
[INFO] [stderr]    Compiling smallvec v1.14.0
[INFO] [stderr]    Compiling bincode v1.3.3
[INFO] [stderr]    Compiling der v0.7.9
[INFO] [stderr]    Compiling itertools v0.13.0
[INFO] [stderr]    Compiling nybbles v0.3.4
[INFO] [stderr]    Compiling blake2b_simd v1.0.2
[INFO] [stderr]    Compiling alloy-sol-macro v1.0.0
[INFO] [stderr]    Compiling alloy-rlp v0.3.9
[INFO] [stderr]    Compiling rust-argon2 v1.0.0
[INFO] [stderr]    Compiling ruint v1.14.0
[INFO] [stderr]    Compiling crypto-common v0.1.6
[INFO] [stderr]    Compiling block-buffer v0.10.4
[INFO] [stderr]    Compiling crypto-bigint v0.5.5
[INFO] [stderr]    Compiling block-padding v0.3.3
[INFO] [stderr]    Compiling universal-hash v0.5.1
[INFO] [stderr]    Compiling aead v0.5.2
[INFO] [stderr]    Compiling inout v0.1.3
[INFO] [stderr]    Compiling polyval v0.6.2
[INFO] [stderr]    Compiling poly1305 v0.8.0
[INFO] [stderr]    Compiling cipher v0.4.4
[INFO] [stderr]    Compiling digest v0.10.7
[INFO] [stderr]    Compiling ghash v0.5.1
[INFO] [stderr]    Compiling hmac v0.12.1
[INFO] [stderr]    Compiling signature v2.2.0
[INFO] [stderr]    Compiling sha2 v0.10.8
[INFO] [stderr]    Compiling blake2 v0.10.6
[INFO] [stderr]    Compiling ed25519 v2.2.3
[INFO] [stderr]    Compiling aes v0.8.4
[INFO] [stderr]    Compiling rfc6979 v0.4.0
[INFO] [stderr]    Compiling pbkdf2 v0.12.2
[INFO] [stderr]    Compiling chacha20 v0.9.1
[INFO] [stderr]    Compiling salsa20 v0.10.2
[INFO] [stderr]    Compiling ctr v0.9.2
[INFO] [stderr]    Compiling hkdf v0.12.4
[INFO] [stderr]    Compiling spki v0.7.3
[INFO] [stderr]    Compiling sec1 v0.7.3
[INFO] [stderr]    Compiling scrypt v0.11.0
[INFO] [stderr]    Compiling pkcs8 v0.10.2
[INFO] [stderr]    Compiling chacha20poly1305 v0.10.1
[INFO] [stderr]    Compiling aes-gcm v0.10.3
[INFO] [stderr]    Compiling elliptic-curve v0.13.8
[INFO] [stderr]    Compiling ecdsa v0.16.9
[INFO] [stderr]    Compiling ed25519-zebra v4.0.3
[INFO] [stderr]    Compiling x25519-dalek v2.0.1
[INFO] [stderr]    Compiling k256 v0.13.4
[INFO] [stderr]    Compiling alloy-primitives v1.1.0
[INFO] [stderr]    Compiling alloy-eip2124 v0.2.0
[INFO] [stderr]    Compiling alloy-eip2930 v0.2.0
[INFO] [stderr]    Compiling alloy-serde v1.0.3
[INFO] [stderr]    Compiling alloy-eip7702 v0.6.0
[INFO] [stderr]    Compiling alloy-trie v0.8.0
[INFO] [stderr]    Compiling alloy-sol-types v1.0.0
[INFO] [stderr]    Compiling alloy-signer v1.0.3
[INFO] [stderr]    Compiling alloy-eips v1.0.3
[INFO] [stderr]    Compiling alloy-consensus v1.0.3
[INFO] [stderr]    Compiling alloy-network-primitives v1.0.3
[INFO] [stderr]    Compiling alloy-consensus-any v1.0.3
[INFO] [stderr]    Compiling alloy-rpc-types-eth v1.0.3
[INFO] [stderr]    Compiling alloy-json-rpc v1.0.3
[INFO] [stderr]    Compiling alloy-rpc-types-any v1.0.3
[INFO] [stderr]    Compiling alloy-network v1.0.3
[INFO] [stderr]    Compiling stronghold-runtime v2.0.1
[INFO] [stderr]    Compiling stronghold_engine v2.0.1
[INFO] [stderr]    Compiling iota_stronghold v2.1.0
[INFO] [stderr]    Compiling signer-stronghold v0.1.2 (/opt/rustwide/workdir)
[INFO] [stderr]     Finished `release` profile [optimized] target(s) in 2m 08s
[INFO] [stderr] warning: the following packages contain code that will be rejected by a future version of Rust: proc-macro-error2 v2.0.1
[INFO] [stderr] note: to see what the problems were, use the option `--future-incompat-report`, or run `cargo report future-incompatibilities --id 3`
[INFO] running `Command { std: "docker" "inspect" "94634530b4aba2ce9f02e5b059f8abf125398bf211137b47ba5b8ce46867bac3", kill_on_drop: false }`
[INFO] running `Command { std: "docker" "exec" "-e" "SOURCE_DIR=/opt/rustwide/workdir" "-e" "CARGO_HOME=/opt/rustwide/cargo-home" "-e" "RUSTUP_HOME=/opt/rustwide/rustup-home" "-e" "CARGO_TARGET_DIR=/opt/rustwide/target" "-e" "CARGO_INCREMENTAL=0" "-e" "RUST_BACKTRACE=full" "-e" "RUSTFLAGS=--cap-lints=warn" "-e" "RUSTDOCFLAGS=--cap-lints=warn" "-w" "/opt/rustwide/workdir" "--user" "0:0" "94634530b4aba2ce9f02e5b059f8abf125398bf211137b47ba5b8ce46867bac3" "/opt/rustwide/cargo-home/bin/cargo" "+1.99.0-beta.8" "test" "--frozen" "--no-run" "--message-format=json" "--release", kill_on_drop: false }`
[INFO] [stderr]    Compiling bytes v1.8.0
[INFO] [stderr]    Compiling hashbrown v0.15.2
[INFO] [stderr]    Compiling serde v1.0.213
[INFO] [stderr]    Compiling itoa v1.0.11
[INFO] [stderr]    Compiling serde_json v1.0.132
[INFO] [stderr]    Compiling derive_more v2.0.1
[INFO] [stderr]    Compiling winnow v0.7.4
[INFO] [stderr]    Compiling mio v1.0.3
[INFO] [stderr]    Compiling socket2 v0.5.9
[INFO] [stderr]    Compiling futures-macro v0.3.31
[INFO] [stderr]    Compiling tokio-macros v2.5.0
[INFO] [stderr]    Compiling unicode-normalization v0.1.24
[INFO] [stderr]    Compiling futures-task v0.3.31
[INFO] [stderr]    Compiling openssl-sys v0.9.107
[INFO] [stderr]    Compiling bitflags v2.6.0
[INFO] [stderr]    Compiling openssl v0.10.72
[INFO] [stderr]    Compiling hashbrown v0.14.5
[INFO] [stderr]    Compiling openssl-macros v0.1.1
[INFO] [stderr]    Compiling unicode-bidi v0.3.17
[INFO] [stderr]    Compiling rustversion v1.0.20
[INFO] [stderr]    Compiling parking_lot_core v0.9.10
[INFO] [stderr]    Compiling native-tls v0.2.14
[INFO] [stderr]    Compiling num_enum_derive v0.7.3
[INFO] [stderr]    Compiling rustls-pki-types v1.11.0
[INFO] [stderr]    Compiling alloy-rlp v0.3.9
[INFO] [stderr]    Compiling ruint v1.14.0
[INFO] [stderr]    Compiling futures-util v0.3.31
[INFO] [stderr]    Compiling tokio v1.44.2
[INFO] [stderr]    Compiling http v1.3.1
[INFO] [stderr]    Compiling idna v0.5.0
[INFO] [stderr]    Compiling strum_macros v0.27.1
[INFO] [stderr]    Compiling rustix v1.0.5
[INFO] [stderr]    Compiling getrandom v0.3.2
[INFO] [stderr]    Compiling num_enum v0.7.3
[INFO] [stderr]    Compiling rustls-pemfile v2.2.0
[INFO] [stderr]    Compiling parking_lot v0.12.3
[INFO] [stderr]    Compiling serde_urlencoded v0.7.1
[INFO] [stderr]    Compiling pin-project-internal v1.1.10
[INFO] [stderr]    Compiling linux-raw-sys v0.9.4
[INFO] [stderr]    Compiling alloy-primitives v1.1.0
[INFO] [stderr]    Compiling url v2.5.2
[INFO] [stderr]    Compiling ed25519-zebra v4.0.3
[INFO] [stderr]    Compiling http-body v1.0.1
[INFO] [stderr]    Compiling http-body-util v0.1.3
[INFO] [stderr]    Compiling alloy-sol-type-parser v1.0.0
[INFO] [stderr]    Compiling pin-project v1.1.10
[INFO] [stderr]    Compiling async-stream-impl v0.3.6
[INFO] [stderr]    Compiling dyn-clone v1.0.19
[INFO] [stderr]    Compiling fastrand v2.1.1
[INFO] [stderr]    Compiling iota-crypto v0.23.2
[INFO] [stderr]    Compiling dashmap v6.1.0
[INFO] [stderr]    Compiling lru v0.13.0
[INFO] [stderr]    Compiling async-stream v0.3.6
[INFO] [stderr]    Compiling alloy-eip2124 v0.2.0
[INFO] [stderr]    Compiling alloy-json-abi v1.0.0
[INFO] [stderr]    Compiling alloy-eip2930 v0.2.0
[INFO] [stderr]    Compiling alloy-eip7702 v0.6.0
[INFO] [stderr]    Compiling alloy-serde v1.0.3
[INFO] [stderr]    Compiling const-hex v1.14.0
[INFO] [stderr]    Compiling alloy-eips v1.0.3
[INFO] [stderr]    Compiling alloy-trie v0.8.0
[INFO] [stderr]    Compiling alloy-signer v1.0.3
[INFO] [stderr]    Compiling strum v0.27.1
[INFO] [stderr]    Compiling stronghold-runtime v2.0.1
[INFO] [stderr]    Compiling alloy-chains v0.2.0
[INFO] [stderr]    Compiling alloy-rpc-types-debug v1.0.3
[INFO] [stderr]    Compiling stronghold_engine v2.0.1
[INFO] [stderr]    Compiling futures-executor v0.3.31
[INFO] [stderr]    Compiling alloy-hardforks v0.2.0
[INFO] [stderr]    Compiling alloy-consensus v1.0.3
[INFO] [stderr]    Compiling futures v0.3.31
[INFO] [stderr]    Compiling tempfile v3.20.0
[INFO] [stderr]    Compiling alloy-genesis v1.0.3
[INFO] [stderr]    Compiling tracing-futures v0.2.5
[INFO] [stderr]    Compiling alloy-sol-macro-input v1.0.0
[INFO] [stderr]    Compiling iota_stronghold v2.1.0
[INFO] [stderr]    Compiling alloy-sol-macro-expander v1.0.0
[INFO] [stderr]    Compiling hyper v1.6.0
[INFO] [stderr]    Compiling tower v0.5.2
[INFO] [stderr]    Compiling tokio-native-tls v0.3.1
[INFO] [stderr]    Compiling tokio-util v0.7.14
[INFO] [stderr]    Compiling alloy-network-primitives v1.0.3
[INFO] [stderr]    Compiling alloy-consensus-any v1.0.3
[INFO] [stderr]    Compiling tokio-stream v0.1.17
[INFO] [stderr]    Compiling hyper-util v0.1.11
[INFO] [stderr]    Compiling hyper-tls v0.6.0
[INFO] [stderr]    Compiling reqwest v0.12.15
[INFO] [stderr]    Compiling alloy-sol-macro v1.0.0
[INFO] [stderr]    Compiling alloy-sol-types v1.0.0
[INFO] [stderr]    Compiling alloy-rpc-types-eth v1.0.3
[INFO] [stderr]    Compiling alloy-json-rpc v1.0.3
[INFO] [stderr]    Compiling alloy-dyn-abi v1.0.0
[INFO] [stderr]    Compiling alloy-transport v1.0.3
[INFO] [stderr]    Compiling alloy-core v1.0.0
[INFO] [stderr]    Compiling alloy-transport-http v1.0.3
[INFO] [stderr]    Compiling alloy-rpc-client v1.0.3
[INFO] [stderr]    Compiling alloy-rpc-types-any v1.0.3
[INFO] [stderr]    Compiling alloy-rpc-types-anvil v1.0.3
[INFO] [stderr]    Compiling alloy-rpc-types-trace v1.0.3
[INFO] [stderr]    Compiling alloy-rpc-types v1.0.3
[INFO] [stderr]    Compiling alloy-network v1.0.3
[INFO] [stderr]    Compiling alloy-signer-local v1.0.3
[INFO] [stderr]    Compiling signer-stronghold v0.1.2 (/opt/rustwide/workdir)
[INFO] [stderr]    Compiling alloy-node-bindings v1.0.3
[INFO] [stderr]    Compiling alloy-provider v1.0.3
[INFO] [stderr]    Compiling alloy-contract v1.0.3
[INFO] [stderr]    Compiling alloy v1.0.3
[INFO] [stderr]     Finished `release` profile [optimized] target(s) in 1m 49s
[INFO] [stderr] warning: the following packages contain code that will be rejected by a future version of Rust: proc-macro-error2 v2.0.1
[INFO] [stderr] note: to see what the problems were, use the option `--future-incompat-report`, or run `cargo report future-incompatibilities --id 3`
[INFO] running `Command { std: "docker" "inspect" "94634530b4aba2ce9f02e5b059f8abf125398bf211137b47ba5b8ce46867bac3", kill_on_drop: false }`
[INFO] running `Command { std: "docker" "exec" "-e" "SOURCE_DIR=/opt/rustwide/workdir" "-e" "CARGO_HOME=/opt/rustwide/cargo-home" "-e" "RUSTUP_HOME=/opt/rustwide/rustup-home" "-e" "CARGO_TARGET_DIR=/opt/rustwide/target" "-e" "CARGO_INCREMENTAL=0" "-e" "RUST_BACKTRACE=full" "-e" "RUSTFLAGS=--cap-lints=warn" "-e" "RUSTDOCFLAGS=--cap-lints=warn" "-w" "/opt/rustwide/workdir" "--user" "0:0" "94634530b4aba2ce9f02e5b059f8abf125398bf211137b47ba5b8ce46867bac3" "/opt/rustwide/cargo-home/bin/cargo" "+1.99.0-beta.8" "test" "--frozen" "--release", kill_on_drop: false }`
[INFO] [stderr]     Finished `release` profile [optimized] target(s) in 0.52s
[INFO] [stderr] warning: the following packages contain code that will be rejected by a future version of Rust: proc-macro-error2 v2.0.1
[INFO] [stderr] note: to see what the problems were, use the option `--future-incompat-report`, or run `cargo report future-incompatibilities --id 3`
[INFO] [stderr]      Running unittests src/lib.rs (/opt/rustwide/target/release/deps/signer_stronghold-69d86e856d149e0f)
[INFO] [stdout] 
[INFO] [stdout] running 11 tests
[INFO] [stdout] test signer::tests::test_missing_passphrase ... ok
[INFO] [stdout] test signer::tests::test_end_to_end_transaction_with_anvil ... FAILED
[INFO] [stdout] test signer::tests::test_new_from_path ... FAILED
[INFO] [stdout] test signer::tests::test_initialize_new_signer ... FAILED
[INFO] [stdout] test signer::tests::test_signer_trait_implementation ... FAILED
[INFO] [stdout] test signer::tests::test_sign_hash ... FAILED
[INFO] [stdout] test signer::tests::test_sign_transaction ... FAILED
[INFO] [stdout] test signer::tests::test_sign_message ... FAILED
[INFO] [stdout] test signer::tests::test_chain_id_management ... FAILED
[INFO] [stdout] test signer::tests::test_reinitialize_existing_signer ... FAILED
[INFO] [stdout] test signer::tests::test_get_evm_address ... FAILED
[INFO] [stdout] 
[INFO] [stdout] failures:
[INFO] [stdout] 
[INFO] [stdout] ---- signer::tests::test_end_to_end_transaction_with_anvil stdout ----
[INFO] [stdout] 
[INFO] [stdout] thread 'signer::tests::test_end_to_end_transaction_with_anvil' (21308) panicked at src/signer.rs:472:34:
[INFO] [stdout] called `Result::unwrap()` on an `Err` value: SpawnError(Os { code: 2, kind: NotFound, message: "No such file or directory" })
[INFO] [stdout] stack backtrace:
[INFO] [stdout]    0:     0x5a45c6d90661 - <<std[70759c8f55707aa4]::sys::backtrace::BacktraceLock>::print::DisplayBacktrace as core[df12db4294e9bfd3]::fmt::Display>::fmt
[INFO] [stdout]    1:     0x5a45c6da73fa - core[df12db4294e9bfd3]::fmt::write
[INFO] [stdout]    2:     0x5a45c6d9513c - <alloc[2182bb758b4b3781]::vec::Vec<u8> as core[df12db4294e9bfd3]::io::write::Write>::write_fmt
[INFO] [stdout]    3:     0x5a45c6d69d56 - std[70759c8f55707aa4]::panicking::default_hook::{closure#0}
[INFO] [stdout]    4:     0x5a45c6d87e39 - std[70759c8f55707aa4]::panicking::default_hook
[INFO] [stdout]    5:     0x5a45c6b65db0 - test[9d35eded1c95d3be]::test_main_inner::<test[9d35eded1c95d3be]::test_main_static::{closure#0}>::{closure#0}
[INFO] [stdout]    6:     0x5a45c6d88162 - std[70759c8f55707aa4]::panicking::panic_with_hook
[INFO] [stdout]    7:     0x5a45c6d69e02 - std[70759c8f55707aa4]::panicking::panic_handler::{closure#0}
[INFO] [stdout]    8:     0x5a45c6d62609 - std[70759c8f55707aa4]::sys::backtrace::__rust_end_short_backtrace::<std[70759c8f55707aa4]::panicking::panic_handler::{closure#0}, !>
[INFO] [stdout]    9:     0x5a45c6d6afbd - __rustc[8fa7c3cbc660c2b3]::rust_begin_unwind
[INFO] [stdout]   10:     0x5a45c6da7b5c - core[df12db4294e9bfd3]::panicking::panic_fmt
[INFO] [stdout]   11:     0x5a45c6da7932 - core[df12db4294e9bfd3]::result::unwrap_failed
[INFO] [stdout]   12:     0x5a45c6ba15c5 - <alloy_node_bindings[e047d9ff71954c32]::nodes::anvil::Anvil>::spawn
[INFO] [stdout]   13:     0x5a45c6b2ab39 - signer_stronghold[fc157b9ee000867f]::signer::tests::test_end_to_end_transaction_with_anvil::{closure#0}
[INFO] [stdout]   14:     0x5a45c6ad3e83 - <tokio[c972595acfaafcd]::runtime::scheduler::current_thread::Context>::enter::<core[df12db4294e9bfd3]::task::poll::Poll<()>, <tokio[c972595acfaafcd]::runtime::scheduler::current_thread::CoreGuard>::block_on<core[df12db4294e9bfd3]::pin::Pin<&mut core[df12db4294e9bfd3]::pin::Pin<&mut dyn core[df12db4294e9bfd3]::future::future::Future<Output = ()>>>>::{closure#0}::{closure#0}>
[INFO] [stdout]   15:     0x5a45c6b2211f - <std[70759c8f55707aa4]::thread::local::LocalKey<tokio[c972595acfaafcd]::runtime::context::Context>>::with::<tokio[c972595acfaafcd]::runtime::context::set_scheduler<(alloc[2182bb758b4b3781]::boxed::Box<tokio[c972595acfaafcd]::runtime::scheduler::current_thread::Core>, core[df12db4294e9bfd3]::option::Option<()>), <tokio[c972595acfaafcd]::runtime::scheduler::current_thread::CoreGuard>::enter<<tokio[c972595acfaafcd]::runtime::scheduler::current_thread::CoreGuard>::block_on<core[df12db4294e9bfd3]::pin::Pin<&mut core[df12db4294e9bfd3]::pin::Pin<&mut dyn core[df12db4294e9bfd3]::future::future::Future<Output = ()>>>>::{closure#0}, core[df12db4294e9bfd3]::option::Option<()>>::{closure#0}>::{closure#0}, (alloc[2182bb758b4b3781]::boxed::Box<tokio[c972595acfaafcd]::runtime::scheduler::current_thread::Core>, core[df12db4294e9bfd3]::option::Option<()>)>
[INFO] [stdout]   16:     0x5a45c6ad1de1 - <tokio[c972595acfaafcd]::runtime::runtime::Runtime>::block_on::<core[df12db4294e9bfd3]::pin::Pin<&mut dyn core[df12db4294e9bfd3]::future::future::Future<Output = ()>>>
[INFO] [stdout]   17:     0x5a45c6b2fedb - signer_stronghold[fc157b9ee000867f]::signer::tests::test_end_to_end_transaction_with_anvil
[INFO] [stdout]   18:     0x5a45c6b052d9 - <signer_stronghold[fc157b9ee000867f]::signer::tests::test_end_to_end_transaction_with_anvil::{closure#0} as core[df12db4294e9bfd3]::ops::function::FnOnce<()>>::call_once
[INFO] [stdout]   19:     0x5a45c6b5909b - test[9d35eded1c95d3be]::__rust_begin_short_backtrace::<core[df12db4294e9bfd3]::result::Result<(), alloc[2182bb758b4b3781]::string::String>, fn() -> core[df12db4294e9bfd3]::result::Result<(), alloc[2182bb758b4b3781]::string::String>>
[INFO] [stdout]   20:     0x5a45c6b66705 - test[9d35eded1c95d3be]::run_test::{closure#0}
[INFO] [stdout]   21:     0x5a45c6b5ffc4 - std[70759c8f55707aa4]::sys::backtrace::__rust_begin_short_backtrace::<test[9d35eded1c95d3be]::run_test::{closure#1}, ()>
[INFO] [stdout]   22:     0x5a45c6b69862 - <std[70759c8f55707aa4]::thread::lifecycle::spawn_unchecked<test[9d35eded1c95d3be]::run_test::{closure#1}, ()>::{closure#1} as core[df12db4294e9bfd3]::ops::function::FnOnce<()>>::call_once::{shim:vtable#0}
[INFO] [stdout]   23:     0x5a45c6d8f869 - <std[70759c8f55707aa4]::sys::thread::unix::Thread>::new::thread_start
[INFO] [stdout]   24:     0x7efac7c7bdfa - <unknown>
[INFO] [stdout]   25:     0x7efac7d0f3d4 - clone
[INFO] [stdout]   26:                0x0 - <unknown>
[INFO] [stdout] 
[INFO] [stdout] ---- signer::tests::test_new_from_path stdout ----
[INFO] [stdout] 
[INFO] [stdout] thread 'signer::tests::test_new_from_path' (21312) panicked at src/signer.rs:321:57:
[INFO] [stdout] Failed to create StrongholdSigner: Client(Inner("I/O error: Read-only file system (os error 30)"))
[INFO] [stdout] stack backtrace:
[INFO] [stdout]    0:     0x5a45c6d90661 - <<std[70759c8f55707aa4]::sys::backtrace::BacktraceLock>::print::DisplayBacktrace as core[df12db4294e9bfd3]::fmt::Display>::fmt
[INFO] [stdout]    1:     0x5a45c6da73fa - core[df12db4294e9bfd3]::fmt::write
[INFO] [stdout]    2:     0x5a45c6d9513c - <alloc[2182bb758b4b3781]::vec::Vec<u8> as core[df12db4294e9bfd3]::io::write::Write>::write_fmt
[INFO] [stdout]    3:     0x5a45c6d69d56 - std[70759c8f55707aa4]::panicking::default_hook::{closure#0}
[INFO] [stdout]    4:     0x5a45c6d87e39 - std[70759c8f55707aa4]::panicking::default_hook
[INFO] [stdout]    5:     0x5a45c6b65db0 - test[9d35eded1c95d3be]::test_main_inner::<test[9d35eded1c95d3be]::test_main_static::{closure#0}>::{closure#0}
[INFO] [stdout]    6:     0x5a45c6d88162 - std[70759c8f55707aa4]::panicking::panic_with_hook
[INFO] [stdout]    7:     0x5a45c6d69e02 - std[70759c8f55707aa4]::panicking::panic_handler::{closure#0}
[INFO] [stdout]    8:     0x5a45c6d62609 - std[70759c8f55707aa4]::sys::backtrace::__rust_end_short_backtrace::<std[70759c8f55707aa4]::panicking::panic_handler::{closure#0}, !>
[INFO] [stdout]    9:     0x5a45c6d6afbd - __rustc[8fa7c3cbc660c2b3]::rust_begin_unwind
[INFO] [stdout]   10:     0x5a45c6da7b5c - core[df12db4294e9bfd3]::panicking::panic_fmt
[INFO] [stdout]   11:     0x5a45c6da7932 - core[df12db4294e9bfd3]::result::unwrap_failed
[INFO] [stdout]   12:     0x5a45c6b29409 - signer_stronghold[fc157b9ee000867f]::signer::tests::test_new_from_path::{closure#0}
[INFO] [stdout]   13:     0x5a45c6ad3e83 - <tokio[c972595acfaafcd]::runtime::scheduler::current_thread::Context>::enter::<core[df12db4294e9bfd3]::task::poll::Poll<()>, <tokio[c972595acfaafcd]::runtime::scheduler::current_thread::CoreGuard>::block_on<core[df12db4294e9bfd3]::pin::Pin<&mut core[df12db4294e9bfd3]::pin::Pin<&mut dyn core[df12db4294e9bfd3]::future::future::Future<Output = ()>>>>::{closure#0}::{closure#0}>
[INFO] [stdout]   14:     0x5a45c6b2211f - <std[70759c8f55707aa4]::thread::local::LocalKey<tokio[c972595acfaafcd]::runtime::context::Context>>::with::<tokio[c972595acfaafcd]::runtime::context::set_scheduler<(alloc[2182bb758b4b3781]::boxed::Box<tokio[c972595acfaafcd]::runtime::scheduler::current_thread::Core>, core[df12db4294e9bfd3]::option::Option<()>), <tokio[c972595acfaafcd]::runtime::scheduler::current_thread::CoreGuard>::enter<<tokio[c972595acfaafcd]::runtime::scheduler::current_thread::CoreGuard>::block_on<core[df12db4294e9bfd3]::pin::Pin<&mut core[df12db4294e9bfd3]::pin::Pin<&mut dyn core[df12db4294e9bfd3]::future::future::Future<Output = ()>>>>::{closure#0}, core[df12db4294e9bfd3]::option::Option<()>>::{closure#0}>::{closure#0}, (alloc[2182bb758b4b3781]::boxed::Box<tokio[c972595acfaafcd]::runtime::scheduler::current_thread::Core>, core[df12db4294e9bfd3]::option::Option<()>)>
[INFO] [stdout]   15:     0x5a45c6ad1de1 - <tokio[c972595acfaafcd]::runtime::runtime::Runtime>::block_on::<core[df12db4294e9bfd3]::pin::Pin<&mut dyn core[df12db4294e9bfd3]::future::future::Future<Output = ()>>>
[INFO] [stdout]   16:     0x5a45c6b2f535 - signer_stronghold[fc157b9ee000867f]::signer::tests::test_new_from_path
[INFO] [stdout]   17:     0x5a45c6b051d9 - <signer_stronghold[fc157b9ee000867f]::signer::tests::test_new_from_path::{closure#0} as core[df12db4294e9bfd3]::ops::function::FnOnce<()>>::call_once
[INFO] [stdout]   18:     0x5a45c6b5909b - test[9d35eded1c95d3be]::__rust_begin_short_backtrace::<core[df12db4294e9bfd3]::result::Result<(), alloc[2182bb758b4b3781]::string::String>, fn() -> core[df12db4294e9bfd3]::result::Result<(), alloc[2182bb758b4b3781]::string::String>>
[INFO] [stdout]   19:     0x5a45c6b66705 - test[9d35eded1c95d3be]::run_test::{closure#0}
[INFO] [stdout]   20:     0x5a45c6b5ffc4 - std[70759c8f55707aa4]::sys::backtrace::__rust_begin_short_backtrace::<test[9d35eded1c95d3be]::run_test::{closure#1}, ()>
[INFO] [stdout]   21:     0x5a45c6b69862 - <std[70759c8f55707aa4]::thread::lifecycle::spawn_unchecked<test[9d35eded1c95d3be]::run_test::{closure#1}, ()>::{closure#1} as core[df12db4294e9bfd3]::ops::function::FnOnce<()>>::call_once::{shim:vtable#0}
[INFO] [stdout]   22:     0x5a45c6d8f869 - <std[70759c8f55707aa4]::sys::thread::unix::Thread>::new::thread_start
[INFO] [stdout]   23:     0x7efac7c7bdfa - <unknown>
[INFO] [stdout]   24:     0x7efac7d0f3d4 - clone
[INFO] [stdout]   25:                0x0 - <unknown>
[INFO] [stdout] 
[INFO] [stdout] ---- signer::tests::test_initialize_new_signer stdout ----
[INFO] [stdout] 
[INFO] [stdout] thread 'signer::tests::test_initialize_new_signer' (21310) panicked at src/signer.rs:303:41:
[INFO] [stdout] Failed to create StrongholdSigner: Client(Inner("I/O error: Read-only file system (os error 30)"))
[INFO] [stdout] stack backtrace:
[INFO] [stdout]    0:     0x5a45c6d90661 - <<std[70759c8f55707aa4]::sys::backtrace::BacktraceLock>::print::DisplayBacktrace as core[df12db4294e9bfd3]::fmt::Display>::fmt
[INFO] [stdout]    1:     0x5a45c6da73fa - core[df12db4294e9bfd3]::fmt::write
[INFO] [stdout]    2:     0x5a45c6d9513c - <alloc[2182bb758b4b3781]::vec::Vec<u8> as core[df12db4294e9bfd3]::io::write::Write>::write_fmt
[INFO] [stdout]    3:     0x5a45c6d69d56 - std[70759c8f55707aa4]::panicking::default_hook::{closure#0}
[INFO] [stdout]    4:     0x5a45c6d87e39 - std[70759c8f55707aa4]::panicking::default_hook
[INFO] [stdout]    5:     0x5a45c6b65db0 - test[9d35eded1c95d3be]::test_main_inner::<test[9d35eded1c95d3be]::test_main_static::{closure#0}>::{closure#0}
[INFO] [stdout]    6:     0x5a45c6d88162 - std[70759c8f55707aa4]::panicking::panic_with_hook
[INFO] [stdout]    7:     0x5a45c6d69e02 - std[70759c8f55707aa4]::panicking::panic_handler::{closure#0}
[INFO] [stdout]    8:     0x5a45c6d62609 - std[70759c8f55707aa4]::sys::backtrace::__rust_end_short_backtrace::<std[70759c8f55707aa4]::panicking::panic_handler::{closure#0}, !>
[INFO] [stdout]    9:     0x5a45c6d6afbd - __rustc[8fa7c3cbc660c2b3]::rust_begin_unwind
[INFO] [stdout]   10:     0x5a45c6da7b5c - core[df12db4294e9bfd3]::panicking::panic_fmt
[INFO] [stdout]   11:     0x5a45c6da7932 - core[df12db4294e9bfd3]::result::unwrap_failed
[INFO] [stdout]   12:     0x5a45c6b2a394 - signer_stronghold[fc157b9ee000867f]::signer::tests::test_initialize_new_signer::{closure#0}
[INFO] [stdout]   13:     0x5a45c6ad3e83 - <tokio[c972595acfaafcd]::runtime::scheduler::current_thread::Context>::enter::<core[df12db4294e9bfd3]::task::poll::Poll<()>, <tokio[c972595acfaafcd]::runtime::scheduler::current_thread::CoreGuard>::block_on<core[df12db4294e9bfd3]::pin::Pin<&mut core[df12db4294e9bfd3]::pin::Pin<&mut dyn core[df12db4294e9bfd3]::future::future::Future<Output = ()>>>>::{closure#0}::{closure#0}>
[INFO] [stdout]   14:     0x5a45c6b2211f - <std[70759c8f55707aa4]::thread::local::LocalKey<tokio[c972595acfaafcd]::runtime::context::Context>>::with::<tokio[c972595acfaafcd]::runtime::context::set_scheduler<(alloc[2182bb758b4b3781]::boxed::Box<tokio[c972595acfaafcd]::runtime::scheduler::current_thread::Core>, core[df12db4294e9bfd3]::option::Option<()>), <tokio[c972595acfaafcd]::runtime::scheduler::current_thread::CoreGuard>::enter<<tokio[c972595acfaafcd]::runtime::scheduler::current_thread::CoreGuard>::block_on<core[df12db4294e9bfd3]::pin::Pin<&mut core[df12db4294e9bfd3]::pin::Pin<&mut dyn core[df12db4294e9bfd3]::future::future::Future<Output = ()>>>>::{closure#0}, core[df12db4294e9bfd3]::option::Option<()>>::{closure#0}>::{closure#0}, (alloc[2182bb758b4b3781]::boxed::Box<tokio[c972595acfaafcd]::runtime::scheduler::current_thread::Core>, core[df12db4294e9bfd3]::option::Option<()>)>
[INFO] [stdout]   15:     0x5a45c6ad1de1 - <tokio[c972595acfaafcd]::runtime::runtime::Runtime>::block_on::<core[df12db4294e9bfd3]::pin::Pin<&mut dyn core[df12db4294e9bfd3]::future::future::Future<Output = ()>>>
[INFO] [stdout]   16:     0x5a45c6b2fb45 - signer_stronghold[fc157b9ee000867f]::signer::tests::test_initialize_new_signer
[INFO] [stdout]   17:     0x5a45c6b05279 - <signer_stronghold[fc157b9ee000867f]::signer::tests::test_initialize_new_signer::{closure#0} as core[df12db4294e9bfd3]::ops::function::FnOnce<()>>::call_once
[INFO] [stdout]   18:     0x5a45c6b5909b - test[9d35eded1c95d3be]::__rust_begin_short_backtrace::<core[df12db4294e9bfd3]::result::Result<(), alloc[2182bb758b4b3781]::string::String>, fn() -> core[df12db4294e9bfd3]::result::Result<(), alloc[2182bb758b4b3781]::string::String>>
[INFO] [stdout]   19:     0x5a45c6b66705 - test[9d35eded1c95d3be]::run_test::{closure#0}
[INFO] [stdout]   20:     0x5a45c6b5ffc4 - std[70759c8f55707aa4]::sys::backtrace::__rust_begin_short_backtrace::<test[9d35eded1c95d3be]::run_test::{closure#1}, ()>
[INFO] [stdout]   21:     0x5a45c6b69862 - <std[70759c8f55707aa4]::thread::lifecycle::spawn_unchecked<test[9d35eded1c95d3be]::run_test::{closure#1}, ()>::{closure#1} as core[df12db4294e9bfd3]::ops::function::FnOnce<()>>::call_once::{shim:vtable#0}
[INFO] [stdout]   22:     0x5a45c6d8f869 - <std[70759c8f55707aa4]::sys::thread::unix::Thread>::new::thread_start
[INFO] [stdout]   23:     0x7efac7c7bdfa - <unknown>
[INFO] [stdout]   24:     0x7efac7d0f3d4 - clone
[INFO] [stdout]   25:                0x0 - <unknown>
[INFO] [stdout] 
[INFO] [stdout] ---- signer::tests::test_signer_trait_implementation stdout ----
[INFO] [stdout] 
[INFO] [stdout] thread 'signer::tests::test_signer_trait_implementation' (21317) panicked at src/signer.rs:303:41:
[INFO] [stdout] Failed to create StrongholdSigner: Client(Inner("I/O error: Read-only file system (os error 30)"))
[INFO] [stdout] stack backtrace:
[INFO] [stdout]    0:     0x5a45c6d90661 - <<std[70759c8f55707aa4]::sys::backtrace::BacktraceLock>::print::DisplayBacktrace as core[df12db4294e9bfd3]::fmt::Display>::fmt
[INFO] [stdout]    1:     0x5a45c6da73fa - core[df12db4294e9bfd3]::fmt::write
[INFO] [stdout]    2:     0x5a45c6d9513c - <alloc[2182bb758b4b3781]::vec::Vec<u8> as core[df12db4294e9bfd3]::io::write::Write>::write_fmt
[INFO] [stdout]    3:     0x5a45c6d69d56 - std[70759c8f55707aa4]::panicking::default_hook::{closure#0}
[INFO] [stdout]    4:     0x5a45c6d87e39 - std[70759c8f55707aa4]::panicking::default_hook
[INFO] [stdout]    5:     0x5a45c6b65db0 - test[9d35eded1c95d3be]::test_main_inner::<test[9d35eded1c95d3be]::test_main_static::{closure#0}>::{closure#0}
[INFO] [stdout]    6:     0x5a45c6d88162 - std[70759c8f55707aa4]::panicking::panic_with_hook
[INFO] [stdout]    7:     0x5a45c6d69e02 - std[70759c8f55707aa4]::panicking::panic_handler::{closure#0}
[INFO] [stdout]    8:     0x5a45c6d62609 - std[70759c8f55707aa4]::sys::backtrace::__rust_end_short_backtrace::<std[70759c8f55707aa4]::panicking::panic_handler::{closure#0}, !>
[INFO] [stdout]    9:     0x5a45c6d6afbd - __rustc[8fa7c3cbc660c2b3]::rust_begin_unwind
[INFO] [stdout]   10:     0x5a45c6da7b5c - core[df12db4294e9bfd3]::panicking::panic_fmt
[INFO] [stdout]   11:     0x5a45c6da7932 - core[df12db4294e9bfd3]::result::unwrap_failed
[INFO] [stdout]   12:     0x5a45c6b2a5fb - signer_stronghold[fc157b9ee000867f]::signer::tests::test_signer_trait_implementation::{closure#0}
[INFO] [stdout]   13:     0x5a45c6ad3e83 - <tokio[c972595acfaafcd]::runtime::scheduler::current_thread::Context>::enter::<core[df12db4294e9bfd3]::task::poll::Poll<()>, <tokio[c972595acfaafcd]::runtime::scheduler::current_thread::CoreGuard>::block_on<core[df12db4294e9bfd3]::pin::Pin<&mut core[df12db4294e9bfd3]::pin::Pin<&mut dyn core[df12db4294e9bfd3]::future::future::Future<Output = ()>>>>::{closure#0}::{closure#0}>
[INFO] [stdout]   14:     0x5a45c6b2211f - <std[70759c8f55707aa4]::thread::local::LocalKey<tokio[c972595acfaafcd]::runtime::context::Context>>::with::<tokio[c972595acfaafcd]::runtime::context::set_scheduler<(alloc[2182bb758b4b3781]::boxed::Box<tokio[c972595acfaafcd]::runtime::scheduler::current_thread::Core>, core[df12db4294e9bfd3]::option::Option<()>), <tokio[c972595acfaafcd]::runtime::scheduler::current_thread::CoreGuard>::enter<<tokio[c972595acfaafcd]::runtime::scheduler::current_thread::CoreGuard>::block_on<core[df12db4294e9bfd3]::pin::Pin<&mut core[df12db4294e9bfd3]::pin::Pin<&mut dyn core[df12db4294e9bfd3]::future::future::Future<Output = ()>>>>::{closure#0}, core[df12db4294e9bfd3]::option::Option<()>>::{closure#0}>::{closure#0}, (alloc[2182bb758b4b3781]::boxed::Box<tokio[c972595acfaafcd]::runtime::scheduler::current_thread::Core>, core[df12db4294e9bfd3]::option::Option<()>)>
[INFO] [stdout]   15:     0x5a45c6ad1de1 - <tokio[c972595acfaafcd]::runtime::runtime::Runtime>::block_on::<core[df12db4294e9bfd3]::pin::Pin<&mut dyn core[df12db4294e9bfd3]::future::future::Future<Output = ()>>>
[INFO] [stdout]   16:     0x5a45c6b2fc75 - signer_stronghold[fc157b9ee000867f]::signer::tests::test_signer_trait_implementation
[INFO] [stdout]   17:     0x5a45c6b05299 - <signer_stronghold[fc157b9ee000867f]::signer::tests::test_signer_trait_implementation::{closure#0} as core[df12db4294e9bfd3]::ops::function::FnOnce<()>>::call_once
[INFO] [stdout]   18:     0x5a45c6b5909b - test[9d35eded1c95d3be]::__rust_begin_short_backtrace::<core[df12db4294e9bfd3]::result::Result<(), alloc[2182bb758b4b3781]::string::String>, fn() -> core[df12db4294e9bfd3]::result::Result<(), alloc[2182bb758b4b3781]::string::String>>
[INFO] [stdout]   19:     0x5a45c6b66705 - test[9d35eded1c95d3be]::run_test::{closure#0}
[INFO] [stdout]   20:     0x5a45c6b5ffc4 - std[70759c8f55707aa4]::sys::backtrace::__rust_begin_short_backtrace::<test[9d35eded1c95d3be]::run_test::{closure#1}, ()>
[INFO] [stdout]   21:     0x5a45c6b69862 - <std[70759c8f55707aa4]::thread::lifecycle::spawn_unchecked<test[9d35eded1c95d3be]::run_test::{closure#1}, ()>::{closure#1} as core[df12db4294e9bfd3]::ops::function::FnOnce<()>>::call_once::{shim:vtable#0}
[INFO] [stdout]   22:     0x5a45c6d8f869 - <std[70759c8f55707aa4]::sys::thread::unix::Thread>::new::thread_start
[INFO] [stdout]   23:     0x7efac7c7bdfa - <unknown>
[INFO] [stdout]   24:     0x7efac7d0f3d4 - clone
[INFO] [stdout]   25:                0x0 - <unknown>
[INFO] [stdout] 
[INFO] [stdout] ---- signer::tests::test_sign_hash stdout ----
[INFO] [stdout] 
[INFO] [stdout] thread 'signer::tests::test_sign_hash' (21314) panicked at src/signer.rs:303:41:
[INFO] [stdout] Failed to create StrongholdSigner: Client(Inner("I/O error: Read-only file system (os error 30)"))
[INFO] [stdout] stack backtrace:
[INFO] [stdout]    0:     0x5a45c6d90661 - <<std[70759c8f55707aa4]::sys::backtrace::BacktraceLock>::print::DisplayBacktrace as core[df12db4294e9bfd3]::fmt::Display>::fmt
[INFO] [stdout]    1:     0x5a45c6da73fa - core[df12db4294e9bfd3]::fmt::write
[INFO] [stdout]    2:     0x5a45c6d9513c - <alloc[2182bb758b4b3781]::vec::Vec<u8> as core[df12db4294e9bfd3]::io::write::Write>::write_fmt
[INFO] [stdout]    3:     0x5a45c6d69d56 - std[70759c8f55707aa4]::panicking::default_hook::{closure#0}
[INFO] [stdout]    4:     0x5a45c6d87e39 - std[70759c8f55707aa4]::panicking::default_hook
[INFO] [stdout]    5:     0x5a45c6b65db0 - test[9d35eded1c95d3be]::test_main_inner::<test[9d35eded1c95d3be]::test_main_static::{closure#0}>::{closure#0}
[INFO] [stdout]    6:     0x5a45c6d88162 - std[70759c8f55707aa4]::panicking::panic_with_hook
[INFO] [stdout]    7:     0x5a45c6d69e02 - std[70759c8f55707aa4]::panicking::panic_handler::{closure#0}
[INFO] [stdout]    8:     0x5a45c6d62609 - std[70759c8f55707aa4]::sys::backtrace::__rust_end_short_backtrace::<std[70759c8f55707aa4]::panicking::panic_handler::{closure#0}, !>
[INFO] [stdout]    9:     0x5a45c6d6afbd - __rustc[8fa7c3cbc660c2b3]::rust_begin_unwind
[INFO] [stdout]   10:     0x5a45c6da7b5c - core[df12db4294e9bfd3]::panicking::panic_fmt
[INFO] [stdout]   11:     0x5a45c6da7932 - core[df12db4294e9bfd3]::result::unwrap_failed
[INFO] [stdout]   12:     0x5a45c6b2867e - signer_stronghold[fc157b9ee000867f]::signer::tests::test_sign_hash::{closure#0}
[INFO] [stdout]   13:     0x5a45c6ad3e83 - <tokio[c972595acfaafcd]::runtime::scheduler::current_thread::Context>::enter::<core[df12db4294e9bfd3]::task::poll::Poll<()>, <tokio[c972595acfaafcd]::runtime::scheduler::current_thread::CoreGuard>::block_on<core[df12db4294e9bfd3]::pin::Pin<&mut core[df12db4294e9bfd3]::pin::Pin<&mut dyn core[df12db4294e9bfd3]::future::future::Future<Output = ()>>>>::{closure#0}::{closure#0}>
[INFO] [stdout]   14:     0x5a45c6b2211f - <std[70759c8f55707aa4]::thread::local::LocalKey<tokio[c972595acfaafcd]::runtime::context::Context>>::with::<tokio[c972595acfaafcd]::runtime::context::set_scheduler<(alloc[2182bb758b4b3781]::boxed::Box<tokio[c972595acfaafcd]::runtime::scheduler::current_thread::Core>, core[df12db4294e9bfd3]::option::Option<()>), <tokio[c972595acfaafcd]::runtime::scheduler::current_thread::CoreGuard>::enter<<tokio[c972595acfaafcd]::runtime::scheduler::current_thread::CoreGuard>::block_on<core[df12db4294e9bfd3]::pin::Pin<&mut core[df12db4294e9bfd3]::pin::Pin<&mut dyn core[df12db4294e9bfd3]::future::future::Future<Output = ()>>>>::{closure#0}, core[df12db4294e9bfd3]::option::Option<()>>::{closure#0}>::{closure#0}, (alloc[2182bb758b4b3781]::boxed::Box<tokio[c972595acfaafcd]::runtime::scheduler::current_thread::Core>, core[df12db4294e9bfd3]::option::Option<()>)>
[INFO] [stdout]   15:     0x5a45c6ad1de1 - <tokio[c972595acfaafcd]::runtime::runtime::Runtime>::block_on::<core[df12db4294e9bfd3]::pin::Pin<&mut dyn core[df12db4294e9bfd3]::future::future::Future<Output = ()>>>
[INFO] [stdout]   16:     0x5a45c6b2f29b - signer_stronghold[fc157b9ee000867f]::signer::tests::test_sign_hash
[INFO] [stdout]   17:     0x5a45c6b05199 - <signer_stronghold[fc157b9ee000867f]::signer::tests::test_sign_hash::{closure#0} as core[df12db4294e9bfd3]::ops::function::FnOnce<()>>::call_once
[INFO] [stdout]   18:     0x5a45c6b5909b - test[9d35eded1c95d3be]::__rust_begin_short_backtrace::<core[df12db4294e9bfd3]::result::Result<(), alloc[2182bb758b4b3781]::string::String>, fn() -> core[df12db4294e9bfd3]::result::Result<(), alloc[2182bb758b4b3781]::string::String>>
[INFO] [stdout]   19:     0x5a45c6b66705 - test[9d35eded1c95d3be]::run_test::{closure#0}
[INFO] [stdout]   20:     0x5a45c6b5ffc4 - std[70759c8f55707aa4]::sys::backtrace::__rust_begin_short_backtrace::<test[9d35eded1c95d3be]::run_test::{closure#1}, ()>
[INFO] [stdout]   21:     0x5a45c6b69862 - <std[70759c8f55707aa4]::thread::lifecycle::spawn_unchecked<test[9d35eded1c95d3be]::run_test::{closure#1}, ()>::{closure#1} as core[df12db4294e9bfd3]::ops::function::FnOnce<()>>::call_once::{shim:vtable#0}
[INFO] [stdout]   22:     0x5a45c6d8f869 - <std[70759c8f55707aa4]::sys::thread::unix::Thread>::new::thread_start
[INFO] [stdout]   23:     0x7efac7c7bdfa - <unknown>
[INFO] [stdout]   24:     0x7efac7d0f3d4 - clone
[INFO] [stdout]   25:                0x0 - <unknown>
[INFO] [stdout] 
[INFO] [stdout] ---- signer::tests::test_sign_transaction stdout ----
[INFO] [stdout] 
[INFO] [stdout] thread 'signer::tests::test_sign_transaction' (21316) panicked at src/signer.rs:303:41:
[INFO] [stdout] Failed to create StrongholdSigner: Client(Inner("I/O error: Read-only file system (os error 30)"))
[INFO] [stdout] stack backtrace:
[INFO] [stdout]    0:     0x5a45c6d90661 - <<std[70759c8f55707aa4]::sys::backtrace::BacktraceLock>::print::DisplayBacktrace as core[df12db4294e9bfd3]::fmt::Display>::fmt
[INFO] [stdout]    1:     0x5a45c6da73fa - core[df12db4294e9bfd3]::fmt::write
[INFO] [stdout]    2:     0x5a45c6d9513c - <alloc[2182bb758b4b3781]::vec::Vec<u8> as core[df12db4294e9bfd3]::io::write::Write>::write_fmt
[INFO] [stdout]    3:     0x5a45c6d69d56 - std[70759c8f55707aa4]::panicking::default_hook::{closure#0}
[INFO] [stdout]    4:     0x5a45c6d87e39 - std[70759c8f55707aa4]::panicking::default_hook
[INFO] [stdout]    5:     0x5a45c6b65db0 - test[9d35eded1c95d3be]::test_main_inner::<test[9d35eded1c95d3be]::test_main_static::{closure#0}>::{closure#0}
[INFO] [stdout]    6:     0x5a45c6d88162 - std[70759c8f55707aa4]::panicking::panic_with_hook
[INFO] [stdout]    7:     0x5a45c6d69e02 - std[70759c8f55707aa4]::panicking::panic_handler::{closure#0}
[INFO] [stdout]    8:     0x5a45c6d62609 - std[70759c8f55707aa4]::sys::backtrace::__rust_end_short_backtrace::<std[70759c8f55707aa4]::panicking::panic_handler::{closure#0}, !>
[INFO] [stdout]    9:     0x5a45c6d6afbd - __rustc[8fa7c3cbc660c2b3]::rust_begin_unwind
[INFO] [stdout]   10:     0x5a45c6da7b5c - core[df12db4294e9bfd3]::panicking::panic_fmt
[INFO] [stdout]   11:     0x5a45c6da7932 - core[df12db4294e9bfd3]::result::unwrap_failed
[INFO] [stdout]   12:     0x5a45c6b29d8c - signer_stronghold[fc157b9ee000867f]::signer::tests::test_sign_transaction::{closure#0}
[INFO] [stdout]   13:     0x5a45c6ad3e83 - <tokio[c972595acfaafcd]::runtime::scheduler::current_thread::Context>::enter::<core[df12db4294e9bfd3]::task::poll::Poll<()>, <tokio[c972595acfaafcd]::runtime::scheduler::current_thread::CoreGuard>::block_on<core[df12db4294e9bfd3]::pin::Pin<&mut core[df12db4294e9bfd3]::pin::Pin<&mut dyn core[df12db4294e9bfd3]::future::future::Future<Output = ()>>>>::{closure#0}::{closure#0}>
[INFO] [stdout]   14:     0x5a45c6b2211f - <std[70759c8f55707aa4]::thread::local::LocalKey<tokio[c972595acfaafcd]::runtime::context::Context>>::with::<tokio[c972595acfaafcd]::runtime::context::set_scheduler<(alloc[2182bb758b4b3781]::boxed::Box<tokio[c972595acfaafcd]::runtime::scheduler::current_thread::Core>, core[df12db4294e9bfd3]::option::Option<()>), <tokio[c972595acfaafcd]::runtime::scheduler::current_thread::CoreGuard>::enter<<tokio[c972595acfaafcd]::runtime::scheduler::current_thread::CoreGuard>::block_on<core[df12db4294e9bfd3]::pin::Pin<&mut core[df12db4294e9bfd3]::pin::Pin<&mut dyn core[df12db4294e9bfd3]::future::future::Future<Output = ()>>>>::{closure#0}, core[df12db4294e9bfd3]::option::Option<()>>::{closure#0}>::{closure#0}, (alloc[2182bb758b4b3781]::boxed::Box<tokio[c972595acfaafcd]::runtime::scheduler::current_thread::Core>, core[df12db4294e9bfd3]::option::Option<()>)>
[INFO] [stdout]   15:     0x5a45c6ad1de1 - <tokio[c972595acfaafcd]::runtime::runtime::Runtime>::block_on::<core[df12db4294e9bfd3]::pin::Pin<&mut dyn core[df12db4294e9bfd3]::future::future::Future<Output = ()>>>
[INFO] [stdout]   16:     0x5a45c6b2f79b - signer_stronghold[fc157b9ee000867f]::signer::tests::test_sign_transaction
[INFO] [stdout]   17:     0x5a45c6b05219 - <signer_stronghold[fc157b9ee000867f]::signer::tests::test_sign_transaction::{closure#0} as core[df12db4294e9bfd3]::ops::function::FnOnce<()>>::call_once
[INFO] [stdout]   18:     0x5a45c6b5909b - test[9d35eded1c95d3be]::__rust_begin_short_backtrace::<core[df12db4294e9bfd3]::result::Result<(), alloc[2182bb758b4b3781]::string::String>, fn() -> core[df12db4294e9bfd3]::result::Result<(), alloc[2182bb758b4b3781]::string::String>>
[INFO] [stdout]   19:     0x5a45c6b66705 - test[9d35eded1c95d3be]::run_test::{closure#0}
[INFO] [stdout]   20:     0x5a45c6b5ffc4 - std[70759c8f55707aa4]::sys::backtrace::__rust_begin_short_backtrace::<test[9d35eded1c95d3be]::run_test::{closure#1}, ()>
[INFO] [stdout]   21:     0x5a45c6b69862 - <std[70759c8f55707aa4]::thread::lifecycle::spawn_unchecked<test[9d35eded1c95d3be]::run_test::{closure#1}, ()>::{closure#1} as core[df12db4294e9bfd3]::ops::function::FnOnce<()>>::call_once::{shim:vtable#0}
[INFO] [stdout]   22:     0x5a45c6d8f869 - <std[70759c8f55707aa4]::sys::thread::unix::Thread>::new::thread_start
[INFO] [stdout]   23:     0x7efac7c7bdfa - <unknown>
[INFO] [stdout]   24:     0x7efac7d0f3d4 - clone
[INFO] [stdout]   25:                0x0 - <unknown>
[INFO] [stdout] 
[INFO] [stdout] ---- signer::tests::test_sign_message stdout ----
[INFO] [stdout] 
[INFO] [stdout] thread 'signer::tests::test_sign_message' (21315) panicked at src/signer.rs:303:41:
[INFO] [stdout] Failed to create StrongholdSigner: Client(Inner("I/O error: Read-only file system (os error 30)"))
[INFO] [stdout] stack backtrace:
[INFO] [stdout]    0:     0x5a45c6d90661 - <<std[70759c8f55707aa4]::sys::backtrace::BacktraceLock>::print::DisplayBacktrace as core[df12db4294e9bfd3]::fmt::Display>::fmt
[INFO] [stdout]    1:     0x5a45c6da73fa - core[df12db4294e9bfd3]::fmt::write
[INFO] [stdout]    2:     0x5a45c6d9513c - <alloc[2182bb758b4b3781]::vec::Vec<u8> as core[df12db4294e9bfd3]::io::write::Write>::write_fmt
[INFO] [stdout]    3:     0x5a45c6d69d56 - std[70759c8f55707aa4]::panicking::default_hook::{closure#0}
[INFO] [stdout]    4:     0x5a45c6d87e39 - std[70759c8f55707aa4]::panicking::default_hook
[INFO] [stdout]    5:     0x5a45c6b65db0 - test[9d35eded1c95d3be]::test_main_inner::<test[9d35eded1c95d3be]::test_main_static::{closure#0}>::{closure#0}
[INFO] [stdout]    6:     0x5a45c6d88162 - std[70759c8f55707aa4]::panicking::panic_with_hook
[INFO] [stdout]    7:     0x5a45c6d69e02 - std[70759c8f55707aa4]::panicking::panic_handler::{closure#0}
[INFO] [stdout]    8:     0x5a45c6d62609 - std[70759c8f55707aa4]::sys::backtrace::__rust_end_short_backtrace::<std[70759c8f55707aa4]::panicking::panic_handler::{closure#0}, !>
[INFO] [stdout]    9:     0x5a45c6d6afbd - __rustc[8fa7c3cbc660c2b3]::rust_begin_unwind
[INFO] [stdout]   10:     0x5a45c6da7b5c - core[df12db4294e9bfd3]::panicking::panic_fmt
[INFO] [stdout]   11:     0x5a45c6da7932 - core[df12db4294e9bfd3]::result::unwrap_failed
[INFO] [stdout]   12:     0x5a45c6b28ebc - signer_stronghold[fc157b9ee000867f]::signer::tests::test_sign_message::{closure#0}
[INFO] [stdout]   13:     0x5a45c6ad3e83 - <tokio[c972595acfaafcd]::runtime::scheduler::current_thread::Context>::enter::<core[df12db4294e9bfd3]::task::poll::Poll<()>, <tokio[c972595acfaafcd]::runtime::scheduler::current_thread::CoreGuard>::block_on<core[df12db4294e9bfd3]::pin::Pin<&mut core[df12db4294e9bfd3]::pin::Pin<&mut dyn core[df12db4294e9bfd3]::future::future::Future<Output = ()>>>>::{closure#0}::{closure#0}>
[INFO] [stdout]   14:     0x5a45c6b2211f - <std[70759c8f55707aa4]::thread::local::LocalKey<tokio[c972595acfaafcd]::runtime::context::Context>>::with::<tokio[c972595acfaafcd]::runtime::context::set_scheduler<(alloc[2182bb758b4b3781]::boxed::Box<tokio[c972595acfaafcd]::runtime::scheduler::current_thread::Core>, core[df12db4294e9bfd3]::option::Option<()>), <tokio[c972595acfaafcd]::runtime::scheduler::current_thread::CoreGuard>::enter<<tokio[c972595acfaafcd]::runtime::scheduler::current_thread::CoreGuard>::block_on<core[df12db4294e9bfd3]::pin::Pin<&mut core[df12db4294e9bfd3]::pin::Pin<&mut dyn core[df12db4294e9bfd3]::future::future::Future<Output = ()>>>>::{closure#0}, core[df12db4294e9bfd3]::option::Option<()>>::{closure#0}>::{closure#0}, (alloc[2182bb758b4b3781]::boxed::Box<tokio[c972595acfaafcd]::runtime::scheduler::current_thread::Core>, core[df12db4294e9bfd3]::option::Option<()>)>
[INFO] [stdout]   15:     0x5a45c6ad1de1 - <tokio[c972595acfaafcd]::runtime::runtime::Runtime>::block_on::<core[df12db4294e9bfd3]::pin::Pin<&mut dyn core[df12db4294e9bfd3]::future::future::Future<Output = ()>>>
[INFO] [stdout]   16:     0x5a45c6b2f3eb - signer_stronghold[fc157b9ee000867f]::signer::tests::test_sign_message
[INFO] [stdout]   17:     0x5a45c6b051b9 - <signer_stronghold[fc157b9ee000867f]::signer::tests::test_sign_message::{closure#0} as core[df12db4294e9bfd3]::ops::function::FnOnce<()>>::call_once
[INFO] [stdout]   18:     0x5a45c6b5909b - test[9d35eded1c95d3be]::__rust_begin_short_backtrace::<core[df12db4294e9bfd3]::result::Result<(), alloc[2182bb758b4b3781]::string::String>, fn() -> core[df12db4294e9bfd3]::result::Result<(), alloc[2182bb758b4b3781]::string::String>>
[INFO] [stdout]   19:     0x5a45c6b66705 - test[9d35eded1c95d3be]::run_test::{closure#0}
[INFO] [stdout]   20:     0x5a45c6b5ffc4 - std[70759c8f55707aa4]::sys::backtrace::__rust_begin_short_backtrace::<test[9d35eded1c95d3be]::run_test::{closure#1}, ()>
[INFO] [stdout]   21:     0x5a45c6b69862 - <std[70759c8f55707aa4]::thread::lifecycle::spawn_unchecked<test[9d35eded1c95d3be]::run_test::{closure#1}, ()>::{closure#1} as core[df12db4294e9bfd3]::ops::function::FnOnce<()>>::call_once::{shim:vtable#0}
[INFO] [stdout]   22:     0x5a45c6d8f869 - <std[70759c8f55707aa4]::sys::thread::unix::Thread>::new::thread_start
[INFO] [stdout]   23:     0x7efac7c7bdfa - <unknown>
[INFO] [stdout]   24:     0x7efac7d0f3d4 - clone
[INFO] [stdout]   25:                0x0 - <unknown>
[INFO] [stdout] 
[INFO] [stdout] ---- signer::tests::test_chain_id_management stdout ----
[INFO] [stdout] 
[INFO] [stdout] thread 'signer::tests::test_chain_id_management' (21307) panicked at src/signer.rs:303:41:
[INFO] [stdout] Failed to create StrongholdSigner: Client(Inner("I/O error: Read-only file system (os error 30)"))
[INFO] [stdout] stack backtrace:
[INFO] [stdout]    0:     0x5a45c6d90661 - <<std[70759c8f55707aa4]::sys::backtrace::BacktraceLock>::print::DisplayBacktrace as core[df12db4294e9bfd3]::fmt::Display>::fmt
[INFO] [stdout]    1:     0x5a45c6da73fa - core[df12db4294e9bfd3]::fmt::write
[INFO] [stdout]    2:     0x5a45c6d9513c - <alloc[2182bb758b4b3781]::vec::Vec<u8> as core[df12db4294e9bfd3]::io::write::Write>::write_fmt
[INFO] [stdout]    3:     0x5a45c6d69d56 - std[70759c8f55707aa4]::panicking::default_hook::{closure#0}
[INFO] [stdout]    4:     0x5a45c6d87e39 - std[70759c8f55707aa4]::panicking::default_hook
[INFO] [stdout]    5:     0x5a45c6b65db0 - test[9d35eded1c95d3be]::test_main_inner::<test[9d35eded1c95d3be]::test_main_static::{closure#0}>::{closure#0}
[INFO] [stdout]    6:     0x5a45c6d88162 - std[70759c8f55707aa4]::panicking::panic_with_hook
[INFO] [stdout]    7:     0x5a45c6d69e02 - std[70759c8f55707aa4]::panicking::panic_handler::{closure#0}
[INFO] [stdout]    8:     0x5a45c6d62609 - std[70759c8f55707aa4]::sys::backtrace::__rust_end_short_backtrace::<std[70759c8f55707aa4]::panicking::panic_handler::{closure#0}, !>
[INFO] [stdout]    9:     0x5a45c6d6afbd - __rustc[8fa7c3cbc660c2b3]::rust_begin_unwind
[INFO] [stdout]   10:     0x5a45c6da7b5c - core[df12db4294e9bfd3]::panicking::panic_fmt
[INFO] [stdout]   11:     0x5a45c6da7932 - core[df12db4294e9bfd3]::result::unwrap_failed
[INFO] [stdout]   12:     0x5a45c6b2a168 - signer_stronghold[fc157b9ee000867f]::signer::tests::test_chain_id_management::{closure#0}
[INFO] [stdout]   13:     0x5a45c6ad3e83 - <tokio[c972595acfaafcd]::runtime::scheduler::current_thread::Context>::enter::<core[df12db4294e9bfd3]::task::poll::Poll<()>, <tokio[c972595acfaafcd]::runtime::scheduler::current_thread::CoreGuard>::block_on<core[df12db4294e9bfd3]::pin::Pin<&mut core[df12db4294e9bfd3]::pin::Pin<&mut dyn core[df12db4294e9bfd3]::future::future::Future<Output = ()>>>>::{closure#0}::{closure#0}>
[INFO] [stdout]   14:     0x5a45c6b2211f - <std[70759c8f55707aa4]::thread::local::LocalKey<tokio[c972595acfaafcd]::runtime::context::Context>>::with::<tokio[c972595acfaafcd]::runtime::context::set_scheduler<(alloc[2182bb758b4b3781]::boxed::Box<tokio[c972595acfaafcd]::runtime::scheduler::current_thread::Core>, core[df12db4294e9bfd3]::option::Option<()>), <tokio[c972595acfaafcd]::runtime::scheduler::current_thread::CoreGuard>::enter<<tokio[c972595acfaafcd]::runtime::scheduler::current_thread::CoreGuard>::block_on<core[df12db4294e9bfd3]::pin::Pin<&mut core[df12db4294e9bfd3]::pin::Pin<&mut dyn core[df12db4294e9bfd3]::future::future::Future<Output = ()>>>>::{closure#0}, core[df12db4294e9bfd3]::option::Option<()>>::{closure#0}>::{closure#0}, (alloc[2182bb758b4b3781]::boxed::Box<tokio[c972595acfaafcd]::runtime::scheduler::current_thread::Core>, core[df12db4294e9bfd3]::option::Option<()>)>
[INFO] [stdout]   15:     0x5a45c6ad1de1 - <tokio[c972595acfaafcd]::runtime::runtime::Runtime>::block_on::<core[df12db4294e9bfd3]::pin::Pin<&mut dyn core[df12db4294e9bfd3]::future::future::Future<Output = ()>>>
[INFO] [stdout]   16:     0x5a45c6b2fa15 - signer_stronghold[fc157b9ee000867f]::signer::tests::test_chain_id_management
[INFO] [stdout]   17:     0x5a45c6b05259 - <signer_stronghold[fc157b9ee000867f]::signer::tests::test_chain_id_management::{closure#0} as core[df12db4294e9bfd3]::ops::function::FnOnce<()>>::call_once
[INFO] [stdout]   18:     0x5a45c6b5909b - test[9d35eded1c95d3be]::__rust_begin_short_backtrace::<core[df12db4294e9bfd3]::result::Result<(), alloc[2182bb758b4b3781]::string::String>, fn() -> core[df12db4294e9bfd3]::result::Result<(), alloc[2182bb758b4b3781]::string::String>>
[INFO] [stdout]   19:     0x5a45c6b66705 - test[9d35eded1c95d3be]::run_test::{closure#0}
[INFO] [stdout]   20:     0x5a45c6b5ffc4 - std[70759c8f55707aa4]::sys::backtrace::__rust_begin_short_backtrace::<test[9d35eded1c95d3be]::run_test::{closure#1}, ()>
[INFO] [stdout]   21:     0x5a45c6b69862 - <std[70759c8f55707aa4]::thread::lifecycle::spawn_unchecked<test[9d35eded1c95d3be]::run_test::{closure#1}, ()>::{closure#1} as core[df12db4294e9bfd3]::ops::function::FnOnce<()>>::call_once::{shim:vtable#0}
[INFO] [stdout]   22:     0x5a45c6d8f869 - <std[70759c8f55707aa4]::sys::thread::unix::Thread>::new::thread_start
[INFO] [stdout]   23:     0x7efac7c7bdfa - <unknown>
[INFO] [stdout]   24:     0x7efac7d0f3d4 - clone
[INFO] [stdout]   25:                0x0 - <unknown>
[INFO] [stdout] 
[INFO] [stdout] ---- signer::tests::test_reinitialize_existing_signer stdout ----
[INFO] [stdout] 
[INFO] [stdout] thread 'signer::tests::test_reinitialize_existing_signer' (21313) panicked at src/signer.rs:303:41:
[INFO] [stdout] Failed to create StrongholdSigner: Client(Inner("I/O error: Read-only file system (os error 30)"))
[INFO] [stdout] stack backtrace:
[INFO] [stdout]    0:     0x5a45c6d90661 - <<std[70759c8f55707aa4]::sys::backtrace::BacktraceLock>::print::DisplayBacktrace as core[df12db4294e9bfd3]::fmt::Display>::fmt
[INFO] [stdout]    1:     0x5a45c6da73fa - core[df12db4294e9bfd3]::fmt::write
[INFO] [stdout]    2:     0x5a45c6d9513c - <alloc[2182bb758b4b3781]::vec::Vec<u8> as core[df12db4294e9bfd3]::io::write::Write>::write_fmt
[INFO] [stdout]    3:     0x5a45c6d69d56 - std[70759c8f55707aa4]::panicking::default_hook::{closure#0}
[INFO] [stdout]    4:     0x5a45c6d87e39 - std[70759c8f55707aa4]::panicking::default_hook
[INFO] [stdout]    5:     0x5a45c6b65db0 - test[9d35eded1c95d3be]::test_main_inner::<test[9d35eded1c95d3be]::test_main_static::{closure#0}>::{closure#0}
[INFO] [stdout]    6:     0x5a45c6d88162 - std[70759c8f55707aa4]::panicking::panic_with_hook
[INFO] [stdout]    7:     0x5a45c6d69e02 - std[70759c8f55707aa4]::panicking::panic_handler::{closure#0}
[INFO] [stdout]    8:     0x5a45c6d62609 - std[70759c8f55707aa4]::sys::backtrace::__rust_end_short_backtrace::<std[70759c8f55707aa4]::panicking::panic_handler::{closure#0}, !>
[INFO] [stdout]    9:     0x5a45c6d6afbd - __rustc[8fa7c3cbc660c2b3]::rust_begin_unwind
[INFO] [stdout]   10:     0x5a45c6da7b5c - core[df12db4294e9bfd3]::panicking::panic_fmt
[INFO] [stdout]   11:     0x5a45c6da7932 - core[df12db4294e9bfd3]::result::unwrap_failed
[INFO] [stdout]   12:     0x5a45c6b2a900 - signer_stronghold[fc157b9ee000867f]::signer::tests::test_reinitialize_existing_signer::{closure#0}
[INFO] [stdout]   13:     0x5a45c6ad3e83 - <tokio[c972595acfaafcd]::runtime::scheduler::current_thread::Context>::enter::<core[df12db4294e9bfd3]::task::poll::Poll<()>, <tokio[c972595acfaafcd]::runtime::scheduler::current_thread::CoreGuard>::block_on<core[df12db4294e9bfd3]::pin::Pin<&mut core[df12db4294e9bfd3]::pin::Pin<&mut dyn core[df12db4294e9bfd3]::future::future::Future<Output = ()>>>>::{closure#0}::{closure#0}>
[INFO] [stdout]   14:     0x5a45c6b2211f - <std[70759c8f55707aa4]::thread::local::LocalKey<tokio[c972595acfaafcd]::runtime::context::Context>>::with::<tokio[c972595acfaafcd]::runtime::context::set_scheduler<(alloc[2182bb758b4b3781]::boxed::Box<tokio[c972595acfaafcd]::runtime::scheduler::current_thread::Core>, core[df12db4294e9bfd3]::option::Option<()>), <tokio[c972595acfaafcd]::runtime::scheduler::current_thread::CoreGuard>::enter<<tokio[c972595acfaafcd]::runtime::scheduler::current_thread::CoreGuard>::block_on<core[df12db4294e9bfd3]::pin::Pin<&mut core[df12db4294e9bfd3]::pin::Pin<&mut dyn core[df12db4294e9bfd3]::future::future::Future<Output = ()>>>>::{closure#0}, core[df12db4294e9bfd3]::option::Option<()>>::{closure#0}>::{closure#0}, (alloc[2182bb758b4b3781]::boxed::Box<tokio[c972595acfaafcd]::runtime::scheduler::current_thread::Core>, core[df12db4294e9bfd3]::option::Option<()>)>
[INFO] [stdout]   15:     0x5a45c6ad1de1 - <tokio[c972595acfaafcd]::runtime::runtime::Runtime>::block_on::<core[df12db4294e9bfd3]::pin::Pin<&mut dyn core[df12db4294e9bfd3]::future::future::Future<Output = ()>>>
[INFO] [stdout]   16:     0x5a45c6b2fda5 - signer_stronghold[fc157b9ee000867f]::signer::tests::test_reinitialize_existing_signer
[INFO] [stdout]   17:     0x5a45c6b052b9 - <signer_stronghold[fc157b9ee000867f]::signer::tests::test_reinitialize_existing_signer::{closure#0} as core[df12db4294e9bfd3]::ops::function::FnOnce<()>>::call_once
[INFO] [stdout]   18:     0x5a45c6b5909b - test[9d35eded1c95d3be]::__rust_begin_short_backtrace::<core[df12db4294e9bfd3]::result::Result<(), alloc[2182bb758b4b3781]::string::String>, fn() -> core[df12db4294e9bfd3]::result::Result<(), alloc[2182bb758b4b3781]::string::String>>
[INFO] [stdout]   19:     0x5a45c6b66705 - test[9d35eded1c95d3be]::run_test::{closure#0}
[INFO] [stdout]   20:     0x5a45c6b5ffc4 - std[70759c8f55707aa4]::sys::backtrace::__rust_begin_short_backtrace::<test[9d35eded1c95d3be]::run_test::{closure#1}, ()>
[INFO] [stdout]   21:     0x5a45c6b69862 - <std[70759c8f55707aa4]::thread::lifecycle::spawn_unchecked<test[9d35eded1c95d3be]::run_test::{closure#1}, ()>::{closure#1} as core[df12db4294e9bfd3]::ops::function::FnOnce<()>>::call_once::{shim:vtable#0}
[INFO] [stdout]   22:     0x5a45c6d8f869 - <std[70759c8f55707aa4]::sys::thread::unix::Thread>::new::thread_start
[INFO] [stdout]   23:     0x7efac7c7bdfa - <unknown>
[INFO] [stdout]   24:     0x7efac7d0f3d4 - clone
[INFO] [stdout]   25:                0x0 - <unknown>
[INFO] [stdout] 
[INFO] [stdout] ---- signer::tests::test_get_evm_address stdout ----
[INFO] [stdout] 
[INFO] [stdout] thread 'signer::tests::test_get_evm_address' (21309) panicked at src/signer.rs:303:41:
[INFO] [stdout] Failed to create StrongholdSigner: Client(Inner("I/O error: Read-only file system (os error 30)"))
[INFO] [stdout] stack backtrace:
[INFO] [stdout]    0:     0x5a45c6d90661 - <<std[70759c8f55707aa4]::sys::backtrace::BacktraceLock>::print::DisplayBacktrace as core[df12db4294e9bfd3]::fmt::Display>::fmt
[INFO] [stdout]    1:     0x5a45c6da73fa - core[df12db4294e9bfd3]::fmt::write
[INFO] [stdout]    2:     0x5a45c6d9513c - <alloc[2182bb758b4b3781]::vec::Vec<u8> as core[df12db4294e9bfd3]::io::write::Write>::write_fmt
[INFO] [stdout]    3:     0x5a45c6d69d56 - std[70759c8f55707aa4]::panicking::default_hook::{closure#0}
[INFO] [stdout]    4:     0x5a45c6d87e39 - std[70759c8f55707aa4]::panicking::default_hook
[INFO] [stdout]    5:     0x5a45c6b65db0 - test[9d35eded1c95d3be]::test_main_inner::<test[9d35eded1c95d3be]::test_main_static::{closure#0}>::{closure#0}
[INFO] [stdout]    6:     0x5a45c6d88162 - std[70759c8f55707aa4]::panicking::panic_with_hook
[INFO] [stdout]    7:     0x5a45c6d69e02 - std[70759c8f55707aa4]::panicking::panic_handler::{closure#0}
[INFO] [stdout]    8:     0x5a45c6d62609 - std[70759c8f55707aa4]::sys::backtrace::__rust_end_short_backtrace::<std[70759c8f55707aa4]::panicking::panic_handler::{closure#0}, !>
[INFO] [stdout]    9:     0x5a45c6d6afbd - __rustc[8fa7c3cbc660c2b3]::rust_begin_unwind
[INFO] [stdout]   10:     0x5a45c6da7b5c - core[df12db4294e9bfd3]::panicking::panic_fmt
[INFO] [stdout]   11:     0x5a45c6da7932 - core[df12db4294e9bfd3]::result::unwrap_failed
[INFO] [stdout]   12:     0x5a45c6b29895 - signer_stronghold[fc157b9ee000867f]::signer::tests::test_get_evm_address::{closure#0}
[INFO] [stdout]   13:     0x5a45c6ad3e83 - <tokio[c972595acfaafcd]::runtime::scheduler::current_thread::Context>::enter::<core[df12db4294e9bfd3]::task::poll::Poll<()>, <tokio[c972595acfaafcd]::runtime::scheduler::current_thread::CoreGuard>::block_on<core[df12db4294e9bfd3]::pin::Pin<&mut core[df12db4294e9bfd3]::pin::Pin<&mut dyn core[df12db4294e9bfd3]::future::future::Future<Output = ()>>>>::{closure#0}::{closure#0}>
[INFO] [stdout]   14:     0x5a45c6b2211f - <std[70759c8f55707aa4]::thread::local::LocalKey<tokio[c972595acfaafcd]::runtime::context::Context>>::with::<tokio[c972595acfaafcd]::runtime::context::set_scheduler<(alloc[2182bb758b4b3781]::boxed::Box<tokio[c972595acfaafcd]::runtime::scheduler::current_thread::Core>, core[df12db4294e9bfd3]::option::Option<()>), <tokio[c972595acfaafcd]::runtime::scheduler::current_thread::CoreGuard>::enter<<tokio[c972595acfaafcd]::runtime::scheduler::current_thread::CoreGuard>::block_on<core[df12db4294e9bfd3]::pin::Pin<&mut core[df12db4294e9bfd3]::pin::Pin<&mut dyn core[df12db4294e9bfd3]::future::future::Future<Output = ()>>>>::{closure#0}, core[df12db4294e9bfd3]::option::Option<()>>::{closure#0}>::{closure#0}, (alloc[2182bb758b4b3781]::boxed::Box<tokio[c972595acfaafcd]::runtime::scheduler::current_thread::Core>, core[df12db4294e9bfd3]::option::Option<()>)>
[INFO] [stdout]   15:     0x5a45c6ad1de1 - <tokio[c972595acfaafcd]::runtime::runtime::Runtime>::block_on::<core[df12db4294e9bfd3]::pin::Pin<&mut dyn core[df12db4294e9bfd3]::future::future::Future<Output = ()>>>
[INFO] [stdout]   16:     0x5a45c6b2f665 - signer_stronghold[fc157b9ee000867f]::signer::tests::test_get_evm_address
[INFO] [stdout]   17:     0x5a45c6b051f9 - <signer_stronghold[fc157b9ee000867f]::signer::tests::test_get_evm_address::{closure#0} as core[df12db4294e9bfd3]::ops::function::FnOnce<()>>::call_once
[INFO] [stdout]   18:     0x5a45c6b5909b - test[9d35eded1c95d3be]::__rust_begin_short_backtrace::<core[df12db4294e9bfd3]::result::Result<(), alloc[2182bb758b4b3781]::string::String>, fn() -> core[df12db4294e9bfd3]::result::Result<(), alloc[2182bb758b4b3781]::string::String>>
[INFO] [stdout]   19:     0x5a45c6b66705 - test[9d35eded1c95d3be]::run_test::{closure#0}
[INFO] [stdout]   20:     0x5a45c6b5ffc4 - std[70759c8f55707aa4]::sys::backtrace::__rust_begin_short_backtrace::<test[9d35eded1c95d3be]::run_test::{closure#1}, ()>
[INFO] [stdout]   21:     0x5a45c6b69862 - <std[70759c8f55707aa4]::thread::lifecycle::spawn_unchecked<test[9d35eded1c95d3be]::run_test::{closure#1}, ()>::{closure#1} as core[df12db4294e9bfd3]::ops::function::FnOnce<()>>::call_once::{shim:vtable#0}
[INFO] [stdout]   22:     0x5a45c6d8f869 - <std[70759c8f55707aa4]::sys::thread::unix::Thread>::new::thread_start
[INFO] [stdout]   23:     0x7efac7c7bdfa - <unknown>
[INFO] [stdout]   24:     0x7efac7d0f3d4 - clone
[INFO] [stdout]   25:                0x0 - <unknown>
[INFO] [stdout] 
[INFO] [stdout] 
[INFO] [stdout] failures:
[INFO] [stdout]     signer::tests::test_chain_id_management
[INFO] [stdout]     signer::tests::test_end_to_end_transaction_with_anvil
[INFO] [stdout]     signer::tests::test_get_evm_address
[INFO] [stdout]     signer::tests::test_initialize_new_signer
[INFO] [stdout]     signer::tests::test_new_from_path
[INFO] [stdout]     signer::tests::test_reinitialize_existing_signer
[INFO] [stdout]     signer::tests::test_sign_hash
[INFO] [stdout]     signer::tests::test_sign_message
[INFO] [stdout]     signer::tests::test_sign_transaction
[INFO] [stdout]     signer::tests::test_signer_trait_implementation
[INFO] [stdout] 
[INFO] [stdout] test result: FAILED. 1 passed; 10 failed; 0 ignored; 0 measured; 0 filtered out; finished in 0.07s
[INFO] [stdout] 
[INFO] [stderr] error: test failed, to rerun pass `--lib`
[INFO] running `Command { std: "docker" "inspect" "94634530b4aba2ce9f02e5b059f8abf125398bf211137b47ba5b8ce46867bac3", kill_on_drop: false }`
[INFO] running `Command { std: "docker" "rm" "-f" "94634530b4aba2ce9f02e5b059f8abf125398bf211137b47ba5b8ce46867bac3", kill_on_drop: false }`
[INFO] [stdout] 94634530b4aba2ce9f02e5b059f8abf125398bf211137b47ba5b8ce46867bac3
