[INFO] fetching crate signedpulse-common 0.3.8...
[INFO] testing signedpulse-common-0.3.8 against 1.99.0-beta.8+cargoflags=--release for beta-release-1.100-2
[INFO] extracting crate signedpulse-common 0.3.8 into /workspace/builds/worker-0-tc1/source
[INFO] started tweaking crates.io crate signedpulse-common 0.3.8
[INFO] finished tweaking crates.io crate signedpulse-common 0.3.8
[INFO] tweaked toml for crates.io crate signedpulse-common 0.3.8 written to /workspace/builds/worker-0-tc1/source/Cargo.toml
[INFO] validating manifest of crates.io crate signedpulse-common 0.3.8 on toolchain 1.99.0-beta.8
[INFO] running `Command { std: CARGO_HOME="/workspace/cargo-home" RUSTUP_HOME="/workspace/rustup-home" "/workspace/cargo-home/bin/cargo" "+1.99.0-beta.8" "metadata" "--manifest-path" "Cargo.toml" "--no-deps", kill_on_drop: false }`
[INFO] crate crates.io crate signedpulse-common 0.3.8 already has a lockfile, it will not be regenerated
[INFO] running `Command { std: CARGO_HOME="/workspace/cargo-home" RUSTUP_HOME="/workspace/rustup-home" "/workspace/cargo-home/bin/cargo" "+1.99.0-beta.8" "fetch" "--manifest-path" "Cargo.toml", kill_on_drop: false }`
[INFO] running `Command { std: "docker" "create" "-v" "/var/lib/crater-agent-workspace/builds/worker-0-tc1/source:/opt/rustwide/workdir:ro,Z" "-v" "/var/lib/crater-agent-workspace/builds/worker-0-tc1/target:/opt/rustwide/target:rw,Z" "-v" "/var/lib/crater-agent-workspace/cargo-home:/opt/rustwide/cargo-home:ro,Z" "-v" "/var/lib/crater-agent-workspace/rustup-home:/opt/rustwide/rustup-home:ro,Z" "-m" "1610612736" "--network" "none" "ghcr.io/rust-lang/crates-build-env/linux@sha256:77db811e55d90add9212f6832c23229e3de5f1c1f9905e8cb07319ea15df73ac" "sleep" "infinity", kill_on_drop: false }`
[INFO] [stdout] 8b7bc43cbebd6ac4e2f2d1ce20c9a12f0880253b666a2bcdfc3638807da2a536
[INFO] running `Command { std: "docker" "start" "8b7bc43cbebd6ac4e2f2d1ce20c9a12f0880253b666a2bcdfc3638807da2a536", kill_on_drop: false }`
[INFO] running `Command { std: "docker" "inspect" "8b7bc43cbebd6ac4e2f2d1ce20c9a12f0880253b666a2bcdfc3638807da2a536", kill_on_drop: false }`
[INFO] running `Command { std: "docker" "exec" "-e" "SOURCE_DIR=/opt/rustwide/workdir" "-e" "CARGO_HOME=/opt/rustwide/cargo-home" "-e" "RUSTUP_HOME=/opt/rustwide/rustup-home" "-e" "CARGO_TARGET_DIR=/opt/rustwide/target" "-w" "/opt/rustwide/workdir" "--user" "0:0" "8b7bc43cbebd6ac4e2f2d1ce20c9a12f0880253b666a2bcdfc3638807da2a536" "/opt/rustwide/cargo-home/bin/cargo" "+1.99.0-beta.8" "metadata" "--no-deps" "--format-version=1", kill_on_drop: false }`
[INFO] running `Command { std: "docker" "inspect" "8b7bc43cbebd6ac4e2f2d1ce20c9a12f0880253b666a2bcdfc3638807da2a536", kill_on_drop: false }`
[INFO] running `Command { std: "docker" "exec" "-e" "SOURCE_DIR=/opt/rustwide/workdir" "-e" "CARGO_HOME=/opt/rustwide/cargo-home" "-e" "RUSTUP_HOME=/opt/rustwide/rustup-home" "-e" "CARGO_TARGET_DIR=/opt/rustwide/target" "-e" "CARGO_INCREMENTAL=0" "-e" "RUST_BACKTRACE=full" "-e" "RUSTFLAGS=--cap-lints=warn" "-e" "RUSTDOCFLAGS=--cap-lints=warn" "-w" "/opt/rustwide/workdir" "--user" "0:0" "8b7bc43cbebd6ac4e2f2d1ce20c9a12f0880253b666a2bcdfc3638807da2a536" "/opt/rustwide/cargo-home/bin/cargo" "+1.99.0-beta.8" "build" "--frozen" "--message-format=json" "--release", kill_on_drop: false }`
[INFO] [stderr]    Compiling typenum v1.20.0
[INFO] [stderr]    Compiling zerocopy v0.8.48
[INFO] [stderr]    Compiling zmij v1.0.21
[INFO] [stderr]    Compiling signature v2.2.0
[INFO] [stderr]    Compiling serde_json v1.0.150
[INFO] [stderr]    Compiling winnow v0.7.15
[INFO] [stderr]    Compiling toml_write v0.1.2
[INFO] [stderr]    Compiling opaque-debug v0.3.1
[INFO] [stderr]    Compiling curve25519-dalek v4.1.3
[INFO] [stderr]    Compiling memchr v2.8.0
[INFO] [stderr]    Compiling syn v2.0.117
[INFO] [stderr]    Compiling ed25519 v2.2.3
[INFO] [stderr]    Compiling generic-array v0.14.7
[INFO] [stderr]    Compiling crypto-common v0.1.7
[INFO] [stderr]    Compiling block-buffer v0.10.4
[INFO] [stderr]    Compiling inout v0.1.4
[INFO] [stderr]    Compiling universal-hash v0.5.1
[INFO] [stderr]    Compiling aead v0.5.2
[INFO] [stderr]    Compiling digest v0.10.7
[INFO] [stderr]    Compiling poly1305 v0.8.0
[INFO] [stderr]    Compiling hmac v0.12.1
[INFO] [stderr]    Compiling sha2 v0.10.9
[INFO] [stderr]    Compiling hkdf v0.12.4
[INFO] [stderr]    Compiling zeroize_derive v1.4.3
[INFO] [stderr]    Compiling serde_derive v1.0.228
[INFO] [stderr]    Compiling curve25519-dalek-derive v0.1.1
[INFO] [stderr]    Compiling thiserror-impl v1.0.69
[INFO] [stderr]    Compiling zeroize v1.8.2
[INFO] [stderr]    Compiling cipher v0.4.4
[INFO] [stderr]    Compiling chacha20 v0.9.1
[INFO] [stderr]    Compiling thiserror v1.0.69
[INFO] [stderr]    Compiling chacha20poly1305 v0.10.1
[INFO] [stderr]    Compiling x25519-dalek v2.0.1
[INFO] [stderr]    Compiling ed25519-dalek v2.2.0
[INFO] [stderr]    Compiling ppv-lite86 v0.2.21
[INFO] [stderr]    Compiling rand_chacha v0.3.1
[INFO] [stderr]    Compiling rand v0.8.6
[INFO] [stderr]    Compiling serde v1.0.228
[INFO] [stderr]    Compiling toml_datetime v0.6.11
[INFO] [stderr]    Compiling serde_spanned v0.6.9
[INFO] [stderr]    Compiling toml_edit v0.22.27
[INFO] [stderr]    Compiling toml v0.8.23
[INFO] [stderr]    Compiling signedpulse-common v0.3.8 (/opt/rustwide/workdir)
[INFO] [stderr]     Finished `release` profile [optimized] target(s) in 25.35s
[INFO] running `Command { std: "docker" "inspect" "8b7bc43cbebd6ac4e2f2d1ce20c9a12f0880253b666a2bcdfc3638807da2a536", kill_on_drop: false }`
[INFO] running `Command { std: "docker" "exec" "-e" "SOURCE_DIR=/opt/rustwide/workdir" "-e" "CARGO_HOME=/opt/rustwide/cargo-home" "-e" "RUSTUP_HOME=/opt/rustwide/rustup-home" "-e" "CARGO_TARGET_DIR=/opt/rustwide/target" "-e" "CARGO_INCREMENTAL=0" "-e" "RUST_BACKTRACE=full" "-e" "RUSTFLAGS=--cap-lints=warn" "-e" "RUSTDOCFLAGS=--cap-lints=warn" "-w" "/opt/rustwide/workdir" "--user" "0:0" "8b7bc43cbebd6ac4e2f2d1ce20c9a12f0880253b666a2bcdfc3638807da2a536" "/opt/rustwide/cargo-home/bin/cargo" "+1.99.0-beta.8" "test" "--frozen" "--no-run" "--message-format=json" "--release", kill_on_drop: false }`
[INFO] [stderr]    Compiling signedpulse-common v0.3.8 (/opt/rustwide/workdir)
[INFO] [stderr]     Finished `release` profile [optimized] target(s) in 6.84s
[INFO] running `Command { std: "docker" "inspect" "8b7bc43cbebd6ac4e2f2d1ce20c9a12f0880253b666a2bcdfc3638807da2a536", kill_on_drop: false }`
[INFO] running `Command { std: "docker" "exec" "-e" "SOURCE_DIR=/opt/rustwide/workdir" "-e" "CARGO_HOME=/opt/rustwide/cargo-home" "-e" "RUSTUP_HOME=/opt/rustwide/rustup-home" "-e" "CARGO_TARGET_DIR=/opt/rustwide/target" "-e" "CARGO_INCREMENTAL=0" "-e" "RUST_BACKTRACE=full" "-e" "RUSTFLAGS=--cap-lints=warn" "-e" "RUSTDOCFLAGS=--cap-lints=warn" "-w" "/opt/rustwide/workdir" "--user" "0:0" "8b7bc43cbebd6ac4e2f2d1ce20c9a12f0880253b666a2bcdfc3638807da2a536" "/opt/rustwide/cargo-home/bin/cargo" "+1.99.0-beta.8" "test" "--frozen" "--release", kill_on_drop: false }`
[INFO] [stderr]     Finished `release` profile [optimized] target(s) in 0.10s
[INFO] [stderr]      Running unittests src/lib.rs (/opt/rustwide/target/release/deps/signedpulse_common-aa59f68c1c6426be)
[INFO] [stdout] 
[INFO] [stdout] running 53 tests
[INFO] [stdout] test config::tests::client_config_secondary_server_requires_its_own_key_when_encrypted ... ok
[INFO] [stdout] test config::tests::server_config_accepts_revoke_argv ... ok
[INFO] [stdout] test config::tests::client_config_allows_shared_wire_server_id_via_distinct_labels ... ok
[INFO] [stdout] test config::tests::client_config_parses_multiple_servers ... ok
[INFO] [stdout] test config::tests::client_config_parses ... ok
[INFO] [stdout] test config::tests::client_config_rejects_secondary_server_id_colliding_with_primary ... ok
[INFO] [stdout] test config::tests::server_config_parses_with_defaults ... ok
[INFO] [stdout] test config::tests::server_config_rejects_out_of_range_lease_knobs ... ok
[INFO] [stdout] test config::tests::client_config_rejects_secondary_zero_param_command_timeout ... ok
[INFO] [stdout] test crypto::tests::nonce_base64_round_trips ... ok
[INFO] [stdout] test crypto::tests::generated_private_key_round_trips ... ok
[INFO] [stdout] test config::tests::server_config_rejects_non_hex_client_id ... ok
[INFO] [stdout] test config::tests::server_config_rejects_bad_bounds ... ok
[INFO] [stdout] test config::tests::server_config_rejects_empty_revoke_argv ... ok
[INFO] [stdout] test config::tests::example_configs_match_schema ... FAILED
[INFO] [stdout] test crypto::tests::authenticated_reply_round_trip_and_forgery_rejected ... ok
[INFO] [stdout] test config::tests::server_config_rejects_duplicate_clients ... ok
[INFO] [stdout] test crypto::tests::open_fails_with_wrong_server_key ... ok
[INFO] [stdout] test config::tests::client_config_rejects_bad_retry_knobs ... ok
[INFO] [stdout] test config::tests::client_config_requires_server_key_when_encrypted ... ok
[INFO] [stdout] test crypto::tests::verify_fails_for_tampered_payload ... ok
[INFO] [stdout] test protocol::tests::decode_rejects_bad_magic_version_type_and_truncation ... ok
[INFO] [stdout] test protocol::tests::decode_rejects_trailing_bytes ... ok
[INFO] [stdout] test crypto::tests::seal_is_nondeterministic ... ok
[INFO] [stdout] test crypto::tests::seal_open_round_trips ... ok
[INFO] [stdout] test service::tests::launchd_plist_lists_each_program_argument ... ok
[INFO] [stdout] test protocol::tests::hello_is_122_bytes ... ok
[INFO] [stdout] test protocol::tests::packets_round_trip ... ok
[INFO] [stdout] test crypto::tests::sign_and_verify_succeeds_for_matching_key ... ok
[INFO] [stdout] test crypto::tests::open_fails_on_tampered_ciphertext ... ok
[INFO] [stdout] test service::tests::systemd_unit_contains_exec_and_install_target ... ok
[INFO] [stdout] test crypto::tests::open_fails_with_wrong_context ... ok
[INFO] [stdout] test service::tests::systemd_user_unit_uses_default_target ... ok
[INFO] [stdout] test status::tests::colored_styler_wraps_in_ansi_then_resets ... ok
[INFO] [stdout] test status::tests::default_state_path_honors_xdg_runtime_dir ... ok
[INFO] [stdout] test service::tests::systemd_quote_strips_newlines_preventing_directive_injection ... ok
[INFO] [stdout] test crypto::tests::public_key_from_private_matches_generated_public ... ok
[INFO] [stdout] test crypto::tests::nonce_is_correct_length_and_random ... ok
[INFO] [stdout] test crypto::tests::encryption_public_from_private_matches_generated_public ... ok
[INFO] [stdout] test config::tests::server_config_requires_encryption_key_when_required ... ok
[INFO] [stdout] test crypto::tests::verify_fails_for_wrong_public_key ... ok
[INFO] [stdout] test protocol::tests::canonical_payloads_change_with_each_field ... ok
[INFO] [stdout] test protocol::tests::client_id_hex_round_trips ... ok
[INFO] [stdout] test protocol::tests::decode_rejects_v1_packets ... ok
[INFO] [stdout] test protocol::tests::response_canonical_payload_is_stable_and_exact ... ok
[INFO] [stdout] test service::tests::activation_commands_match_target ... ok
[INFO] [stdout] test status::tests::pid_path_is_sibling_with_pid_extension ... ok
[INFO] [stdout] test status::tests::pidfile_round_trips ... ok
[INFO] [stdout] test status::tests::plain_styler_never_emits_escapes ... ok
[INFO] [stdout] test status::tests::read_snapshot_returns_none_for_missing_file ... ok
[INFO] [stdout] test status::tests::state_path_candidates_probe_shared_dir_even_when_xdg_is_set ... ok
[INFO] [stdout] test service::tests::unit_path_for_system_is_in_etc ... ok
[INFO] [stdout] test status::tests::server_snapshot_round_trips ... ok
[INFO] [stdout] 
[INFO] [stdout] failures:
[INFO] [stdout] 
[INFO] [stdout] ---- config::tests::example_configs_match_schema stdout ----
[INFO] [stdout] 
[INFO] [stdout] thread 'config::tests::example_configs_match_schema' (890) panicked at src/config.rs:656:68:
[INFO] [stdout] read server.toml: Os { code: 2, kind: NotFound, message: "No such file or directory" }
[INFO] [stdout] stack backtrace:
[INFO] [stdout]    0:     0x61d2ef45d991 - <<std[70759c8f55707aa4]::sys::backtrace::BacktraceLock>::print::DisplayBacktrace as core[df12db4294e9bfd3]::fmt::Display>::fmt
[INFO] [stdout]    1:     0x61d2ef47472a - core[df12db4294e9bfd3]::fmt::write
[INFO] [stdout]    2:     0x61d2ef461e4c - <alloc[2182bb758b4b3781]::vec::Vec<u8> as core[df12db4294e9bfd3]::io::write::Write>::write_fmt
[INFO] [stdout]    3:     0x61d2ef4380e6 - std[70759c8f55707aa4]::panicking::default_hook::{closure#0}
[INFO] [stdout]    4:     0x61d2ef455489 - std[70759c8f55707aa4]::panicking::default_hook
[INFO] [stdout]    5:     0x61d2ef3d5990 - test[9d35eded1c95d3be]::test_main_inner::<test[9d35eded1c95d3be]::test_main_static::{closure#0}>::{closure#0}
[INFO] [stdout]    6:     0x61d2ef455642 - std[70759c8f55707aa4]::panicking::panic_with_hook
[INFO] [stdout]    7:     0x61d2ef438192 - std[70759c8f55707aa4]::panicking::panic_handler::{closure#0}
[INFO] [stdout]    8:     0x61d2ef430a79 - std[70759c8f55707aa4]::sys::backtrace::__rust_end_short_backtrace::<std[70759c8f55707aa4]::panicking::panic_handler::{closure#0}, !>
[INFO] [stdout]    9:     0x61d2ef43909d - __rustc[8fa7c3cbc660c2b3]::rust_begin_unwind
[INFO] [stdout]   10:     0x61d2ef474e5c - core[df12db4294e9bfd3]::panicking::panic_fmt
[INFO] [stdout]   11:     0x61d2ef474c32 - core[df12db4294e9bfd3]::result::unwrap_failed
[INFO] [stdout]   12:     0x61d2ef38b58e - signedpulse_common[48581988adc561bc]::config::tests::example_configs_match_schema
[INFO] [stdout]   13:     0x61d2ef39ea29 - <signedpulse_common[48581988adc561bc]::config::tests::example_configs_match_schema::{closure#0} as core[df12db4294e9bfd3]::ops::function::FnOnce<()>>::call_once
[INFO] [stdout]   14:     0x61d2ef3c8c7b - test[9d35eded1c95d3be]::__rust_begin_short_backtrace::<core[df12db4294e9bfd3]::result::Result<(), alloc[2182bb758b4b3781]::string::String>, fn() -> core[df12db4294e9bfd3]::result::Result<(), alloc[2182bb758b4b3781]::string::String>>
[INFO] [stdout]   15:     0x61d2ef3d62e5 - test[9d35eded1c95d3be]::run_test::{closure#0}
[INFO] [stdout]   16:     0x61d2ef3cfba4 - std[70759c8f55707aa4]::sys::backtrace::__rust_begin_short_backtrace::<test[9d35eded1c95d3be]::run_test::{closure#1}, ()>
[INFO] [stdout]   17:     0x61d2ef3d9442 - <std[70759c8f55707aa4]::thread::lifecycle::spawn_unchecked<test[9d35eded1c95d3be]::run_test::{closure#1}, ()>::{closure#1} as core[df12db4294e9bfd3]::ops::function::FnOnce<()>>::call_once::{shim:vtable#0}
[INFO] [stdout]   18:     0x61d2ef45c9e9 - <std[70759c8f55707aa4]::sys::thread::unix::Thread>::new::thread_start
[INFO] [stdout]   19:     0x7b3533c58dfa - <unknown>
[INFO] [stdout]   20:     0x7b3533cec3d4 - clone
[INFO] [stdout]   21:                0x0 - <unknown>
[INFO] [stdout] 
[INFO] [stdout] 
[INFO] [stdout] failures:
[INFO] [stdout]     config::tests::example_configs_match_schema
[INFO] [stdout] 
[INFO] [stdout] test result: FAILED. 52 passed; 1 failed; 0 ignored; 0 measured; 0 filtered out; finished in 0.02s
[INFO] [stdout] 
[INFO] [stderr] error: test failed, to rerun pass `--lib`
[INFO] running `Command { std: "docker" "inspect" "8b7bc43cbebd6ac4e2f2d1ce20c9a12f0880253b666a2bcdfc3638807da2a536", kill_on_drop: false }`
[INFO] running `Command { std: "docker" "rm" "-f" "8b7bc43cbebd6ac4e2f2d1ce20c9a12f0880253b666a2bcdfc3638807da2a536", kill_on_drop: false }`
[INFO] [stdout] 8b7bc43cbebd6ac4e2f2d1ce20c9a12f0880253b666a2bcdfc3638807da2a536
