[INFO] fetching crate signalr-client 0.3.2...
[INFO] testing signalr-client-0.3.2 against 1.99.0-beta.8+cargoflags=--release for beta-release-1.100-2
[INFO] extracting crate signalr-client 0.3.2 into /workspace/builds/worker-7-tc1/source
[INFO] removed /workspace/builds/worker-7-tc1/source/.cargo/config.toml
[INFO] started tweaking crates.io crate signalr-client 0.3.2
[INFO] finished tweaking crates.io crate signalr-client 0.3.2
[INFO] tweaked toml for crates.io crate signalr-client 0.3.2 written to /workspace/builds/worker-7-tc1/source/Cargo.toml
[INFO] validating manifest of crates.io crate signalr-client 0.3.2 on toolchain 1.99.0-beta.8
[INFO] running `Command { std: CARGO_HOME="/workspace/cargo-home" RUSTUP_HOME="/workspace/rustup-home" "/workspace/cargo-home/bin/cargo" "+1.99.0-beta.8" "metadata" "--manifest-path" "Cargo.toml" "--no-deps", kill_on_drop: false }`
[INFO] crate crates.io crate signalr-client 0.3.2 already has a lockfile, it will not be regenerated
[INFO] running `Command { std: CARGO_HOME="/workspace/cargo-home" RUSTUP_HOME="/workspace/rustup-home" "/workspace/cargo-home/bin/cargo" "+1.99.0-beta.8" "fetch" "--manifest-path" "Cargo.toml", kill_on_drop: false }`
[INFO] [stderr]     Updating crates.io index
[INFO] [stderr]  Downloading crates ...
[INFO] [stderr]   Downloaded wasm-sockets v1.0.0
[INFO] [stderr]   Downloaded rustversion v1.0.19
[INFO] [stderr]   Downloaded value-bag v1.12.0
[INFO] [stderr]   Downloaded once_cell v1.20.3
[INFO] [stderr]   Downloaded smallvec v1.14.0
[INFO] [stderr]   Downloaded test-log-macros v0.2.19
[INFO] [stderr]   Downloaded pkg-config v0.3.31
[INFO] [stderr]   Downloaded test-log v0.2.19
[INFO] [stderr]   Downloaded security-framework-sys v2.14.0
[INFO] [stderr]   Downloaded env_logger v0.11.6
[INFO] [stderr]   Downloaded serde_repr v0.1.20
[INFO] [stderr]   Downloaded redox_syscall v0.5.9
[INFO] [stderr]   Downloaded rmpv v1.3.1
[INFO] [stderr]   Downloaded ehttp v0.6.0
[INFO] [stderr]   Downloaded tempfile v3.17.1
[INFO] [stderr]   Downloaded tracing-core v0.1.35
[INFO] [stderr]   Downloaded document-features v0.2.11
[INFO] [stderr]   Downloaded openssl-sys v0.9.106
[INFO] [stderr]   Downloaded tracing v0.1.43
[INFO] [stderr]   Downloaded litrs v0.4.1
[INFO] [stderr]   Downloaded console_log v1.0.0
[INFO] [stderr]   Downloaded kv-log-macro v1.0.7
[INFO] [stderr]   Downloaded event-listener-strategy v0.5.3
[INFO] [stderr]   Downloaded crc32fast v1.4.2
[INFO] [stderr]   Downloaded async-global-executor v2.4.1
[INFO] [stderr]   Downloaded tokio-util v0.7.13
[INFO] [stderr]   Downloaded cc v1.2.15
[INFO] [stderr]   Downloaded flate2 v1.0.35
[INFO] [stderr]   Downloaded tracing-subscriber v0.3.22
[INFO] [stderr]   Downloaded async-executor v1.13.1
[INFO] [stderr]   Downloaded rustls-webpki v0.102.8
[INFO] [stderr]   Downloaded openssl v0.10.71
[INFO] [stderr]   Downloaded async-std v1.13.2
[INFO] [stderr]   Downloaded tokio-websockets v0.13.1
[INFO] [stderr]   Downloaded rustls v0.23.23
[INFO] [stderr]   Downloaded ring v0.17.10
[INFO] running `Command { std: "docker" "create" "-v" "/var/lib/crater-agent-workspace/builds/worker-7-tc1/source:/opt/rustwide/workdir:ro,Z" "-v" "/var/lib/crater-agent-workspace/builds/worker-7-tc1/target:/opt/rustwide/target:rw,Z" "-v" "/var/lib/crater-agent-workspace/cargo-home:/opt/rustwide/cargo-home:ro,Z" "-v" "/var/lib/crater-agent-workspace/rustup-home:/opt/rustwide/rustup-home:ro,Z" "-m" "1610612736" "--network" "none" "ghcr.io/rust-lang/crates-build-env/linux@sha256:77db811e55d90add9212f6832c23229e3de5f1c1f9905e8cb07319ea15df73ac" "sleep" "infinity", kill_on_drop: false }`
[INFO] [stdout] d4537c70ef576c8ea1601d454070575a7688a5cbc09e49c1a9aa35757955fae3
[INFO] running `Command { std: "docker" "start" "d4537c70ef576c8ea1601d454070575a7688a5cbc09e49c1a9aa35757955fae3", kill_on_drop: false }`
[INFO] running `Command { std: "docker" "inspect" "d4537c70ef576c8ea1601d454070575a7688a5cbc09e49c1a9aa35757955fae3", kill_on_drop: false }`
[INFO] running `Command { std: "docker" "exec" "-e" "SOURCE_DIR=/opt/rustwide/workdir" "-e" "CARGO_HOME=/opt/rustwide/cargo-home" "-e" "RUSTUP_HOME=/opt/rustwide/rustup-home" "-e" "CARGO_TARGET_DIR=/opt/rustwide/target" "-w" "/opt/rustwide/workdir" "--user" "0:0" "d4537c70ef576c8ea1601d454070575a7688a5cbc09e49c1a9aa35757955fae3" "/opt/rustwide/cargo-home/bin/cargo" "+1.99.0-beta.8" "metadata" "--no-deps" "--format-version=1", kill_on_drop: false }`
[INFO] running `Command { std: "docker" "inspect" "d4537c70ef576c8ea1601d454070575a7688a5cbc09e49c1a9aa35757955fae3", kill_on_drop: false }`
[INFO] running `Command { std: "docker" "exec" "-e" "SOURCE_DIR=/opt/rustwide/workdir" "-e" "CARGO_HOME=/opt/rustwide/cargo-home" "-e" "RUSTUP_HOME=/opt/rustwide/rustup-home" "-e" "CARGO_TARGET_DIR=/opt/rustwide/target" "-e" "CARGO_INCREMENTAL=0" "-e" "RUST_BACKTRACE=full" "-e" "RUSTFLAGS=--cap-lints=warn" "-e" "RUSTDOCFLAGS=--cap-lints=warn" "-w" "/opt/rustwide/workdir" "--user" "0:0" "d4537c70ef576c8ea1601d454070575a7688a5cbc09e49c1a9aa35757955fae3" "/opt/rustwide/cargo-home/bin/cargo" "+1.99.0-beta.8" "build" "--frozen" "--message-format=json" "--release", kill_on_drop: false }`
[INFO] [stderr]    Compiling cfg-if v1.0.0
[INFO] [stderr]    Compiling libc v0.2.177
[INFO] [stderr]    Compiling stable_deref_trait v1.2.0
[INFO] [stderr]    Compiling autocfg v1.4.0
[INFO] [stderr]    Compiling smallvec v1.14.0
[INFO] [stderr]    Compiling wasm-bindgen-shared v0.2.108
[INFO] [stderr]    Compiling once_cell v1.20.3
[INFO] [stderr]    Compiling writeable v0.5.5
[INFO] [stderr]    Compiling litemap v0.7.4
[INFO] [stderr]    Compiling pkg-config v0.3.31
[INFO] [stderr]    Compiling vcpkg v0.2.15
[INFO] [stderr]    Compiling rustversion v1.0.19
[INFO] [stderr]    Compiling icu_locid_transform_data v1.5.0
[INFO] [stderr]    Compiling cc v1.2.15
[INFO] [stderr]    Compiling parking_lot_core v0.9.10
[INFO] [stderr]    Compiling quote v1.0.38
[INFO] [stderr]    Compiling bumpalo v3.17.0
[INFO] [stderr]    Compiling icu_properties_data v1.5.0
[INFO] [stderr]    Compiling icu_normalizer_data v1.5.0
[INFO] [stderr]    Compiling write16 v1.0.0
[INFO] [stderr]    Compiling unicode-ident v1.0.17
[INFO] [stderr]    Compiling utf16_iter v1.0.5
[INFO] [stderr]    Compiling bytes v1.10.0
[INFO] [stderr]    Compiling syn v2.0.98
[INFO] [stderr]    Compiling rustls-pki-types v1.11.0
[INFO] [stderr]    Compiling openssl v0.10.71
[INFO] [stderr]    Compiling foreign-types-shared v0.1.1
[INFO] [stderr]    Compiling native-tls v0.2.14
[INFO] [stderr]    Compiling adler2 v2.0.0
[INFO] [stderr]    Compiling foreign-types v0.3.2
[INFO] [stderr]    Compiling lock_api v0.4.12
[INFO] [stderr]    Compiling slab v0.4.9
[INFO] [stderr]    Compiling bitflags v2.8.0
[INFO] [stderr]    Compiling rustls v0.23.23
[INFO] [stderr]    Compiling percent-encoding v2.3.1
[INFO] [stderr]    Compiling memchr v2.7.4
[INFO] [stderr]    Compiling anstyle-parse v0.2.6
[INFO] [stderr]    Compiling miniz_oxide v0.8.4
[INFO] [stderr]    Compiling form_urlencoded v1.2.1
[INFO] [stderr]    Compiling futures-channel v0.3.32
[INFO] [stderr]    Compiling crc32fast v1.4.2
[INFO] [stderr]    Compiling colorchoice v1.0.3
[INFO] [stderr]    Compiling itoa v1.0.14
[INFO] [stderr]    Compiling wasm-bindgen v0.2.108
[INFO] [stderr]    Compiling openssl-probe v0.1.6
[INFO] [stderr]    Compiling zeroize v1.8.1
[INFO] [stderr]    Compiling is_terminal_polyfill v1.70.1
[INFO] [stderr]    Compiling anstyle-query v1.1.2
[INFO] [stderr]    Compiling httparse v1.10.0
[INFO] [stderr]    Compiling anstyle v1.0.10
[INFO] [stderr]    Compiling webpki-roots v0.26.8
[INFO] [stderr]    Compiling flate2 v1.0.35
[INFO] [stderr]    Compiling env_filter v0.1.3
[INFO] [stderr]    Compiling litrs v0.4.1
[INFO] [stderr]    Compiling http v1.4.0
[INFO] [stderr]    Compiling fastrand v2.3.0
[INFO] [stderr]    Compiling anstream v0.6.18
[INFO] [stderr]    Compiling sha1_smol v1.0.1
[INFO] [stderr]    Compiling simdutf8 v0.1.5
[INFO] [stderr]    Compiling getrandom v0.2.15
[INFO] [stderr]    Compiling socket2 v0.6.1
[INFO] [stderr]    Compiling mio v1.0.3
[INFO] [stderr]    Compiling signal-hook-registry v1.4.2
[INFO] [stderr]    Compiling env_logger v0.11.6
[INFO] [stderr]    Compiling serde_json v1.0.149
[INFO] [stderr]    Compiling parking_lot v0.12.3
[INFO] [stderr]    Compiling document-features v0.2.11
[INFO] [stderr]    Compiling openssl-sys v0.9.106
[INFO] [stderr]    Compiling ring v0.17.10
[INFO] [stderr]    Compiling synstructure v0.13.1
[INFO] [stderr]    Compiling wasm-bindgen-macro-support v0.2.108
[INFO] [stderr]    Compiling zerovec-derive v0.10.3
[INFO] [stderr]    Compiling displaydoc v0.2.5
[INFO] [stderr]    Compiling icu_provider_macros v1.5.0
[INFO] [stderr]    Compiling tokio-macros v2.6.0
[INFO] [stderr]    Compiling openssl-macros v0.1.1
[INFO] [stderr]    Compiling futures-macro v0.3.32
[INFO] [stderr]    Compiling test-log-macros v0.2.19
[INFO] [stderr]    Compiling serde_derive v1.0.228
[INFO] [stderr]    Compiling serde_repr v0.1.20
[INFO] [stderr]    Compiling zerofrom-derive v0.1.5
[INFO] [stderr]    Compiling yoke-derive v0.7.5
[INFO] [stderr]    Compiling test-log v0.2.19
[INFO] [stderr]    Compiling tokio v1.49.0
[INFO] [stderr]    Compiling futures-util v0.3.32
[INFO] [stderr]    Compiling zerofrom v0.1.5
[INFO] [stderr]    Compiling yoke v0.7.5
[INFO] [stderr]    Compiling zerovec v0.10.4
[INFO] [stderr]    Compiling wasm-bindgen-macro v0.2.108
[INFO] [stderr]    Compiling tinystr v0.7.6
[INFO] [stderr]    Compiling icu_collections v1.5.0
[INFO] [stderr]    Compiling icu_locid v1.5.0
[INFO] [stderr]    Compiling serde v1.0.228
[INFO] [stderr]    Compiling js-sys v0.3.85
[INFO] [stderr]    Compiling console_error_panic_hook v0.1.7
[INFO] [stderr]    Compiling icu_provider v1.5.0
[INFO] [stderr]    Compiling icu_locid_transform v1.5.0
[INFO] [stderr]    Compiling icu_properties v1.5.1
[INFO] [stderr]    Compiling futures-executor v0.3.32
[INFO] [stderr]    Compiling futures v0.3.32
[INFO] [stderr]    Compiling tokio-native-tls v0.3.1
[INFO] [stderr]    Compiling tokio-util v0.7.13
[INFO] [stderr]    Compiling icu_normalizer v1.5.0
[INFO] [stderr]    Compiling idna_adapter v1.2.0
[INFO] [stderr]    Compiling idna v1.0.3
[INFO] [stderr]    Compiling web-sys v0.3.85
[INFO] [stderr]    Compiling tokio-websockets v0.13.1
[INFO] [stderr]    Compiling console_log v1.0.0
[INFO] [stderr]    Compiling url v2.5.4
[INFO] [stderr]    Compiling rustls-webpki v0.102.8
[INFO] [stderr]    Compiling ureq v2.12.1
[INFO] [stderr]    Compiling ehttp v0.6.0
[INFO] [stderr]    Compiling signalr-client v0.3.2 (/opt/rustwide/workdir)
[INFO] [stdout] warning: struct `TestEntity` is never constructed
[INFO] [stdout]  --> src/tests/mod.rs:4:12
[INFO] [stdout]   |
[INFO] [stdout] 4 | pub struct TestEntity {
[INFO] [stdout]   |            ^^^^^^^^^^
[INFO] [stdout]   |
[INFO] [stdout]   = note: `#[warn(dead_code)]` (part of `#[warn(unused)]`) on by default
[INFO] [stdout] 
[INFO] [stdout] 
[INFO] [stdout] warning: struct `HandshakeResponse` is never constructed
[INFO] [stdout]    --> src/protocol/negotiate.rs:115:12
[INFO] [stdout]     |
[INFO] [stdout] 115 | pub struct HandshakeResponse {
[INFO] [stdout]     |            ^^^^^^^^^^^^^^^^^
[INFO] [stdout] 
[INFO] [stdout] 
[INFO] [stdout] warning: struct `Close` is never constructed
[INFO] [stdout]    --> src/protocol/negotiate.rs:148:12
[INFO] [stdout]     |
[INFO] [stdout] 148 | pub struct Close {
[INFO] [stdout]     |            ^^^^^
[INFO] [stdout] 
[INFO] [stdout] 
[INFO] [stdout] warning: method `get_message_type` is never used
[INFO] [stdout]    --> src/protocol/invoke.rs:109:19
[INFO] [stdout]     |
[INFO] [stdout]  25 | impl Invocation {
[INFO] [stdout]     | --------------- method in this implementation
[INFO] [stdout] ...
[INFO] [stdout] 109 |     pub(crate) fn get_message_type(&self) -> u8 {
[INFO] [stdout]     |                   ^^^^^^^^^^^^^^^^
[INFO] [stdout] 
[INFO] [stdout] 
[INFO] [stdout] warning: struct `CancelInvocation` is never constructed
[INFO] [stdout]    --> src/protocol/invoke.rs:163:12
[INFO] [stdout]     |
[INFO] [stdout] 163 | pub struct CancelInvocation {
[INFO] [stdout]     |            ^^^^^^^^^^^^^^^^
[INFO] [stdout] 
[INFO] [stdout] 
[INFO] [stdout] warning: struct `Close` is never constructed
[INFO] [stdout]  --> src/protocol/close.rs:9:12
[INFO] [stdout]   |
[INFO] [stdout] 9 | pub struct Close {
[INFO] [stdout]   |            ^^^^^
[INFO] [stdout] 
[INFO] [stdout] 
[INFO] [stdout] warning: method `send_binary` is never used
[INFO] [stdout]   --> src/communication/common.rs:35:14
[INFO] [stdout]    |
[INFO] [stdout] 32 | pub trait Communication : Clone {
[INFO] [stdout]    |           ------------- method in this trait
[INFO] [stdout] ...
[INFO] [stdout] 35 |     async fn send_binary(&mut self, data: Vec<u8>) -> Result<(), String>;
[INFO] [stdout]    |              ^^^^^^^^^^^
[INFO] [stdout] 
[INFO] [stdout] 
[INFO] [stdout] warning: method `send_binary` is never used
[INFO] [stdout]    --> src/communication/client_tokio.rs:193:14
[INFO] [stdout]     |
[INFO] [stdout] 141 | impl CommunicationConnection {
[INFO] [stdout]     | ---------------------------- method in this implementation
[INFO] [stdout] ...
[INFO] [stdout] 193 |     async fn send_binary(&mut self, data: Vec<u8>) -> Result<(), String> {
[INFO] [stdout]     |              ^^^^^^^^^^^
[INFO] [stdout] 
[INFO] [stdout] 
[INFO] [stderr]     Finished `release` profile [optimized] target(s) in 1m 26s
[INFO] running `Command { std: "docker" "inspect" "d4537c70ef576c8ea1601d454070575a7688a5cbc09e49c1a9aa35757955fae3", kill_on_drop: false }`
[INFO] running `Command { std: "docker" "exec" "-e" "SOURCE_DIR=/opt/rustwide/workdir" "-e" "CARGO_HOME=/opt/rustwide/cargo-home" "-e" "RUSTUP_HOME=/opt/rustwide/rustup-home" "-e" "CARGO_TARGET_DIR=/opt/rustwide/target" "-e" "CARGO_INCREMENTAL=0" "-e" "RUST_BACKTRACE=full" "-e" "RUSTFLAGS=--cap-lints=warn" "-e" "RUSTDOCFLAGS=--cap-lints=warn" "-w" "/opt/rustwide/workdir" "--user" "0:0" "d4537c70ef576c8ea1601d454070575a7688a5cbc09e49c1a9aa35757955fae3" "/opt/rustwide/cargo-home/bin/cargo" "+1.99.0-beta.8" "test" "--frozen" "--no-run" "--message-format=json" "--release", kill_on_drop: false }`
[INFO] [stdout] warning: struct `TestEntity` is never constructed
[INFO] [stdout]  --> src/tests/mod.rs:4:12
[INFO] [stdout]   |
[INFO] [stdout] 4 | pub struct TestEntity {
[INFO] [stdout]   |            ^^^^^^^^^^
[INFO] [stdout]   |
[INFO] [stdout]   = note: `#[warn(dead_code)]` (part of `#[warn(unused)]`) on by default
[INFO] [stdout] 
[INFO] [stdout] 
[INFO] [stdout] warning: struct `HandshakeResponse` is never constructed
[INFO] [stdout]    --> src/protocol/negotiate.rs:115:12
[INFO] [stdout]     |
[INFO] [stdout] 115 | pub struct HandshakeResponse {
[INFO] [stdout]     |            ^^^^^^^^^^^^^^^^^
[INFO] [stdout] 
[INFO] [stdout] 
[INFO] [stdout] warning: struct `Close` is never constructed
[INFO] [stdout]    --> src/protocol/negotiate.rs:148:12
[INFO] [stdout]     |
[INFO] [stdout] 148 | pub struct Close {
[INFO] [stdout]     |            ^^^^^
[INFO] [stdout] 
[INFO] [stdout] 
[INFO] [stdout] warning: method `get_message_type` is never used
[INFO] [stdout]    --> src/protocol/invoke.rs:109:19
[INFO] [stdout]     |
[INFO] [stdout]  25 | impl Invocation {
[INFO] [stdout]     | --------------- method in this implementation
[INFO] [stdout] ...
[INFO] [stdout] 109 |     pub(crate) fn get_message_type(&self) -> u8 {
[INFO] [stdout]     |                   ^^^^^^^^^^^^^^^^
[INFO] [stdout] 
[INFO] [stdout] 
[INFO] [stdout] warning: struct `CancelInvocation` is never constructed
[INFO] [stdout]    --> src/protocol/invoke.rs:163:12
[INFO] [stdout]     |
[INFO] [stdout] 163 | pub struct CancelInvocation {
[INFO] [stdout]     |            ^^^^^^^^^^^^^^^^
[INFO] [stdout] 
[INFO] [stdout] 
[INFO] [stdout] warning: struct `Close` is never constructed
[INFO] [stdout]  --> src/protocol/close.rs:9:12
[INFO] [stdout]   |
[INFO] [stdout] 9 | pub struct Close {
[INFO] [stdout]   |            ^^^^^
[INFO] [stdout] 
[INFO] [stdout] 
[INFO] [stdout] warning: method `send_binary` is never used
[INFO] [stdout]   --> src/communication/common.rs:35:14
[INFO] [stdout]    |
[INFO] [stdout] 32 | pub trait Communication : Clone {
[INFO] [stdout]    |           ------------- method in this trait
[INFO] [stdout] ...
[INFO] [stdout] 35 |     async fn send_binary(&mut self, data: Vec<u8>) -> Result<(), String>;
[INFO] [stdout]    |              ^^^^^^^^^^^
[INFO] [stdout] 
[INFO] [stdout] 
[INFO] [stderr]    Compiling signalr-client v0.3.2 (/opt/rustwide/workdir)
[INFO] [stdout] warning: method `send_binary` is never used
[INFO] [stdout]    --> src/communication/client_tokio.rs:193:14
[INFO] [stdout]     |
[INFO] [stdout] 141 | impl CommunicationConnection {
[INFO] [stdout]     | ---------------------------- method in this implementation
[INFO] [stdout] ...
[INFO] [stdout] 193 |     async fn send_binary(&mut self, data: Vec<u8>) -> Result<(), String> {
[INFO] [stdout]     |              ^^^^^^^^^^^
[INFO] [stdout] 
[INFO] [stdout] 
[INFO] [stdout] warning: struct `HandshakeResponse` is never constructed
[INFO] [stdout]    --> src/protocol/negotiate.rs:115:12
[INFO] [stdout]     |
[INFO] [stdout] 115 | pub struct HandshakeResponse {
[INFO] [stdout]     |            ^^^^^^^^^^^^^^^^^
[INFO] [stdout]     |
[INFO] [stdout]     = note: `#[warn(dead_code)]` (part of `#[warn(unused)]`) on by default
[INFO] [stdout] 
[INFO] [stdout] 
[INFO] [stdout] warning: struct `Close` is never constructed
[INFO] [stdout]    --> src/protocol/negotiate.rs:148:12
[INFO] [stdout]     |
[INFO] [stdout] 148 | pub struct Close {
[INFO] [stdout]     |            ^^^^^
[INFO] [stdout] 
[INFO] [stdout] 
[INFO] [stdout] warning: method `get_message_type` is never used
[INFO] [stdout]    --> src/protocol/invoke.rs:109:19
[INFO] [stdout]     |
[INFO] [stdout]  25 | impl Invocation {
[INFO] [stdout]     | --------------- method in this implementation
[INFO] [stdout] ...
[INFO] [stdout] 109 |     pub(crate) fn get_message_type(&self) -> u8 {
[INFO] [stdout]     |                   ^^^^^^^^^^^^^^^^
[INFO] [stdout] 
[INFO] [stdout] 
[INFO] [stdout] warning: struct `CancelInvocation` is never constructed
[INFO] [stdout]    --> src/protocol/invoke.rs:163:12
[INFO] [stdout]     |
[INFO] [stdout] 163 | pub struct CancelInvocation {
[INFO] [stdout]     |            ^^^^^^^^^^^^^^^^
[INFO] [stdout] 
[INFO] [stdout] 
[INFO] [stdout] warning: struct `Close` is never constructed
[INFO] [stdout]  --> src/protocol/close.rs:9:12
[INFO] [stdout]   |
[INFO] [stdout] 9 | pub struct Close {
[INFO] [stdout]   |            ^^^^^
[INFO] [stdout] 
[INFO] [stdout] 
[INFO] [stdout] warning: method `send_binary` is never used
[INFO] [stdout]   --> src/communication/common.rs:35:14
[INFO] [stdout]    |
[INFO] [stdout] 32 | pub trait Communication : Clone {
[INFO] [stdout]    |           ------------- method in this trait
[INFO] [stdout] ...
[INFO] [stdout] 35 |     async fn send_binary(&mut self, data: Vec<u8>) -> Result<(), String>;
[INFO] [stdout]    |              ^^^^^^^^^^^
[INFO] [stdout] 
[INFO] [stdout] 
[INFO] [stdout] warning: method `send_binary` is never used
[INFO] [stdout]    --> src/communication/client_tokio.rs:193:14
[INFO] [stdout]     |
[INFO] [stdout] 141 | impl CommunicationConnection {
[INFO] [stdout]     | ---------------------------- method in this implementation
[INFO] [stdout] ...
[INFO] [stdout] 193 |     async fn send_binary(&mut self, data: Vec<u8>) -> Result<(), String> {
[INFO] [stdout]     |              ^^^^^^^^^^^
[INFO] [stdout] 
[INFO] [stdout] 
[INFO] [stderr]     Finished `release` profile [optimized] target(s) in 7.79s
[INFO] running `Command { std: "docker" "inspect" "d4537c70ef576c8ea1601d454070575a7688a5cbc09e49c1a9aa35757955fae3", kill_on_drop: false }`
[INFO] running `Command { std: "docker" "exec" "-e" "SOURCE_DIR=/opt/rustwide/workdir" "-e" "CARGO_HOME=/opt/rustwide/cargo-home" "-e" "RUSTUP_HOME=/opt/rustwide/rustup-home" "-e" "CARGO_TARGET_DIR=/opt/rustwide/target" "-e" "CARGO_INCREMENTAL=0" "-e" "RUST_BACKTRACE=full" "-e" "RUSTFLAGS=--cap-lints=warn" "-e" "RUSTDOCFLAGS=--cap-lints=warn" "-w" "/opt/rustwide/workdir" "--user" "0:0" "d4537c70ef576c8ea1601d454070575a7688a5cbc09e49c1a9aa35757955fae3" "/opt/rustwide/cargo-home/bin/cargo" "+1.99.0-beta.8" "test" "--frozen" "--release", kill_on_drop: false }`
[INFO] [stderr] warning: struct `TestEntity` is never constructed
[INFO] [stderr]  --> src/tests/mod.rs:4:12
[INFO] [stderr]   |
[INFO] [stderr] 4 | pub struct TestEntity {
[INFO] [stderr]   |            ^^^^^^^^^^
[INFO] [stderr]   |
[INFO] [stderr]   = note: `#[warn(dead_code)]` (part of `#[warn(unused)]`) on by default
[INFO] [stderr] 
[INFO] [stderr] warning: struct `HandshakeResponse` is never constructed
[INFO] [stderr]    --> src/protocol/negotiate.rs:115:12
[INFO] [stderr]     |
[INFO] [stderr] 115 | pub struct HandshakeResponse {
[INFO] [stderr]     |            ^^^^^^^^^^^^^^^^^
[INFO] [stderr] 
[INFO] [stderr] warning: struct `Close` is never constructed
[INFO] [stderr]    --> src/protocol/negotiate.rs:148:12
[INFO] [stderr]     |
[INFO] [stderr] 148 | pub struct Close {
[INFO] [stderr]     |            ^^^^^
[INFO] [stderr] 
[INFO] [stderr] warning: method `get_message_type` is never used
[INFO] [stderr]    --> src/protocol/invoke.rs:109:19
[INFO] [stderr]     |
[INFO] [stderr]  25 | impl Invocation {
[INFO] [stderr]     | --------------- method in this implementation
[INFO] [stderr] ...
[INFO] [stderr] 109 |     pub(crate) fn get_message_type(&self) -> u8 {
[INFO] [stderr]     |                   ^^^^^^^^^^^^^^^^
[INFO] [stderr] 
[INFO] [stderr] warning: struct `CancelInvocation` is never constructed
[INFO] [stderr]    --> src/protocol/invoke.rs:163:12
[INFO] [stderr]     |
[INFO] [stderr] 163 | pub struct CancelInvocation {
[INFO] [stderr]     |            ^^^^^^^^^^^^^^^^
[INFO] [stderr] 
[INFO] [stderr] warning: struct `Close` is never constructed
[INFO] [stderr]  --> src/protocol/close.rs:9:12
[INFO] [stderr]   |
[INFO] [stderr] 9 | pub struct Close {
[INFO] [stderr]   |            ^^^^^
[INFO] [stderr] 
[INFO] [stderr] warning: method `send_binary` is never used
[INFO] [stderr]   --> src/communication/common.rs:35:14
[INFO] [stderr]    |
[INFO] [stderr] 32 | pub trait Communication : Clone {
[INFO] [stderr]    |           ------------- method in this trait
[INFO] [stderr] ...
[INFO] [stderr] 35 |     async fn send_binary(&mut self, data: Vec<u8>) -> Result<(), String>;
[INFO] [stderr]    |              ^^^^^^^^^^^
[INFO] [stderr] 
[INFO] [stderr] warning: method `send_binary` is never used
[INFO] [stderr]    --> src/communication/client_tokio.rs:193:14
[INFO] [stderr]     |
[INFO] [stderr] 141 | impl CommunicationConnection {
[INFO] [stderr]     | ---------------------------- method in this implementation
[INFO] [stderr] ...
[INFO] [stderr] 193 |     async fn send_binary(&mut self, data: Vec<u8>) -> Result<(), String> {
[INFO] [stderr]     |              ^^^^^^^^^^^
[INFO] [stderr] 
[INFO] [stderr] warning: struct `HandshakeResponse` is never constructed
[INFO] [stderr]    --> src/protocol/negotiate.rs:115:12
[INFO] [stderr]     |
[INFO] [stderr] 115 | pub struct HandshakeResponse {
[INFO] [stderr]     |            ^^^^^^^^^^^^^^^^^
[INFO] [stderr]     |
[INFO] [stderr]     = note: `#[warn(dead_code)]` (part of `#[warn(unused)]`) on by default
[INFO] [stderr] 
[INFO] [stderr] warning: `signalr-client` (lib) generated 8 warnings
[INFO] [stderr] warning: `signalr-client` (lib test) generated 7 warnings (6 duplicates)
[INFO] [stderr]     Finished `release` profile [optimized] target(s) in 0.17s
[INFO] [stderr]      Running unittests src/lib.rs (/opt/rustwide/target/release/deps/signalr_client-82832862fa5b49c6)
[INFO] [stdout] 
[INFO] [stdout] running 1 test
[INFO] [stdout] test tests::tests_tokio::test_service ... FAILED
[INFO] [stdout] 
[INFO] [stdout] failures:
[INFO] [stdout] 
[INFO] [stdout] ---- tests::tests_tokio::test_service stdout ----
[INFO] [stdout] 
[INFO] [stdout] thread 'tests::tests_tokio::test_service' (2375) panicked at src/tests/tests_tokio.rs:27:14:
[INFO] [stdout] called `Result::unwrap()` on an `Err` value: "HTTP negotiation with endpoint http://localhost:5220/test/negotiate?negotiateVersion=1 failed The call failed: http://localhost:5220/test/negotiate?negotiateVersion=1: Connection Failed: Connect error: Connection refused (os error 111)"
[INFO] [stdout] stack backtrace:
[INFO] [stdout]    0:     0x5c39ff567b31 - <<std[70759c8f55707aa4]::sys::backtrace::BacktraceLock>::print::DisplayBacktrace as core[df12db4294e9bfd3]::fmt::Display>::fmt
[INFO] [stdout]    1:     0x5c39ff58088a - core[df12db4294e9bfd3]::fmt::write
[INFO] [stdout]    2:     0x5c39ff56e2ec - <alloc[2182bb758b4b3781]::vec::Vec<u8> as core[df12db4294e9bfd3]::io::write::Write>::write_fmt
[INFO] [stdout]    3:     0x5c39ff541dd6 - std[70759c8f55707aa4]::panicking::default_hook::{closure#0}
[INFO] [stdout]    4:     0x5c39ff55f6a9 - std[70759c8f55707aa4]::panicking::default_hook
[INFO] [stdout]    5:     0x5c39ff4ab240 - test[9d35eded1c95d3be]::test_main_inner::<test[9d35eded1c95d3be]::test_main_static::{closure#0}>::{closure#0}
[INFO] [stdout]    6:     0x5c39ff55f9d2 - std[70759c8f55707aa4]::panicking::panic_with_hook
[INFO] [stdout]    7:     0x5c39ff541e82 - std[70759c8f55707aa4]::panicking::panic_handler::{closure#0}
[INFO] [stdout]    8:     0x5c39ff53ab29 - std[70759c8f55707aa4]::sys::backtrace::__rust_end_short_backtrace::<std[70759c8f55707aa4]::panicking::panic_handler::{closure#0}, !>
[INFO] [stdout]    9:     0x5c39ff542c6d - __rustc[8fa7c3cbc660c2b3]::rust_begin_unwind
[INFO] [stdout]   10:     0x5c39ff580fec - core[df12db4294e9bfd3]::panicking::panic_fmt
[INFO] [stdout]   11:     0x5c39ff580dc2 - core[df12db4294e9bfd3]::result::unwrap_failed
[INFO] [stdout]   12:     0x5c39ff34abc1 - signalr_client[fad53075e2d6951d]::tests::tests_tokio::test_service::{closure#0}
[INFO] [stdout]   13:     0x5c39ff37453b - <tokio[d1fe94458731fd6c]::runtime::scheduler::current_thread::CurrentThread>::block_on::<core[df12db4294e9bfd3]::pin::Pin<&mut dyn core[df12db4294e9bfd3]::future::future::Future<Output = ()>>>
[INFO] [stdout]   14:     0x5c39ff354702 - <tokio[d1fe94458731fd6c]::runtime::runtime::Runtime>::block_on::<core[df12db4294e9bfd3]::pin::Pin<&mut dyn core[df12db4294e9bfd3]::future::future::Future<Output = ()>>>
[INFO] [stdout]   15:     0x5c39ff34da3b - signalr_client[fad53075e2d6951d]::tests::tests_tokio::test_service
[INFO] [stdout]   16:     0x5c39ff362889 - <signalr_client[fad53075e2d6951d]::tests::tests_tokio::test_service::{closure#0} as core[df12db4294e9bfd3]::ops::function::FnOnce<()>>::call_once
[INFO] [stdout]   17:     0x5c39ff49e52b - test[9d35eded1c95d3be]::__rust_begin_short_backtrace::<core[df12db4294e9bfd3]::result::Result<(), alloc[2182bb758b4b3781]::string::String>, fn() -> core[df12db4294e9bfd3]::result::Result<(), alloc[2182bb758b4b3781]::string::String>>
[INFO] [stdout]   18:     0x5c39ff4abb95 - test[9d35eded1c95d3be]::run_test::{closure#0}
[INFO] [stdout]   19:     0x5c39ff4a5454 - std[70759c8f55707aa4]::sys::backtrace::__rust_begin_short_backtrace::<test[9d35eded1c95d3be]::run_test::{closure#1}, ()>
[INFO] [stdout]   20:     0x5c39ff4aecf2 - <std[70759c8f55707aa4]::thread::lifecycle::spawn_unchecked<test[9d35eded1c95d3be]::run_test::{closure#1}, ()>::{closure#1} as core[df12db4294e9bfd3]::ops::function::FnOnce<()>>::call_once::{shim:vtable#0}
[INFO] [stdout]   21:     0x5c39ff566c59 - <std[70759c8f55707aa4]::sys::thread::unix::Thread>::new::thread_start
[INFO] [stdout]   22:     0x73cc8172fdfa - <unknown>
[INFO] [stdout]   23:     0x73cc817c33d4 - clone
[INFO] [stdout]   24:                0x0 - <unknown>
[INFO] [stdout] 
[INFO] [stdout] 
[INFO] [stdout] failures:
[INFO] [stdout]     tests::tests_tokio::test_service
[INFO] [stdout] 
[INFO] [stdout] test result: FAILED. 0 passed; 1 failed; 0 ignored; 0 measured; 0 filtered out; finished in 0.01s
[INFO] [stdout] 
[INFO] [stderr] error: test failed, to rerun pass `--lib`
[INFO] running `Command { std: "docker" "inspect" "d4537c70ef576c8ea1601d454070575a7688a5cbc09e49c1a9aa35757955fae3", kill_on_drop: false }`
[INFO] running `Command { std: "docker" "rm" "-f" "d4537c70ef576c8ea1601d454070575a7688a5cbc09e49c1a9aa35757955fae3", kill_on_drop: false }`
[INFO] [stdout] d4537c70ef576c8ea1601d454070575a7688a5cbc09e49c1a9aa35757955fae3
