[INFO] fetching crate sigi 3.8.0...
[INFO] testing sigi-3.8.0 against 1.100.0-beta.1+cargoflags=--release for beta-release-1.100-2
[INFO] extracting crate sigi 3.8.0 into /workspace/builds/worker-5-tc2/source
[INFO] started tweaking crates.io crate sigi 3.8.0
[INFO] removed 0 missing tests
[INFO] finished tweaking crates.io crate sigi 3.8.0
[INFO] tweaked toml for crates.io crate sigi 3.8.0 written to /workspace/builds/worker-5-tc2/source/Cargo.toml
[INFO] validating manifest of crates.io crate sigi 3.8.0 on toolchain 1.100.0-beta.1
[INFO] running `Command { std: CARGO_HOME="/workspace/cargo-home" RUSTUP_HOME="/workspace/rustup-home" "/workspace/cargo-home/bin/cargo" "+1.100.0-beta.1" "metadata" "--manifest-path" "Cargo.toml" "--no-deps", kill_on_drop: false }`
[INFO] crate crates.io crate sigi 3.8.0 already has a lockfile, it will not be regenerated
[INFO] running `Command { std: CARGO_HOME="/workspace/cargo-home" RUSTUP_HOME="/workspace/rustup-home" "/workspace/cargo-home/bin/cargo" "+1.100.0-beta.1" "fetch" "--manifest-path" "Cargo.toml", kill_on_drop: false }`
[INFO] [stderr] warning: `package.homepage` is redundant with `package.repository`
[INFO] [stderr]   --> Cargo.toml:51:12
[INFO] [stderr]    |
[INFO] [stderr] 51 | homepage = "https://github.com/so-dang-cool/sigi"
[INFO] [stderr]    |            ^^^^^^^^^^^^^^^^^^^^^^^^^^^^^^^^^^^^^^
[INFO] [stderr] ...
[INFO] [stderr] 56 | repository = "https://github.com/so-dang-cool/sigi"
[INFO] [stderr]    |              --------------------------------------
[INFO] [stderr]    |
[INFO] [stderr]    = note: `cargo::redundant_homepage` is set to `warn` by default
[INFO] [stderr] help: consider removing `package.homepage`
[INFO] [stderr] warning: `sigi` (manifest) generated 1 warning
[INFO] running `Command { std: "docker" "create" "-v" "/var/lib/crater-agent-workspace/builds/worker-5-tc2/source:/opt/rustwide/workdir:ro,Z" "-v" "/var/lib/crater-agent-workspace/builds/worker-5-tc2/target:/opt/rustwide/target:rw,Z" "-v" "/var/lib/crater-agent-workspace/cargo-home:/opt/rustwide/cargo-home:ro,Z" "-v" "/var/lib/crater-agent-workspace/rustup-home:/opt/rustwide/rustup-home:ro,Z" "-m" "1610612736" "--network" "none" "ghcr.io/rust-lang/crates-build-env/linux@sha256:77db811e55d90add9212f6832c23229e3de5f1c1f9905e8cb07319ea15df73ac" "sleep" "infinity", kill_on_drop: false }`
[INFO] [stdout] b130e5343d742ece1fb6fdbec23e09d5622b39bbc2d04adb6ccdeff801b23290
[INFO] running `Command { std: "docker" "start" "b130e5343d742ece1fb6fdbec23e09d5622b39bbc2d04adb6ccdeff801b23290", kill_on_drop: false }`
[INFO] running `Command { std: "docker" "inspect" "b130e5343d742ece1fb6fdbec23e09d5622b39bbc2d04adb6ccdeff801b23290", kill_on_drop: false }`
[INFO] running `Command { std: "docker" "exec" "-e" "SOURCE_DIR=/opt/rustwide/workdir" "-e" "CARGO_HOME=/opt/rustwide/cargo-home" "-e" "RUSTUP_HOME=/opt/rustwide/rustup-home" "-e" "CARGO_TARGET_DIR=/opt/rustwide/target" "-w" "/opt/rustwide/workdir" "--user" "0:0" "b130e5343d742ece1fb6fdbec23e09d5622b39bbc2d04adb6ccdeff801b23290" "/opt/rustwide/cargo-home/bin/cargo" "+1.100.0-beta.1" "metadata" "--no-deps" "--format-version=1", kill_on_drop: false }`
[INFO] running `Command { std: "docker" "inspect" "b130e5343d742ece1fb6fdbec23e09d5622b39bbc2d04adb6ccdeff801b23290", kill_on_drop: false }`
[INFO] running `Command { std: "docker" "exec" "-e" "SOURCE_DIR=/opt/rustwide/workdir" "-e" "CARGO_HOME=/opt/rustwide/cargo-home" "-e" "RUSTUP_HOME=/opt/rustwide/rustup-home" "-e" "CARGO_TARGET_DIR=/opt/rustwide/target" "-e" "CARGO_INCREMENTAL=0" "-e" "RUST_BACKTRACE=full" "-e" "RUSTFLAGS=--cap-lints=warn" "-e" "RUSTDOCFLAGS=--cap-lints=warn" "-w" "/opt/rustwide/workdir" "--user" "0:0" "b130e5343d742ece1fb6fdbec23e09d5622b39bbc2d04adb6ccdeff801b23290" "/opt/rustwide/cargo-home/bin/cargo" "+1.100.0-beta.1" "build" "--frozen" "--message-format=json" "--release", kill_on_drop: false }`
[INFO] [stderr] warning: `package.homepage` is redundant with `package.repository`
[INFO] [stderr]   --> Cargo.toml:51:12
[INFO] [stderr]    |
[INFO] [stderr] 51 | homepage = "https://github.com/so-dang-cool/sigi"
[INFO] [stderr]    |            ^^^^^^^^^^^^^^^^^^^^^^^^^^^^^^^^^^^^^^
[INFO] [stderr] ...
[INFO] [stderr] 56 | repository = "https://github.com/so-dang-cool/sigi"
[INFO] [stderr]    |              --------------------------------------
[INFO] [stderr]    |
[INFO] [stderr]    = note: `cargo::redundant_homepage` is set to `warn` by default
[INFO] [stderr] help: consider removing `package.homepage`
[INFO] [stderr] warning: `sigi` (manifest) generated 1 warning
[INFO] [stderr]    Compiling proc-macro2 v1.0.106
[INFO] [stderr]    Compiling unicode-ident v1.0.24
[INFO] [stderr]    Compiling quote v1.0.46
[INFO] [stderr]    Compiling libc v0.2.186
[INFO] [stderr]    Compiling rand_core v0.6.4
[INFO] [stderr]    Compiling siphasher v1.0.3
[INFO] [stderr]    Compiling rustix v0.38.44
[INFO] [stderr]    Compiling bitflags v2.13.0
[INFO] [stderr]    Compiling serde_core v1.0.228
[INFO] [stderr]    Compiling memchr v2.8.2
[INFO] [stderr]    Compiling linux-raw-sys v0.4.15
[INFO] [stderr]    Compiling utf8parse v0.2.2
[INFO] [stderr]    Compiling autocfg v1.5.1
[INFO] [stderr]    Compiling cfg-if v1.0.4
[INFO] [stderr]    Compiling anstyle v1.0.14
[INFO] [stderr]    Compiling anstyle-parse v1.0.0
[INFO] [stderr]    Compiling colorchoice v1.0.5
[INFO] [stderr]    Compiling smallvec v1.15.2
[INFO] [stderr]    Compiling rand v0.8.6
[INFO] [stderr]    Compiling home v0.5.12
[INFO] [stderr]    Compiling minimal-lexical v0.2.1
[INFO] [stderr]    Compiling zmij v1.0.21
[INFO] [stderr]    Compiling anstyle-query v1.1.5
[INFO] [stderr]    Compiling phf_shared v0.11.3
[INFO] [stderr]    Compiling serde v1.0.228
[INFO] [stderr]    Compiling num-traits v0.2.19
[INFO] [stderr]    Compiling is_terminal_polyfill v1.70.2
[INFO] [stderr]    Compiling bitflags v1.3.2
[INFO] [stderr]    Compiling thiserror v1.0.69
[INFO] [stderr]    Compiling anstream v1.0.0
[INFO] [stderr]    Compiling nibble_vec v0.1.0
[INFO] [stderr]    Compiling fnv v1.0.7
[INFO] [stderr]    Compiling option-ext v0.2.0
[INFO] [stderr]    Compiling phf v0.11.3
[INFO] [stderr]    Compiling clap_lex v1.1.0
[INFO] [stderr]    Compiling serde_json v1.0.150
[INFO] [stderr]    Compiling endian-type v0.1.2
[INFO] [stderr]    Compiling either v1.16.0
[INFO] [stderr]    Compiling strsim v0.11.1
[INFO] [stderr]    Compiling heck v0.5.0
[INFO] [stderr]    Compiling radix_trie v0.2.1
[INFO] [stderr]    Compiling itoa v1.0.18
[INFO] [stderr]    Compiling unicode-width v0.1.14
[INFO] [stderr]    Compiling unicode-segmentation v1.13.3
[INFO] [stderr]    Compiling pure-rust-locales v0.8.2
[INFO] [stderr]    Compiling log v0.4.33
[INFO] [stderr]    Compiling iana-time-zone v0.1.65
[INFO] [stderr]    Compiling clap_builder v4.6.0
[INFO] [stderr]    Compiling nom v7.1.3
[INFO] [stderr]    Compiling json v0.12.4
[INFO] [stderr]    Compiling phf_generator v0.11.3
[INFO] [stderr]    Compiling phf_codegen v0.11.3
[INFO] [stderr]    Compiling terminfo v0.8.0
[INFO] [stderr]    Compiling syn v2.0.118
[INFO] [stderr]    Compiling dirs-sys v0.3.7
[INFO] [stderr]    Compiling nix v0.26.4
[INFO] [stderr]    Compiling dirs-sys v0.4.1
[INFO] [stderr]    Compiling directories v5.0.1
[INFO] [stderr]    Compiling dirs v4.0.0
[INFO] [stderr]    Compiling fd-lock v3.0.13
[INFO] [stderr]    Compiling which v4.4.2
[INFO] [stderr]    Compiling rustyline v12.0.0
[INFO] [stderr]    Compiling thiserror-impl v1.0.69
[INFO] [stderr]    Compiling serde_derive v1.0.228
[INFO] [stderr]    Compiling clap_derive v4.6.1
[INFO] [stderr]    Compiling clearscreen v2.0.1
[INFO] [stderr]    Compiling clap v4.6.1
[INFO] [stderr]    Compiling chrono v0.4.45
[INFO] [stderr]    Compiling sigi v3.8.0 (/opt/rustwide/workdir)
[INFO] [stderr]     Finished `release` profile [optimized] target(s) in 41.65s
[INFO] running `Command { std: "docker" "inspect" "b130e5343d742ece1fb6fdbec23e09d5622b39bbc2d04adb6ccdeff801b23290", kill_on_drop: false }`
[INFO] running `Command { std: "docker" "exec" "-e" "SOURCE_DIR=/opt/rustwide/workdir" "-e" "CARGO_HOME=/opt/rustwide/cargo-home" "-e" "RUSTUP_HOME=/opt/rustwide/rustup-home" "-e" "CARGO_TARGET_DIR=/opt/rustwide/target" "-e" "CARGO_INCREMENTAL=0" "-e" "RUST_BACKTRACE=full" "-e" "RUSTFLAGS=--cap-lints=warn" "-e" "RUSTDOCFLAGS=--cap-lints=warn" "-w" "/opt/rustwide/workdir" "--user" "0:0" "b130e5343d742ece1fb6fdbec23e09d5622b39bbc2d04adb6ccdeff801b23290" "/opt/rustwide/cargo-home/bin/cargo" "+1.100.0-beta.1" "test" "--frozen" "--no-run" "--message-format=json" "--release", kill_on_drop: false }`
[INFO] [stderr] warning: `package.homepage` is redundant with `package.repository`
[INFO] [stderr]   --> Cargo.toml:51:12
[INFO] [stderr]    |
[INFO] [stderr] 51 | homepage = "https://github.com/so-dang-cool/sigi"
[INFO] [stderr]    |            ^^^^^^^^^^^^^^^^^^^^^^^^^^^^^^^^^^^^^^
[INFO] [stderr] ...
[INFO] [stderr] 56 | repository = "https://github.com/so-dang-cool/sigi"
[INFO] [stderr]    |              --------------------------------------
[INFO] [stderr]    |
[INFO] [stderr]    = note: `cargo::redundant_homepage` is set to `warn` by default
[INFO] [stderr] help: consider removing `package.homepage`
[INFO] [stderr] warning: `sigi` (manifest) generated 1 warning
[INFO] [stderr]    Compiling sigi v3.8.0 (/opt/rustwide/workdir)
[INFO] [stderr]     Finished `release` profile [optimized] target(s) in 32.85s
[INFO] running `Command { std: "docker" "inspect" "b130e5343d742ece1fb6fdbec23e09d5622b39bbc2d04adb6ccdeff801b23290", kill_on_drop: false }`
[INFO] running `Command { std: "docker" "exec" "-e" "SOURCE_DIR=/opt/rustwide/workdir" "-e" "CARGO_HOME=/opt/rustwide/cargo-home" "-e" "RUSTUP_HOME=/opt/rustwide/rustup-home" "-e" "CARGO_TARGET_DIR=/opt/rustwide/target" "-e" "CARGO_INCREMENTAL=0" "-e" "RUST_BACKTRACE=full" "-e" "RUSTFLAGS=--cap-lints=warn" "-e" "RUSTDOCFLAGS=--cap-lints=warn" "-w" "/opt/rustwide/workdir" "--user" "0:0" "b130e5343d742ece1fb6fdbec23e09d5622b39bbc2d04adb6ccdeff801b23290" "/opt/rustwide/cargo-home/bin/cargo" "+1.100.0-beta.1" "test" "--frozen" "--release", kill_on_drop: false }`
[INFO] [stderr] warning: `package.homepage` is redundant with `package.repository`
[INFO] [stderr]   --> Cargo.toml:51:12
[INFO] [stderr]    |
[INFO] [stderr] 51 | homepage = "https://github.com/so-dang-cool/sigi"
[INFO] [stderr]    |            ^^^^^^^^^^^^^^^^^^^^^^^^^^^^^^^^^^^^^^
[INFO] [stderr] ...
[INFO] [stderr] 56 | repository = "https://github.com/so-dang-cool/sigi"
[INFO] [stderr]    |              --------------------------------------
[INFO] [stderr]    |
[INFO] [stderr]    = note: `cargo::redundant_homepage` is set to `warn` by default
[INFO] [stderr] help: consider removing `package.homepage`
[INFO] [stderr] warning: `sigi` (manifest) generated 1 warning
[INFO] [stderr]     Finished `release` profile [optimized] target(s) in 0.11s
[INFO] [stderr]      Running unittests src/lib.rs (/opt/rustwide/target/release/build/sigi/3535bdea4ea197b4/out/sigi-3535bdea4ea197b4)
[INFO] [stdout] 
[INFO] [stdout] running 0 tests
[INFO] [stdout] 
[INFO] [stdout] test result: ok. 0 passed; 0 failed; 0 ignored; 0 measured; 0 filtered out; finished in 0.00s
[INFO] [stdout] 
[INFO] [stderr]      Running unittests src/bin/sigi.rs (/opt/rustwide/target/release/build/sigi/e54c0eadead0140f/out/sigi-e54c0eadead0140f)
[INFO] [stderr]      Running tests/abcd_tests.rs (/opt/rustwide/target/release/build/sigi/8004f9958c262d72/out/abcd_tests-8004f9958c262d72)
[INFO] [stdout] 
[INFO] [stdout] running 0 tests
[INFO] [stdout] 
[INFO] [stdout] test result: ok. 0 passed; 0 failed; 0 ignored; 0 measured; 0 filtered out; finished in 0.00s
[INFO] [stdout] 
[INFO] [stdout] 
[INFO] [stdout] running 9 tests
[INFO] [stdout] test run_sigi::assert_failure ... ok
[INFO] [stdout] test run_sigi::assert_stdout_line_starts_with ... ok
[INFO] [stdout] test run_sigi::assert_success ... ok
[INFO] [stdout] test run_sigi::assert_stderr_empty ... ok
[INFO] [stdout] test run_sigi::assert_stdout_eq ... ok
[INFO] [stdout] test run_sigi::assert_stdout_lines_eq ... ok
[INFO] [stdout] test run_sigi::assert_stdout_line_eq ... ok
[INFO] [stdout] test run_sigi::sigi_piping_basic ... FAILED
[INFO] [stderr] error: test failed, to rerun pass `--test abcd_tests`
[INFO] [stdout] test sigi_abcd_tests ... ok
[INFO] [stdout] 
[INFO] [stdout] failures:
[INFO] [stdout] 
[INFO] [stdout] ---- run_sigi::sigi_piping_basic stdout ----
[INFO] [stdout] 
[INFO] [stdout] thread 'run_sigi::sigi_piping_basic' (1317) panicked at tests/run_sigi.rs:135:9:
[INFO] [stdout] sigi stdout had no line starting with: sigi 3.7
[INFO] [stdout] ===
[INFO] [stdout] stdout:
[INFO] [stdout] ===
[INFO] [stdout] sigi 3.8.0
[INFO] [stdout] Type "exit", "quit", or "q" to quit. (On Unixy systems, Ctrl+C or Ctrl+D also work)
[INFO] [stdout] Type "?" for quick help, or "help" for a more verbose help message.
[INFO] [stdout] 
[INFO] [stdout] Ctrl+d: Buen biåhe!
[INFO] [stdout] ===
[INFO] [stdout] 
[INFO] [stdout] stack backtrace:
[INFO] [stdout]    0:     0x617e83288417 - <<std[617be2ca0a6fd877]::sys::backtrace::BacktraceLock>::print::DisplayBacktrace as core[a373ad73a504971]::fmt::Display>::fmt
[INFO] [stdout]    1:     0x617e83271da4 - core[a373ad73a504971]::fmt::write
[INFO] [stdout]    2:     0x617e832879db - <alloc[2e1b2a31b91974c5]::vec::Vec<u8> as core[a373ad73a504971]::io::write::Write>::write_fmt
[INFO] [stdout]    3:     0x617e832875d9 - std[617be2ca0a6fd877]::panicking::default_hook::{closure#0}
[INFO] [stdout]    4:     0x617e8328725a - std[617be2ca0a6fd877]::panicking::default_hook
[INFO] [stdout]    5:     0x617e83286d8b - std[617be2ca0a6fd877]::panicking::panic_with_hook
[INFO] [stdout]    6:     0x617e832acb51 - std[617be2ca0a6fd877]::panicking::panic_handler::{closure#0}
[INFO] [stdout]    7:     0x617e832acb09 - std[617be2ca0a6fd877]::sys::backtrace::__rust_end_short_backtrace::<std[617be2ca0a6fd877]::panicking::panic_handler::{closure#0}, !>
[INFO] [stdout]    8:     0x617e832acffc - __rustc[ea4f61d10b84890b]::rust_begin_unwind
[INFO] [stdout]    9:     0x617e83271c3b - core[a373ad73a504971]::panicking::panic_fmt
[INFO] [stdout]   10:     0x617e8326e468 - <abcd_tests[619dc23b049c36c5]::run_sigi::SigiOutput>::assert_stdout_line_starts_with
[INFO] [stdout]   11:     0x617e8327010f - <abcd_tests[619dc23b049c36c5]::run_sigi::sigi_piping_basic::{closure#0} as core[a373ad73a504971]::ops::function::FnOnce<()>>::call_once
[INFO] [stdout]   12:     0x617e832c34fb - test[aada8e7e76ba119b]::__rust_begin_short_backtrace::<core[a373ad73a504971]::result::Result<(), alloc[2e1b2a31b91974c5]::string::String>, fn() -> core[a373ad73a504971]::result::Result<(), alloc[2e1b2a31b91974c5]::string::String>>
[INFO] [stdout]   13:     0x617e832bf786 - test[aada8e7e76ba119b]::run_test::{closure#0}
[INFO] [stdout]   14:     0x617e832befac - std[617be2ca0a6fd877]::sys::backtrace::__rust_begin_short_backtrace::<test[aada8e7e76ba119b]::run_test::{closure#1}, ()>
[INFO] [stdout]   15:     0x617e832dd3dc - <std[617be2ca0a6fd877]::thread::lifecycle::spawn_unchecked<test[aada8e7e76ba119b]::run_test::{closure#1}, ()>::{closure#1} as core[a373ad73a504971]::ops::function::FnOnce<()>>::call_once::{shim:vtable#0}
[INFO] [stdout]   16:     0x617e832ae718 - <std[617be2ca0a6fd877]::sys::thread::unix::Thread>::new::thread_start
[INFO] [stdout]   17:     0x706459f4edfa - <unknown>
[INFO] [stdout]   18:     0x706459fe23d4 - clone
[INFO] [stdout]   19:                0x0 - <unknown>
[INFO] [stdout] 
[INFO] [stdout] 
[INFO] [stdout] failures:
[INFO] [stdout]     run_sigi::sigi_piping_basic
[INFO] [stdout] 
[INFO] [stdout] test result: FAILED. 8 passed; 1 failed; 0 ignored; 0 measured; 0 filtered out; finished in 0.11s
[INFO] [stdout] 
[INFO] running `Command { std: "docker" "inspect" "b130e5343d742ece1fb6fdbec23e09d5622b39bbc2d04adb6ccdeff801b23290", kill_on_drop: false }`
[INFO] running `Command { std: "docker" "rm" "-f" "b130e5343d742ece1fb6fdbec23e09d5622b39bbc2d04adb6ccdeff801b23290", kill_on_drop: false }`
[INFO] [stdout] b130e5343d742ece1fb6fdbec23e09d5622b39bbc2d04adb6ccdeff801b23290
