[INFO] fetching crate sightline-ruff-notebook 0.1.0...
[INFO] testing sightline-ruff-notebook-0.1.0 against 1.100.0-beta.1+cargoflags=--release for beta-release-1.100-2
[INFO] extracting crate sightline-ruff-notebook 0.1.0 into /workspace/builds/worker-5-tc2/source
[INFO] started tweaking crates.io crate sightline-ruff-notebook 0.1.0
[INFO] finished tweaking crates.io crate sightline-ruff-notebook 0.1.0
[INFO] tweaked toml for crates.io crate sightline-ruff-notebook 0.1.0 written to /workspace/builds/worker-5-tc2/source/Cargo.toml
[INFO] validating manifest of crates.io crate sightline-ruff-notebook 0.1.0 on toolchain 1.100.0-beta.1
[INFO] running `Command { std: CARGO_HOME="/workspace/cargo-home" RUSTUP_HOME="/workspace/rustup-home" "/workspace/cargo-home/bin/cargo" "+1.100.0-beta.1" "metadata" "--manifest-path" "Cargo.toml" "--no-deps", kill_on_drop: false }`
[INFO] crate crates.io crate sightline-ruff-notebook 0.1.0 already has a lockfile, it will not be regenerated
[INFO] running `Command { std: CARGO_HOME="/workspace/cargo-home" RUSTUP_HOME="/workspace/rustup-home" "/workspace/cargo-home/bin/cargo" "+1.100.0-beta.1" "fetch" "--manifest-path" "Cargo.toml", kill_on_drop: false }`
[INFO] [stderr] warning: `package.homepage` is redundant with `package.repository`
[INFO] [stderr]    --> Cargo.toml:102:12
[INFO] [stderr]     |
[INFO] [stderr] 102 | homepage = "https://github.com/Skyway1111/ty-unnecessary"
[INFO] [stderr]     |            ^^^^^^^^^^^^^^^^^^^^^^^^^^^^^^^^^^^^^^^^^^^^^^
[INFO] [stderr] ...
[INFO] [stderr] 106 | repository = "https://github.com/Skyway1111/ty-unnecessary"
[INFO] [stderr]     |              ----------------------------------------------
[INFO] [stderr]     |
[INFO] [stderr]     = note: `cargo::redundant_homepage` is set to `warn` by default
[INFO] [stderr] help: consider removing `package.homepage`
[INFO] [stderr] warning: `sightline-ruff-notebook` (manifest) generated 1 warning
[INFO] running `Command { std: "docker" "create" "-v" "/var/lib/crater-agent-workspace/builds/worker-5-tc2/source:/opt/rustwide/workdir:ro,Z" "-v" "/var/lib/crater-agent-workspace/builds/worker-5-tc2/target:/opt/rustwide/target:rw,Z" "-v" "/var/lib/crater-agent-workspace/cargo-home:/opt/rustwide/cargo-home:ro,Z" "-v" "/var/lib/crater-agent-workspace/rustup-home:/opt/rustwide/rustup-home:ro,Z" "-m" "1610612736" "--network" "none" "ghcr.io/rust-lang/crates-build-env/linux@sha256:77db811e55d90add9212f6832c23229e3de5f1c1f9905e8cb07319ea15df73ac" "sleep" "infinity", kill_on_drop: false }`
[INFO] [stdout] 9e9a064107da1cf47aae7e988afc364e5507cc648f9e394d707cfdbecbbc4f74
[INFO] running `Command { std: "docker" "start" "9e9a064107da1cf47aae7e988afc364e5507cc648f9e394d707cfdbecbbc4f74", kill_on_drop: false }`
[INFO] running `Command { std: "docker" "inspect" "9e9a064107da1cf47aae7e988afc364e5507cc648f9e394d707cfdbecbbc4f74", kill_on_drop: false }`
[INFO] running `Command { std: "docker" "exec" "-e" "SOURCE_DIR=/opt/rustwide/workdir" "-e" "CARGO_HOME=/opt/rustwide/cargo-home" "-e" "RUSTUP_HOME=/opt/rustwide/rustup-home" "-e" "CARGO_TARGET_DIR=/opt/rustwide/target" "-w" "/opt/rustwide/workdir" "--user" "0:0" "9e9a064107da1cf47aae7e988afc364e5507cc648f9e394d707cfdbecbbc4f74" "/opt/rustwide/cargo-home/bin/cargo" "+1.100.0-beta.1" "metadata" "--no-deps" "--format-version=1", kill_on_drop: false }`
[INFO] running `Command { std: "docker" "inspect" "9e9a064107da1cf47aae7e988afc364e5507cc648f9e394d707cfdbecbbc4f74", kill_on_drop: false }`
[INFO] running `Command { std: "docker" "exec" "-e" "SOURCE_DIR=/opt/rustwide/workdir" "-e" "CARGO_HOME=/opt/rustwide/cargo-home" "-e" "RUSTUP_HOME=/opt/rustwide/rustup-home" "-e" "CARGO_TARGET_DIR=/opt/rustwide/target" "-e" "CARGO_INCREMENTAL=0" "-e" "RUST_BACKTRACE=full" "-e" "RUSTFLAGS=--cap-lints=warn" "-e" "RUSTDOCFLAGS=--cap-lints=warn" "-w" "/opt/rustwide/workdir" "--user" "0:0" "9e9a064107da1cf47aae7e988afc364e5507cc648f9e394d707cfdbecbbc4f74" "/opt/rustwide/cargo-home/bin/cargo" "+1.100.0-beta.1" "build" "--frozen" "--message-format=json" "--release", kill_on_drop: false }`
[INFO] [stderr] warning: `package.homepage` is redundant with `package.repository`
[INFO] [stderr]    --> Cargo.toml:102:12
[INFO] [stderr]     |
[INFO] [stderr] 102 | homepage = "https://github.com/Skyway1111/ty-unnecessary"
[INFO] [stderr]     |            ^^^^^^^^^^^^^^^^^^^^^^^^^^^^^^^^^^^^^^^^^^^^^^
[INFO] [stderr] ...
[INFO] [stderr] 106 | repository = "https://github.com/Skyway1111/ty-unnecessary"
[INFO] [stderr]     |              ----------------------------------------------
[INFO] [stderr]     |
[INFO] [stderr]     = note: `cargo::redundant_homepage` is set to `warn` by default
[INFO] [stderr] help: consider removing `package.homepage`
[INFO] [stderr] warning: `sightline-ruff-notebook` (manifest) generated 1 warning
[INFO] [stderr]    Compiling smallvec v1.15.2
[INFO] [stderr]    Compiling zmij v1.0.10
[INFO] [stderr]    Compiling collection_literals v1.0.2
[INFO] [stderr]    Compiling interpolator v0.5.0
[INFO] [stderr]    Compiling syn v2.0.119
[INFO] [stderr]    Compiling syn v3.0.3
[INFO] [stderr]    Compiling castaway v0.2.4
[INFO] [stderr]    Compiling indexmap v2.14.0
[INFO] [stderr]    Compiling thin-vec v0.2.19
[INFO] [stderr]    Compiling rand_core v0.10.0
[INFO] [stderr]    Compiling proc-macro-utils v0.10.0
[INFO] [stderr]    Compiling chacha20 v0.10.0
[INFO] [stderr]    Compiling uuid v1.24.0
[INFO] [stderr]    Compiling compact_str v0.10.0
[INFO] [stderr]    Compiling rand v0.10.2
[INFO] [stderr]    Compiling serde_json v1.0.151
[INFO] [stderr]    Compiling manyhow-macros v0.11.4
[INFO] [stderr]    Compiling ordermap v1.2.0
[INFO] [stderr]    Compiling serde_derive v1.0.229
[INFO] [stderr]    Compiling thiserror-impl v2.0.19
[INFO] [stderr]    Compiling thiserror v2.0.19
[INFO] [stderr]    Compiling manyhow v0.11.4
[INFO] [stderr]    Compiling quote-use-macros v0.8.4
[INFO] [stderr]    Compiling derive-where v1.6.0
[INFO] [stderr]    Compiling is-macro v0.3.7
[INFO] [stderr]    Compiling serde v1.0.229
[INFO] [stderr]    Compiling quote-use v0.8.4
[INFO] [stderr]    Compiling attribute-derive-macro v0.10.3
[INFO] [stderr]    Compiling attribute-derive v0.10.3
[INFO] [stderr]    Compiling get-size-derive2 v0.10.3
[INFO] [stderr]    Compiling get-size2 v0.10.3
[INFO] [stderr]    Compiling sightline-ruff-text-size v0.1.0
[INFO] [stderr]    Compiling sightline-ruff-diagnostics v0.1.0
[INFO] [stderr]    Compiling sightline-ruff-source-file v0.1.0
[INFO] [stderr]    Compiling sightline-ruff-notebook v0.1.0 (/opt/rustwide/workdir)
[INFO] [stderr]     Finished `release` profile [optimized] target(s) in 32.91s
[INFO] [stderr] warning: the following packages contain code that will be rejected by a future version of Rust: attribute-derive-macro v0.10.3
[INFO] [stderr] note: to see what the problems were, use the option `--future-incompat-report`, or run `cargo report future-incompatibilities --id 4`
[INFO] running `Command { std: "docker" "inspect" "9e9a064107da1cf47aae7e988afc364e5507cc648f9e394d707cfdbecbbc4f74", kill_on_drop: false }`
[INFO] running `Command { std: "docker" "exec" "-e" "SOURCE_DIR=/opt/rustwide/workdir" "-e" "CARGO_HOME=/opt/rustwide/cargo-home" "-e" "RUSTUP_HOME=/opt/rustwide/rustup-home" "-e" "CARGO_TARGET_DIR=/opt/rustwide/target" "-e" "CARGO_INCREMENTAL=0" "-e" "RUST_BACKTRACE=full" "-e" "RUSTFLAGS=--cap-lints=warn" "-e" "RUSTDOCFLAGS=--cap-lints=warn" "-w" "/opt/rustwide/workdir" "--user" "0:0" "9e9a064107da1cf47aae7e988afc364e5507cc648f9e394d707cfdbecbbc4f74" "/opt/rustwide/cargo-home/bin/cargo" "+1.100.0-beta.1" "test" "--frozen" "--no-run" "--message-format=json" "--release", kill_on_drop: false }`
[INFO] [stderr] warning: `package.homepage` is redundant with `package.repository`
[INFO] [stderr]    --> Cargo.toml:102:12
[INFO] [stderr]     |
[INFO] [stderr] 102 | homepage = "https://github.com/Skyway1111/ty-unnecessary"
[INFO] [stderr]     |            ^^^^^^^^^^^^^^^^^^^^^^^^^^^^^^^^^^^^^^^^^^^^^^
[INFO] [stderr] ...
[INFO] [stderr] 106 | repository = "https://github.com/Skyway1111/ty-unnecessary"
[INFO] [stderr]     |              ----------------------------------------------
[INFO] [stderr]     |
[INFO] [stderr]     = note: `cargo::redundant_homepage` is set to `warn` by default
[INFO] [stderr] help: consider removing `package.homepage`
[INFO] [stderr] warning: `sightline-ruff-notebook` (manifest) generated 1 warning
[INFO] [stderr]    Compiling test-case-core v3.3.1
[INFO] [stderr]    Compiling test-case-macros v3.3.1
[INFO] [stderr]    Compiling test-case v3.3.1
[INFO] [stderr]    Compiling sightline-ruff-notebook v0.1.0 (/opt/rustwide/workdir)
[INFO] [stderr]     Finished `release` profile [optimized] target(s) in 8.88s
[INFO] [stderr] warning: the following packages contain code that will be rejected by a future version of Rust: attribute-derive-macro v0.10.3
[INFO] [stderr] note: to see what the problems were, use the option `--future-incompat-report`, or run `cargo report future-incompatibilities --id 4`
[INFO] running `Command { std: "docker" "inspect" "9e9a064107da1cf47aae7e988afc364e5507cc648f9e394d707cfdbecbbc4f74", kill_on_drop: false }`
[INFO] running `Command { std: "docker" "exec" "-e" "SOURCE_DIR=/opt/rustwide/workdir" "-e" "CARGO_HOME=/opt/rustwide/cargo-home" "-e" "RUSTUP_HOME=/opt/rustwide/rustup-home" "-e" "CARGO_TARGET_DIR=/opt/rustwide/target" "-e" "CARGO_INCREMENTAL=0" "-e" "RUST_BACKTRACE=full" "-e" "RUSTFLAGS=--cap-lints=warn" "-e" "RUSTDOCFLAGS=--cap-lints=warn" "-w" "/opt/rustwide/workdir" "--user" "0:0" "9e9a064107da1cf47aae7e988afc364e5507cc648f9e394d707cfdbecbbc4f74" "/opt/rustwide/cargo-home/bin/cargo" "+1.100.0-beta.1" "test" "--frozen" "--release", kill_on_drop: false }`
[INFO] [stderr] warning: `package.homepage` is redundant with `package.repository`
[INFO] [stderr]    --> Cargo.toml:102:12
[INFO] [stderr]     |
[INFO] [stderr] 102 | homepage = "https://github.com/Skyway1111/ty-unnecessary"
[INFO] [stderr]     |            ^^^^^^^^^^^^^^^^^^^^^^^^^^^^^^^^^^^^^^^^^^^^^^
[INFO] [stderr] ...
[INFO] [stderr] 106 | repository = "https://github.com/Skyway1111/ty-unnecessary"
[INFO] [stderr]     |              ----------------------------------------------
[INFO] [stderr]     |
[INFO] [stderr]     = note: `cargo::redundant_homepage` is set to `warn` by default
[INFO] [stderr] help: consider removing `package.homepage`
[INFO] [stderr] warning: `sightline-ruff-notebook` (manifest) generated 1 warning
[INFO] [stderr]     Finished `release` profile [optimized] target(s) in 0.13s
[INFO] [stderr] warning: the following packages contain code that will be rejected by a future version of Rust: attribute-derive-macro v0.10.3
[INFO] [stderr] note: to see what the problems were, use the option `--future-incompat-report`, or run `cargo report future-incompatibilities --id 4`
[INFO] [stderr]      Running unittests src/lib.rs (/opt/rustwide/target/release/build/sightline-ruff-notebook/176e14c40c232015/out/ruff_notebook-176e14c40c232015)
[INFO] [stdout] 
[INFO] [stdout] running 27 tests
[INFO] [stdout] test notebook::tests::is_python_notebook::_r_ipynb_false_expects ... FAILED
[INFO] [stdout] test notebook::tests::index_fragmented_source_array ... ok
[INFO] [stdout] test notebook::tests::empty_notebook ... ok
[INFO] [stdout] test notebook::tests::round_trip::_vscode_language_id_ipynb_expects ... FAILED
[INFO] [stdout] test notebook::tests::test_concat_notebook ... FAILED
[INFO] [stdout] test notebook::tests::test_invalid ... FAILED
[INFO] [stdout] test notebook::tests::test_is_valid_python_code_cell::_automagic_before_code_false_expects ... FAILED
[INFO] [stdout] test notebook::tests::test_is_valid_python_code_cell::_automagic_after_code_true_expects ... FAILED
[INFO] [stdout] test notebook::tests::test_is_valid_python_code_cell::_automagics_false_expects ... FAILED
[INFO] [stdout] test notebook::tests::round_trip::_kernelspec_language_ipynb_expects ... FAILED
[INFO] [stdout] test notebook::tests::is_python_notebook::_kernelspec_language_ipynb_true_expects ... FAILED
[INFO] [stdout] test notebook::tests::test_is_valid_python_code_cell::_automagic_false_expects ... FAILED
[INFO] [stdout] test notebook::tests::test_is_valid_python_code_cell::_only_code_true_expects ... FAILED
[INFO] [stdout] test notebook::tests::test_is_valid_python_code_cell::_code_and_magic_true_expects ... FAILED
[INFO] [stdout] test notebook::tests::test_is_valid_python_code_cell::_markdown_false_expects ... FAILED
[INFO] [stdout] test notebook::tests::test_is_valid_python_code_cell::_unicode_magic_gh9145_true_expects ... FAILED
[INFO] [stdout] test notebook::tests::test_is_valid_python_code_cell::_vscode_language_id_javascript_false_expects ... FAILED
[INFO] [stdout] test notebook::tests::test_is_valid_python_code_cell::_valid_cell_magic_true_expects ... FAILED
[INFO] [stdout] test notebook::tests::test_is_valid_python_code_cell::_only_magic_true_expects ... FAILED
[INFO] [stdout] test notebook::tests::test_is_valid_python_code_cell::_cell_magic_false_expects ... FAILED
[INFO] [stdout] test notebook::tests::test_is_valid_python_code_cell::_vscode_language_id_python_true_expects ... FAILED
[INFO] [stdout] test notebook::tests::update_keeps_insertion_at_cell_start_in_that_cell ... ok
[INFO] [stdout] test notebook::tests::update_keeps_insertion_at_end_in_last_cell ... ok
[INFO] [stdout] test notebook::tests::update_keeps_insertion_at_end_in_non_final_cell ... ok
[INFO] [stdout] test notebook::tests::update_restores_separators_for_empty_cells ... ok
[INFO] [stdout] test notebook::tests::test_is_valid_python_code_cell::_automagic_assignment_true_expects ... FAILED
[INFO] [stdout] test notebook::tests::is_python_notebook::_valid_ipynb_true_expects ... FAILED
[INFO] [stdout] 
[INFO] [stdout] failures:
[INFO] [stdout] 
[INFO] [stdout] ---- notebook::tests::is_python_notebook::_r_ipynb_false_expects stdout ----
[INFO] [stdout] 
[INFO] [stdout] thread 'notebook::tests::is_python_notebook::_r_ipynb_false_expects' (718) panicked at src/notebook.rs:505:70:
[INFO] [stdout] called `Result::unwrap()` on an `Err` value: Io(Os { code: 2, kind: NotFound, message: "No such file or directory" })
[INFO] [stdout] stack backtrace:
[INFO] [stdout]    0:     0x55c660a2eb21 - <<std[617be2ca0a6fd877]::sys::backtrace::BacktraceLock>::print::DisplayBacktrace as core[a373ad73a504971]::fmt::Display>::fmt
[INFO] [stdout]    1:     0x55c660a4383a - core[a373ad73a504971]::fmt::write
[INFO] [stdout]    2:     0x55c660a332dc - <alloc[2e1b2a31b91974c5]::vec::Vec<u8> as core[a373ad73a504971]::io::write::Write>::write_fmt
[INFO] [stdout]    3:     0x55c660a0a496 - std[617be2ca0a6fd877]::panicking::default_hook::{closure#0}
[INFO] [stdout]    4:     0x55c660a26db9 - std[617be2ca0a6fd877]::panicking::default_hook
[INFO] [stdout]    5:     0x55c6609ba930 - test[aada8e7e76ba119b]::test_main_inner::{closure#0}
[INFO] [stdout]    6:     0x55c660a26f72 - std[617be2ca0a6fd877]::panicking::panic_with_hook
[INFO] [stdout]    7:     0x55c660a0a542 - std[617be2ca0a6fd877]::panicking::panic_handler::{closure#0}
[INFO] [stdout]    8:     0x55c660a02b39 - std[617be2ca0a6fd877]::sys::backtrace::__rust_end_short_backtrace::<std[617be2ca0a6fd877]::panicking::panic_handler::{closure#0}, !>
[INFO] [stdout]    9:     0x55c660a0b25d - __rustc[ea4f61d10b84890b]::rust_begin_unwind
[INFO] [stdout]   10:     0x55c660a43f6c - core[a373ad73a504971]::panicking::panic_fmt
[INFO] [stdout]   11:     0x55c660a43d42 - core[a373ad73a504971]::result::unwrap_failed
[INFO] [stdout]   12:     0x55c66099a2fe - ruff_notebook[dad12e23043ddca1]::notebook::tests::is_python_notebook
[INFO] [stdout]   13:     0x55c66099d347 - <ruff_notebook[dad12e23043ddca1]::notebook::tests::is_python_notebook::_r_ipynb_false_expects::{closure#0} as core[a373ad73a504971]::ops::function::FnOnce<()>>::call_once
[INFO] [stdout]   14:     0x55c6609add7b - test[aada8e7e76ba119b]::__rust_begin_short_backtrace::<core[a373ad73a504971]::result::Result<(), alloc[2e1b2a31b91974c5]::string::String>, fn() -> core[a373ad73a504971]::result::Result<(), alloc[2e1b2a31b91974c5]::string::String>>
[INFO] [stdout]   15:     0x55c6609baf55 - test[aada8e7e76ba119b]::run_test::{closure#0}
[INFO] [stdout]   16:     0x55c6609b4844 - std[617be2ca0a6fd877]::sys::backtrace::__rust_begin_short_backtrace::<test[aada8e7e76ba119b]::run_test::{closure#1}, ()>
[INFO] [stdout]   17:     0x55c6609bdfe2 - <std[617be2ca0a6fd877]::thread::lifecycle::spawn_unchecked<test[aada8e7e76ba119b]::run_test::{closure#1}, ()>::{closure#1} as core[a373ad73a504971]::ops::function::FnOnce<()>>::call_once::{shim:vtable#0}
[INFO] [stdout]   18:     0x55c660a2e01f - <std[617be2ca0a6fd877]::sys::thread::unix::Thread>::new::thread_start
[INFO] [stdout]   19:     0x7528d1c64dfa - <unknown>
[INFO] [stdout]   20:     0x7528d1cf83d4 - clone
[INFO] [stdout]   21:                0x0 - <unknown>
[INFO] [stdout] 
[INFO] [stdout] ---- notebook::tests::round_trip::_vscode_language_id_ipynb_expects stdout ----
[INFO] [stdout] 
[INFO] [stdout] thread 'notebook::tests::round_trip::_vscode_language_id_ipynb_expects' (721) panicked at src/notebook.rs:834:55:
[INFO] [stdout] called `Result::unwrap()` on an `Err` value: Os { code: 2, kind: NotFound, message: "No such file or directory" }
[INFO] [stdout] stack backtrace:
[INFO] [stdout]    0:     0x55c660a2eb21 - <<std[617be2ca0a6fd877]::sys::backtrace::BacktraceLock>::print::DisplayBacktrace as core[a373ad73a504971]::fmt::Display>::fmt
[INFO] [stdout]    1:     0x55c660a4383a - core[a373ad73a504971]::fmt::write
[INFO] [stdout]    2:     0x55c660a332dc - <alloc[2e1b2a31b91974c5]::vec::Vec<u8> as core[a373ad73a504971]::io::write::Write>::write_fmt
[INFO] [stdout]    3:     0x55c660a0a496 - std[617be2ca0a6fd877]::panicking::default_hook::{closure#0}
[INFO] [stdout]    4:     0x55c660a26db9 - std[617be2ca0a6fd877]::panicking::default_hook
[INFO] [stdout]    5:     0x55c6609ba930 - test[aada8e7e76ba119b]::test_main_inner::{closure#0}
[INFO] [stdout]    6:     0x55c660a26f72 - std[617be2ca0a6fd877]::panicking::panic_with_hook
[INFO] [stdout]    7:     0x55c660a0a542 - std[617be2ca0a6fd877]::panicking::panic_handler::{closure#0}
[INFO] [stdout]    8:     0x55c660a02b39 - std[617be2ca0a6fd877]::sys::backtrace::__rust_end_short_backtrace::<std[617be2ca0a6fd877]::panicking::panic_handler::{closure#0}, !>
[INFO] [stdout]    9:     0x55c660a0b25d - __rustc[ea4f61d10b84890b]::rust_begin_unwind
[INFO] [stdout]   10:     0x55c660a43f6c - core[a373ad73a504971]::panicking::panic_fmt
[INFO] [stdout]   11:     0x55c660a43d42 - core[a373ad73a504971]::result::unwrap_failed
[INFO] [stdout]   12:     0x55c66099a0d1 - ruff_notebook[dad12e23043ddca1]::notebook::tests::round_trip
[INFO] [stdout]   13:     0x55c6609abed5 - <ruff_notebook[dad12e23043ddca1]::notebook::tests::round_trip::_vscode_language_id_ipynb_expects::{closure#0} as core[a373ad73a504971]::ops::function::FnOnce<()>>::call_once
[INFO] [stdout]   14:     0x55c6609add7b - test[aada8e7e76ba119b]::__rust_begin_short_backtrace::<core[a373ad73a504971]::result::Result<(), alloc[2e1b2a31b91974c5]::string::String>, fn() -> core[a373ad73a504971]::result::Result<(), alloc[2e1b2a31b91974c5]::string::String>>
[INFO] [stdout]   15:     0x55c6609baf55 - test[aada8e7e76ba119b]::run_test::{closure#0}
[INFO] [stdout]   16:     0x55c6609b4844 - std[617be2ca0a6fd877]::sys::backtrace::__rust_begin_short_backtrace::<test[aada8e7e76ba119b]::run_test::{closure#1}, ()>
[INFO] [stdout]   17:     0x55c6609bdfe2 - <std[617be2ca0a6fd877]::thread::lifecycle::spawn_unchecked<test[aada8e7e76ba119b]::run_test::{closure#1}, ()>::{closure#1} as core[a373ad73a504971]::ops::function::FnOnce<()>>::call_once::{shim:vtable#0}
[INFO] [stdout]   18:     0x55c660a2e01f - <std[617be2ca0a6fd877]::sys::thread::unix::Thread>::new::thread_start
[INFO] [stdout]   19:     0x7528d1c64dfa - <unknown>
[INFO] [stdout]   20:     0x7528d1cf83d4 - clone
[INFO] [stdout]   21:                0x0 - <unknown>
[INFO] [stdout] 
[INFO] [stdout] ---- notebook::tests::test_concat_notebook stdout ----
[INFO] [stdout] Error: Io(Os { code: 2, kind: NotFound, message: "No such file or directory" })
[INFO] [stdout] 
[INFO] [stdout] ---- notebook::tests::test_invalid stdout ----
[INFO] [stdout] 
[INFO] [stdout] thread 'notebook::tests::test_invalid' (723) panicked at src/notebook.rs:511:9:
[INFO] [stdout] assertion failed: matches!(Notebook::from_path(&notebook_path("invalid_extension.ipynb")),
[INFO] [stdout]     Err(NotebookError::InvalidJson(_)))
[INFO] [stdout] stack backtrace:
[INFO] [stdout]    0:     0x55c660a2eb21 - <<std[617be2ca0a6fd877]::sys::backtrace::BacktraceLock>::print::DisplayBacktrace as core[a373ad73a504971]::fmt::Display>::fmt
[INFO] [stdout]    1:     0x55c660a4383a - core[a373ad73a504971]::fmt::write
[INFO] [stdout]    2:     0x55c660a332dc - <alloc[2e1b2a31b91974c5]::vec::Vec<u8> as core[a373ad73a504971]::io::write::Write>::write_fmt
[INFO] [stdout]    3:     0x55c660a0a496 - std[617be2ca0a6fd877]::panicking::default_hook::{closure#0}
[INFO] [stdout]    4:     0x55c660a26db9 - std[617be2ca0a6fd877]::panicking::default_hook
[INFO] [stdout]    5:     0x55c6609ba930 - test[aada8e7e76ba119b]::test_main_inner::{closure#0}
[INFO] [stdout]    6:     0x55c660a26f72 - std[617be2ca0a6fd877]::panicking::panic_with_hook
[INFO] [stdout]    7:     0x55c660a0a574 - std[617be2ca0a6fd877]::panicking::panic_handler::{closure#0}
[INFO] [stdout]    8:     0x55c660a02b39 - std[617be2ca0a6fd877]::sys::backtrace::__rust_end_short_backtrace::<std[617be2ca0a6fd877]::panicking::panic_handler::{closure#0}, !>
[INFO] [stdout]    9:     0x55c660a0b25d - __rustc[ea4f61d10b84890b]::rust_begin_unwind
[INFO] [stdout]   10:     0x55c660a43f6c - core[a373ad73a504971]::panicking::panic_fmt
[INFO] [stdout]   11:     0x55c660a43f32 - core[a373ad73a504971]::panicking::panic
[INFO] [stdout]   12:     0x55c66099aa61 - <ruff_notebook[dad12e23043ddca1]::notebook::tests::test_invalid::{closure#0} as core[a373ad73a504971]::ops::function::FnOnce<()>>::call_once
[INFO] [stdout]   13:     0x55c6609add7b - test[aada8e7e76ba119b]::__rust_begin_short_backtrace::<core[a373ad73a504971]::result::Result<(), alloc[2e1b2a31b91974c5]::string::String>, fn() -> core[a373ad73a504971]::result::Result<(), alloc[2e1b2a31b91974c5]::string::String>>
[INFO] [stdout]   14:     0x55c6609baf55 - test[aada8e7e76ba119b]::run_test::{closure#0}
[INFO] [stdout]   15:     0x55c6609b4844 - std[617be2ca0a6fd877]::sys::backtrace::__rust_begin_short_backtrace::<test[aada8e7e76ba119b]::run_test::{closure#1}, ()>
[INFO] [stdout]   16:     0x55c6609bdfe2 - <std[617be2ca0a6fd877]::thread::lifecycle::spawn_unchecked<test[aada8e7e76ba119b]::run_test::{closure#1}, ()>::{closure#1} as core[a373ad73a504971]::ops::function::FnOnce<()>>::call_once::{shim:vtable#0}
[INFO] [stdout]   17:     0x55c660a2e01f - <std[617be2ca0a6fd877]::sys::thread::unix::Thread>::new::thread_start
[INFO] [stdout]   18:     0x7528d1c64dfa - <unknown>
[INFO] [stdout]   19:     0x7528d1cf83d4 - clone
[INFO] [stdout]   20:                0x0 - <unknown>
[INFO] [stdout] 
[INFO] [stdout] ---- notebook::tests::test_is_valid_python_code_cell::_automagic_before_code_false_expects stdout ----
[INFO] [stdout] Error: No such file or directory (os error 2)
[INFO] [stdout] 
[INFO] [stdout] Stack backtrace:
[INFO] [stdout]    0: <anyhow::Error as core::convert::From<core::io::error::Error>>::from
[INFO] [stdout]    1: ruff_notebook::notebook::tests::test_is_valid_python_code_cell
[INFO] [stdout]    2: <ruff_notebook::notebook::tests::test_is_valid_python_code_cell::_automagic_before_code_false_expects::{closure#0} as core::ops::function::FnOnce<()>>::call_once
[INFO] [stdout]    3: test::__rust_begin_short_backtrace::<core::result::Result<(), alloc::string::String>, fn() -> core::result::Result<(), alloc::string::String>>
[INFO] [stdout]    4: test::run_test::{closure#0}
[INFO] [stdout]    5: std::sys::backtrace::__rust_begin_short_backtrace::<test::run_test::{closure#1}, ()>
[INFO] [stdout]    6: <std::thread::lifecycle::spawn_unchecked<test::run_test::{closure#1}, ()>::{closure#1} as core::ops::function::FnOnce<()>>::call_once::{shim:vtable#0}
[INFO] [stdout]    7: <std::sys::thread::unix::Thread>::new::thread_start
[INFO] [stdout]    8: <unknown>
[INFO] [stdout]    9: clone
[INFO] [stdout] 
[INFO] [stdout] ---- notebook::tests::test_is_valid_python_code_cell::_automagic_after_code_true_expects stdout ----
[INFO] [stdout] Error: No such file or directory (os error 2)
[INFO] [stdout] 
[INFO] [stdout] Stack backtrace:
[INFO] [stdout]    0: <anyhow::Error as core::convert::From<core::io::error::Error>>::from
[INFO] [stdout]    1: ruff_notebook::notebook::tests::test_is_valid_python_code_cell
[INFO] [stdout]    2: <ruff_notebook::notebook::tests::test_is_valid_python_code_cell::_automagic_after_code_true_expects::{closure#0} as core::ops::function::FnOnce<()>>::call_once
[INFO] [stdout]    3: test::__rust_begin_short_backtrace::<core::result::Result<(), alloc::string::String>, fn() -> core::result::Result<(), alloc::string::String>>
[INFO] [stdout]    4: test::run_test::{closure#0}
[INFO] [stdout]    5: std::sys::backtrace::__rust_begin_short_backtrace::<test::run_test::{closure#1}, ()>
[INFO] [stdout]    6: <std::thread::lifecycle::spawn_unchecked<test::run_test::{closure#1}, ()>::{closure#1} as core::ops::function::FnOnce<()>>::call_once::{shim:vtable#0}
[INFO] [stdout]    7: <std::sys::thread::unix::Thread>::new::thread_start
[INFO] [stdout]    8: <unknown>
[INFO] [stdout]    9: clone
[INFO] [stdout] 
[INFO] [stdout] ---- notebook::tests::test_is_valid_python_code_cell::_automagics_false_expects stdout ----
[INFO] [stdout] Error: No such file or directory (os error 2)
[INFO] [stdout] 
[INFO] [stdout] Stack backtrace:
[INFO] [stdout]    0: <anyhow::Error as core::convert::From<core::io::error::Error>>::from
[INFO] [stdout]    1: ruff_notebook::notebook::tests::test_is_valid_python_code_cell
[INFO] [stdout]    2: <ruff_notebook::notebook::tests::test_is_valid_python_code_cell::_automagics_false_expects::{closure#0} as core::ops::function::FnOnce<()>>::call_once
[INFO] [stdout]    3: test::__rust_begin_short_backtrace::<core::result::Result<(), alloc::string::String>, fn() -> core::result::Result<(), alloc::string::String>>
[INFO] [stdout]    4: test::run_test::{closure#0}
[INFO] [stdout]    5: std::sys::backtrace::__rust_begin_short_backtrace::<test::run_test::{closure#1}, ()>
[INFO] [stdout]    6: <std::thread::lifecycle::spawn_unchecked<test::run_test::{closure#1}, ()>::{closure#1} as core::ops::function::FnOnce<()>>::call_once::{shim:vtable#0}
[INFO] [stdout]    7: <std::sys::thread::unix::Thread>::new::thread_start
[INFO] [stdout]    8: <unknown>
[INFO] [stdout]    9: clone
[INFO] [stdout] 
[INFO] [stdout] ---- notebook::tests::round_trip::_kernelspec_language_ipynb_expects stdout ----
[INFO] [stdout] 
[INFO] [stdout] thread 'notebook::tests::round_trip::_kernelspec_language_ipynb_expects' (720) panicked at src/notebook.rs:834:55:
[INFO] [stdout] called `Result::unwrap()` on an `Err` value: Os { code: 2, kind: NotFound, message: "No such file or directory" }
[INFO] [stdout] stack backtrace:
[INFO] [stdout]    0:     0x55c660a2eb21 - <<std[617be2ca0a6fd877]::sys::backtrace::BacktraceLock>::print::DisplayBacktrace as core[a373ad73a504971]::fmt::Display>::fmt
[INFO] [stdout]    1:     0x55c660a4383a - core[a373ad73a504971]::fmt::write
[INFO] [stdout]    2:     0x55c660a332dc - <alloc[2e1b2a31b91974c5]::vec::Vec<u8> as core[a373ad73a504971]::io::write::Write>::write_fmt
[INFO] [stdout]    3:     0x55c660a0a496 - std[617be2ca0a6fd877]::panicking::default_hook::{closure#0}
[INFO] [stdout]    4:     0x55c660a26db9 - std[617be2ca0a6fd877]::panicking::default_hook
[INFO] [stdout]    5:     0x55c6609ba930 - test[aada8e7e76ba119b]::test_main_inner::{closure#0}
[INFO] [stdout]    6:     0x55c660a26f72 - std[617be2ca0a6fd877]::panicking::panic_with_hook
[INFO] [stdout]    7:     0x55c660a0a542 - std[617be2ca0a6fd877]::panicking::panic_handler::{closure#0}
[INFO] [stdout]    8:     0x55c660a02b39 - std[617be2ca0a6fd877]::sys::backtrace::__rust_end_short_backtrace::<std[617be2ca0a6fd877]::panicking::panic_handler::{closure#0}, !>
[INFO] [stdout]    9:     0x55c660a0b25d - __rustc[ea4f61d10b84890b]::rust_begin_unwind
[INFO] [stdout]   10:     0x55c660a43f6c - core[a373ad73a504971]::panicking::panic_fmt
[INFO] [stdout]   11:     0x55c660a43d42 - core[a373ad73a504971]::result::unwrap_failed
[INFO] [stdout]   12:     0x55c66099a0d1 - ruff_notebook[dad12e23043ddca1]::notebook::tests::round_trip
[INFO] [stdout]   13:     0x55c6609abf05 - <ruff_notebook[dad12e23043ddca1]::notebook::tests::round_trip::_kernelspec_language_ipynb_expects::{closure#0} as core[a373ad73a504971]::ops::function::FnOnce<()>>::call_once
[INFO] [stdout]   14:     0x55c6609add7b - test[aada8e7e76ba119b]::__rust_begin_short_backtrace::<core[a373ad73a504971]::result::Result<(), alloc[2e1b2a31b91974c5]::string::String>, fn() -> core[a373ad73a504971]::result::Result<(), alloc[2e1b2a31b91974c5]::string::String>>
[INFO] [stdout]   15:     0x55c6609baf55 - test[aada8e7e76ba119b]::run_test::{closure#0}
[INFO] [stdout]   16:     0x55c6609b4844 - std[617be2ca0a6fd877]::sys::backtrace::__rust_begin_short_backtrace::<test[aada8e7e76ba119b]::run_test::{closure#1}, ()>
[INFO] [stdout]   17:     0x55c6609bdfe2 - <std[617be2ca0a6fd877]::thread::lifecycle::spawn_unchecked<test[aada8e7e76ba119b]::run_test::{closure#1}, ()>::{closure#1} as core[a373ad73a504971]::ops::function::FnOnce<()>>::call_once::{shim:vtable#0}
[INFO] [stdout]   18:     0x55c660a2e01f - <std[617be2ca0a6fd877]::sys::thread::unix::Thread>::new::thread_start
[INFO] [stdout]   19:     0x7528d1c64dfa - <unknown>
[INFO] [stdout]   20:     0x7528d1cf83d4 - clone
[INFO] [stdout]   21:                0x0 - <unknown>
[INFO] [stdout] 
[INFO] [stdout] ---- notebook::tests::is_python_notebook::_kernelspec_language_ipynb_true_expects stdout ----
[INFO] [stdout] 
[INFO] [stdout] thread 'notebook::tests::is_python_notebook::_kernelspec_language_ipynb_true_expects' (717) panicked at src/notebook.rs:505:70:
[INFO] [stdout] called `Result::unwrap()` on an `Err` value: Io(Os { code: 2, kind: NotFound, message: "No such file or directory" })
[INFO] [stdout] stack backtrace:
[INFO] [stdout]    0:     0x55c660a2eb21 - <<std[617be2ca0a6fd877]::sys::backtrace::BacktraceLock>::print::DisplayBacktrace as core[a373ad73a504971]::fmt::Display>::fmt
[INFO] [stdout]    1:     0x55c660a4383a - core[a373ad73a504971]::fmt::write
[INFO] [stdout]    2:     0x55c660a332dc - <alloc[2e1b2a31b91974c5]::vec::Vec<u8> as core[a373ad73a504971]::io::write::Write>::write_fmt
[INFO] [stdout]    3:     0x55c660a0a496 - std[617be2ca0a6fd877]::panicking::default_hook::{closure#0}
[INFO] [stdout]    4:     0x55c660a26db9 - std[617be2ca0a6fd877]::panicking::default_hook
[INFO] [stdout]    5:     0x55c6609ba930 - test[aada8e7e76ba119b]::test_main_inner::{closure#0}
[INFO] [stdout]    6:     0x55c660a26f72 - std[617be2ca0a6fd877]::panicking::panic_with_hook
[INFO] [stdout]    7:     0x55c660a0a542 - std[617be2ca0a6fd877]::panicking::panic_handler::{closure#0}
[INFO] [stdout]    8:     0x55c660a02b39 - std[617be2ca0a6fd877]::sys::backtrace::__rust_end_short_backtrace::<std[617be2ca0a6fd877]::panicking::panic_handler::{closure#0}, !>
[INFO] [stdout]    9:     0x55c660a0b25d - __rustc[ea4f61d10b84890b]::rust_begin_unwind
[INFO] [stdout]   10:     0x55c660a43f6c - core[a373ad73a504971]::panicking::panic_fmt
[INFO] [stdout]   11:     0x55c660a43d42 - core[a373ad73a504971]::result::unwrap_failed
[INFO] [stdout]   12:     0x55c66099a2fe - ruff_notebook[dad12e23043ddca1]::notebook::tests::is_python_notebook
[INFO] [stdout]   13:     0x55c66099d3aa - <ruff_notebook[dad12e23043ddca1]::notebook::tests::is_python_notebook::_kernelspec_language_ipynb_true_expects::{closure#0} as core[a373ad73a504971]::ops::function::FnOnce<()>>::call_once
[INFO] [stdout]   14:     0x55c6609add7b - test[aada8e7e76ba119b]::__rust_begin_short_backtrace::<core[a373ad73a504971]::result::Result<(), alloc[2e1b2a31b91974c5]::string::String>, fn() -> core[a373ad73a504971]::result::Result<(), alloc[2e1b2a31b91974c5]::string::String>>
[INFO] [stdout]   15:     0x55c6609baf55 - test[aada8e7e76ba119b]::run_test::{closure#0}
[INFO] [stdout]   16:     0x55c6609b4844 - std[617be2ca0a6fd877]::sys::backtrace::__rust_begin_short_backtrace::<test[aada8e7e76ba119b]::run_test::{closure#1}, ()>
[INFO] [stdout]   17:     0x55c6609bdfe2 - <std[617be2ca0a6fd877]::thread::lifecycle::spawn_unchecked<test[aada8e7e76ba119b]::run_test::{closure#1}, ()>::{closure#1} as core[a373ad73a504971]::ops::function::FnOnce<()>>::call_once::{shim:vtable#0}
[INFO] [stdout]   18:     0x55c660a2e01f - <std[617be2ca0a6fd877]::sys::thread::unix::Thread>::new::thread_start
[INFO] [stdout]   19:     0x7528d1c64dfa - <unknown>
[INFO] [stdout]   20:     0x7528d1cf83d4 - clone
[INFO] [stdout]   21:                0x0 - <unknown>
[INFO] [stdout] 
[INFO] [stdout] ---- notebook::tests::test_is_valid_python_code_cell::_automagic_false_expects stdout ----
[INFO] [stdout] Error: No such file or directory (os error 2)
[INFO] [stdout] 
[INFO] [stdout] Stack backtrace:
[INFO] [stdout]    0: <anyhow::Error as core::convert::From<core::io::error::Error>>::from
[INFO] [stdout]    1: ruff_notebook::notebook::tests::test_is_valid_python_code_cell
[INFO] [stdout]    2: <ruff_notebook::notebook::tests::test_is_valid_python_code_cell::_automagic_false_expects::{closure#0} as core::ops::function::FnOnce<()>>::call_once
[INFO] [stdout]    3: test::__rust_begin_short_backtrace::<core::result::Result<(), alloc::string::String>, fn() -> core::result::Result<(), alloc::string::String>>
[INFO] [stdout]    4: test::run_test::{closure#0}
[INFO] [stdout]    5: std::sys::backtrace::__rust_begin_short_backtrace::<test::run_test::{closure#1}, ()>
[INFO] [stdout]    6: <std::thread::lifecycle::spawn_unchecked<test::run_test::{closure#1}, ()>::{closure#1} as core::ops::function::FnOnce<()>>::call_once::{shim:vtable#0}
[INFO] [stdout]    7: <std::sys::thread::unix::Thread>::new::thread_start
[INFO] [stdout]    8: <unknown>
[INFO] [stdout]    9: clone
[INFO] [stdout] 
[INFO] [stdout] ---- notebook::tests::test_is_valid_python_code_cell::_only_code_true_expects stdout ----
[INFO] [stdout] Error: No such file or directory (os error 2)
[INFO] [stdout] 
[INFO] [stdout] Stack backtrace:
[INFO] [stdout]    0: <anyhow::Error as core::convert::From<core::io::error::Error>>::from
[INFO] [stdout]    1: ruff_notebook::notebook::tests::test_is_valid_python_code_cell
[INFO] [stdout]    2: <ruff_notebook::notebook::tests::test_is_valid_python_code_cell::_only_code_true_expects::{closure#0} as core::ops::function::FnOnce<()>>::call_once
[INFO] [stdout]    3: test::__rust_begin_short_backtrace::<core::result::Result<(), alloc::string::String>, fn() -> core::result::Result<(), alloc::string::String>>
[INFO] [stdout]    4: test::run_test::{closure#0}
[INFO] [stdout]    5: std::sys::backtrace::__rust_begin_short_backtrace::<test::run_test::{closure#1}, ()>
[INFO] [stdout]    6: <std::thread::lifecycle::spawn_unchecked<test::run_test::{closure#1}, ()>::{closure#1} as core::ops::function::FnOnce<()>>::call_once::{shim:vtable#0}
[INFO] [stdout]    7: <std::sys::thread::unix::Thread>::new::thread_start
[INFO] [stdout]    8: <unknown>
[INFO] [stdout]    9: clone
[INFO] [stdout] 
[INFO] [stdout] ---- notebook::tests::test_is_valid_python_code_cell::_code_and_magic_true_expects stdout ----
[INFO] [stdout] Error: No such file or directory (os error 2)
[INFO] [stdout] 
[INFO] [stdout] Stack backtrace:
[INFO] [stdout]    0: <anyhow::Error as core::convert::From<core::io::error::Error>>::from
[INFO] [stdout]    1: ruff_notebook::notebook::tests::test_is_valid_python_code_cell
[INFO] [stdout]    2: <ruff_notebook::notebook::tests::test_is_valid_python_code_cell::_code_and_magic_true_expects::{closure#0} as core::ops::function::FnOnce<()>>::call_once
[INFO] [stdout]    3: test::__rust_begin_short_backtrace::<core::result::Result<(), alloc::string::String>, fn() -> core::result::Result<(), alloc::string::String>>
[INFO] [stdout]    4: test::run_test::{closure#0}
[INFO] [stdout]    5: std::sys::backtrace::__rust_begin_short_backtrace::<test::run_test::{closure#1}, ()>
[INFO] [stdout]    6: <std::thread::lifecycle::spawn_unchecked<test::run_test::{closure#1}, ()>::{closure#1} as core::ops::function::FnOnce<()>>::call_once::{shim:vtable#0}
[INFO] [stdout]    7: <std::sys::thread::unix::Thread>::new::thread_start
[INFO] [stdout]    8: <unknown>
[INFO] [stdout]    9: clone
[INFO] [stdout] 
[INFO] [stdout] ---- notebook::tests::test_is_valid_python_code_cell::_markdown_false_expects stdout ----
[INFO] [stdout] Error: No such file or directory (os error 2)
[INFO] [stdout] 
[INFO] [stdout] Stack backtrace:
[INFO] [stdout]    0: <anyhow::Error as core::convert::From<core::io::error::Error>>::from
[INFO] [stdout]    1: ruff_notebook::notebook::tests::test_is_valid_python_code_cell
[INFO] [stdout]    2: <ruff_notebook::notebook::tests::test_is_valid_python_code_cell::_markdown_false_expects::{closure#0} as core::ops::function::FnOnce<()>>::call_once
[INFO] [stdout]    3: test::__rust_begin_short_backtrace::<core::result::Result<(), alloc::string::String>, fn() -> core::result::Result<(), alloc::string::String>>
[INFO] [stdout]    4: test::run_test::{closure#0}
[INFO] [stdout]    5: std::sys::backtrace::__rust_begin_short_backtrace::<test::run_test::{closure#1}, ()>
[INFO] [stdout]    6: <std::thread::lifecycle::spawn_unchecked<test::run_test::{closure#1}, ()>::{closure#1} as core::ops::function::FnOnce<()>>::call_once::{shim:vtable#0}
[INFO] [stdout]    7: <std::sys::thread::unix::Thread>::new::thread_start
[INFO] [stdout]    8: <unknown>
[INFO] [stdout]    9: clone
[INFO] [stdout] 
[INFO] [stdout] ---- notebook::tests::test_is_valid_python_code_cell::_unicode_magic_gh9145_true_expects stdout ----
[INFO] [stdout] Error: No such file or directory (os error 2)
[INFO] [stdout] 
[INFO] [stdout] Stack backtrace:
[INFO] [stdout]    0: <anyhow::Error as core::convert::From<core::io::error::Error>>::from
[INFO] [stdout]    1: ruff_notebook::notebook::tests::test_is_valid_python_code_cell
[INFO] [stdout]    2: <ruff_notebook::notebook::tests::test_is_valid_python_code_cell::_unicode_magic_gh9145_true_expects::{closure#0} as core::ops::function::FnOnce<()>>::call_once
[INFO] [stdout]    3: test::__rust_begin_short_backtrace::<core::result::Result<(), alloc::string::String>, fn() -> core::result::Result<(), alloc::string::String>>
[INFO] [stdout]    4: test::run_test::{closure#0}
[INFO] [stdout]    5: std::sys::backtrace::__rust_begin_short_backtrace::<test::run_test::{closure#1}, ()>
[INFO] [stdout]    6: <std::thread::lifecycle::spawn_unchecked<test::run_test::{closure#1}, ()>::{closure#1} as core::ops::function::FnOnce<()>>::call_once::{shim:vtable#0}
[INFO] [stdout]    7: <std::sys::thread::unix::Thread>::new::thread_start
[INFO] [stdout]    8: <unknown>
[INFO] [stdout]    9: clone
[INFO] [stdout] 
[INFO] [stdout] ---- notebook::tests::test_is_valid_python_code_cell::_vscode_language_id_javascript_false_expects stdout ----
[INFO] [stdout] Error: No such file or directory (os error 2)
[INFO] [stdout] 
[INFO] [stdout] Stack backtrace:
[INFO] [stdout]    0: <anyhow::Error as core::convert::From<core::io::error::Error>>::from
[INFO] [stdout]    1: ruff_notebook::notebook::tests::test_is_valid_python_code_cell
[INFO] [stdout]    2: <ruff_notebook::notebook::tests::test_is_valid_python_code_cell::_vscode_language_id_javascript_false_expects::{closure#0} as core::ops::function::FnOnce<()>>::call_once
[INFO] [stdout]    3: test::__rust_begin_short_backtrace::<core::result::Result<(), alloc::string::String>, fn() -> core::result::Result<(), alloc::string::String>>
[INFO] [stdout]    4: test::run_test::{closure#0}
[INFO] [stdout]    5: std::sys::backtrace::__rust_begin_short_backtrace::<test::run_test::{closure#1}, ()>
[INFO] [stdout]    6: <std::thread::lifecycle::spawn_unchecked<test::run_test::{closure#1}, ()>::{closure#1} as core::ops::function::FnOnce<()>>::call_once::{shim:vtable#0}
[INFO] [stdout]    7: <std::sys::thread::unix::Thread>::new::thread_start
[INFO] [stdout]    8: <unknown>
[INFO] [stdout]    9: clone
[INFO] [stdout] 
[INFO] [stdout] ---- notebook::tests::test_is_valid_python_code_cell::_valid_cell_magic_true_expects stdout ----
[INFO] [stdout] Error: No such file or directory (os error 2)
[INFO] [stdout] 
[INFO] [stdout] Stack backtrace:
[INFO] [stdout]    0: <anyhow::Error as core::convert::From<core::io::error::Error>>::from
[INFO] [stdout]    1: ruff_notebook::notebook::tests::test_is_valid_python_code_cell
[INFO] [stdout]    2: <ruff_notebook::notebook::tests::test_is_valid_python_code_cell::_valid_cell_magic_true_expects::{closure#0} as core::ops::function::FnOnce<()>>::call_once
[INFO] [stdout]    3: test::__rust_begin_short_backtrace::<core::result::Result<(), alloc::string::String>, fn() -> core::result::Result<(), alloc::string::String>>
[INFO] [stdout]    4: test::run_test::{closure#0}
[INFO] [stdout]    5: std::sys::backtrace::__rust_begin_short_backtrace::<test::run_test::{closure#1}, ()>
[INFO] [stdout]    6: <std::thread::lifecycle::spawn_unchecked<test::run_test::{closure#1}, ()>::{closure#1} as core::ops::function::FnOnce<()>>::call_once::{shim:vtable#0}
[INFO] [stdout]    7: <std::sys::thread::unix::Thread>::new::thread_start
[INFO] [stdout]    8: <unknown>
[INFO] [stdout]    9: clone
[INFO] [stdout] 
[INFO] [stdout] ---- notebook::tests::test_is_valid_python_code_cell::_only_magic_true_expects stdout ----
[INFO] [stdout] Error: No such file or directory (os error 2)
[INFO] [stdout] 
[INFO] [stdout] Stack backtrace:
[INFO] [stdout]    0: <anyhow::Error as core::convert::From<core::io::error::Error>>::from
[INFO] [stdout]    1: ruff_notebook::notebook::tests::test_is_valid_python_code_cell
[INFO] [stdout]    2: <ruff_notebook::notebook::tests::test_is_valid_python_code_cell::_only_magic_true_expects::{closure#0} as core::ops::function::FnOnce<()>>::call_once
[INFO] [stdout]    3: test::__rust_begin_short_backtrace::<core::result::Result<(), alloc::string::String>, fn() -> core::result::Result<(), alloc::string::String>>
[INFO] [stdout]    4: test::run_test::{closure#0}
[INFO] [stdout]    5: std::sys::backtrace::__rust_begin_short_backtrace::<test::run_test::{closure#1}, ()>
[INFO] [stdout]    6: <std::thread::lifecycle::spawn_unchecked<test::run_test::{closure#1}, ()>::{closure#1} as core::ops::function::FnOnce<()>>::call_once::{shim:vtable#0}
[INFO] [stdout]    7: <std::sys::thread::unix::Thread>::new::thread_start
[INFO] [stdout]    8: <unknown>
[INFO] [stdout]    9: clone
[INFO] [stdout] 
[INFO] [stdout] ---- notebook::tests::test_is_valid_python_code_cell::_cell_magic_false_expects stdout ----
[INFO] [stdout] Error: No such file or directory (os error 2)
[INFO] [stdout] 
[INFO] [stdout] Stack backtrace:
[INFO] [stdout]    0: <anyhow::Error as core::convert::From<core::io::error::Error>>::from
[INFO] [stdout]    1: ruff_notebook::notebook::tests::test_is_valid_python_code_cell
[INFO] [stdout]    2: <ruff_notebook::notebook::tests::test_is_valid_python_code_cell::_cell_magic_false_expects::{closure#0} as core::ops::function::FnOnce<()>>::call_once
[INFO] [stdout]    3: test::__rust_begin_short_backtrace::<core::result::Result<(), alloc::string::String>, fn() -> core::result::Result<(), alloc::string::String>>
[INFO] [stdout]    4: test::run_test::{closure#0}
[INFO] [stdout]    5: std::sys::backtrace::__rust_begin_short_backtrace::<test::run_test::{closure#1}, ()>
[INFO] [stdout]    6: <std::thread::lifecycle::spawn_unchecked<test::run_test::{closure#1}, ()>::{closure#1} as core::ops::function::FnOnce<()>>::call_once::{shim:vtable#0}
[INFO] [stdout]    7: <std::sys::thread::unix::Thread>::new::thread_start
[INFO] [stdout]    8: <unknown>
[INFO] [stdout]    9: clone
[INFO] [stdout] 
[INFO] [stdout] ---- notebook::tests::test_is_valid_python_code_cell::_vscode_language_id_python_true_expects stdout ----
[INFO] [stdout] Error: No such file or directory (os error 2)
[INFO] [stdout] 
[INFO] [stdout] Stack backtrace:
[INFO] [stdout]    0: <anyhow::Error as core::convert::From<core::io::error::Error>>::from
[INFO] [stdout]    1: ruff_notebook::notebook::tests::test_is_valid_python_code_cell
[INFO] [stdout]    2: <ruff_notebook::notebook::tests::test_is_valid_python_code_cell::_vscode_language_id_python_true_expects::{closure#0} as core::ops::function::FnOnce<()>>::call_once
[INFO] [stdout]    3: test::__rust_begin_short_backtrace::<core::result::Result<(), alloc::string::String>, fn() -> core::result::Result<(), alloc::string::String>>
[INFO] [stdout]    4: test::run_test::{closure#0}
[INFO] [stdout]    5: std::sys::backtrace::__rust_begin_short_backtrace::<test::run_test::{closure#1}, ()>
[INFO] [stdout]    6: <std::thread::lifecycle::spawn_unchecked<test::run_test::{closure#1}, ()>::{closure#1} as core::ops::function::FnOnce<()>>::call_once::{shim:vtable#0}
[INFO] [stdout]    7: <std::sys::thread::unix::Thread>::new::thread_start
[INFO] [stdout]    8: <unknown>
[INFO] [stdout]    9: clone
[INFO] [stdout] 
[INFO] [stdout] ---- notebook::tests::test_is_valid_python_code_cell::_automagic_assignment_true_expects stdout ----
[INFO] [stdout] Error: No such file or directory (os error 2)
[INFO] [stdout] 
[INFO] [stdout] Stack backtrace:
[INFO] [stdout]    0: <anyhow::Error as core::convert::From<core::io::error::Error>>::from
[INFO] [stdout]    1: ruff_notebook::notebook::tests::test_is_valid_python_code_cell
[INFO] [stdout]    2: <ruff_notebook::notebook::tests::test_is_valid_python_code_cell::_automagic_assignment_true_expects::{closure#0} as core::ops::function::FnOnce<()>>::call_once
[INFO] [stdout]    3: test::__rust_begin_short_backtrace::<core::result::Result<(), alloc::string::String>, fn() -> core::result::Result<(), alloc::string::String>>
[INFO] [stdout]    4: test::run_test::{closure#0}
[INFO] [stdout]    5: std::sys::backtrace::__rust_begin_short_backtrace::<test::run_test::{closure#1}, ()>
[INFO] [stdout]    6: <std::thread::lifecycle::spawn_unchecked<test::run_test::{closure#1}, ()>::{closure#1} as core::ops::function::FnOnce<()>>::call_once::{shim:vtable#0}
[INFO] [stdout]    7: <std::sys::thread::unix::Thread>::new::thread_start
[INFO] [stdout]    8: <unknown>
[INFO] [stdout]    9: clone
[INFO] [stdout] 
[INFO] [stdout] ---- notebook::tests::is_python_notebook::_valid_ipynb_true_expects stdout ----
[INFO] [stdout] 
[INFO] [stdout] thread 'notebook::tests::is_python_notebook::_valid_ipynb_true_expects' (719) panicked at src/notebook.rs:505:70:
[INFO] [stdout] called `Result::unwrap()` on an `Err` value: Io(Os { code: 2, kind: NotFound, message: "No such file or directory" })
[INFO] [stdout] stack backtrace:
[INFO] [stdout]    0:     0x55c660a2eb21 - <<std[617be2ca0a6fd877]::sys::backtrace::BacktraceLock>::print::DisplayBacktrace as core[a373ad73a504971]::fmt::Display>::fmt
[INFO] [stdout]    1:     0x55c660a4383a - core[a373ad73a504971]::fmt::write
[INFO] [stdout]    2:     0x55c660a332dc - <alloc[2e1b2a31b91974c5]::vec::Vec<u8> as core[a373ad73a504971]::io::write::Write>::write_fmt
[INFO] [stdout]    3:     0x55c660a0a496 - std[617be2ca0a6fd877]::panicking::default_hook::{closure#0}
[INFO] [stdout]    4:     0x55c660a26db9 - std[617be2ca0a6fd877]::panicking::default_hook
[INFO] [stdout]    5:     0x55c6609ba930 - test[aada8e7e76ba119b]::test_main_inner::{closure#0}
[INFO] [stdout]    6:     0x55c660a26f72 - std[617be2ca0a6fd877]::panicking::panic_with_hook
[INFO] [stdout]    7:     0x55c660a0a542 - std[617be2ca0a6fd877]::panicking::panic_handler::{closure#0}
[INFO] [stdout]    8:     0x55c660a02b39 - std[617be2ca0a6fd877]::sys::backtrace::__rust_end_short_backtrace::<std[617be2ca0a6fd877]::panicking::panic_handler::{closure#0}, !>
[INFO] [stdout]    9:     0x55c660a0b25d - __rustc[ea4f61d10b84890b]::rust_begin_unwind
[INFO] [stdout]   10:     0x55c660a43f6c - core[a373ad73a504971]::panicking::panic_fmt
[INFO] [stdout]   11:     0x55c660a43d42 - core[a373ad73a504971]::result::unwrap_failed
[INFO] [stdout]   12:     0x55c66099a2fe - ruff_notebook[dad12e23043ddca1]::notebook::tests::is_python_notebook
[INFO] [stdout]   13:     0x55c66099d37a - <ruff_notebook[dad12e23043ddca1]::notebook::tests::is_python_notebook::_valid_ipynb_true_expects::{closure#0} as core[a373ad73a504971]::ops::function::FnOnce<()>>::call_once
[INFO] [stdout]   14:     0x55c6609add7b - test[aada8e7e76ba119b]::__rust_begin_short_backtrace::<core[a373ad73a504971]::result::Result<(), alloc[2e1b2a31b91974c5]::string::String>, fn() -> core[a373ad73a504971]::result::Result<(), alloc[2e1b2a31b91974c5]::string::String>>
[INFO] [stdout]   15:     0x55c6609baf55 - test[aada8e7e76ba119b]::run_test::{closure#0}
[INFO] [stdout]   16:     0x55c6609b4844 - std[617be2ca0a6fd877]::sys::backtrace::__rust_begin_short_backtrace::<test[aada8e7e76ba119b]::run_test::{closure#1}, ()>
[INFO] [stdout]   17:     0x55c6609bdfe2 - <std[617be2ca0a6fd877]::thread::lifecycle::spawn_unchecked<test[aada8e7e76ba119b]::run_test::{closure#1}, ()>::{closure#1} as core[a373ad73a504971]::ops::function::FnOnce<()>>::call_once::{shim:vtable#0}
[INFO] [stdout]   18:     0x55c660a2e01f - <std[617be2ca0a6fd877]::sys::thread::unix::Thread>::new::thread_start
[INFO] [stdout]   19:     0x7528d1c64dfa - <unknown>
[INFO] [stdout]   20:     0x7528d1cf83d4 - clone
[INFO] [stdout]   21:                0x0 - <unknown>
[INFO] [stdout] 
[INFO] [stdout] 
[INFO] [stdout] failures:
[INFO] [stdout]     notebook::tests::is_python_notebook::_kernelspec_language_ipynb_true_expects
[INFO] [stdout]     notebook::tests::is_python_notebook::_r_ipynb_false_expects
[INFO] [stdout]     notebook::tests::is_python_notebook::_valid_ipynb_true_expects
[INFO] [stdout]     notebook::tests::round_trip::_kernelspec_language_ipynb_expects
[INFO] [stdout]     notebook::tests::round_trip::_vscode_language_id_ipynb_expects
[INFO] [stdout]     notebook::tests::test_concat_notebook
[INFO] [stdout]     notebook::tests::test_invalid
[INFO] [stdout]     notebook::tests::test_is_valid_python_code_cell::_automagic_after_code_true_expects
[INFO] [stdout]     notebook::tests::test_is_valid_python_code_cell::_automagic_assignment_true_expects
[INFO] [stdout]     notebook::tests::test_is_valid_python_code_cell::_automagic_before_code_false_expects
[INFO] [stdout]     notebook::tests::test_is_valid_python_code_cell::_automagic_false_expects
[INFO] [stdout]     notebook::tests::test_is_valid_python_code_cell::_automagics_false_expects
[INFO] [stdout]     notebook::tests::test_is_valid_python_code_cell::_cell_magic_false_expects
[INFO] [stdout]     notebook::tests::test_is_valid_python_code_cell::_code_and_magic_true_expects
[INFO] [stdout]     notebook::tests::test_is_valid_python_code_cell::_markdown_false_expects
[INFO] [stdout]     notebook::tests::test_is_valid_python_code_cell::_only_code_true_expects
[INFO] [stdout]     notebook::tests::test_is_valid_python_code_cell::_only_magic_true_expects
[INFO] [stdout]     notebook::tests::test_is_valid_python_code_cell::_unicode_magic_gh9145_true_expects
[INFO] [stdout]     notebook::tests::test_is_valid_python_code_cell::_valid_cell_magic_true_expects
[INFO] [stdout]     notebook::tests::test_is_valid_python_code_cell::_vscode_language_id_javascript_false_expects
[INFO] [stdout]     notebook::tests::test_is_valid_python_code_cell::_vscode_language_id_python_true_expects
[INFO] [stdout] 
[INFO] [stdout] test result: FAILED. 6 passed; 21 failed; 0 ignored; 0 measured; 0 filtered out; finished in 0.02s
[INFO] [stdout] 
[INFO] [stderr] error: test failed, to rerun pass `--lib`
[INFO] running `Command { std: "docker" "inspect" "9e9a064107da1cf47aae7e988afc364e5507cc648f9e394d707cfdbecbbc4f74", kill_on_drop: false }`
[INFO] running `Command { std: "docker" "rm" "-f" "9e9a064107da1cf47aae7e988afc364e5507cc648f9e394d707cfdbecbbc4f74", kill_on_drop: false }`
[INFO] [stdout] 9e9a064107da1cf47aae7e988afc364e5507cc648f9e394d707cfdbecbbc4f74
